Module-Build-JSAN-Installable v0.13 Perl 5 v5.8.3 x86_64-linux-ld

Status
Fail
From
Andreas J. König (ANDK)
Dist
Module-Build-JSAN-Installable v0.13
Platform
Perl 5 v5.8.3 x86_64-linux-ld
Date
2019-06-07 09:56:26
ID
837b1734-890a-11e9-ae46-93229f98ef1c
This distribution has been tested as part of the CPAN Testers
project, supporting the Perl programming language.  See
http://wiki.cpantesters.org/ for more information or email
questions to cpan-testers-discuss@perl.org


--
Dear Nickolay Platonov,

This is a computer-generated report for Module-Build-JSAN-Installable-0.13
on perl 5.8.3, created by CPAN-Reporter-1.2018.

Thank you for uploading your work to CPAN.  However, there was a problem
testing your distribution.

If you think this report is invalid, please consult the CPAN Testers Wiki
for suggestions on how to avoid getting FAIL reports for missing library
or binary dependencies, unsupported operating systems, and so on:

http://wiki.cpantesters.org/wiki/CPANAuthorNotes

Sections of this report:

    * Tester comments
    * Program output
    * Prerequisites
    * Environment and other context

------------------------------
TESTER COMMENTS
------------------------------

Additional comments from tester:

this report is from an automated smoke testing program
and was not reviewed by a human for accuracy

------------------------------
PROGRAM OUTPUT
------------------------------

Output from './Build test':

# Testing Module::Build::JSAN::Installable 0.13, Perl 5.008003, /tmp/basesmoker-reloperl-Q8x_/bin/perl
t/00-load.t ................ ok
# Using Module::Build::JSAN::Installable 0.13
# Running ./Build on test distribution #1

#   Failed test 'META.json was created'
#   at t/01_basic_and_share.t line 29.
# Checking 'author'
# Checking build elements
# Checking 'requires'
# Checking 'build_requires'
# Checking 'configure_requires'
# Various options
Can't read META.json: No such file or directory at t/01_basic_and_share.t line 92.
# Looks like your test exited with 2 just after 10.
t/01_basic_and_share.t ..... 
Dubious, test returned 2 (wstat 512, 0x200)
Failed 2/11 subtests 
# Using Module::Build::JSAN::Installable 0.13
# Running ./Build on test distribution #1
File 'MANIFEST.SKIP' does not exist: Creating a temporary 'MANIFEST.SKIP'
Added to MANIFEST: lib/Digest/MD5.js
Added to MANIFEST: lib/Digest/MD5.mmd
Added to MANIFEST: MANIFEST
Added to MANIFEST: README
t/02_separate_docs_file.t .. ok
# Using Module::Build::JSAN::Installable 0.13
# Running ./Build on test distribution
t/03_tasks.t ............... ok

Test Summary Report
-------------------
t/01_basic_and_share.t   (Wstat: 512 Tests: 10 Failed: 1)
  Failed test:  3
  Non-zero exit status: 2
  Parse errors: Bad plan.  You planned 11 tests but ran 10.
Files=4, Tests=31,  2 wallclock secs ( 0.03 usr  0.03 sys +  1.39 cusr  0.50 csys =  1.95 CPU)
Result: FAIL
Failed 1/4 test programs. 1/31 subtests failed.

------------------------------
PREREQUISITES
------------------------------

Prerequisite modules loaded:

requires:

    Module              Need    Have    
    ------------------- ------- --------
    JSON                2.00    4.02    
    Module::Build       0.35    0.4229  
    Module::Build::JSAN 0.05    0.05    
    Path::Class         0.16    0.37    
    Text::Markdown      v1.0.26 1.000031
    Text::MultiMarkdown v1.0.29 1.000035

build_requires:

    Module              Need    Have    
    ------------------- ------- --------
    Capture::Tiny       0.06    0.48    
    Module::Build       0.3601  0.4229  
    Test::More          0       1.302164


------------------------------
ENVIRONMENT AND OTHER CONTEXT
------------------------------

Environment variables:

    AUTOMATED_TESTING = 1
    LANG = en_US.UTF-8
    PATH = /home/sand/bin:/usr/local/bin:/usr/local/sbin:/usr/sbin:/usr/bin:/sbin:/bin:/usr/games:/usr/local/games:/usr/local/perl/bin:/usr/X11/bin
    PERL5LIB = 
    PERL5OPT = 
    PERL5_CPANPLUS_IS_RUNNING = 28385
    PERL5_CPAN_IS_RUNNING = 28385
    PERL_CANARY_STABILITY_NOPROMPT = 1
    PERL_MM_USE_DEFAULT = 1
    PERL_USE_UNSAFE_INC = 1
    SHELL = /usr/bin/zsh
    TERM = screen

Perl special variables (and OS-specific diagnostics, for MSWin32):

    $^X = /tmp/basesmoker-reloperl-Q8x_/bin/perl
    $UID/$EUID = 1005 / 1005
    $GID = 1005 1005
    $EGID = 1005 1005

Perl module toolchain versions installed:

    Module              Have    
    ------------------- --------
    CPAN                2.27    
    CPAN::Meta          2.150010
    Cwd                 3.75    
    ExtUtils::CBuilder  0.280231
    ExtUtils::Command   7.36    
    ExtUtils::Install   2.14    
    ExtUtils::MakeMaker 7.36    
    ExtUtils::Manifest  1.72    
    ExtUtils::ParseXS   3.35    
    File::Spec          3.75    
    JSON                4.02    
    JSON::PP            4.02    
    Module::Build       0.4229  
    Module::Signature   0.83    
    Parse::CPAN::Meta   2.150010
    Test::Harness       3.42    
    Test::More          1.302164
    YAML                1.29    
    YAML::Syck          1.31    
    version             0.9924  


--

Summary of my perl5 (revision 5.0 version 8 subversion 3) configuration:
  Platform:
    osname=linux, osvers=4.15.0-50-generic, archname=x86_64-linux-ld
    uname='linux k93bionic 4.15.0-50-generic #54-ubuntu smp mon may 6 18:46:08 utc 2019 x86_64 x86_64 x86_64 gnulinux '
    config_args='-Dprefix=/home/sand/src/perl/repoperls/installed-perls/host/k93bionic/perl-5.8.3/94e4 -Dmyhostname=k93bionic -Dinstallusrbinperl=n -Uversiononly -Dusedevel -des -Ui_db -Dlibswanted=cl pthread socket inet nsl gdbm dbm malloc dl ld sun m crypt sec util c cposix posix ucb BSD gdbm_compat -Uuseithreads -Duselongdouble -Doptimize=-g'
    hint=recommended, useposix=true, d_sigaction=define
    usethreads=undef use5005threads=undef useithreads=undef usemultiplicity=undef
    useperlio=define d_sfio=undef uselargefiles=define usesocks=undef
    use64bitint=define use64bitall=define uselongdouble=define
    usemymalloc=n, bincompat5005=undef
  Compiler:
    cc='cc', ccflags ='-DDEBUGGING -fno-strict-aliasing -I/usr/local/include -D_LARGEFILE_SOURCE -D_FILE_OFFSET_BITS=64',
    optimize='-g',
    cppflags='-DDEBUGGING -fno-strict-aliasing -I/usr/local/include'
    ccversion='', gccversion='7.4.0', gccosandvers=''
    intsize=4, longsize=8, ptrsize=8, doublesize=8, byteorder=12345678
    d_longlong=define, longlongsize=8, d_longdbl=define, longdblsize=16
    ivtype='long', ivsize=8, nvtype='long double', nvsize=16, Off_t='off_t', lseeksize=8
    alignbytes=16, prototype=define
  Linker and Libraries:
    ld='cc', ldflags =' -L/usr/local/lib'
    libpth=/usr/local/lib /lib/x86_64-linux-gnu /lib/../lib /usr/lib/x86_64-linux-gnu /usr/lib/../lib /lib /usr/lib
    libs=-lpthread -lnsl -ldl -lm -lcrypt -lutil -lc
    perllibs=-lpthread -lnsl -ldl -lm -lcrypt -lutil -lc
    libc=libc-2.27.so, so=so, useshrplib=false, libperl=libperl.a
    gnulibc_version='2.27'
  Dynamic Linking:
    dlsrc=dl_dlopen.xs, dlext=so, d_dlsymun=undef, ccdlflags='-rdynamic'
    cccdlflags='-fpic', lddlflags='-shared -L/usr/local/lib'


Characteristics of this binary (from libperl): 
  Compile-time options: DEBUGGING USE_64_BIT_INT USE_64_BIT_ALL USE_LONG_DOUBLE USE_LARGE_FILES
  Built under linux
  Compiled at Jun  2 2019 06:44:02
  %ENV:
    PERL5LIB=""
    PERL5OPT=""
    PERL5_CPANPLUS_IS_RUNNING="28385"
    PERL5_CPAN_IS_RUNNING="28385"
    PERL_CANARY_STABILITY_NOPROMPT="1"
    PERL_MM_USE_DEFAULT="1"
    PERL_USE_UNSAFE_INC="1"
  @INC:
    /home/sand/src/perl/repoperls/installed-perls/host/k93bionic/perl-5.8.3/94e4/lib/5.8.3/x86_64-linux-ld
    /home/sand/src/perl/repoperls/installed-perls/host/k93bionic/perl-5.8.3/94e4/lib/5.8.3
    /home/sand/src/perl/repoperls/installed-perls/host/k93bionic/perl-5.8.3/94e4/lib/site_perl/5.8.3/x86_64-linux-ld
    /home/sand/src/perl/repoperls/installed-perls/host/k93bionic/perl-5.8.3/94e4/lib/site_perl/5.8.3
    /home/sand/src/perl/repoperls/installed-perls/host/k93bionic/perl-5.8.3/94e4/lib/site_perl
    .