Text-Util-Chinese v0.06 Perl 5 v5.10.1 x86_64-linux-thread-multi

Status
Na
From
David Cantrell (DCANTRELL)
Dist
Text-Util-Chinese v0.06
Platform
Perl 5 v5.10.1 x86_64-linux-thread-multi
Date
2019-07-01 16:51:46
ID
8340f922-9c20-11e9-8e7f-bc18052d0de1
This distribution has been tested as part of the CPAN Testers
project, supporting the Perl programming language.  See
http://wiki.cpantesters.org/ for more information or email
questions to cpan-testers-discuss@perl.org


--
Dear Liu Kang Min,

This is a computer-generated report for Text-Util-Chinese-0.06
on perl 5.10.1, created by CPAN-Reporter-1.2018.

Thank you for uploading your work to CPAN.  While attempting to build or test
this distribution, the distribution signaled that support is not available
either for this operating system or this version of Perl.  Nevertheless, any
diagnostic output produced is provided below for reference.  If this is not
what you expect, you may wish to consult the CPAN Testers Wiki:

http://wiki.cpantesters.org/wiki/CPANAuthorNotes

Sections of this report:

    * Tester comments
    * Program output
    * Prerequisites
    * Environment and other context

------------------------------
TESTER COMMENTS
------------------------------

Additional comments from tester:

this report is from an automated smoke testing program
and was not reviewed by a human for accuracy

------------------------------
PROGRAM OUTPUT
------------------------------

Output from './Build test':

Bareword found where operator expected at /home/david/cpantesting/perl-5.10.1/.cpan/build/Text-Util-Chinese-0.06-yZAPm4/blib/lib/Text/Util/Chinese.pm line 169, near "/\A\s*\z/u"
	(Missing operator before u?)
syntax error at /home/david/cpantesting/perl-5.10.1/.cpan/build/Text-Util-Chinese-0.06-yZAPm4/blib/lib/Text/Util/Chinese.pm line 169, near "/\A\s*\z/u "
Compilation failed in require at t/extract-presuf.t line 4.
BEGIN failed--compilation aborted at t/extract-presuf.t line 4.
t/extract-presuf.t ...... 
Dubious, test returned 9 (wstat 2304, 0x900)
No subtests run 
Bareword found where operator expected at /home/david/cpantesting/perl-5.10.1/.cpan/build/Text-Util-Chinese-0.06-yZAPm4/blib/lib/Text/Util/Chinese.pm line 169, near "/\A\s*\z/u"
	(Missing operator before u?)
syntax error at /home/david/cpantesting/perl-5.10.1/.cpan/build/Text-Util-Chinese-0.06-yZAPm4/blib/lib/Text/Util/Chinese.pm line 169, near "/\A\s*\z/u "
Compilation failed in require at t/extract-words.t line 2.
BEGIN failed--compilation aborted at t/extract-words.t line 2.
t/extract-words.t ....... 
Dubious, test returned 9 (wstat 2304, 0x900)
No subtests run 
Perl v5.18.0 required--this is only v5.10.1, stopped at t/grep_iterator.t line 1.
BEGIN failed--compilation aborted at t/grep_iterator.t line 1.
t/grep_iterator.t ....... 
Dubious, test returned 9 (wstat 2304, 0x900)
No subtests run 
Bareword found where operator expected at /home/david/cpantesting/perl-5.10.1/.cpan/build/Text-Util-Chinese-0.06-yZAPm4/blib/lib/Text/Util/Chinese.pm line 169, near "/\A\s*\z/u"
	(Missing operator before u?)
syntax error at /home/david/cpantesting/perl-5.10.1/.cpan/build/Text-Util-Chinese-0.06-yZAPm4/blib/lib/Text/Util/Chinese.pm line 169, near "/\A\s*\z/u "
Compilation failed in require at t/phrase_iterator.t line 5.
BEGIN failed--compilation aborted at t/phrase_iterator.t line 5.
t/phrase_iterator.t ..... 
Dubious, test returned 9 (wstat 2304, 0x900)
No subtests run 
Bareword found where operator expected at /home/david/cpantesting/perl-5.10.1/.cpan/build/Text-Util-Chinese-0.06-yZAPm4/blib/lib/Text/Util/Chinese.pm line 169, near "/\A\s*\z/u"
	(Missing operator before u?)
syntax error at /home/david/cpantesting/perl-5.10.1/.cpan/build/Text-Util-Chinese-0.06-yZAPm4/blib/lib/Text/Util/Chinese.pm line 169, near "/\A\s*\z/u "
Compilation failed in require at t/sentence_iterator.t line 5.
BEGIN failed--compilation aborted at t/sentence_iterator.t line 5.
t/sentence_iterator.t ... 
Dubious, test returned 9 (wstat 2304, 0x900)
No subtests run 
Bareword found where operator expected at /home/david/cpantesting/perl-5.10.1/.cpan/build/Text-Util-Chinese-0.06-yZAPm4/blib/lib/Text/Util/Chinese.pm line 169, near "/\A\s*\z/u"
	(Missing operator before u?)
syntax error at /home/david/cpantesting/perl-5.10.1/.cpan/build/Text-Util-Chinese-0.06-yZAPm4/blib/lib/Text/Util/Chinese.pm line 169, near "/\A\s*\z/u "
Compilation failed in require at t/tokenize_by_script.t line 2.
BEGIN failed--compilation aborted at t/tokenize_by_script.t line 2.
t/tokenize_by_script.t .. 
Dubious, test returned 9 (wstat 2304, 0x900)
No subtests run 

Test Summary Report
-------------------
t/extract-presuf.t    (Wstat: 2304 Tests: 0 Failed: 0)
  Non-zero exit status: 9
  Parse errors: No plan found in TAP output
t/extract-words.t     (Wstat: 2304 Tests: 0 Failed: 0)
  Non-zero exit status: 9
  Parse errors: No plan found in TAP output
t/grep_iterator.t     (Wstat: 2304 Tests: 0 Failed: 0)
  Non-zero exit status: 9
  Parse errors: No plan found in TAP output
t/phrase_iterator.t   (Wstat: 2304 Tests: 0 Failed: 0)
  Non-zero exit status: 9
  Parse errors: No plan found in TAP output
t/sentence_iterator.t (Wstat: 2304 Tests: 0 Failed: 0)
  Non-zero exit status: 9
  Parse errors: No plan found in TAP output
t/tokenize_by_script.t (Wstat: 2304 Tests: 0 Failed: 0)
  Non-zero exit status: 9
  Parse errors: No plan found in TAP output
Files=6, Tests=0,  1 wallclock secs ( 0.02 usr  0.00 sys +  0.13 cusr  0.01 csys =  0.16 CPU)
Result: FAIL

------------------------------
PREREQUISITES
------------------------------

Prerequisite modules loaded:

requires:

    Module              Need  Have    
    ------------------- ----- --------
    List::Util          1.5   1.50    

build_requires:

    Module              Need  Have    
    ------------------- ----- --------
    Test2::V0           0     0.000122

configure_requires:

    Module              Need  Have    
    ------------------- ----- --------
    Module::Build::Tiny 0.034 0.039   


------------------------------
ENVIRONMENT AND OTHER CONTEXT
------------------------------

Environment variables:

    AUTOMATED_TESTING = 1
    LANG = en_US.UTF-8
    NONINTERACTIVE_TESTING = 1
    PATH = /usr/local/bin:/usr/bin:/bin:/usr/local/games:/usr/games
    PERL = 5.10.1
    PERL5LIB = 
    PERL5OPT = 
    PERL5_CPANPLUS_IS_RUNNING = 5377
    PERL5_CPAN_IS_RUNNING = 5377
    PERLVER = 5.10.1
    PERL_INLINE_DIRECTORY = /home/david/.Inline-5.10.1
    PERL_MM_USE_DEFAULT = 1
    PERL_USE_UNSAFE_INC = 0
    SHELL = /bin/bash
    TERM = screen

Perl special variables (and OS-specific diagnostics, for MSWin32):

    $^X = /home/david/cpantesting/perl-5.10.1/bin/perl
    $UID/$EUID = 1000 / 1000
    $GID = 1000 27 1000
    $EGID = 1000 27 1000

Perl module toolchain versions installed:

    Module              Have    
    ------------------- --------
    CPAN                1.9402  
    CPAN::Meta          2.143240
    Cwd                 3.30    
    ExtUtils::CBuilder  0.280231
    ExtUtils::Command   7.37_02 
    ExtUtils::Install   2.06    
    ExtUtils::MakeMaker 7.37_02 
    ExtUtils::Manifest  1.70    
    ExtUtils::ParseXS   3.35    
    File::Spec          3.30    
    JSON                4.02    
    JSON::PP            4.02    
    Module::Build       0.4229  
    Module::Signature   n/a     
    Parse::CPAN::Meta   1.4414  
    Test::Harness       3.42    
    Test::More          1.302162
    YAML                1.27    
    YAML::Syck          n/a     
    version             0.9924  


--

Summary of my perl5 (revision 5 version 10 subversion 1) configuration:
   
  Platform:
    osname=linux, osvers=4.9.0-8-amd64, archname=x86_64-linux-thread-multi
    uname='linux pigsty 4.9.0-8-amd64 #1 smp debian 4.9.144-3 (2019-02-02) x86_64 gnulinux '
    config_args='-de -Duse64bitall -Dusethreads -Dprefix=/home/david/cpantesting/perl-5.10.1 -A ccflags=-fwrapv'
    hint=recommended, useposix=true, d_sigaction=define
    useithreads=define, usemultiplicity=define
    useperlio=define, d_sfio=undef, uselargefiles=define, usesocks=undef
    use64bitint=define, use64bitall=define, uselongdouble=undef
    usemymalloc=n, bincompat5005=undef
  Compiler:
    cc='cc', ccflags ='-D_REENTRANT -D_GNU_SOURCE -fwrapv -fno-strict-aliasing -pipe -fstack-protector -I/usr/local/include -D_LARGEFILE_SOURCE -D_FILE_OFFSET_BITS=64',
    optimize='-O2',
    cppflags='-D_REENTRANT -D_GNU_SOURCE -fwrapv -fno-strict-aliasing -pipe -fstack-protector -I/usr/local/include'
    ccversion='', gccversion='6.3.0 20170516', gccosandvers=''
    intsize=4, longsize=8, ptrsize=8, doublesize=8, byteorder=12345678
    d_longlong=define, longlongsize=8, d_longdbl=define, longdblsize=16
    ivtype='long', ivsize=8, nvtype='double', nvsize=8, Off_t='off_t', lseeksize=8
    alignbytes=8, prototype=define
  Linker and Libraries:
    ld='cc', ldflags =' -fstack-protector -L/usr/local/lib'
    libpth=/usr/local/lib /lib/x86_64-linux-gnu /lib/../lib /usr/lib/x86_64-linux-gnu /usr/lib/../lib /lib /usr/lib
    libs=-lnsl -ldb -ldl -lm -lcrypt -lutil -lpthread -lc
    perllibs=-lnsl -ldl -lm -lcrypt -lutil -lpthread -lc
    libc=libc-2.24.so, so=so, useshrplib=false, libperl=libperl.a
    gnulibc_version='2.24'
  Dynamic Linking:
    dlsrc=dl_dlopen.xs, dlext=so, d_dlsymun=undef, ccdlflags='-Wl,-E'
    cccdlflags='-fPIC', lddlflags='-shared -O2 -L/usr/local/lib -fstack-protector'


Characteristics of this binary (from libperl): 
  Compile-time options: MULTIPLICITY PERL_DONT_CREATE_GVSV
                        PERL_IMPLICIT_CONTEXT PERL_MALLOC_WRAP USE_64_BIT_ALL
                        USE_64_BIT_INT USE_ITHREADS USE_LARGE_FILES
                        USE_PERLIO USE_REENTRANT_API
  Locally applied patches:
	Devel::PatchPerl 1.56
  Built under linux
  Compiled at Apr 25 2019 16:19:42
  %ENV:
    PERL="5.10.1"
    PERL5LIB=""
    PERL5OPT=""
    PERL5_CPANPLUS_IS_RUNNING="5377"
    PERL5_CPAN_IS_RUNNING="5377"
    PERLVER="5.10.1"
    PERL_INLINE_DIRECTORY="/home/david/.Inline-5.10.1"
    PERL_MM_USE_DEFAULT="1"
    PERL_USE_UNSAFE_INC="0"
  @INC:
    /home/david/cpantesting/perl-5.10.1/lib/5.10.1/x86_64-linux-thread-multi
    /home/david/cpantesting/perl-5.10.1/lib/5.10.1
    /home/david/cpantesting/perl-5.10.1/lib/site_perl/5.10.1/x86_64-linux-thread-multi
    /home/david/cpantesting/perl-5.10.1/lib/site_perl/5.10.1
    .