CSS-Sass v3.6.0 Perl 5 v5.30.0 amd64-freebsd

Status
Fail
From
Slaven Rezić (SREZIC)
Dist
CSS-Sass v3.6.0
Platform
Perl 5 v5.30.0 amd64-freebsd
Date
2019-05-23 05:42:11
ID
83022cfa-7d1d-11e9-8d8e-a62d1f24ea8f
This distribution has been tested as part of the CPAN Testers
project, supporting the Perl programming language.  See
http://wiki.cpantesters.org/ for more information or email
questions to cpan-testers-discuss@perl.org


--
Dear Marcel Greter,

This is a computer-generated report for CSS-Sass-3.6.0
on perl 5.30.0, created by CPAN-Reporter-1.2018.

Thank you for uploading your work to CPAN.  However, there was a problem
testing your distribution.

If you think this report is invalid, please consult the CPAN Testers Wiki
for suggestions on how to avoid getting FAIL reports for missing library
or binary dependencies, unsupported operating systems, and so on:

http://wiki.cpantesters.org/wiki/CPANAuthorNotes

Sections of this report:

    * Tester comments
    * Program output
    * Prerequisites
    * Environment and other context

------------------------------
TESTER COMMENTS
------------------------------

Additional comments from tester:

none provided

------------------------------
PROGRAM OUTPUT
------------------------------

Output from '/usr/bin/make test':

"/usr/perl5.30.0p/bin/perl" -MExtUtils::Command::MM -e 'cp_nonempty' -- Sass.bs blib/arch/auto/CSS/Sass/Sass.bs 644
PERL_DL_NONLAZY=1 "/usr/perl5.30.0p/bin/perl" "-MExtUtils::Command::MM" "-MTest::Harness" "-e" "undef *Test::Harness::Switches; test_harness(0, 'blib/lib', 'blib/arch')" t/*.t
t/00_sanity.t ........... ok
t/01_xs.t ............... ok
t/02_perl.t ............. ok
t/03_xs_functions.t ..... ok
t/04_xs_value_types.t ... ok
t/05_source_maps.t ...... ok
t/06_sass_import.t ...... ok
t/07_custom_importer.t .. ok
t/08_sass_to_scss.t ..... skipped: Moved to specs
t/09_unicode.t .......... ok
DEPRECATION WARNING on line 1 of [C-VALUE]:
The operation `#2a2b2c times #2a2b2c` is deprecated and will be an error in future versions.
Consider using Sass's color functions instead.
https://sass-lang.com/documentation/Sass/Script/Functions.html#other_color_functions

DEPRECATION WARNING on line 1 of [C-VALUE]:
The operation `#2a2b2c div #2a2b2c` is deprecated and will be an error in future versions.
Consider using Sass's color functions instead.
https://sass-lang.com/documentation/Sass/Script/Functions.html#other_color_functions

DEPRECATION WARNING on line 1 of [C-VALUE]:
The operation `#2a2b2c plus #2a2b2c` is deprecated and will be an error in future versions.
Consider using Sass's color functions instead.
https://sass-lang.com/documentation/Sass/Script/Functions.html#other_color_functions

DEPRECATION WARNING on line 1 of [C-VALUE]:
The operation `#2a2b2c minus #2a2b2c` is deprecated and will be an error in future versions.
Consider using Sass's color functions instead.
https://sass-lang.com/documentation/Sass/Script/Functions.html#other_color_functions

DEPRECATION WARNING on line 1 of [C-VALUE]:
The operation `#2a2b2c mod #2a2b2c` is deprecated and will be an error in future versions.
Consider using Sass's color functions instead.
https://sass-lang.com/documentation/Sass/Script/Functions.html#other_color_functions

DEPRECATION WARNING on line 1 of [C-VALUE]:
The operation `red plus #ff3366` is deprecated and will be an error in future versions.
Consider using Sass's color functions instead.
https://sass-lang.com/documentation/Sass/Script/Functions.html#other_color_functions

DEPRECATION WARNING on line 37 of stdin:
The operation `red plus #F36` is deprecated and will be an error in future versions.
Consider using Sass's color functions instead.
https://sass-lang.com/documentation/Sass/Script/Functions.html#other_color_functions

DEPRECATION WARNING on line 38 of stdin:
The operation `red plus #F36` is deprecated and will be an error in future versions.
Consider using Sass's color functions instead.
https://sass-lang.com/documentation/Sass/Script/Functions.html#other_color_functions

DEPRECATION WARNING on line 1 of [C-VALUE]:
The operation `red plus #ff3366` is deprecated and will be an error in future versions.
Consider using Sass's color functions instead.
https://sass-lang.com/documentation/Sass/Script/Functions.html#other_color_functions

DEPRECATION WARNING on line 1 of [C-VALUE]:
The operation `red plus #ff3366` is deprecated and will be an error in future versions.
Consider using Sass's color functions instead.
https://sass-lang.com/documentation/Sass/Script/Functions.html#other_color_functions

DEPRECATION WARNING on line 40 of stdin:
The operation `red plus #F36` is deprecated and will be an error in future versions.
Consider using Sass's color functions instead.
https://sass-lang.com/documentation/Sass/Script/Functions.html#other_color_functions

DEPRECATION WARNING on line 1 of [C-VALUE]:
The operation `red minus #ff3366` is deprecated and will be an error in future versions.
Consider using Sass's color functions instead.
https://sass-lang.com/documentation/Sass/Script/Functions.html#other_color_functions

DEPRECATION WARNING on line 41 of stdin:
The operation `red minus #F36` is deprecated and will be an error in future versions.
Consider using Sass's color functions instead.
https://sass-lang.com/documentation/Sass/Script/Functions.html#other_color_functions

DEPRECATION WARNING on line 42 of stdin:
The operation `red minus #F36` is deprecated and will be an error in future versions.
Consider using Sass's color functions instead.
https://sass-lang.com/documentation/Sass/Script/Functions.html#other_color_functions

DEPRECATION WARNING on line 1 of [C-VALUE]:
The operation `red minus #ff3366` is deprecated and will be an error in future versions.
Consider using Sass's color functions instead.
https://sass-lang.com/documentation/Sass/Script/Functions.html#other_color_functions

DEPRECATION WARNING on line 1 of [C-VALUE]:
The operation `red minus #ff3366` is deprecated and will be an error in future versions.
Consider using Sass's color functions instead.
https://sass-lang.com/documentation/Sass/Script/Functions.html#other_color_functions

DEPRECATION WARNING on line 44 of stdin:
The operation `red minus #F36` is deprecated and will be an error in future versions.
Consider using Sass's color functions instead.
https://sass-lang.com/documentation/Sass/Script/Functions.html#other_color_functions

DEPRECATION WARNING on line 1 of [C-VALUE]:
The operation `red div #ff3366` is deprecated and will be an error in future versions.
Consider using Sass's color functions instead.
https://sass-lang.com/documentation/Sass/Script/Functions.html#other_color_functions

DEPRECATION WARNING on line 45 of stdin:
The operation `red div #F36` is deprecated and will be an error in future versions.
Consider using Sass's color functions instead.
https://sass-lang.com/documentation/Sass/Script/Functions.html#other_color_functions

DEPRECATION WARNING on line 46 of stdin:
The operation `red div #F36` is deprecated and will be an error in future versions.
Consider using Sass's color functions instead.
https://sass-lang.com/documentation/Sass/Script/Functions.html#other_color_functions

DEPRECATION WARNING on line 1 of [C-VALUE]:
The operation `red div #ff3366` is deprecated and will be an error in future versions.
Consider using Sass's color functions instead.
https://sass-lang.com/documentation/Sass/Script/Functions.html#other_color_functions

DEPRECATION WARNING on line 1 of [C-VALUE]:
The operation `red div #ff3366` is deprecated and will be an error in future versions.
Consider using Sass's color functions instead.
https://sass-lang.com/documentation/Sass/Script/Functions.html#other_color_functions

DEPRECATION WARNING on line 48 of stdin:
The operation `red div #F36` is deprecated and will be an error in future versions.
Consider using Sass's color functions instead.
https://sass-lang.com/documentation/Sass/Script/Functions.html#other_color_functions

DEPRECATION WARNING on line 1 of [C-VALUE]:
The operation `red div #ff3366` is deprecated and will be an error in future versions.
Consider using Sass's color functions instead.
https://sass-lang.com/documentation/Sass/Script/Functions.html#other_color_functions

DEPRECATION WARNING on line 51 of stdin:
The operation `red times #F36` is deprecated and will be an error in future versions.
Consider using Sass's color functions instead.
https://sass-lang.com/documentation/Sass/Script/Functions.html#other_color_functions

DEPRECATION WARNING on line 52 of stdin:
The operation `red times #F36` is deprecated and will be an error in future versions.
Consider using Sass's color functions instead.
https://sass-lang.com/documentation/Sass/Script/Functions.html#other_color_functions

DEPRECATION WARNING on line 1 of [C-VALUE]:
The operation `red times #ff3366` is deprecated and will be an error in future versions.
Consider using Sass's color functions instead.
https://sass-lang.com/documentation/Sass/Script/Functions.html#other_color_functions

DEPRECATION WARNING on line 1 of [C-VALUE]:
The operation `red times #ff3366` is deprecated and will be an error in future versions.
Consider using Sass's color functions instead.
https://sass-lang.com/documentation/Sass/Script/Functions.html#other_color_functions

DEPRECATION WARNING on line 54 of stdin:
The operation `red times #F36` is deprecated and will be an error in future versions.
Consider using Sass's color functions instead.
https://sass-lang.com/documentation/Sass/Script/Functions.html#other_color_functions

DEPRECATION WARNING on line 1 of [C-VALUE]:
The operation `red mod #ff3366` is deprecated and will be an error in future versions.
Consider using Sass's color functions instead.
https://sass-lang.com/documentation/Sass/Script/Functions.html#other_color_functions

DEPRECATION WARNING on line 55 of stdin:
The operation `red mod #F36` is deprecated and will be an error in future versions.
Consider using Sass's color functions instead.
https://sass-lang.com/documentation/Sass/Script/Functions.html#other_color_functions

DEPRECATION WARNING on line 56 of stdin:
The operation `red mod #F36` is deprecated and will be an error in future versions.
Consider using Sass's color functions instead.
https://sass-lang.com/documentation/Sass/Script/Functions.html#other_color_functions

DEPRECATION WARNING on line 1 of [C-VALUE]:
The operation `red mod #ff3366` is deprecated and will be an error in future versions.
Consider using Sass's color functions instead.
https://sass-lang.com/documentation/Sass/Script/Functions.html#other_color_functions

DEPRECATION WARNING on line 1 of [C-VALUE]:
The operation `red mod #ff3366` is deprecated and will be an error in future versions.
Consider using Sass's color functions instead.
https://sass-lang.com/documentation/Sass/Script/Functions.html#other_color_functions

DEPRECATION WARNING on line 58 of stdin:
The operation `red mod #F36` is deprecated and will be an error in future versions.
Consider using Sass's color functions instead.
https://sass-lang.com/documentation/Sass/Script/Functions.html#other_color_functions

t/10_sass_value_op.t .... ok
t/11_sass_plugins.t ..... 
Failed 9/9 subtests 
t/98_sass_srcmaps.t ..... skipped: Disabled
t/99_sass_specs.t ....... ok

Test Summary Report
-------------------
t/11_sass_plugins.t   (Wstat: 139 Tests: 0 Failed: 0)
  Non-zero wait status: 139
  Parse errors: Bad plan.  You planned 9 tests but ran 0.
Files=14, Tests=6633, 15 wallclock secs ( 1.30 usr  0.32 sys +  9.39 cusr  3.92 csys = 14.93 CPU)
Result: FAIL
Failed 1/14 test programs. 0/6633 subtests failed.
*** Error code 255

Stop.
make: stopped in /usr/home/cpansand/.cpan/build/2019052223/CSS-Sass-3.6.0-0

------------------------------
PREREQUISITES
------------------------------

Prerequisite modules loaded:

requires:

    Module                  Need Have  
    ----------------------- ---- ------
    Carp                    1.01 1.50  
    Encode::Locale          0.01 1.05  
    Filesys::Notify::Simple 0.01 0.13  
    Getopt::Long            0.01 2.5   
    List::Util              1.45 1.50  
    strict                  0    1.11  
    version                 0    0.9924
    warnings                0    1.44  

build_requires:

    Module                  Need Have  
    ----------------------- ---- ------
    ExtUtils::CppGuess      0.14 0.19  
    ExtUtils::MakeMaker     6.52 7.34  
    File::chdir             0.01 0.1010
    Getopt::Long            0.01 2.5   
    Test::Differences       0.01 0.67  
    YAML::XS                0.01 0.78  

configure_requires:

    Module                  Need Have  
    ----------------------- ---- ------
    ExtUtils::CppGuess      0.14 0.19  
    ExtUtils::MakeMaker     6.52 7.34  
    Getopt::Long            0.01 2.5   


------------------------------
ENVIRONMENT AND OTHER CONTEXT
------------------------------

Environment variables:

    PATH = /usr/local/bin:/usr/bin:/bin:/usr/local/sbin:/usr/sbin:/sbin:/home/cpansand/bin/sh:/home/cpansand/bin:/usr/games:/home/cpansand/devel:/usr/home/eserte/src/srezic-misc/scripts
    PERL5LIB = 
    PERL5OPT = 
    PERL5_CPANPLUS_IS_RUNNING = 16049
    PERL5_CPAN_IS_RUNNING = 16049
    PERL5_CPAN_IS_RUNNING_IN_RECURSION = 68897,16049
    PERL_BATCH = yes
    PERL_CANARY_STABILITY_NOPROMPT = 1
    PERL_CPAN_REPORTER_CONFIG = /var/tmp/cpansmoker-1023/2019052221/cpanreporter_000_config.ini
    PERL_EXTUTILS_AUTOINSTALL = --defaultdeps
    PERL_USE_UNSAFE_INC = 1
    SHELL = /bin/sh
    TMPDIR = /var/tmp/cpansmoker-1023/2019052221

Perl special variables (and OS-specific diagnostics, for MSWin32):

    $^X = /usr/perl5.30.0p/bin/perl
    $UID/$EUID = 1023 / 1023
    $GID = 1023 1023
    $EGID = 1023 1023

Perl module toolchain versions installed:

    Module              Have    
    ------------------- --------
    CPAN                2.22    
    CPAN::Meta          2.150010
    Cwd                 3.78    
    ExtUtils::CBuilder  0.280231
    ExtUtils::Command   7.34    
    ExtUtils::Install   2.14    
    ExtUtils::MakeMaker 7.34    
    ExtUtils::Manifest  1.72    
    ExtUtils::ParseXS   3.40    
    File::Spec          3.78    
    JSON                4.02    
    JSON::PP            4.02    
    Module::Build       0.4229  
    Module::Signature   n/a     
    Parse::CPAN::Meta   2.150010
    Test::Harness       3.42    
    Test::More          1.302162
    YAML                1.29    
    YAML::Syck          1.31    
    version             0.9924  


--

Summary of my perl5 (revision 5 version 30 subversion 0) configuration:
   
  Platform:
    osname=freebsd
    osvers=12.0-stable
    archname=amd64-freebsd
    uname='freebsd cloud1.bbbike.org 12.0-stable freebsd 12.0-stable 5f6d693b936(stable12) generic amd64 '
    config_args='-ds -e -Dprefix=/usr/perl5.30.0p -Dcf_email=srezic@cpan.org -Doptimize=-O2 -pipe'
    hint=recommended
    useposix=true
    d_sigaction=define
    useithreads=undef
    usemultiplicity=undef
    use64bitint=define
    use64bitall=define
    uselongdouble=undef
    usemymalloc=n
    default_inc_excludes_dot=define
    bincompat5005=undef
  Compiler:
    cc='cc'
    ccflags ='-DHAS_FPSETMASK -DHAS_FLOATINGPOINT_H -fno-strict-aliasing -pipe -fstack-protector-strong -I/usr/local/include -D_FORTIFY_SOURCE=2'
    optimize='-O2 -pipe'
    cppflags='-DHAS_FPSETMASK -DHAS_FLOATINGPOINT_H -fno-strict-aliasing -pipe -fstack-protector-strong -I/usr/local/include'
    ccversion=''
    gccversion='4.2.1 Compatible FreeBSD Clang 8.0.0 (tags/RELEASE_800/final 356365)'
    gccosandvers=''
    intsize=4
    longsize=8
    ptrsize=8
    doublesize=8
    byteorder=12345678
    doublekind=3
    d_longlong=define
    longlongsize=8
    d_longdbl=define
    longdblsize=16
    longdblkind=3
    ivtype='long'
    ivsize=8
    nvtype='double'
    nvsize=8
    Off_t='off_t'
    lseeksize=8
    alignbytes=8
    prototype=define
  Linker and Libraries:
    ld='cc'
    ldflags ='-pthread -Wl,-E  -fstack-protector-strong -L/usr/local/lib'
    libpth=/usr/lib /usr/local/lib /usr/lib/clang/8.0.0/lib /usr/lib
    libs=-lpthread -lgdbm -ldl -lm -lcrypt -lutil -lc
    perllibs=-lpthread -ldl -lm -lcrypt -lutil -lc
    libc=
    so=so
    useshrplib=false
    libperl=libperl.a
    gnulibc_version=''
  Dynamic Linking:
    dlsrc=dl_dlopen.xs
    dlext=so
    d_dlsymun=undef
    ccdlflags=' '
    cccdlflags='-DPIC -fPIC'
    lddlflags='-shared  -L/usr/local/lib -fstack-protector-strong'


Characteristics of this binary (from libperl): 
  Compile-time options:
    HAS_TIMES
    PERLIO_LAYERS
    PERL_COPY_ON_WRITE
    PERL_DONT_CREATE_GVSV
    PERL_MALLOC_WRAP
    PERL_OP_PARENT
    PERL_PRESERVE_IVUV
    USE_64_BIT_ALL
    USE_64_BIT_INT
    USE_LARGE_FILES
    USE_LOCALE
    USE_LOCALE_COLLATE
    USE_LOCALE_CTYPE
    USE_LOCALE_NUMERIC
    USE_LOCALE_TIME
    USE_PERLIO
    USE_PERL_ATOF
  Built under freebsd
  Compiled at May 22 2019 20:12:17
  %ENV:
    PERL5LIB=""
    PERL5OPT=""
    PERL5_CPANPLUS_IS_RUNNING="16049"
    PERL5_CPAN_IS_RUNNING="16049"
    PERL5_CPAN_IS_RUNNING_IN_RECURSION="68897,16049"
    PERL_BATCH="yes"
    PERL_CANARY_STABILITY_NOPROMPT="1"
    PERL_CPAN_REPORTER_CONFIG="/var/tmp/cpansmoker-1023/2019052221/cpanreporter_000_config.ini"
    PERL_EXTUTILS_AUTOINSTALL="--defaultdeps"
    PERL_USE_UNSAFE_INC="1"
  @INC:
    /usr/perl5.30.0p/lib/site_perl/5.30.0/amd64-freebsd
    /usr/perl5.30.0p/lib/site_perl/5.30.0
    /usr/perl5.30.0p/lib/5.30.0/amd64-freebsd
    /usr/perl5.30.0p/lib/5.30.0
    .