Class-Trait v0.33 Perl 5 v5.24.0 i386-freebsd

Status
Fail
From
Chris Williams (BINGOS)
Dist
Class-Trait v0.33
Platform
Perl 5 v5.24.0 i386-freebsd
Date
2023-06-05 21:11:17
ID
82e68efc-03e5-11ee-98b0-b3c3213a625c
This distribution has been tested as part of the CPAN Testers
project, supporting the Perl programming language.  See
http://wiki.cpantesters.org/ for more information or email
questions to cpan-testers-discuss@perl.org


--

Dear OVID,

This is a computer-generated error report created automatically by
CPANPLUS, version 0.9914. Testers personal comments may appear
at the end of this report.


Thank you for uploading your work to CPAN.  However, it appears that
there were some problems testing your distribution.

TEST RESULTS:

Below is the error stack from stage 'make test':

Class::Trait is deprecated and should no longer be used. Please use Role::Tiny or Role::Basic instead. at t/test_lib/BasicTrait.pm line 6.
t/010_class_trait.t ............. ok
Class::Trait is deprecated and should no longer be used. Please use Role::Tiny or Role::Basic instead. at t/test_lib/BasicTraitImport.pm line 6.
t/020_test_imports.t ............ ok
Class::Trait is deprecated and should no longer be used. Please use Role::Tiny or Role::Basic instead. at t/test_lib/TraitTestBase.pm line 6.
t/030_trait_overload.t .......... ok
Class::Trait is deprecated and should no longer be used. Please use Role::Tiny or Role::Basic instead. at test_lib/Circle.pm line 10.
t/040_trait_composition.t ....... ok
t/050_Trait_Config_test.t ....... ok
Class::Trait is deprecated and should no longer be used. Please use Role::Tiny or Role::Basic instead. at t/test_lib/SyncRead.pm line 8.
t/060_Trait_SUPER_test.t ........ ok

#   Failed test 'mod_perl should no longer warn on startup'
#   at t/070_Trait_mod_perl_test.t line 24.
# Looks like you failed 1 test of 2.
t/070_Trait_mod_perl_test.t ..... 
Dubious, test returned 1 (wstat 256, 0x100)
Failed 1/2 subtests 
Class::Trait is deprecated and should no longer be used. Please use Role::Tiny or Role::Basic instead. at t/test_lib/PersonWithTitle.pm line 6.
t/080_Trait_SUPER2_test.t ....... ok
Class::Trait is deprecated and should no longer be used. Please use Role::Tiny or Role::Basic instead. at t/090_Class_Trait_Lib_tests.t line 17.
t/090_Class_Trait_Lib_tests.t ... ok
Class::Trait is deprecated and should no longer be used. Please use Role::Tiny or Role::Basic instead. at t/100_trait_rename_does.t line 22.
t/100_trait_rename_does.t ....... ok
Class::Trait is deprecated and should no longer be used. Please use Role::Tiny or Role::Basic instead. at t/110_trait_performs.t line 16.
t/110_trait_performs.t .......... ok
Class::Trait is deprecated and should no longer be used. Please use Role::Tiny or Role::Basic instead. at (eval 8) line 2.
Class::Trait is deprecated and should no longer be used. Please use Role::Tiny or Role::Basic instead. at (eval 18) line 3.
Class::Trait is deprecated and should no longer be used. Please use Role::Tiny or Role::Basic instead. at (eval 29) line 3.
Class::Trait is deprecated and should no longer be used. Please use Role::Tiny or Role::Basic instead. at (eval 42) line 3.
Class::Trait is deprecated and should no longer be used. Please use Role::Tiny or Role::Basic instead. at (eval 53) line 2.
Class::Trait is deprecated and should no longer be used. Please use Role::Tiny or Role::Basic instead. at (eval 65) line 2.
Class::Trait is deprecated and should no longer be used. Please use Role::Tiny or Role::Basic instead. at (eval 77) line 2.
Class::Trait is deprecated and should no longer be used. Please use Role::Tiny or Role::Basic instead. at (eval 90) line 3.
Class::Trait is deprecated and should no longer be used. Please use Role::Tiny or Role::Basic instead. at (eval 102) line 2.
Class::Trait is deprecated and should no longer be used. Please use Role::Tiny or Role::Basic instead. at (eval 133) line 2.
Class::Trait is deprecated and should no longer be used. Please use Role::Tiny or Role::Basic instead. at (eval 142) line 3.
Class::Trait is deprecated and should no longer be used. Please use Role::Tiny or Role::Basic instead. at (eval 151) line 3.
t/120_trait_errors.t ............ ok
Class::Trait is deprecated and should no longer be used. Please use Role::Tiny or Role::Basic instead. at t/130_trait_runtime_instance.t line 21.

#   Failed test '... with an appropriate error message'
#   at t/130_trait_runtime_instance.t line 125.
#                   'Requirement (lawyer) for Extra::TSpouse not in Foo::__ANON__::Extra::TSpouse_7 at ../lib/Class/Trait/Base.pm line 11.
# '
#     doesn't match '(?^:Requirement \(alimony\) for Extra::TSpouse not in Foo::)'
# Looks like you failed 1 test of 43.
t/130_trait_runtime_instance.t .. 
Dubious, test returned 1 (wstat 256, 0x100)
Failed 1/43 subtests 
Class::Trait is deprecated and should no longer be used. Please use Role::Tiny or Role::Basic instead. at t/140_trait_runtime_class.t line 9.
t/140_trait_runtime_class.t ..... ok
Class::Trait is deprecated and should no longer be used. Please use Role::Tiny or Role::Basic instead. at t/150_inherited_does.t line 14.
t/150_inherited_does.t .......... ok
t/pod.t ......................... skipped: Test::Pod 1.14 required for testing POD
t/pod_coverage.t ................ skipped: Test::Pod::Coverage required for testing POD coverage

Test Summary Report
-------------------
t/070_Trait_mod_perl_test.t   (Wstat: 256 (exited 1) Tests: 2 Failed: 1)
  Failed test:  1
  Non-zero exit status: 1
t/130_trait_runtime_instance.t (Wstat: 256 (exited 1) Tests: 43 Failed: 1)
  Failed test:  36
  Non-zero exit status: 1
Files=17, Tests=398,  5 wallclock secs ( 0.09 usr  0.14 sys +  2.37 cusr  1.74 csys =  4.34 CPU)
Result: FAIL
Failed 2/17 test programs. 2/398 subtests failed.


PREREQUISITES:

Here is a list of prerequisites you specified and versions we
managed to load:

	  Module Name                        Have     Want
	  Class::Accessor::Fast              0.51        0
	  File::Spec                         3.75        0
	  Test::Differences                  0.69     0.47
	  Test::Simple                   1.302194     0.62

Perl module toolchain versions installed:
	Module Name                        Have
	CPANPLUS                         0.9914
	CPANPLUS::Dist::Build              0.90
	Cwd                                3.75
	ExtUtils::CBuilder             0.280236
	ExtUtils::Command                  7.70
	ExtUtils::Install                  2.22
	ExtUtils::MakeMaker                7.70
	ExtUtils::Manifest                 1.74
	ExtUtils::ParseXS                  3.44
	File::Spec                         3.75
	Module::Build                    0.4234
	Pod::Parser                        1.63
	Pod::Simple                        3.32
	Test2                          1.302194
	Test::Harness                      3.44
	Test::More                     1.302194
	version                          0.9929

******************************** NOTE ********************************
The comments above are created mechanically, possibly without manual
checking by the sender.  As there are many people performing automatic
tests on each upload to CPAN, it is likely that you will receive
identical messages about the same problem.

If you believe that the message is mistaken, please reply to the first
one with correction and/or additional informations, and do not take
it personally.  We appreciate your patience. :)
**********************************************************************

Additional comments:


This report was machine-generated by CPANPLUS::Dist::YACSmoke 1.08.
Powered by minismokebox version 0.68

CPANPLUS is prefering Build.PL

------------------------------
ENVIRONMENT AND OTHER CONTEXT
------------------------------

Environment variables:

    AUTOMATED_TESTING = 1
    NONINTERACTIVE_TESTING = 1
    PATH = /sbin:/bin:/usr/sbin:/usr/bin:/usr/local/sbin:/usr/local/bin:/home/cpan/bin
    PERL5LIB = /usr/home/cpan/pit/jail/SOdn1yIWdZ/lib/perl5:/usr/home/cpan/pit/bare/conf/perl-5.24.0/.cpanplus/5.24.0/build/3XN7raJa7I/Class-Trait-0.33/blib/lib:/usr/home/cpan/pit/bare/conf/perl-5.24.0/.cpanplus/5.24.0/build/3XN7raJa7I/Class-Trait-0.33/blib/arch
    PERL5_CPANPLUS_IS_RUNNING = 14013
    PERL5_CPANPLUS_IS_VERSION = 0.9914
    PERL5_MINISMOKEBOX = 0.68
    PERL5_YACSMOKE_BASE = /usr/home/cpan/pit/bare/conf/perl-5.24.0
    PERL_EXTUTILS_AUTOINSTALL = --defaultdeps
    PERL_LOCAL_LIB_ROOT = /usr/home/cpan/pit/jail/SOdn1yIWdZ
    PERL_MB_OPT = --install_base "/usr/home/cpan/pit/jail/SOdn1yIWdZ"
    PERL_MM_OPT = INSTALL_BASE=/usr/home/cpan/pit/jail/SOdn1yIWdZ
    PERL_MM_USE_DEFAULT = 1
    SHELL = /usr/local/bin/bash
    TERM = screen

Perl special variables (and OS-specific diagnostics, for MSWin32):

    Perl: $^X = /usr/home/cpan/pit/bare/perl-5.24.0/bin/perl
    UID:  $<  = 1002
    EUID: $>  = 1002
    GID:  $(  = 1002 1002
    EGID: $)  = 1002 1002


-------------------------------


--

Summary of my perl5 (revision 5 version 24 subversion 0) configuration:
   
  Platform:
    osname=freebsd, osvers=12.4-release, archname=i386-freebsd
    uname='freebsd ffyrc 12.4-release freebsd 12.4-release r372781 generic i386 '
    config_args='-des -Dprefix=/usr/home/cpan/pit/bare/perl-5.24.0'
    hint=recommended, useposix=true, d_sigaction=define
    useithreads=undef, usemultiplicity=undef
    use64bitint=undef, use64bitall=undef, uselongdouble=undef
    usemymalloc=n, bincompat5005=undef
  Compiler:
    cc='cc', ccflags ='-DHAS_FPSETMASK -DHAS_FLOATINGPOINT_H -fno-strict-aliasing -pipe -fstack-protector-strong -I/usr/local/include',
    optimize='-O2',
    cppflags='-DHAS_FPSETMASK -DHAS_FLOATINGPOINT_H -fno-strict-aliasing -pipe -fstack-protector-strong -I/usr/local/include'
    ccversion='', gccversion='FreeBSD Clang 13.0.0 (git@github.com:llvm/llvm-project.git llvmorg-13.0.0-0-gd7b669b3a303)', gccosandvers=''
    intsize=4, longsize=4, ptrsize=4, doublesize=8, byteorder=1234, doublekind=3
    d_longlong=define, longlongsize=8, d_longdbl=define, longdblsize=12, longdblkind=3
    ivtype='long', ivsize=4, nvtype='double', nvsize=8, Off_t='off_t', lseeksize=8
    alignbytes=4, prototype=define
  Linker and Libraries:
    ld='cc', ldflags ='-Wl,-E  -fstack-protector-strong -L/usr/local/lib'
    libpth=/usr/lib /usr/local/lib /usr/lib/clang/13.0.0/lib /usr/lib
    libs=-lpthread -lgdbm -ldl -lm -lcrypt -lutil -lc
    perllibs=-lpthread -ldl -lm -lcrypt -lutil -lc
    libc=, so=so, useshrplib=false, libperl=libperl.a
    gnulibc_version=''
  Dynamic Linking:
    dlsrc=dl_dlopen.xs, dlext=so, d_dlsymun=undef, ccdlflags=' '
    cccdlflags='-DPIC -fPIC', lddlflags='-shared  -L/usr/local/lib -fstack-protector-strong'


Characteristics of this binary (from libperl): 
  Compile-time options: HAS_TIMES PERLIO_LAYERS PERL_COPY_ON_WRITE
                        PERL_DONT_CREATE_GVSV
                        PERL_HASH_FUNC_ONE_AT_A_TIME_HARD PERL_MALLOC_WRAP
                        PERL_PRESERVE_IVUV USE_LARGE_FILES USE_LOCALE
                        USE_LOCALE_COLLATE USE_LOCALE_CTYPE
                        USE_LOCALE_NUMERIC USE_LOCALE_TIME USE_PERLIO
                        USE_PERL_ATOF
  Locally applied patches:
	Devel::PatchPerl 2.08
  Built under freebsd
  Compiled at Apr  3 2023 04:28:50
  %ENV:
    PERL5LIB="/usr/home/cpan/pit/jail/SOdn1yIWdZ/lib/perl5:/usr/home/cpan/pit/bare/conf/perl-5.24.0/.cpanplus/5.24.0/build/3XN7raJa7I/Class-Trait-0.33/blib/lib:/usr/home/cpan/pit/bare/conf/perl-5.24.0/.cpanplus/5.24.0/build/3XN7raJa7I/Class-Trait-0.33/blib/arch"
    PERL5_CPANPLUS_IS_RUNNING="14013"
    PERL5_CPANPLUS_IS_VERSION="0.9914"
    PERL5_MINISMOKEBOX="0.68"
    PERL5_YACSMOKE_BASE="/usr/home/cpan/pit/bare/conf/perl-5.24.0"
    PERL_EXTUTILS_AUTOINSTALL="--defaultdeps"
    PERL_LOCAL_LIB_ROOT="/usr/home/cpan/pit/jail/SOdn1yIWdZ"
    PERL_MB_OPT="--install_base "/usr/home/cpan/pit/jail/SOdn1yIWdZ""
    PERL_MM_OPT="INSTALL_BASE=/usr/home/cpan/pit/jail/SOdn1yIWdZ"
    PERL_MM_USE_DEFAULT="1"
  @INC:
    /usr/home/cpan/pit/jail/SOdn1yIWdZ/lib/perl5/5.24.0/i386-freebsd
    /usr/home/cpan/pit/jail/SOdn1yIWdZ/lib/perl5/5.24.0
    /usr/home/cpan/pit/jail/SOdn1yIWdZ/lib/perl5/i386-freebsd
    /usr/home/cpan/pit/jail/SOdn1yIWdZ/lib/perl5
    /usr/home/cpan/pit/bare/conf/perl-5.24.0/.cpanplus/5.24.0/build/3XN7raJa7I/Class-Trait-0.33/blib/lib
    /usr/home/cpan/pit/bare/conf/perl-5.24.0/.cpanplus/5.24.0/build/3XN7raJa7I/Class-Trait-0.33/blib/arch
    /usr/home/cpan/pit/bare/perl-5.24.0/lib/site_perl/5.24.0/i386-freebsd
    /usr/home/cpan/pit/bare/perl-5.24.0/lib/site_perl/5.24.0
    /usr/home/cpan/pit/bare/perl-5.24.0/lib/5.24.0/i386-freebsd
    /usr/home/cpan/pit/bare/perl-5.24.0/lib/5.24.0
    .