Promises v1.04 Perl 5 v5.30.3 x86_64-linux-quadmath

Status
Fail
From
David Cantrell (DCANTRELL)
Dist
Promises v1.04
Platform
Perl 5 v5.30.3 x86_64-linux-quadmath
Date
2023-03-19 03:16:56
ID
81415a7e-c604-11ed-8f20-9fdd24f4574e
This distribution has been tested as part of the CPAN Testers
project, supporting the Perl programming language.  See
http://wiki.cpantesters.org/ for more information or email
questions to cpan-testers-discuss@perl.org


--
Dear Yanick Champoux,

This is a computer-generated report for Promises-1.04
on perl 5.30.3, created by CPAN-Reporter-1.2018.

Thank you for uploading your work to CPAN.  However, there was a problem
testing your distribution.

If you think this report is invalid, please consult the CPAN Testers Wiki
for suggestions on how to avoid getting FAIL reports for missing library
or binary dependencies, unsupported operating systems, and so on:

http://wiki.cpantesters.org/wiki/CPANAuthorNotes

Sections of this report:

    * Tester comments
    * Program output
    * Prerequisites
    * Environment and other context

------------------------------
TESTER COMMENTS
------------------------------

Additional comments from tester:

this report is from an automated smoke testing program
and was not reviewed by a human for accuracy

------------------------------
PROGRAM OUTPUT
------------------------------

Output from '/usr/bin/make test':

PERL_DL_NONLAZY=1 "/home/david/cpantesting/perl-5.30.3-quadmath/bin/perl" "-MExtUtils::Command::MM" "-MTest::Harness" "-e" "undef *Test::Harness::Switches; test_harness(0, 'blib/lib', 'blib/arch')" t/*.t
t/00-compile.t ................... ok
# 
# Versions for all modules listed in MYMETA.json (including optional ones):
# 
# === Configure Requires ===
# 
#     Module              Want Have
#     ------------------- ---- ----
#     ExtUtils::MakeMaker  any 7.34
# 
# === Configure Suggests ===
# 
#     Module      Want Have
#     -------- ------- ----
#     JSON::PP 2.27300 4.02
# 
# === Build Requires ===
# 
#     Module              Want Have
#     ------------------- ---- ----
#     ExtUtils::MakeMaker  any 7.34
# 
# === Test Requires ===
# 
#     Module              Want     Have
#     ------------------- ---- --------
#     ExtUtils::MakeMaker  any     7.34
#     File::Spec           any     3.78
#     IO::Handle           any     1.40
#     IPC::Open3           any     1.20
#     Test::Exception      any     0.43
#     Test::Fatal          any    0.016
#     Test::More          0.89 1.302194
#     Test::Pod            any     1.52
#     Test::Requires       any     0.11
#     Test::Warn           any     0.37
#     lib                  any     0.65
# 
# === Test Recommends ===
# 
#     Module         Want     Have
#     ---------- -------- --------
#     CPAN::Meta 2.120900 2.150010
# 
# === Runtime Requires ===
# 
#     Module          Want  Have
#     --------------- ---- -----
#     Carp             any  1.50
#     Data::Dumper     any 2.174
#     Exporter         any  5.73
#     Module::Runtime  any 0.016
#     Scalar::Util     any  1.63
#     Sub::Attribute   any  0.07
#     Sub::Exporter    any 0.988
#     constant         any  1.33
#     parent           any 0.237
#     strict           any  1.11
#     warnings         any  1.44
# 
t/00-report-prereqs.t ............ ok
t/000-load.t ..................... ok
# Delaying for 0.1 second ...
t/001-basic.t .................... ok
# Delaying for 0.1 second ...
# Delaying for 0.1 more second ...
t/002-multiples.t ................ ok
# Delaying for 0.1 second1 ...
t/003-post-resolve-then.t ........ ok
# Delaying for 0.1 second ...
t/004-error.t .................... ok
# Delaying for 0.1 second ...
# Delaying for 0.1 more second ...
t/005-multiples-w-error.t ........ ok
t/006-thenable.t ................. ok
t/007_callable.t ................. ok
# Delaying for 0.2 seconds ...
t/010-collect.t .................. ok
# Delaying for 0.2 seconds ...
t/011-collect-w-error.t .......... ok
# Delaying for 0.2 seconds ...
t/012-collect_hash.t ............. ok
t/013-collect_hash-params.t ...... ok
# Delaying for 0.2 seconds ...
t/013-collect_hash-with-error.t .. ok
t/020-chaining.t ................. ok
t/021-chaining-errors.t .......... ok
t/025-recursion.t ................ ok
t/030-deferred-default.t ......... ok

#   Failed test '... run asynchronously'
#   at t/031-deferred-AE.t line 26.
#          got: '0'
#     expected: '1'
# Looks like you failed 1 test of 2.
t/031-deferred-AE.t .............. 
Dubious, test returned 1 (wstat 256, 0x100)
Failed 1/2 subtests 
t/031-deferred-io-async.t ........ skipped: Test requires module 'IO::Async' but it's not found

#   Failed test '... run asynchronously'
#   at t/032-deferred-AnyEvent.t line 26.
#          got: '0'
#     expected: '1'
# Looks like you failed 1 test of 2.
t/032-deferred-AnyEvent.t ........ 
Dubious, test returned 1 (wstat 256, 0x100)
Failed 1/2 subtests 
t/033-deferred-EV.t .............. skipped: EV is required for this test
t/034-deferred-Mojo.t ............ skipped: Mojo::IOLoop is required for this test
t/040_finally.t .................. ok
t/045-attributes.t ............... ok
t/050-exceptions-pp.t ............ ok
t/051-exceptions-pp-anyevent.t ... ok
t/052-exceptions-ev-anyevent.t ... skipped: Test requires module 'EV' but it's not found
t/053-exceptions-mojo.t .......... skipped: Test requires module 'Mojo::IOLoop' but it's not found
t/060-free-refs.t ................ ok
t/070-accepted-rejected.t ........ ok
t/080-deferred-as-sub.t .......... ok
t/090-timeout.t .................. skipped: Test requires module 'IO::Async' but it's not found
t/late-warning.t ................. ok
t/warnings.t ..................... ok

Test Summary Report
-------------------
t/031-deferred-AE.t            (Wstat: 256 Tests: 2 Failed: 1)
  Failed test:  2
  Non-zero exit status: 1
t/032-deferred-AnyEvent.t      (Wstat: 256 Tests: 2 Failed: 1)
  Failed test:  2
  Non-zero exit status: 1
Files=36, Tests=155, 34 wallclock secs ( 0.23 usr  0.15 sys +  7.82 cusr  1.32 csys =  9.52 CPU)
Result: FAIL
Failed 2/36 test programs. 2/155 subtests failed.
make: *** [Makefile:947: test_dynamic] Error 255

------------------------------
PREREQUISITES
------------------------------

Prerequisite modules loaded:

requires:

    Module              Need  Have    
    ------------------- ----- --------
    Carp                0     1.50    
    constant            0     1.33    
    Data::Dumper        0     2.174   
    Exporter            0     5.73    
    Module::Runtime     0     0.016   
    parent              0     0.237   
    perl                5.006 5.030003
    Scalar::Util        0     1.63    
    strict              0     1.11    
    Sub::Attribute      0     0.07    
    Sub::Exporter       0     0.988   
    warnings            0     1.44    

build_requires:

    Module              Need  Have    
    ------------------- ----- --------
    ExtUtils::MakeMaker 0     7.34    
    File::Spec          0     3.78    
    IO::Handle          0     1.40    
    IPC::Open3          0     1.20    
    lib                 0     0.65    
    Test::Exception     0     0.43    
    Test::Fatal         0     0.016   
    Test::More          0.89  1.302194
    Test::Pod           0     1.52    
    Test::Requires      0     0.11    
    Test::Warn          0     0.37    

configure_requires:

    Module              Need  Have    
    ------------------- ----- --------
    ExtUtils::MakeMaker 0     7.34    


------------------------------
ENVIRONMENT AND OTHER CONTEXT
------------------------------

Environment variables:

    AUTOMATED_TESTING = 1
    LANG = en_GB.UTF-8
    LANGUAGE = en_GB:en
    LC_TERMINAL = iTerm2
    LC_TERMINAL_VERSION = 3.4.19
    NONINTERACTIVE_TESTING = 1
    PATH = /home/david/.nvm/versions/node/v18.14.2/bin:/home/david/.cargo/bin:/home/david/perl5/perlbrew/bin:/home/david/perl5/perlbrew/perls/perl-5.30.2/bin:/home/david/bin:/usr/local/bin:/usr/bin:/bin:/usr/local/games:/usr/games
    PERL = 5.30.3-quadmath
    PERL5LIB = 
    PERL5OPT = 
    PERL5_CPANPLUS_IS_RUNNING = 2151111
    PERL5_CPAN_IS_RUNNING = 2151111
    PERLBREW_HOME = /home/david/.perlbrew
    PERLBREW_MANPATH = /home/david/perl5/perlbrew/perls/perl-5.30.2/man
    PERLBREW_PATH = /home/david/perl5/perlbrew/bin:/home/david/perl5/perlbrew/perls/perl-5.30.2/bin
    PERLBREW_PERL = perl-5.30.2
    PERLBREW_ROOT = /home/david/perl5/perlbrew
    PERLBREW_SHELLRC_VERSION = 0.89
    PERLBREW_VERSION = 0.89
    PERLVER = 5.30.3-quadmath
    PERL_INLINE_DIRECTORY = /home/david/.Inline-5.30.3-quadmath
    PERL_MM_USE_DEFAULT = 1
    PERL_USE_UNSAFE_INC = 0
    SHELL = /bin/bash
    TERM = screen

Perl special variables (and OS-specific diagnostics, for MSWin32):

    $^X = /home/david/cpantesting/perl-5.30.3-quadmath/bin/perl
    $UID/$EUID = 1000 / 1000
    $GID = 1000 24 25 27 29 30 44 46 109 1000
    $EGID = 1000 24 25 27 29 30 44 46 109 1000

Perl module toolchain versions installed:

    Module              Have    
    ------------------- --------
    CPAN                2.22    
    CPAN::Meta          2.150010
    Cwd                 3.78    
    ExtUtils::CBuilder  0.280231
    ExtUtils::Command   7.34    
    ExtUtils::Install   2.14    
    ExtUtils::MakeMaker 7.34    
    ExtUtils::Manifest  1.72    
    ExtUtils::ParseXS   3.40    
    File::Spec          3.78    
    JSON                n/a     
    JSON::PP            4.02    
    Module::Build       0.4231  
    Module::Signature   n/a     
    Parse::CPAN::Meta   2.150010
    Test::Harness       3.42    
    Test::More          1.302194
    YAML                n/a     
    YAML::Syck          n/a     
    version             0.9924  


--

Summary of my perl5 (revision 5 version 30 subversion 3) configuration:
   
  Platform:
    osname=linux
    osvers=5.10.0-11-amd64
    archname=x86_64-linux-quadmath
    uname='linux cpantesting-linux-utm 5.10.0-11-amd64 #1 smp debian 5.10.92-1 (2022-01-18) x86_64 gnulinux '
    config_args='-de -Dusequadmath -Dprefix=/home/david/cpantesting/perl-5.30.3-quadmath'
    hint=recommended
    useposix=true
    d_sigaction=define
    useithreads=undef
    usemultiplicity=undef
    use64bitint=define
    use64bitall=define
    uselongdouble=undef
    usemymalloc=n
    default_inc_excludes_dot=define
    bincompat5005=undef
  Compiler:
    cc='cc'
    ccflags ='-fwrapv -fno-strict-aliasing -pipe -fstack-protector-strong -I/usr/local/include -D_LARGEFILE_SOURCE -D_FILE_OFFSET_BITS=64 -D_FORTIFY_SOURCE=2'
    optimize='-O2'
    cppflags='-fwrapv -fno-strict-aliasing -pipe -fstack-protector-strong -I/usr/local/include'
    ccversion=''
    gccversion='10.2.1 20210110'
    gccosandvers=''
    intsize=4
    longsize=8
    ptrsize=8
    doublesize=8
    byteorder=12345678
    doublekind=3
    d_longlong=define
    longlongsize=8
    d_longdbl=define
    longdblsize=16
    longdblkind=3
    ivtype='long'
    ivsize=8
    nvtype='__float128'
    nvsize=16
    Off_t='off_t'
    lseeksize=8
    alignbytes=16
    prototype=define
  Linker and Libraries:
    ld='cc'
    ldflags =' -fstack-protector-strong -L/usr/local/lib'
    libpth=/usr/local/lib /usr/include/x86_64-linux-gnu /usr/lib /lib/x86_64-linux-gnu /lib/../lib /usr/lib/x86_64-linux-gnu /usr/lib/../lib /lib /lib64 /usr/lib64
    libs=-lpthread -lnsl -ldl -lm -lcrypt -lutil -lc -lquadmath
    perllibs=-lpthread -lnsl -ldl -lm -lcrypt -lutil -lc -lquadmath
    libc=libc-2.31.so
    so=so
    useshrplib=false
    libperl=libperl.a
    gnulibc_version='2.31'
  Dynamic Linking:
    dlsrc=dl_dlopen.xs
    dlext=so
    d_dlsymun=undef
    ccdlflags='-Wl,-E'
    cccdlflags='-fPIC'
    lddlflags='-shared -O2 -L/usr/local/lib -fstack-protector-strong'


Characteristics of this binary (from libperl): 
  Compile-time options:
    HAS_TIMES
    PERLIO_LAYERS
    PERL_COPY_ON_WRITE
    PERL_DONT_CREATE_GVSV
    PERL_MALLOC_WRAP
    PERL_OP_PARENT
    PERL_PRESERVE_IVUV
    USE_64_BIT_ALL
    USE_64_BIT_INT
    USE_LARGE_FILES
    USE_LOCALE
    USE_LOCALE_COLLATE
    USE_LOCALE_CTYPE
    USE_LOCALE_NUMERIC
    USE_LOCALE_TIME
    USE_PERLIO
    USE_PERL_ATOF
    USE_QUADMATH
  Locally applied patches:
    Devel::PatchPerl 2.08
  Built under linux
  Compiled at Feb  5 2022 23:00:34
  %ENV:
    PERL="5.30.3-quadmath"
    PERL5LIB=""
    PERL5OPT=""
    PERL5_CPANPLUS_IS_RUNNING="2151111"
    PERL5_CPAN_IS_RUNNING="2151111"
    PERLBREW_HOME="/home/david/.perlbrew"
    PERLBREW_MANPATH="/home/david/perl5/perlbrew/perls/perl-5.30.2/man"
    PERLBREW_PATH="/home/david/perl5/perlbrew/bin:/home/david/perl5/perlbrew/perls/perl-5.30.2/bin"
    PERLBREW_PERL="perl-5.30.2"
    PERLBREW_ROOT="/home/david/perl5/perlbrew"
    PERLBREW_SHELLRC_VERSION="0.89"
    PERLBREW_VERSION="0.89"
    PERLVER="5.30.3-quadmath"
    PERL_INLINE_DIRECTORY="/home/david/.Inline-5.30.3-quadmath"
    PERL_MM_USE_DEFAULT="1"
    PERL_USE_UNSAFE_INC="0"
  @INC:
    /home/david/cpantesting/perl-5.30.3-quadmath/lib/site_perl/5.30.3/x86_64-linux-quadmath
    /home/david/cpantesting/perl-5.30.3-quadmath/lib/site_perl/5.30.3
    /home/david/cpantesting/perl-5.30.3-quadmath/lib/5.30.3/x86_64-linux-quadmath
    /home/david/cpantesting/perl-5.30.3-quadmath/lib/5.30.3