Back
From: metabase:user:314402c4-2aae-11df-837a-5e0a49663a4f
Subject: FAIL Timer-Runtime-0.04 v5.18.4 GNU/Linux
Date: 2015-07-16T17:02:54Z
This distribution has been tested as part of the CPAN Testers
project, supporting the Perl programming language. See
http://wiki.cpantesters.org/ for more information or email
questions to cpan-testers-discuss@perl.org
--
Dear Adam Wohld,
This is a computer-generated report for Timer-Runtime-0.04
on perl 5.18.4, created by CPAN-Reporter-1.2014.
Thank you for uploading your work to CPAN. However, there was a problem
testing your distribution.
If you think this report is invalid, please consult the CPAN Testers Wiki
for suggestions on how to avoid getting FAIL reports for missing library
or binary dependencies, unsupported operating systems, and so on:
http://wiki.cpantesters.org/wiki/CPANAuthorNotes
Sections of this report:
* Tester comments
* Program output
* Prerequisites
* Environment and other context
------------------------------
TESTER COMMENTS
------------------------------
Additional comments from tester:
none provided
------------------------------
PROGRAM OUTPUT
------------------------------
Output from '/usr/bin/make test':
PERL_DL_NONLAZY=1 "/bbbike/perl-5.18.4/bin/perl" "-MExtUtils::Command::MM" "-MTest::Harness" "-e" "undef *Test::Harness::Switches; test_harness(0, 'blib/lib', 'blib/arch')" t/*.t
# Testing Timer::Runtime 0.04, Perl 5.018004, /bbbike/perl-5.18.4/bin/perl
Perl lib version (5.18.4) doesn't match executable 't/timer-runtime-test.pl' version (v5.14.2) at /opt/perl-5.18.4/lib/5.18.4/x86_64-linux/Config.pm line 62.
Compilation failed in require at /opt/perl-5.18.4/lib/5.18.4/x86_64-linux/lib.pm line 6.
BEGIN failed--compilation aborted at /opt/perl-5.18.4/lib/5.18.4/x86_64-linux/lib.pm line 6.
Compilation failed in require at /opt/perl-5.18.4/lib/site_perl/5.18.4/Devel/Hide.pm line 165.
BEGIN failed--compilation aborted at /opt/perl-5.18.4/lib/site_perl/5.18.4/Devel/Hide.pm line 165.
Compilation failed in require.
BEGIN failed--compilation aborted.
# Failed test 'got start time okay: '
# at t/00-load.t line 28.
# undef
# doesn't match '(?^:timer-runtime-test.pl Started:)'
# Failed test 'got end time okay: '
# at t/00-load.t line 29.
# undef
# doesn't match '(?^:timer-runtime-test.pl Finished:)'
# Failed test 'got elapsed time: '
# at t/00-load.t line 63.
# undef
# doesn't match '(?^:\d\d:\d\d:\d\d.\d\d\d\d\d\d)'
# Looks like you failed 3 tests of 18.
t/00-load.t .......
Dubious, test returned 3 (wstat 768, 0x300)
Failed 3/18 subtests
t/manifest.t ...... skipped: Author tests not required for installation
t/pod-coverage.t .. ok
t/pod.t ........... ok
Test Summary Report
-------------------
t/00-load.t (Wstat: 768 Tests: 18 Failed: 3)
Failed tests: 4-5, 18
Non-zero exit status: 3
Files=4, Tests=20, 0 wallclock secs ( 0.02 usr 0.02 sys + 0.12 cusr 0.03 csys = 0.19 CPU)
Result: FAIL
Failed 1/4 test programs. 3/20 subtests failed.
make: *** [test_dynamic] Error 255
------------------------------
PREREQUISITES
------------------------------
Prerequisite modules loaded:
requires:
Module Need Have
------------------- ---- --------
Time::Elapse 0 1.2402
Time::Local 0 1.2300
build_requires:
Module Need Have
------------------- ---- --------
Test::More 0 1.001014
Time::Elapse 0 1.2402
Time::Local 0 1.2300
configure_requires:
Module Need Have
------------------- ---- --------
ExtUtils::MakeMaker 0 7.04
------------------------------
ENVIRONMENT AND OTHER CONTEXT
------------------------------
Environment variables:
DBIC_NO_WARN_BAD_PERL = 1
LANG = C
PATH = /usr/local/bin:/usr/bin:/bin:/usr/local/sbin:/usr/sbin:/sbin:/home/eserte/bin/linux-gnu:/home/eserte/bin/sh:/home/eserte/bin:/usr/games:/home/eserte/devel:/home/eserte/src/srezic-misc/scripts
PERL5LIB = /home/eserte/.cpan/build/Time-Elapse-1.2402-HmAJQP/blib/arch:/home/eserte/.cpan/build/Time-Elapse-1.2402-HmAJQP/blib/lib
PERL5OPT = -MDevel::Hide
PERL5_CPANPLUS_IS_RUNNING = 30831
PERL5_CPAN_IS_RUNNING = 30831
PERL5_CPAN_IS_RUNNING_IN_RECURSION = 29456,30831
PERLDOC = -MPod::Perldoc::ToTextOverstrike
PERL_BATCH = yes
PERL_CANARY_STABILITY_NOPROMPT = 1
PERL_CPAN_REPORTER_CONFIG = /var/tmp/cpansmoker-1001/cpanreporter_028_config.ini
PERL_EXTUTILS_AUTOINSTALL = --defaultdeps
PERL_HTML_DISPLAY_CLASS = HTML::Display::Mozilla
SHELL = /bin/zsh
TERM = screen
TMPDIR = /var/tmp/cpansmoker-1001
Perl special variables (and OS-specific diagnostics, for MSWin32):
$^X = /bbbike/perl-5.18.4/bin/perl
$UID/$EUID = 1001 / 1001
$GID = 1001 109 1001
$EGID = 1001 109 1001
Perl module toolchain versions installed:
Module Have
------------------- --------
CPAN 2.05
CPAN::Meta 2.150005
Cwd 3.47
ExtUtils::CBuilder 0.280220
ExtUtils::Command 1.17
ExtUtils::Install 2.04
ExtUtils::MakeMaker 7.04
ExtUtils::Manifest 1.68
ExtUtils::ParseXS 3.24
File::Spec 3.47
JSON 2.90
JSON::PP 2.27203
Module::Build 0.4214
Module::Signature broken
Parse::CPAN::Meta 1.4414
Test::Harness 3.34
Test::More 1.001014
YAML 1.14
YAML::Syck 1.29
version 0.9912
--
Summary of my perl5 (revision 5 version 18 subversion 4) configuration:
Platform:
osname=linux, osvers=3.2.0-4-amd64, archname=x86_64-linux
uname='linux eserte 3.2.0-4-amd64 #1 smp debian 3.2.60-1+deb7u3 x86_64 gnulinux '
config_args='-ds -e -Dprefix=/opt/perl-5.18.4'
hint=recommended, useposix=true, d_sigaction=define
useithreads=undef, usemultiplicity=undef
useperlio=define, d_sfio=undef, uselargefiles=define, usesocks=undef
use64bitint=define, use64bitall=define, uselongdouble=undef
usemymalloc=n, bincompat5005=undef
Compiler:
cc='cc', ccflags ='-fno-strict-aliasing -pipe -fstack-protector -I/usr/local/include -D_LARGEFILE_SOURCE -D_FILE_OFFSET_BITS=64',
optimize='-O2',
cppflags='-fno-strict-aliasing -pipe -fstack-protector -I/usr/local/include'
ccversion='', gccversion='4.7.2', gccosandvers=''
intsize=4, longsize=8, ptrsize=8, doublesize=8, byteorder=12345678
d_longlong=define, longlongsize=8, d_longdbl=define, longdblsize=16
ivtype='long', ivsize=8, nvtype='double', nvsize=8, Off_t='off_t', lseeksize=8
alignbytes=8, prototype=define
Linker and Libraries:
ld='cc', ldflags =' -fstack-protector -L/usr/local/lib'
libpth=/usr/local/lib /lib/x86_64-linux-gnu /lib/../lib /usr/lib/x86_64-linux-gnu /usr/lib/../lib /lib /usr/lib
libs=-lnsl -ldb -ldl -lm -lcrypt -lutil -lc
perllibs=-lnsl -ldl -lm -lcrypt -lutil -lc
libc=, so=so, useshrplib=false, libperl=libperl.a
gnulibc_version='2.13'
Dynamic Linking:
dlsrc=dl_dlopen.xs, dlext=so, d_dlsymun=undef, ccdlflags='-Wl,-E'
cccdlflags='-fPIC', lddlflags='-shared -O2 -L/usr/local/lib -fstack-protector'
Characteristics of this binary (from libperl):
Compile-time options: HAS_TIMES PERLIO_LAYERS PERL_DONT_CREATE_GVSV
PERL_HASH_FUNC_ONE_AT_A_TIME_HARD PERL_MALLOC_WRAP
PERL_PRESERVE_IVUV PERL_SAWAMPERSAND USE_64_BIT_ALL
USE_64_BIT_INT USE_LARGE_FILES USE_LOCALE
USE_LOCALE_COLLATE USE_LOCALE_CTYPE
USE_LOCALE_NUMERIC USE_PERLIO USE_PERL_ATOF
Built under linux
Compiled at Oct 2 2014 05:37:02
%ENV:
PERL5LIB="/home/eserte/.cpan/build/Time-Elapse-1.2402-HmAJQP/blib/arch:/home/eserte/.cpan/build/Time-Elapse-1.2402-HmAJQP/blib/lib"
PERL5OPT=" -MDevel::Hide"
PERL5_CPANPLUS_IS_RUNNING="30831"
PERL5_CPAN_IS_RUNNING="30831"
PERL5_CPAN_IS_RUNNING_IN_RECURSION="29456,30831"
PERLDOC="-MPod::Perldoc::ToTextOverstrike"
PERL_BATCH="yes"
PERL_CANARY_STABILITY_NOPROMPT="1"
PERL_CPAN_REPORTER_CONFIG="/var/tmp/cpansmoker-1001/cpanreporter_028_config.ini"
PERL_EXTUTILS_AUTOINSTALL="--defaultdeps"
PERL_HTML_DISPLAY_CLASS="HTML::Display::Mozilla"
@INC:
CODE(0x11a3880)
/home/eserte/.cpan/build/Time-Elapse-1.2402-HmAJQP/blib/arch
/home/eserte/.cpan/build/Time-Elapse-1.2402-HmAJQP/blib/lib
/opt/perl-5.18.4/lib/site_perl/5.18.4/x86_64-linux
/opt/perl-5.18.4/lib/site_perl/5.18.4
/opt/perl-5.18.4/lib/5.18.4/x86_64-linux
/opt/perl-5.18.4/lib/5.18.4
.