CodeGen-Cpppp v0.001_02 Perl 5 v5.24.0 x86_64-linux

Status
Fail
From
Slaven Rezić
Dist
CodeGen-Cpppp v0.001_02
Platform
Perl 5 v5.24.0 x86_64-linux
Date
2023-09-16 13:18:18
ID
802da174-5493-11ee-8201-2e2a6e8775ea
This distribution has been tested as part of the CPAN Testers
project, supporting the Perl programming language.  See
http://wiki.cpantesters.org/ for more information or email
questions to cpan-testers-discuss@perl.org


--
Dear Michael Conrad,

This is a computer-generated report for CodeGen-Cpppp-0.001_02
on perl 5.24.0, created by CPAN-Reporter-1.2018.

Thank you for uploading your work to CPAN.  However, there was a problem
testing your distribution.

If you think this report is invalid, please consult the CPAN Testers Wiki
for suggestions on how to avoid getting FAIL reports for missing library
or binary dependencies, unsupported operating systems, and so on:

http://wiki.cpantesters.org/wiki/CPANAuthorNotes

Sections of this report:

    * Tester comments
    * Program output
    * Prerequisites
    * Environment and other context

------------------------------
TESTER COMMENTS
------------------------------

Additional comments from tester:

none provided

------------------------------
PROGRAM OUTPUT
------------------------------

Output from '/usr/bin/make test':

PERL_DL_NONLAZY=1 "/opt/perl-5.24.0/bin/perl" "-MExtUtils::Command::MM" "-MTest::Harness" "-e" "undef *Test::Harness::Switches; test_harness(0, 'blib/lib', 'blib/arch')" t/*.t
Use of bare << to mean <<"" is deprecated at t/10-parse-code-block.t line 10.
"my" variable $cpppp masks earlier declaration in same scope at t/10-parse-code-block.t line 38.
"my" variable $parsed masks earlier declaration in same statement at t/10-parse-code-block.t line 39.
"my" variable $_ masks earlier declaration in same statement at t/10-parse-code-block.t line 39.
"my" variable $_ masks earlier declaration in same statement at t/10-parse-code-block.t line 39.
"my" variable $parsed masks earlier declaration in same statement at t/10-parse-code-block.t line 40.
Global symbol "$foo" requires explicit package name (did you forget to declare "my $foo"?) at t/10-parse-code-block.t line 11.
Global symbol "$el_t" requires explicit package name (did you forget to declare "my $el_t"?) at t/10-parse-code-block.t line 25.
syntax error at t/10-parse-code-block.t line 10, near "<<~"
Global symbol "@tests" requires explicit package name (did you forget to declare "my @tests"?) at t/10-parse-code-block.t line 37.
syntax error at t/10-parse-code-block.t line 41, near "}"
Missing right curly or square bracket at t/10-parse-code-block.t line 43, at end of line
Execution of t/10-parse-code-block.t aborted due to compilation errors.
t/10-parse-code-block.t .. 
Dubious, test returned 255 (wstat 65280, 0xff00)
No subtests run 
Use of bare << to mean <<"" is deprecated at t/20-translate-cpppp.t line 10.
Possible unintended interpolation of @expr_subs in string at t/20-translate-cpppp.t line 29.
Possible unintended interpolation of @expr_subs in string at t/20-translate-cpppp.t line 43.
Global symbol "$x" requires explicit package name (did you forget to declare "my $x"?) at t/20-translate-cpppp.t line 12.
Global symbol "$x" requires explicit package name (did you forget to declare "my $x"?) at t/20-translate-cpppp.t line 13.
Global symbol "$x" requires explicit package name (did you forget to declare "my $x"?) at t/20-translate-cpppp.t line 18.
Global symbol "$x" requires explicit package name (did you forget to declare "my $x"?) at t/20-translate-cpppp.t line 19.
Global symbol "$self" requires explicit package name (did you forget to declare "my $self"?) at t/20-translate-cpppp.t line 29.
Global symbol "@expr_subs" requires explicit package name (did you forget to declare "my @expr_subs"?) at t/20-translate-cpppp.t line 29.
Global symbol "$self" requires explicit package name (did you forget to declare "my $self"?) at t/20-translate-cpppp.t line 30.
Global symbol "$self" requires explicit package name (did you forget to declare "my $self"?) at t/20-translate-cpppp.t line 43.
Global symbol "@expr_subs" requires explicit package name (did you forget to declare "my @expr_subs"?) at t/20-translate-cpppp.t line 43.
Global symbol "@expr_subs" requires explicit package name (did you forget to declare "my @expr_subs"?) at t/20-translate-cpppp.t line 44.
Global symbol "$self" requires explicit package name (did you forget to declare "my $self"?) at t/20-translate-cpppp.t line 44.
Global symbol "@expr_subs" requires explicit package name (did you forget to declare "my @expr_subs"?) at t/20-translate-cpppp.t line 48.
Global symbol "$self" requires explicit package name (did you forget to declare "my $self"?) at t/20-translate-cpppp.t line 48.
Global symbol "$self" requires explicit package name (did you forget to declare "my $self"?) at t/20-translate-cpppp.t line 52.
syntax error at t/20-translate-cpppp.t line 10, near "<<~"
t/20-translate-cpppp.t has too many errors.
t/20-translate-cpppp.t ... 
Dubious, test returned 2 (wstat 512, 0x200)
No subtests run 
Use of bare << to mean <<"" is deprecated at t/30-render.t line 10.
"my" variable @tests masks earlier declaration in same statement at t/30-render.t line 39.
"my" variable $cpppp masks earlier declaration in same scope at t/30-render.t line 40.
"my" variable $t masks earlier declaration in same statement at t/30-render.t line 40.
"my" variable $t masks earlier declaration in same statement at t/30-render.t line 40.
"my" variable $t masks earlier declaration in same statement at t/30-render.t line 40.
"my" variable $c masks earlier declaration in same statement at t/30-render.t line 41.
"my" variable $t masks earlier declaration in same statement at t/30-render.t line 41.
"my" variable $t masks earlier declaration in same statement at t/30-render.t line 41.
"my" variable $c masks earlier declaration in same statement at t/30-render.t line 42.
Global symbol "$bits" requires explicit package name (did you forget to declare "my $bits"?) at t/30-render.t line 11.
Global symbol "$bits" requires explicit package name (did you forget to declare "my $bits"?) at t/30-render.t line 11.
Global symbol "$bits" requires explicit package name (did you forget to declare "my $bits"?) at t/30-render.t line 11.
Global symbol "$bits" requires explicit package name (did you forget to declare "my $bits"?) at t/30-render.t line 12.
Global symbol "$bits" requires explicit package name (did you forget to declare "my $bits"?) at t/30-render.t line 13.
Global symbol "$bits" requires explicit package name (did you forget to declare "my $bits"?) at t/30-render.t line 13.
Global symbol "$bits" requires explicit package name (did you forget to declare "my $bits"?) at t/30-render.t line 15.
syntax error at t/30-render.t line 10, near "<<~"
Can't redeclare "my" in "my" at t/30-render.t line 40, near ""
syntax error at t/30-render.t line 43, near "}"
t/30-render.t has too many errors.
t/30-render.t ............ 
Dubious, test returned 2 (wstat 512, 0x200)
No subtests run 

Test Summary Report
-------------------
t/10-parse-code-block.t (Wstat: 65280 Tests: 0 Failed: 0)
  Non-zero exit status: 255
  Parse errors: No plan found in TAP output
t/20-translate-cpppp.t (Wstat: 512 Tests: 0 Failed: 0)
  Non-zero exit status: 2
  Parse errors: No plan found in TAP output
t/30-render.t          (Wstat: 512 Tests: 0 Failed: 0)
  Non-zero exit status: 2
  Parse errors: No plan found in TAP output
Files=3, Tests=0,  0 wallclock secs ( 0.01 usr  0.01 sys +  0.21 cusr  0.06 csys =  0.29 CPU)
Result: FAIL
Failed 3/3 test programs. 0/0 subtests failed.
make: *** [test_dynamic] Error 2

------------------------------
PREREQUISITES
------------------------------

Prerequisite modules loaded:

requires:

    Module              Need     Have    
    ------------------- -------- --------
    autouse             0        1.11    
    Carp                0        1.40    
    Getopt::Long        0        2.49    
    strict              0        1.11    
    warnings            0        1.36    

build_requires:

    Module              Need     Have    
    ------------------- -------- --------
    Data::Printer       0        0.38    
    ExtUtils::MakeMaker 0        7.24    
    Test2::Suite        0.000139 0.000156
    Test2::V0           0        0.000156

configure_requires:

    Module              Need     Have    
    ------------------- -------- --------
    ExtUtils::MakeMaker 0        7.24    


------------------------------
ENVIRONMENT AND OTHER CONTEXT
------------------------------

Environment variables:

    LANG = en_US.UTF-8
    LANGUAGE = en_US:en
    LC_ALL = en_US.UTF-8
    PATH = /usr/local/bin:/usr/bin:/bin:/usr/local/sbin:/usr/sbin:/sbin:/home/cpansand/bin/linux-gnu:/home/cpansand/bin/sh:/home/cpansand/bin:/usr/games:/home/cpansand/devel:/home/eserte/src/srezic-misc/scripts
    PERL5LIB = /home/cpansand/.cpan/build/2023091512/Test2-Suite-0.000156-1/blib/arch:/home/cpansand/.cpan/build/2023091512/Test2-Suite-0.000156-1/blib/lib:/home/cpansand/.cpan/build/2023091512/Term-Table-0.017-1/blib/arch:/home/cpansand/.cpan/build/2023091512/Term-Table-0.017-1/blib/lib:/home/cpansand/.cpan/build/2023091512/Test-Simple-1.302195-1/blib/arch:/home/cpansand/.cpan/build/2023091512/Test-Simple-1.302195-1/blib/lib
    PERL5OPT = 
    PERL5_CPANPLUS_IS_RUNNING = 14297
    PERL5_CPAN_IS_RUNNING = 14297
    PERL5_CPAN_IS_RUNNING_IN_RECURSION = 22782,14297
    PERLDOC = -MPod::Perldoc::ToTextOverstrike
    PERL_BATCH = yes
    PERL_CANARY_STABILITY_NOPROMPT = 1
    PERL_CPAN_REPORTER_CONFIG = /var/tmp/cpansmoker-1023/2023091511/cpanreporter_000_config.ini
    PERL_EXTUTILS_AUTOINSTALL = --defaultdeps
    PERL_USE_UNSAFE_INC = 1
    SHELL = /bin/zsh
    TERM = screen
    TMPDIR = /var/tmp/cpansmoker-1023/2023091511

Perl special variables (and OS-specific diagnostics, for MSWin32):

    $^X = /opt/perl-5.24.0/bin/perl
    $UID/$EUID = 1023 / 1023
    $GID = 1023 1023
    $EGID = 1023 1023

Perl module toolchain versions installed:

    Module              Have    
    ------------------- --------
    CPAN                2.28    
    CPAN::Meta          2.150010
    Cwd                 3.63    
    ExtUtils::CBuilder  0.280225
    ExtUtils::Command   7.24    
    ExtUtils::Install   2.04    
    ExtUtils::MakeMaker 7.24    
    ExtUtils::Manifest  1.70    
    ExtUtils::ParseXS   3.31    
    File::Spec          3.63    
    JSON                2.90    
    JSON::PP            2.27300 
    Module::Build       0.4220  
    Module::Signature   0.80    
    Parse::CPAN::Meta   2.150010
    Test::Harness       3.36    
    Test::More          1.302195
    YAML                1.17    
    YAML::Syck          1.29    
    version             0.9916  


--

Summary of my perl5 (revision 5 version 24 subversion 0) configuration:
   
  Platform:
    osname=linux, osvers=3.2.0-4-amd64, archname=x86_64-linux
    uname='linux cvrsnica-wheezy 3.2.0-4-amd64 #1 smp debian 3.2.54-2 x86_64 gnulinux '
    config_args='-ds -e -Dprefix=/opt/perl-5.24.0 -Dcf_email=srezic@cpan.org'
    hint=recommended, useposix=true, d_sigaction=define
    useithreads=undef, usemultiplicity=undef
    use64bitint=define, use64bitall=define, uselongdouble=undef
    usemymalloc=n, bincompat5005=undef
  Compiler:
    cc='cc', ccflags ='-fwrapv -fno-strict-aliasing -pipe -fstack-protector -I/usr/local/include -D_LARGEFILE_SOURCE -D_FILE_OFFSET_BITS=64 -D_FORTIFY_SOURCE=2',
    optimize='-O2',
    cppflags='-fwrapv -fno-strict-aliasing -pipe -fstack-protector -I/usr/local/include'
    ccversion='', gccversion='4.7.2', gccosandvers=''
    intsize=4, longsize=8, ptrsize=8, doublesize=8, byteorder=12345678, doublekind=3
    d_longlong=define, longlongsize=8, d_longdbl=define, longdblsize=16, longdblkind=3
    ivtype='long', ivsize=8, nvtype='double', nvsize=8, Off_t='off_t', lseeksize=8
    alignbytes=8, prototype=define
  Linker and Libraries:
    ld='cc', ldflags =' -fstack-protector -L/usr/local/lib'
    libpth=/usr/local/lib /usr/lib/gcc/x86_64-linux-gnu/4.7/include-fixed /usr/include/x86_64-linux-gnu /usr/lib /lib/x86_64-linux-gnu /lib/../lib /usr/lib/x86_64-linux-gnu /usr/lib/../lib /lib
    libs=-lpthread -lnsl -ldb -ldl -lm -lcrypt -lutil -lc
    perllibs=-lpthread -lnsl -ldl -lm -lcrypt -lutil -lc
    libc=libc-2.13.so, so=so, useshrplib=false, libperl=libperl.a
    gnulibc_version='2.13'
  Dynamic Linking:
    dlsrc=dl_dlopen.xs, dlext=so, d_dlsymun=undef, ccdlflags='-Wl,-E'
    cccdlflags='-fPIC', lddlflags='-shared -O2 -L/usr/local/lib -fstack-protector'


Characteristics of this binary (from libperl): 
  Compile-time options: HAS_TIMES PERLIO_LAYERS PERL_COPY_ON_WRITE
                        PERL_DONT_CREATE_GVSV
                        PERL_HASH_FUNC_ONE_AT_A_TIME_HARD PERL_MALLOC_WRAP
                        PERL_PRESERVE_IVUV USE_64_BIT_ALL USE_64_BIT_INT
                        USE_LARGE_FILES USE_LOCALE USE_LOCALE_COLLATE
                        USE_LOCALE_CTYPE USE_LOCALE_NUMERIC USE_LOCALE_TIME
                        USE_PERLIO USE_PERL_ATOF
  Built under linux
  Compiled at May 30 2016 08:43:25
  %ENV:
    PERL5LIB="/home/cpansand/.cpan/build/2023091512/Test2-Suite-0.000156-1/blib/arch:/home/cpansand/.cpan/build/2023091512/Test2-Suite-0.000156-1/blib/lib:/home/cpansand/.cpan/build/2023091512/Term-Table-0.017-1/blib/arch:/home/cpansand/.cpan/build/2023091512/Term-Table-0.017-1/blib/lib:/home/cpansand/.cpan/build/2023091512/Test-Simple-1.302195-1/blib/arch:/home/cpansand/.cpan/build/2023091512/Test-Simple-1.302195-1/blib/lib"
    PERL5OPT=""
    PERL5_CPANPLUS_IS_RUNNING="14297"
    PERL5_CPAN_IS_RUNNING="14297"
    PERL5_CPAN_IS_RUNNING_IN_RECURSION="22782,14297"
    PERLDOC="-MPod::Perldoc::ToTextOverstrike"
    PERL_BATCH="yes"
    PERL_CANARY_STABILITY_NOPROMPT="1"
    PERL_CPAN_REPORTER_CONFIG="/var/tmp/cpansmoker-1023/2023091511/cpanreporter_000_config.ini"
    PERL_EXTUTILS_AUTOINSTALL="--defaultdeps"
    PERL_USE_UNSAFE_INC="1"
  @INC:
    /home/cpansand/.cpan/build/2023091512/Test2-Suite-0.000156-1/blib/arch
    /home/cpansand/.cpan/build/2023091512/Test2-Suite-0.000156-1/blib/lib
    /home/cpansand/.cpan/build/2023091512/Term-Table-0.017-1/blib/arch
    /home/cpansand/.cpan/build/2023091512/Term-Table-0.017-1/blib/lib
    /home/cpansand/.cpan/build/2023091512/Test-Simple-1.302195-1/blib/arch
    /home/cpansand/.cpan/build/2023091512/Test-Simple-1.302195-1/blib/lib
    /opt/perl-5.24.0/lib/site_perl/5.24.0/x86_64-linux
    /opt/perl-5.24.0/lib/site_perl/5.24.0
    /opt/perl-5.24.0/lib/5.24.0/x86_64-linux
    /opt/perl-5.24.0/lib/5.24.0
    .