HTML-Microformats v0.105 Perl 5 v5.24.4 x86_64-linux

Status
Fail
From
Slaven Rezić
Dist
HTML-Microformats v0.105
Platform
Perl 5 v5.24.4 x86_64-linux
Date
2021-02-15 20:15:08
ID
7fbfaf1c-6fca-11eb-9905-7d5c1f24ea8f
This distribution has been tested as part of the CPAN Testers
project, supporting the Perl programming language.  See
http://wiki.cpantesters.org/ for more information or email
questions to cpan-testers-discuss@perl.org


--
Dear Toby Inkster,

This is a computer-generated report for HTML-Microformats-0.105
on perl 5.24.4, created by CPAN-Reporter-1.2018.

Thank you for uploading your work to CPAN.  However, there was a problem
testing your distribution.

If you think this report is invalid, please consult the CPAN Testers Wiki
for suggestions on how to avoid getting FAIL reports for missing library
or binary dependencies, unsupported operating systems, and so on:

http://wiki.cpantesters.org/wiki/CPANAuthorNotes

Sections of this report:

    * Tester comments
    * Program output
    * Prerequisites
    * Environment and other context

------------------------------
TESTER COMMENTS
------------------------------

Additional comments from tester:

none provided

------------------------------
PROGRAM OUTPUT
------------------------------

Output from '/usr/bin/make test':

PERL_DL_NONLAZY=1 "/opt/perl-5.24.4/bin/perl" "-MExtUtils::Command::MM" "-MTest::Harness" "-e" "undef *Test::Harness::Switches; test_harness(0, 'inc', 'blib/lib', 'blib/arch')" t/01basic.t t/10hcard.t t/11hcalendar.t t/12hatom.t t/13xfn.t t/14reltag.t t/15rellicense.t

#   Failed test 'use HTML::Microformats;'
#   at t/01basic.t line 2.
#     Tried to use 'HTML::Microformats'.
#     Error:  Undefined subroutine &Scalar::Util::set_prototype called at /opt/perl-5.24.4/lib/site_perl/5.24.4/Types/TypeTiny.pm line 360.
# Compilation failed in require at /home/cpansand/.cpan/build/2021021518/Role-Commons-0.104-1/blib/lib/Role/Commons.pm line 10.
# BEGIN failed--compilation aborted at /home/cpansand/.cpan/build/2021021518/Role-Commons-0.104-1/blib/lib/Role/Commons.pm line 10.
# Compilation failed in require at /home/cpansand/.cpan/build/2021021518/Role-Commons-0.104-1/blib/lib/Object/AUTHORITY.pm line 10.
# BEGIN failed--compilation aborted at /home/cpansand/.cpan/build/2021021518/Role-Commons-0.104-1/blib/lib/Object/AUTHORITY.pm line 10.
# Compilation failed in require at /home/cpansand/.cpan/build/2021021518/HTML-Microformats-0.105-1/blib/lib/HTML/Microformats/ObjectCache.pm line 6.
# BEGIN failed--compilation aborted at /home/cpansand/.cpan/build/2021021518/HTML-Microformats-0.105-1/blib/lib/HTML/Microformats/ObjectCache.pm line 6.
# Compilation failed in require at /home/cpansand/.cpan/build/2021021518/HTML-Microformats-0.105-1/blib/lib/HTML/Microformats/DocumentContext.pm line 7.
# BEGIN failed--compilation aborted at /home/cpansand/.cpan/build/2021021518/HTML-Microformats-0.105-1/blib/lib/HTML/Microformats/DocumentContext.pm line 7.
# Compilation failed in require at /home/cpansand/.cpan/build/2021021518/HTML-Microformats-0.105-1/blib/lib/HTML/Microformats.pm line 8.
# BEGIN failed--compilation aborted at /home/cpansand/.cpan/build/2021021518/HTML-Microformats-0.105-1/blib/lib/HTML/Microformats.pm line 8.
# Compilation failed in require at t/01basic.t line 2.
# BEGIN failed--compilation aborted at t/01basic.t line 2.
# Looks like you failed 1 test of 1.
t/01basic.t ....... 
Dubious, test returned 1 (wstat 256, 0x100)
Failed 1/1 subtests 
Undefined subroutine &Scalar::Util::set_prototype called at /opt/perl-5.24.4/lib/site_perl/5.24.4/Types/TypeTiny.pm line 360.
Compilation failed in require at /home/cpansand/.cpan/build/2021021518/Role-Commons-0.104-1/blib/lib/Role/Commons.pm line 10.
BEGIN failed--compilation aborted at /home/cpansand/.cpan/build/2021021518/Role-Commons-0.104-1/blib/lib/Role/Commons.pm line 10.
Compilation failed in require at /home/cpansand/.cpan/build/2021021518/Role-Commons-0.104-1/blib/lib/Object/AUTHORITY.pm line 10.
BEGIN failed--compilation aborted at /home/cpansand/.cpan/build/2021021518/Role-Commons-0.104-1/blib/lib/Object/AUTHORITY.pm line 10.
Compilation failed in require at /home/cpansand/.cpan/build/2021021518/HTML-Microformats-0.105-1/blib/lib/HTML/Microformats/ObjectCache.pm line 6.
BEGIN failed--compilation aborted at /home/cpansand/.cpan/build/2021021518/HTML-Microformats-0.105-1/blib/lib/HTML/Microformats/ObjectCache.pm line 6.
Compilation failed in require at /home/cpansand/.cpan/build/2021021518/HTML-Microformats-0.105-1/blib/lib/HTML/Microformats/DocumentContext.pm line 7.
BEGIN failed--compilation aborted at /home/cpansand/.cpan/build/2021021518/HTML-Microformats-0.105-1/blib/lib/HTML/Microformats/DocumentContext.pm line 7.
Compilation failed in require at /home/cpansand/.cpan/build/2021021518/HTML-Microformats-0.105-1/blib/lib/HTML/Microformats.pm line 8.
BEGIN failed--compilation aborted at /home/cpansand/.cpan/build/2021021518/HTML-Microformats-0.105-1/blib/lib/HTML/Microformats.pm line 8.
Compilation failed in require at t/10hcard.t line 2.
BEGIN failed--compilation aborted at t/10hcard.t line 2.
# Looks like your test exited with 2 before it could output anything.
t/10hcard.t ....... 
Dubious, test returned 2 (wstat 512, 0x200)
Failed 10/10 subtests 
Undefined subroutine &Scalar::Util::set_prototype called at /opt/perl-5.24.4/lib/site_perl/5.24.4/Types/TypeTiny.pm line 360.
Compilation failed in require at /home/cpansand/.cpan/build/2021021518/Role-Commons-0.104-1/blib/lib/Role/Commons.pm line 10.
BEGIN failed--compilation aborted at /home/cpansand/.cpan/build/2021021518/Role-Commons-0.104-1/blib/lib/Role/Commons.pm line 10.
Compilation failed in require at /home/cpansand/.cpan/build/2021021518/Role-Commons-0.104-1/blib/lib/Object/AUTHORITY.pm line 10.
BEGIN failed--compilation aborted at /home/cpansand/.cpan/build/2021021518/Role-Commons-0.104-1/blib/lib/Object/AUTHORITY.pm line 10.
Compilation failed in require at /home/cpansand/.cpan/build/2021021518/HTML-Microformats-0.105-1/blib/lib/HTML/Microformats/ObjectCache.pm line 6.
BEGIN failed--compilation aborted at /home/cpansand/.cpan/build/2021021518/HTML-Microformats-0.105-1/blib/lib/HTML/Microformats/ObjectCache.pm line 6.
Compilation failed in require at /home/cpansand/.cpan/build/2021021518/HTML-Microformats-0.105-1/blib/lib/HTML/Microformats/DocumentContext.pm line 7.
BEGIN failed--compilation aborted at /home/cpansand/.cpan/build/2021021518/HTML-Microformats-0.105-1/blib/lib/HTML/Microformats/DocumentContext.pm line 7.
Compilation failed in require at /home/cpansand/.cpan/build/2021021518/HTML-Microformats-0.105-1/blib/lib/HTML/Microformats.pm line 8.
BEGIN failed--compilation aborted at /home/cpansand/.cpan/build/2021021518/HTML-Microformats-0.105-1/blib/lib/HTML/Microformats.pm line 8.
Compilation failed in require at t/11hcalendar.t line 2.
BEGIN failed--compilation aborted at t/11hcalendar.t line 2.
# Looks like your test exited with 2 before it could output anything.
t/11hcalendar.t ... 
Dubious, test returned 2 (wstat 512, 0x200)
Failed 13/13 subtests 
Undefined subroutine &Scalar::Util::set_prototype called at /opt/perl-5.24.4/lib/site_perl/5.24.4/Types/TypeTiny.pm line 360.
Compilation failed in require at /home/cpansand/.cpan/build/2021021518/Role-Commons-0.104-1/blib/lib/Role/Commons.pm line 10.
BEGIN failed--compilation aborted at /home/cpansand/.cpan/build/2021021518/Role-Commons-0.104-1/blib/lib/Role/Commons.pm line 10.
Compilation failed in require at /home/cpansand/.cpan/build/2021021518/Role-Commons-0.104-1/blib/lib/Object/AUTHORITY.pm line 10.
BEGIN failed--compilation aborted at /home/cpansand/.cpan/build/2021021518/Role-Commons-0.104-1/blib/lib/Object/AUTHORITY.pm line 10.
Compilation failed in require at /home/cpansand/.cpan/build/2021021518/HTML-Microformats-0.105-1/blib/lib/HTML/Microformats/ObjectCache.pm line 6.
BEGIN failed--compilation aborted at /home/cpansand/.cpan/build/2021021518/HTML-Microformats-0.105-1/blib/lib/HTML/Microformats/ObjectCache.pm line 6.
Compilation failed in require at /home/cpansand/.cpan/build/2021021518/HTML-Microformats-0.105-1/blib/lib/HTML/Microformats/DocumentContext.pm line 7.
BEGIN failed--compilation aborted at /home/cpansand/.cpan/build/2021021518/HTML-Microformats-0.105-1/blib/lib/HTML/Microformats/DocumentContext.pm line 7.
Compilation failed in require at /home/cpansand/.cpan/build/2021021518/HTML-Microformats-0.105-1/blib/lib/HTML/Microformats.pm line 8.
BEGIN failed--compilation aborted at /home/cpansand/.cpan/build/2021021518/HTML-Microformats-0.105-1/blib/lib/HTML/Microformats.pm line 8.
Compilation failed in require at t/12hatom.t line 2.
BEGIN failed--compilation aborted at t/12hatom.t line 2.
# Looks like your test exited with 2 before it could output anything.
t/12hatom.t ....... 
Dubious, test returned 2 (wstat 512, 0x200)
Failed 10/10 subtests 
Undefined subroutine &Scalar::Util::set_prototype called at /opt/perl-5.24.4/lib/site_perl/5.24.4/Types/TypeTiny.pm line 360.
Compilation failed in require at /home/cpansand/.cpan/build/2021021518/Role-Commons-0.104-1/blib/lib/Role/Commons.pm line 10.
BEGIN failed--compilation aborted at /home/cpansand/.cpan/build/2021021518/Role-Commons-0.104-1/blib/lib/Role/Commons.pm line 10.
Compilation failed in require at /home/cpansand/.cpan/build/2021021518/Role-Commons-0.104-1/blib/lib/Object/AUTHORITY.pm line 10.
BEGIN failed--compilation aborted at /home/cpansand/.cpan/build/2021021518/Role-Commons-0.104-1/blib/lib/Object/AUTHORITY.pm line 10.
Compilation failed in require at /home/cpansand/.cpan/build/2021021518/HTML-Microformats-0.105-1/blib/lib/HTML/Microformats/ObjectCache.pm line 6.
BEGIN failed--compilation aborted at /home/cpansand/.cpan/build/2021021518/HTML-Microformats-0.105-1/blib/lib/HTML/Microformats/ObjectCache.pm line 6.
Compilation failed in require at /home/cpansand/.cpan/build/2021021518/HTML-Microformats-0.105-1/blib/lib/HTML/Microformats/DocumentContext.pm line 7.
BEGIN failed--compilation aborted at /home/cpansand/.cpan/build/2021021518/HTML-Microformats-0.105-1/blib/lib/HTML/Microformats/DocumentContext.pm line 7.
Compilation failed in require at /home/cpansand/.cpan/build/2021021518/HTML-Microformats-0.105-1/blib/lib/HTML/Microformats.pm line 8.
BEGIN failed--compilation aborted at /home/cpansand/.cpan/build/2021021518/HTML-Microformats-0.105-1/blib/lib/HTML/Microformats.pm line 8.
Compilation failed in require at t/13xfn.t line 2.
BEGIN failed--compilation aborted at t/13xfn.t line 2.
# Looks like your test exited with 2 before it could output anything.
t/13xfn.t ......... 
Dubious, test returned 2 (wstat 512, 0x200)
Failed 6/6 subtests 
Undefined subroutine &Scalar::Util::set_prototype called at /opt/perl-5.24.4/lib/site_perl/5.24.4/Types/TypeTiny.pm line 360.
Compilation failed in require at /home/cpansand/.cpan/build/2021021518/Role-Commons-0.104-1/blib/lib/Role/Commons.pm line 10.
BEGIN failed--compilation aborted at /home/cpansand/.cpan/build/2021021518/Role-Commons-0.104-1/blib/lib/Role/Commons.pm line 10.
Compilation failed in require at /home/cpansand/.cpan/build/2021021518/Role-Commons-0.104-1/blib/lib/Object/AUTHORITY.pm line 10.
BEGIN failed--compilation aborted at /home/cpansand/.cpan/build/2021021518/Role-Commons-0.104-1/blib/lib/Object/AUTHORITY.pm line 10.
Compilation failed in require at /home/cpansand/.cpan/build/2021021518/HTML-Microformats-0.105-1/blib/lib/HTML/Microformats/ObjectCache.pm line 6.
BEGIN failed--compilation aborted at /home/cpansand/.cpan/build/2021021518/HTML-Microformats-0.105-1/blib/lib/HTML/Microformats/ObjectCache.pm line 6.
Compilation failed in require at /home/cpansand/.cpan/build/2021021518/HTML-Microformats-0.105-1/blib/lib/HTML/Microformats/DocumentContext.pm line 7.
BEGIN failed--compilation aborted at /home/cpansand/.cpan/build/2021021518/HTML-Microformats-0.105-1/blib/lib/HTML/Microformats/DocumentContext.pm line 7.
Compilation failed in require at /home/cpansand/.cpan/build/2021021518/HTML-Microformats-0.105-1/blib/lib/HTML/Microformats.pm line 8.
BEGIN failed--compilation aborted at /home/cpansand/.cpan/build/2021021518/HTML-Microformats-0.105-1/blib/lib/HTML/Microformats.pm line 8.
Compilation failed in require at t/14reltag.t line 2.
BEGIN failed--compilation aborted at t/14reltag.t line 2.
# Looks like your test exited with 2 before it could output anything.
t/14reltag.t ...... 
Dubious, test returned 2 (wstat 512, 0x200)
Failed 8/8 subtests 
Undefined subroutine &Scalar::Util::set_prototype called at /opt/perl-5.24.4/lib/site_perl/5.24.4/Types/TypeTiny.pm line 360.
Compilation failed in require at /home/cpansand/.cpan/build/2021021518/Role-Commons-0.104-1/blib/lib/Role/Commons.pm line 10.
BEGIN failed--compilation aborted at /home/cpansand/.cpan/build/2021021518/Role-Commons-0.104-1/blib/lib/Role/Commons.pm line 10.
Compilation failed in require at /home/cpansand/.cpan/build/2021021518/Role-Commons-0.104-1/blib/lib/Object/AUTHORITY.pm line 10.
BEGIN failed--compilation aborted at /home/cpansand/.cpan/build/2021021518/Role-Commons-0.104-1/blib/lib/Object/AUTHORITY.pm line 10.
Compilation failed in require at /home/cpansand/.cpan/build/2021021518/HTML-Microformats-0.105-1/blib/lib/HTML/Microformats/ObjectCache.pm line 6.
BEGIN failed--compilation aborted at /home/cpansand/.cpan/build/2021021518/HTML-Microformats-0.105-1/blib/lib/HTML/Microformats/ObjectCache.pm line 6.
Compilation failed in require at /home/cpansand/.cpan/build/2021021518/HTML-Microformats-0.105-1/blib/lib/HTML/Microformats/DocumentContext.pm line 7.
BEGIN failed--compilation aborted at /home/cpansand/.cpan/build/2021021518/HTML-Microformats-0.105-1/blib/lib/HTML/Microformats/DocumentContext.pm line 7.
Compilation failed in require at /home/cpansand/.cpan/build/2021021518/HTML-Microformats-0.105-1/blib/lib/HTML/Microformats.pm line 8.
BEGIN failed--compilation aborted at /home/cpansand/.cpan/build/2021021518/HTML-Microformats-0.105-1/blib/lib/HTML/Microformats.pm line 8.
Compilation failed in require at t/15rellicense.t line 2.
BEGIN failed--compilation aborted at t/15rellicense.t line 2.
# Looks like your test exited with 2 before it could output anything.
t/15rellicense.t .. 
Dubious, test returned 2 (wstat 512, 0x200)
Failed 8/8 subtests 

Test Summary Report
-------------------
t/01basic.t     (Wstat: 256 Tests: 1 Failed: 1)
  Failed test:  1
  Non-zero exit status: 1
t/10hcard.t     (Wstat: 512 Tests: 0 Failed: 0)
  Non-zero exit status: 2
  Parse errors: Bad plan.  You planned 10 tests but ran 0.
t/11hcalendar.t (Wstat: 512 Tests: 0 Failed: 0)
  Non-zero exit status: 2
  Parse errors: Bad plan.  You planned 13 tests but ran 0.
t/12hatom.t     (Wstat: 512 Tests: 0 Failed: 0)
  Non-zero exit status: 2
  Parse errors: Bad plan.  You planned 10 tests but ran 0.
t/13xfn.t       (Wstat: 512 Tests: 0 Failed: 0)
  Non-zero exit status: 2
  Parse errors: Bad plan.  You planned 6 tests but ran 0.
t/14reltag.t    (Wstat: 512 Tests: 0 Failed: 0)
  Non-zero exit status: 2
  Parse errors: Bad plan.  You planned 8 tests but ran 0.
t/15rellicense.t (Wstat: 512 Tests: 0 Failed: 0)
  Non-zero exit status: 2
  Parse errors: Bad plan.  You planned 8 tests but ran 0.
Files=7, Tests=1,  2 wallclock secs ( 0.03 usr  0.04 sys +  0.89 cusr  0.33 csys =  1.29 CPU)
Result: FAIL
Failed 7/7 test programs. 1/1 subtests failed.
Makefile:990: recipe for target 'test_dynamic' failed
make: *** [test_dynamic] Error 2

------------------------------
PREREQUISITES
------------------------------

Prerequisite modules loaded:

requires:

    Module                     Need  Have    
    -------------------------- ----- --------
    CGI                        0     4.51    
    CGI::Util                  0     4.51    
    DateTime                   0     1.54    
    DateTime::Duration         0     1.54    
    DateTime::Format::Builder  0     0.82    
    DateTime::Format::Natural  0     1.11    
    DateTime::Format::Strptime 0     1.76    
    DateTime::Span             0     0.3900  
    ExtUtils::MakeMaker        6.59  7.58    
    HTML::HTML5::Parser        0.200 0.301   
    HTML::HTML5::Sanity        0.100 0.105   
    HTTP::Date                 0     6.05    
    JSON                       2.00  4.03    
    Locale::Country            0     3.62    
    Module::Pluggable          0     5.2     
    Object::AUTHORITY          0     0.104   
    perl                       5.010 5.024004
    RDF::Trine                 0.130 1.019   
    Test::More                 0.61  1.302183
    URI                        1.30  5.07    
    URI::URL                   0     5.07    
    XML::LibXML                1.60  2.0206  

build_requires:

    Module                     Need  Have    
    -------------------------- ----- --------
    ExtUtils::MakeMaker        6.59  7.58    
    Test::More                 0.61  1.302183

configure_requires:

    Module                     Need  Have    
    -------------------------- ----- --------
    ExtUtils::MakeMaker        6.59  7.58    


------------------------------
ENVIRONMENT AND OTHER CONTEXT
------------------------------

Environment variables:

    LANG = en_US.UTF-8
    PATH = /usr/local/bin:/usr/bin:/bin:/usr/local/sbin:/usr/sbin:/sbin:/home/cpansand/bin/linux-gnu:/home/cpansand/bin/sh:/home/cpansand/bin:/usr/games:/home/cpansand/devel:/home/eserte/src/srezic-misc/scripts
    PERL5LIB = /home/cpansand/.cpan/build/2021021518/HTML-HTML5-Sanity-0.105-1/blib/arch:/home/cpansand/.cpan/build/2021021518/HTML-HTML5-Sanity-0.105-1/blib/lib:/home/cpansand/.cpan/build/2021021518/XML-LibXML-Debugging-0.103-1/blib/arch:/home/cpansand/.cpan/build/2021021518/XML-LibXML-Debugging-0.103-1/blib/lib:/home/cpansand/.cpan/build/2021021518/HTML-HTML5-Parser-0.301-1/blib/arch:/home/cpansand/.cpan/build/2021021518/HTML-HTML5-Parser-0.301-1/blib/lib:/home/cpansand/.cpan/build/2021021518/HTML-HTML5-Entities-0.004-1/blib/arch:/home/cpansand/.cpan/build/2021021518/HTML-HTML5-Entities-0.004-1/blib/lib:/home/cpansand/.cpan/build/2021021518/TAP3-Tap3edit-0.35-1/blib/arch:/home/cpansand/.cpan/build/2021021518/TAP3-Tap3edit-0.35-1/blib/lib:/home/cpansand/.cpan/build/2021021518/P5U-0.100-1/blib/arch:/home/cpansand/.cpan/build/2021021518/P5U-0.100-1/blib/lib:/home/cpansand/.cpan/build/2021021518/Role-Commons-0.104-1/blib/arch:/home/cpansand/.cpan/build/2021021518/Role-Commons-0.104-1/blib/lib
    PERL5OPT = 
    PERL5_CPANPLUS_IS_RUNNING = 22412
    PERL5_CPAN_IS_RUNNING = 22412
    PERL5_CPAN_IS_RUNNING_IN_RECURSION = 15730,22412
    PERLDOC = -MPod::Perldoc::ToTextOverstrike
    PERL_BATCH = yes
    PERL_CANARY_STABILITY_NOPROMPT = 1
    PERL_CPAN_REPORTER_CONFIG = /var/tmp/cpansmoker-1023/2021021518/cpanreporter_000_config.ini
    PERL_EXTUTILS_AUTOINSTALL = --defaultdeps
    PERL_USE_UNSAFE_INC = 1
    SHELL = /usr/bin/zsh
    TERM = screen
    TMPDIR = /var/tmp/cpansmoker-1023/2021021518

Perl special variables (and OS-specific diagnostics, for MSWin32):

    $^X = /opt/perl-5.24.4/bin/perl
    $UID/$EUID = 1023 / 1023
    $GID = 1023 1023
    $EGID = 1023 1023

Perl module toolchain versions installed:

    Module              Have    
    ------------------- --------
    CPAN                2.28    
    CPAN::Meta          2.150010
    Cwd                 3.75    
    ExtUtils::CBuilder  0.280235
    ExtUtils::Command   7.58    
    ExtUtils::Install   2.20    
    ExtUtils::MakeMaker 7.58    
    ExtUtils::Manifest  1.70    
    ExtUtils::ParseXS   3.35    
    File::Spec          3.75    
    JSON                4.03    
    JSON::PP            4.06    
    Module::Build       0.4231  
    Module::Signature   0.87    
    Parse::CPAN::Meta   2.150010
    Test::Harness       3.42    
    Test::More          1.302183
    YAML                1.30    
    YAML::Syck          1.34    
    version             0.9916  


--

Summary of my perl5 (revision 5 version 24 subversion 4) configuration:
   
  Platform:
    osname=linux, osvers=4.4.0-157-generic, archname=x86_64-linux
    uname='linux ubuntu16 4.4.0-157-generic #185-ubuntu smp tue jul 23 09:17:01 utc 2019 x86_64 x86_64 x86_64 gnulinux '
    config_args='-ds -e -Dprefix=/opt/perl-5.24.4 -Dcf_email=srezic@cpan.org'
    hint=recommended, useposix=true, d_sigaction=define
    useithreads=undef, usemultiplicity=undef
    use64bitint=define, use64bitall=define, uselongdouble=undef
    usemymalloc=n, bincompat5005=undef
  Compiler:
    cc='cc', ccflags ='-fwrapv -fno-strict-aliasing -pipe -fstack-protector-strong -I/usr/local/include -D_LARGEFILE_SOURCE -D_FILE_OFFSET_BITS=64',
    optimize='-O2',
    cppflags='-fwrapv -fno-strict-aliasing -pipe -fstack-protector-strong -I/usr/local/include'
    ccversion='', gccversion='5.4.0 20160609', gccosandvers=''
    intsize=4, longsize=8, ptrsize=8, doublesize=8, byteorder=12345678, doublekind=3
    d_longlong=define, longlongsize=8, d_longdbl=define, longdblsize=16, longdblkind=3
    ivtype='long', ivsize=8, nvtype='double', nvsize=8, Off_t='off_t', lseeksize=8
    alignbytes=8, prototype=define
  Linker and Libraries:
    ld='cc', ldflags =' -fstack-protector-strong -L/usr/local/lib'
    libpth=/usr/local/lib /usr/lib/gcc/x86_64-linux-gnu/5/include-fixed /usr/include/x86_64-linux-gnu /usr/lib /lib/x86_64-linux-gnu /lib/../lib /usr/lib/x86_64-linux-gnu /usr/lib/../lib /lib
    libs=-lpthread -lnsl -ldb -ldl -lm -lcrypt -lutil -lc
    perllibs=-lpthread -lnsl -ldl -lm -lcrypt -lutil -lc
    libc=libc-2.23.so, so=so, useshrplib=false, libperl=libperl.a
    gnulibc_version='2.23'
  Dynamic Linking:
    dlsrc=dl_dlopen.xs, dlext=so, d_dlsymun=undef, ccdlflags='-Wl,-E'
    cccdlflags='-fPIC', lddlflags='-shared -O2 -L/usr/local/lib -fstack-protector-strong'


Characteristics of this binary (from libperl): 
  Compile-time options: HAS_TIMES PERLIO_LAYERS PERL_COPY_ON_WRITE
                        PERL_DONT_CREATE_GVSV
                        PERL_HASH_FUNC_ONE_AT_A_TIME_HARD PERL_MALLOC_WRAP
                        PERL_PRESERVE_IVUV USE_64_BIT_ALL USE_64_BIT_INT
                        USE_LARGE_FILES USE_LOCALE USE_LOCALE_COLLATE
                        USE_LOCALE_CTYPE USE_LOCALE_NUMERIC USE_LOCALE_TIME
                        USE_PERLIO USE_PERL_ATOF
  Built under linux
  Compiled at Aug  6 2019 17:24:30
  %ENV:
    PERL5LIB="/home/cpansand/.cpan/build/2021021518/HTML-HTML5-Sanity-0.105-1/blib/arch:/home/cpansand/.cpan/build/2021021518/HTML-HTML5-Sanity-0.105-1/blib/lib:/home/cpansand/.cpan/build/2021021518/XML-LibXML-Debugging-0.103-1/blib/arch:/home/cpansand/.cpan/build/2021021518/XML-LibXML-Debugging-0.103-1/blib/lib:/home/cpansand/.cpan/build/2021021518/HTML-HTML5-Parser-0.301-1/blib/arch:/home/cpansand/.cpan/build/2021021518/HTML-HTML5-Parser-0.301-1/blib/lib:/home/cpansand/.cpan/build/2021021518/HTML-HTML5-Entities-0.004-1/blib/arch:/home/cpansand/.cpan/build/2021021518/HTML-HTML5-Entities-0.004-1/blib/lib:/home/cpansand/.cpan/build/2021021518/TAP3-Tap3edit-0.35-1/blib/arch:/home/cpansand/.cpan/build/2021021518/TAP3-Tap3edit-0.35-1/blib/lib:/home/cpansand/.cpan/build/2021021518/P5U-0.100-1/blib/arch:/home/cpansand/.cpan/build/2021021518/P5U-0.100-1/blib/lib:/home/cpansand/.cpan/build/2021021518/Role-Commons-0.104-1/blib/arch:/home/cpansand/.cpan/build/2021021518/Role-Commons-0.104-1/blib/lib"
    PERL5OPT=""
    PERL5_CPANPLUS_IS_RUNNING="22412"
    PERL5_CPAN_IS_RUNNING="22412"
    PERL5_CPAN_IS_RUNNING_IN_RECURSION="15730,22412"
    PERLDOC="-MPod::Perldoc::ToTextOverstrike"
    PERL_BATCH="yes"
    PERL_CANARY_STABILITY_NOPROMPT="1"
    PERL_CPAN_REPORTER_CONFIG="/var/tmp/cpansmoker-1023/2021021518/cpanreporter_000_config.ini"
    PERL_EXTUTILS_AUTOINSTALL="--defaultdeps"
    PERL_USE_UNSAFE_INC="1"
  @INC:
    /home/cpansand/.cpan/build/2021021518/HTML-HTML5-Sanity-0.105-1/blib/arch
    /home/cpansand/.cpan/build/2021021518/HTML-HTML5-Sanity-0.105-1/blib/lib
    /home/cpansand/.cpan/build/2021021518/XML-LibXML-Debugging-0.103-1/blib/arch
    /home/cpansand/.cpan/build/2021021518/XML-LibXML-Debugging-0.103-1/blib/lib
    /home/cpansand/.cpan/build/2021021518/HTML-HTML5-Parser-0.301-1/blib/arch
    /home/cpansand/.cpan/build/2021021518/HTML-HTML5-Parser-0.301-1/blib/lib
    /home/cpansand/.cpan/build/2021021518/HTML-HTML5-Entities-0.004-1/blib/arch
    /home/cpansand/.cpan/build/2021021518/HTML-HTML5-Entities-0.004-1/blib/lib
    /home/cpansand/.cpan/build/2021021518/TAP3-Tap3edit-0.35-1/blib/arch
    /home/cpansand/.cpan/build/2021021518/TAP3-Tap3edit-0.35-1/blib/lib
    /home/cpansand/.cpan/build/2021021518/P5U-0.100-1/blib/arch
    /home/cpansand/.cpan/build/2021021518/P5U-0.100-1/blib/lib
    /home/cpansand/.cpan/build/2021021518/Role-Commons-0.104-1/blib/arch
    /home/cpansand/.cpan/build/2021021518/Role-Commons-0.104-1/blib/lib
    /opt/perl-5.24.4/lib/site_perl/5.24.4/x86_64-linux
    /opt/perl-5.24.4/lib/site_perl/5.24.4
    /opt/perl-5.24.4/lib/5.24.4/x86_64-linux
    /opt/perl-5.24.4/lib/5.24.4
    .