Tk-Zinc v3.306 Perl 5 v5.36.0 darwin-thread-multi-2level

Status
Fail
From
Gintautas Grigelionis
Dist
Tk-Zinc v3.306
Platform
Perl 5 v5.36.0 darwin-thread-multi-2level
Date
2022-10-11 22:03:12
ID
7fac0d1a-49b0-11ed-ad4c-5c883cfa2dcb
This distribution has been tested as part of the CPAN Testers
project, supporting the Perl programming language.  See
http://wiki.cpantesters.org/ for more information or email
questions to cpan-testers-discuss@perl.org


--
Dear Alexander Becker,

This is a computer-generated report for Tk-Zinc-3.306
on perl 5.36.0, created by CPAN-Reporter-1.2018.

Thank you for uploading your work to CPAN.  However, there was a problem
testing your distribution.

If you think this report is invalid, please consult the CPAN Testers Wiki
for suggestions on how to avoid getting FAIL reports for missing library
or binary dependencies, unsupported operating systems, and so on:

http://wiki.cpantesters.org/wiki/CPANAuthorNotes

Sections of this report:

    * Tester comments
    * Program output
    * Prerequisites
    * Environment and other context

------------------------------
TESTER COMMENTS
------------------------------

Additional comments from tester:

none provided

------------------------------
PROGRAM OUTPUT
------------------------------

Output from '/usr/bin/make test':

"/usr/local/Cellar/perl/5.36.0/bin/perl" -MExtUtils::Command::MM -e 'cp_nonempty' -- Zinc.bs blib/arch/auto/Tk/Zinc/Zinc.bs 644
Manifying 1 pod document
"/usr/local/Cellar/perl/5.36.0/bin/perl" "-MExtUtils::Command::MM" "-MTest::Harness" "-e" "undef *Test::Harness::Switches; test_harness(0, '../blib/lib', '../blib/arch')" t/*.t
t/no-test.t .. ok
All tests successful.
Files=1, Tests=1,  0 wallclock secs ( 0.02 usr +  0.01 sys =  0.03 CPU)
Result: PASS
"/usr/local/Cellar/perl/5.36.0/bin/perl" "-MExtUtils::Command::MM" "-MTest::Harness" "-e" "undef *Test::Harness::Switches; test_harness(0, 'blib/lib', 'blib/arch')" t/*.t
Fontconfig warning: "/usr/local/etc/fonts/fonts.conf", line 86: unknown element "blank"
Fontconfig warning: ignoring UTF-8: not a valid region tag
Fontconfig warning: ignoring UTF-8: not a valid region tag
GLX not available (need at least a 24 bits buffer with stencil)
XS_Tk__Callback_Call error:not a Tk object
 Tk::die_with_trace at /Users/gintas/Projects/perl5/lib/perl5/darwin-thread-multi-2level/Tk.pm line 251
 Tk::__ANON__ at t/AnimatedGradient.t line 100
 main::proceedTests at /Users/gintas/Projects/perl5/lib/perl5/darwin-thread-multi-2level/Tk/After.pm line 90
 (eval) at /Users/gintas/Projects/perl5/lib/perl5/darwin-thread-multi-2level/Tk/After.pm line 90
 Tk::After::once at /Users/gintas/Projects/perl5/lib/perl5/darwin-thread-multi-2level/Tk.pm line 424
 (eval) at /Users/gintas/Projects/perl5/lib/perl5/darwin-thread-multi-2level/Tk.pm line 424
 Tk::MainLoop at t/AnimatedGradient.t line 46

# Looks like you planned 11 tests but ran 3.
t/AnimatedGradient.t .......... 
Dubious, test returned 255 (wstat 65280, 0xff00)
Failed 8/11 subtests 
Fontconfig warning: "/usr/local/etc/fonts/fonts.conf", line 86: unknown element "blank"
Fontconfig warning: ignoring UTF-8: not a valid region tag
Fontconfig warning: ignoring UTF-8: not a valid region tag
GLX not available (need at least a 24 bits buffer with stencil)
# ############## end of text test
t/Bbox-curve-multi-contour.t .. ok
Fontconfig warning: "/usr/local/etc/fonts/fonts.conf", line 86: unknown element "blank"
Fontconfig warning: ignoring UTF-8: not a valid region tag
Fontconfig warning: ignoring UTF-8: not a valid region tag
# ############## bbox test
t/Bbox.t ...................... ok
Fontconfig warning: "/usr/local/etc/fonts/fonts.conf", line 86: unknown element "blank"
Fontconfig warning: ignoring UTF-8: not a valid region tag
Fontconfig warning: ignoring UTF-8: not a valid region tag
# ############## coords test
t/Coords.t .................... ok
Fontconfig warning: "/usr/local/etc/fonts/fonts.conf", line 86: unknown element "blank"
Fontconfig warning: ignoring UTF-8: not a valid region tag
Fontconfig warning: ignoring UTF-8: not a valid region tag
# ############## Images test
t/find.t ...................... ok
Fontconfig warning: "/usr/local/etc/fonts/fonts.conf", line 86: unknown element "blank"
Fontconfig warning: ignoring UTF-8: not a valid region tag
Fontconfig warning: ignoring UTF-8: not a valid region tag
GLX not available (need at least a 24 bits buffer with stencil)
# ############## Images test
t/Images.t .................... ok
# ############## all imports
t/Import.t .................... ok
Fontconfig warning: "/usr/local/etc/fonts/fonts.conf", line 86: unknown element "blank"
Fontconfig warning: ignoring UTF-8: not a valid region tag
Fontconfig warning: ignoring UTF-8: not a valid region tag
t/Maps.t ...................... ok
Fontconfig warning: "/usr/local/etc/fonts/fonts.conf", line 86: unknown element "blank"
Fontconfig warning: ignoring UTF-8: not a valid region tag
Fontconfig warning: ignoring UTF-8: not a valid region tag
# ############## all known bugs
t/PreviousKnownBugs.t ......... ok
Fontconfig warning: "/usr/local/etc/fonts/fonts.conf", line 86: unknown element "blank"
Fontconfig warning: ignoring UTF-8: not a valid region tag
Fontconfig warning: ignoring UTF-8: not a valid region tag
# ############## Scale clipped group test
t/Scale_clipped_group.t ....... ok
Fontconfig warning: "/usr/local/etc/fonts/fonts.conf", line 86: unknown element "blank"
Fontconfig warning: ignoring UTF-8: not a valid region tag
Fontconfig warning: ignoring UTF-8: not a valid region tag
# ############## text items test
t/Text.t ...................... ok
Fontconfig warning: "/usr/local/etc/fonts/fonts.conf", line 86: unknown element "blank"
Fontconfig warning: ignoring UTF-8: not a valid region tag
Fontconfig warning: ignoring UTF-8: not a valid region tag
GLX not available (need at least a 24 bits buffer with stencil)
GLX not available (need at least a 24 bits buffer with stencil)
# ############## end of text test
t/Text2.t ..................... ok
# ############## Tk::Zinc::TraceUtils test
t/traceutils.t ................ ok
Fontconfig warning: "/usr/local/etc/fonts/fonts.conf", line 86: unknown element "blank"
Fontconfig warning: ignoring UTF-8: not a valid region tag
Fontconfig warning: ignoring UTF-8: not a valid region tag
# ############## transformations test
t/Transformations.t ........... ok

Test Summary Report
-------------------
t/AnimatedGradient.t        (Wstat: 65280 (exited 255) Tests: 3 Failed: 0)
  Non-zero exit status: 255
  Parse errors: Bad plan.  You planned 11 tests but ran 3.
Files=14, Tests=206, 56 wallclock secs ( 0.10 usr  0.06 sys +  5.63 cusr  0.99 csys =  6.78 CPU)
Result: FAIL
Failed 1/14 test programs. 0/206 subtests failed.
make: *** [test_dynamic] Error 22

------------------------------
PREREQUISITES
------------------------------

Prerequisite modules loaded:

requires:

    Module              Need    Have    
    ------------------- ------- --------
    ExtUtils::MakeMaker 6.98    7.64    
    perl                5.006   5.036000
    Tk                  800.004 804.036 

build_requires:

    Module              Need    Have    
    ------------------- ------- --------
    ExtUtils::MakeMaker 0       7.64    
    Test::More          0.98    1.302191

configure_requires:

    Module              Need    Have    
    ------------------- ------- --------
    ExtUtils::MakeMaker 0       7.64    
    Tk                  0       804.036 


------------------------------
ENVIRONMENT AND OTHER CONTEXT
------------------------------

Environment variables:

    LC_CTYPE = UTF-8
    PATH = /Users/gintas/Projects/perl5/bin:/usr/local/bin:/usr/bin:/bin:/usr/sbin:/sbin:/usr/local/MacGPG2/bin:/opt/X11/bin:/Library/Apple/usr/bin
    PERL5LIB = /Users/gintas/Projects/perl5/lib/perl5
    PERL5OPT = 
    PERL5_CPANPLUS_IS_RUNNING = 68590
    PERL5_CPAN_IS_RUNNING = 68590
    PERL_LOCAL_LIB_ROOT = /Users/gintas/Projects/perl5
    PERL_MB_OPT = --install_base "/Users/gintas/Projects/perl5"
    PERL_MM_OPT = INSTALL_BASE=/Users/gintas/Projects/perl5
    PERL_USE_UNSAFE_INC = 1
    SHELL = /bin/bash
    TERM = xterm-256color
    TMPDIR = /var/folders/7j/gsygg6dj3yg5vj5ph2nk1x880000gn/T/

Perl special variables (and OS-specific diagnostics, for MSWin32):

    $^X = /usr/local/Cellar/perl/5.36.0/bin/perl
    $UID/$EUID = 501 / 501
    $GID = 20 20 701 12 61 79 80 81 98 703 702 704 33 100 204 250 395
    $EGID = 20 20 701 12 61 79 80 81 98 703 702 704 33 100 204 250 395

Perl module toolchain versions installed:

    Module              Have    
    ------------------- --------
    CPAN                2.34    
    CPAN::Meta          2.150010
    Cwd                 3.84    
    ExtUtils::CBuilder  0.280236
    ExtUtils::Command   7.64    
    ExtUtils::Install   2.20    
    ExtUtils::MakeMaker 7.64    
    ExtUtils::Manifest  1.73    
    ExtUtils::ParseXS   3.44    
    File::Spec          3.84    
    JSON                4.10    
    JSON::PP            4.12    
    Module::Build       0.4231  
    Module::Signature   0.88    
    Parse::CPAN::Meta   2.150010
    Test::Harness       3.44    
    Test::More          1.302191
    YAML                1.30    
    YAML::Syck          1.34    
    version             0.9929  


--

Summary of my perl5 (revision 5 version 36 subversion 0) configuration:
   
  Platform:
    osname=darwin
    osvers=21.6.0
    archname=darwin-thread-multi-2level
    uname='darwin monterey 21.6.0 darwin kernel version 21.6.0: mon aug 22 20:17:10 pdt 2022; root:xnu-8020.140.49~2release_x86_64 x86_64 '
    config_args='-des -Dinstallstyle=lib/perl5 -Dinstallprefix=/usr/local/Cellar/perl/5.36.0 -Dprefix=/usr/local/opt/perl -Dprivlib=/usr/local/opt/perl/lib/perl5/5.36 -Dsitelib=/usr/local/opt/perl/lib/perl5/site_perl/5.36 -Dotherlibdirs=/usr/local/lib/perl5/site_perl/5.36 -Dperlpath=/usr/local/opt/perl/bin/perl -Dstartperl=#!/usr/local/opt/perl/bin/perl -Dman1dir=/usr/local/opt/perl/share/man/man1 -Dman3dir=/usr/local/opt/perl/share/man/man3 -Duseshrplib -Duselargefiles -Dusethreads'
    hint=recommended
    useposix=true
    d_sigaction=define
    useithreads=define
    usemultiplicity=define
    use64bitint=define
    use64bitall=define
    uselongdouble=undef
    usemymalloc=n
    default_inc_excludes_dot=define
  Compiler:
    cc='cc'
    ccflags ='-fno-common -DPERL_DARWIN -mmacosx-version-min=12.6 -fno-strict-aliasing -pipe -fstack-protector-strong -I/usr/local/include -DPERL_USE_SAFE_PUTENV'
    optimize='-O3'
    cppflags='-fno-common -DPERL_DARWIN -mmacosx-version-min=12.6 -fno-strict-aliasing -pipe -fstack-protector-strong -I/usr/local/include'
    ccversion=''
    gccversion='Apple LLVM 14.0.0 (clang-1400.0.29.102)'
    gccosandvers=''
    intsize=4
    longsize=8
    ptrsize=8
    doublesize=8
    byteorder=12345678
    doublekind=3
    d_longlong=define
    longlongsize=8
    d_longdbl=define
    longdblsize=16
    longdblkind=3
    ivtype='long'
    ivsize=8
    nvtype='double'
    nvsize=8
    Off_t='off_t'
    lseeksize=8
    alignbytes=8
    prototype=define
  Linker and Libraries:
    ld='cc'
    ldflags =' -mmacosx-version-min=12.6 -fstack-protector-strong -L/usr/local/lib'
    libpth=/usr/local/opt/openssl@1.1/lib /usr/local/opt/berkeley-db/lib /usr/local/lib /Applications/Xcode.app/Contents/Developer/Toolchains/XcodeDefault.xctoolchain/usr/lib/clang/14.0.0/lib /Library/Developer/CommandLineTools/SDKs/MacOSX12.sdk/usr/lib /Applications/Xcode.app/Contents/Developer/Toolchains/XcodeDefault.xctoolchain/usr/lib /usr/lib
    libs=-lgdbm -ldb
    perllibs=
    libc=
    so=dylib
    useshrplib=true
    libperl=libperl.dylib
    gnulibc_version=''
  Dynamic Linking:
    dlsrc=dl_dlopen.xs
    dlext=bundle
    d_dlsymun=undef
    ccdlflags=' '
    cccdlflags=' '
    lddlflags=' -mmacosx-version-min=12.6 -bundle -undefined dynamic_lookup -L/usr/local/lib -fstack-protector-strong'


Characteristics of this binary (from libperl): 
  Compile-time options:
    HAS_TIMES
    MULTIPLICITY
    PERLIO_LAYERS
    PERL_COPY_ON_WRITE
    PERL_DONT_CREATE_GVSV
    PERL_MALLOC_WRAP
    PERL_OP_PARENT
    PERL_PRESERVE_IVUV
    PERL_USE_SAFE_PUTENV
    USE_64_BIT_ALL
    USE_64_BIT_INT
    USE_ITHREADS
    USE_LARGE_FILES
    USE_LOCALE
    USE_LOCALE_COLLATE
    USE_LOCALE_CTYPE
    USE_LOCALE_NUMERIC
    USE_LOCALE_TIME
    USE_PERLIO
    USE_PERL_ATOF
    USE_REENTRANT_API
    USE_THREAD_SAFE_LOCALE
  Built under darwin
  Compiled at Oct  3 2022 21:04:43
  %ENV:
    PERL5LIB="/Users/gintas/Projects/perl5/lib/perl5"
    PERL5OPT=""
    PERL5_CPANPLUS_IS_RUNNING="68590"
    PERL5_CPAN_IS_RUNNING="68590"
    PERL_LOCAL_LIB_ROOT="/Users/gintas/Projects/perl5"
    PERL_MB_OPT="--install_base "/Users/gintas/Projects/perl5""
    PERL_MM_OPT="INSTALL_BASE=/Users/gintas/Projects/perl5"
    PERL_USE_UNSAFE_INC="1"
  @INC:
    /Users/gintas/Projects/perl5/lib/perl5/darwin-thread-multi-2level
    /Users/gintas/Projects/perl5/lib/perl5
    /usr/local/opt/perl/lib/perl5/site_perl/5.36/darwin-thread-multi-2level
    /usr/local/opt/perl/lib/perl5/site_perl/5.36
    /usr/local/opt/perl/lib/perl5/5.36/darwin-thread-multi-2level
    /usr/local/opt/perl/lib/perl5/5.36
    /usr/local/lib/perl5/site_perl/5.36/darwin-thread-multi-2level
    /usr/local/lib/perl5/site_perl/5.36
    .