Report for Data-CTable-1.03_02

Back
From: metabase:user:322078bc-2aae-11df-837a-5e0a49663a4f
Subject: NA Data-CTable-1.03_02 v5.8.9 OpenBSD
Date: 2012-05-21T07:20:50Z

This distribution has been tested as part of the CPAN Testers
project, supporting the Perl programming language.  See
http://wiki.cpantesters.org/ for more information or email
questions to cpan-testers-discuss@perl.org


--

Dear JHANNAH,

This is a computer-generated error report created automatically by
CPANPLUS, version 0.9129. Testers personal comments may appear
at the end of this report.


Thank you for uploading your work to CPAN.  However, it appears that
there were some problems testing your distribution.

TEST RESULTS:

Below is the error stack from stage 'make test':

PERL_DL_NONLAZY=1 /home/cpan/pit/bare/perl-5.8.9/bin/perl "-MExtUtils::Command::MM" "-e" "test_harness(0, 'blib/lib', 'blib/arch')" t/*.t
Perl v5.10.0 required--this is only v5.8.9, stopped at t/append.t line 2.
BEGIN failed--compilation aborted at t/append.t line 2.
t/append.t ............ 
Dubious, test returned 255 (wstat 65280, 0xff00)
No subtests run 
Perl v5.10.0 required--this is only v5.8.9, stopped at t/cache.t line 2.
BEGIN failed--compilation aborted at t/cache.t line 2.
t/cache.t ............. 
Dubious, test returned 255 (wstat 65280, 0xff00)
No subtests run 
Perl v5.10.0 required--this is only v5.8.9, stopped at t/cache_abs.t line 2.
BEGIN failed--compilation aborted at t/cache_abs.t line 2.
t/cache_abs.t ......... 
Dubious, test returned 255 (wstat 65280, 0xff00)
No subtests run 
Perl v5.10.0 required--this is only v5.8.9, stopped at t/calc.t line 2.
BEGIN failed--compilation aborted at t/calc.t line 2.
t/calc.t .............. 
Dubious, test returned 255 (wstat 65280, 0xff00)
No subtests run 
Perl v5.10.0 required--this is only v5.8.9, stopped at t/clean.t line 2.
BEGIN failed--compilation aborted at t/clean.t line 2.
t/clean.t ............. 
Dubious, test returned 255 (wstat 65280, 0xff00)
No subtests run 
Perl v5.10.0 required--this is only v5.8.9, stopped at t/col.t line 2.
BEGIN failed--compilation aborted at t/col.t line 2.
t/col.t ............... 
Dubious, test returned 255 (wstat 65280, 0xff00)
No subtests run 
Perl v5.10.0 required--this is only v5.8.9, stopped at t/combine.t line 2.
BEGIN failed--compilation aborted at t/combine.t line 2.
t/combine.t ........... 
Dubious, test returned 255 (wstat 65280, 0xff00)
No subtests run 
Perl v5.10.0 required--this is only v5.8.9, stopped at t/cull.t line 2.
BEGIN failed--compilation aborted at t/cull.t line 2.
t/cull.t .............. 
Dubious, test returned 255 (wstat 65280, 0xff00)
No subtests run 
Perl v5.10.0 required--this is only v5.8.9, stopped at t/fieldlist.t line 2.
BEGIN failed--compilation aborted at t/fieldlist.t line 2.
t/fieldlist.t ......... 
Dubious, test returned 255 (wstat 65280, 0xff00)
No subtests run 
Perl v5.10.0 required--this is only v5.8.9, stopped at t/format.t line 2.
BEGIN failed--compilation aborted at t/format.t line 2.
t/format.t ............ 
Dubious, test returned 255 (wstat 65280, 0xff00)
No subtests run 
Perl v5.10.0 required--this is only v5.8.9, stopped at t/formats.t line 2.
BEGIN failed--compilation aborted at t/formats.t line 2.
t/formats.t ........... 
Dubious, test returned 255 (wstat 65280, 0xff00)
No subtests run 
Perl v5.10.0 required--this is only v5.8.9, stopped at t/indexes.t line 2.
BEGIN failed--compilation aborted at t/indexes.t line 2.
t/indexes.t ........... 
Dubious, test returned 255 (wstat 65280, 0xff00)
No subtests run 
Perl v5.10.0 required--this is only v5.8.9, stopped at /home/cpan/pit/bare/conf/perl-5.8.9/.cpanplus/5.8.9/build/Data-CTable-1.03_02/t/lib/Common.pm line 4.
BEGIN failed--compilation aborted at /home/cpan/pit/bare/conf/perl-5.8.9/.cpanplus/5.8.9/build/Data-CTable-1.03_02/t/lib/Common.pm line 4.
Compilation failed in require at t/join.t line 3.
BEGIN failed--compilation aborted at t/join.t line 3.
t/join.t .............. 
Dubious, test returned 255 (wstat 65280, 0xff00)
No subtests run 
Ambiguous call resolved as CORE::length(), qualify as such or use & at /home/cpan/pit/bare/conf/perl-5.8.9/.cpanplus/5.8.9/build/Data-CTable-1.03_02/blib/lib/Data/CTable.pm line 3316.
Ambiguous call resolved as CORE::length(), qualify as such or use & at /home/cpan/pit/bare/conf/perl-5.8.9/.cpanplus/5.8.9/build/Data-CTable-1.03_02/blib/lib/Data/CTable.pm line 3528.
"my" variable $SortSpec masks earlier declaration in same scope at /home/cpan/pit/bare/conf/perl-5.8.9/.cpanplus/5.8.9/build/Data-CTable-1.03_02/blib/lib/Data/CTable.pm line 3805.
"my" variable $LineEnding masks earlier declaration in same scope at /home/cpan/pit/bare/conf/perl-5.8.9/.cpanplus/5.8.9/build/Data-CTable-1.03_02/blib/lib/Data/CTable.pm line 4304.
Ambiguous call resolved as CORE::length(), qualify as such or use & at /home/cpan/pit/bare/conf/perl-5.8.9/.cpanplus/5.8.9/build/Data-CTable-1.03_02/blib/lib/Data/CTable.pm line 4642.
Value of <HANDLE> construct can be "0"; test with defined() at /home/cpan/pit/bare/conf/perl-5.8.9/.cpanplus/5.8.9/build/Data-CTable-1.03_02/blib/lib/Data/CTable.pm line 4695.
Ambiguous call resolved as CORE::length(), qualify as such or use & at /home/cpan/pit/bare/conf/perl-5.8.9/.cpanplus/5.8.9/build/Data-CTable-1.03_02/blib/lib/Data/CTable.pm line 4814.
Ambiguous call resolved as CORE::length(), qualify as such or use & at /home/cpan/pit/bare/conf/perl-5.8.9/.cpanplus/5.8.9/build/Data-CTable-1.03_02/blib/lib/Data/CTable.pm line 4827.
Possible attempt to separate words with commas at /home/cpan/pit/bare/conf/perl-5.8.9/.cpanplus/5.8.9/build/Data-CTable-1.03_02/blib/lib/Data/CTable.pm line 4954.
Ambiguous call resolved as CORE::length(), qualify as such or use & at /home/cpan/pit/bare/conf/perl-5.8.9/.cpanplus/5.8.9/build/Data-CTable-1.03_02/blib/lib/Data/CTable.pm line 4975.
Useless use of subtraction (-) in void context at /home/cpan/pit/bare/conf/perl-5.8.9/.cpanplus/5.8.9/build/Data-CTable-1.03_02/blib/lib/Data/CTable.pm line 4993.
Ambiguous call resolved as CORE::length(), qualify as such or use & at /home/cpan/pit/bare/conf/perl-5.8.9/.cpanplus/5.8.9/build/Data-CTable-1.03_02/blib/lib/Data/CTable.pm line 5478.
Ambiguous call resolved as CORE::length(), qualify as such or use & at /home/cpan/pit/bare/conf/perl-5.8.9/.cpanplus/5.8.9/build/Data-CTable-1.03_02/blib/lib/Data/CTable.pm line 5481.
Ambiguous call resolved as CORE::length(), qualify as such or use & at /home/cpan/pit/bare/conf/perl-5.8.9/.cpanplus/5.8.9/build/Data-CTable-1.03_02/blib/lib/Data/CTable.pm line 5562.
Ambiguous call resolved as CORE::length(), qualify as such or use & at /home/cpan/pit/bare/conf/perl-5.8.9/.cpanplus/5.8.9/build/Data-CTable-1.03_02/blib/lib/Data/CTable.pm line 5577.
Ambiguous call resolved as CORE::length(), qualify as such or use & at /home/cpan/pit/bare/conf/perl-5.8.9/.cpanplus/5.8.9/build/Data-CTable-1.03_02/blib/lib/Data/CTable.pm line 5580.
Ambiguous call resolved as CORE::length(), qualify as such or use & at /home/cpan/pit/bare/conf/perl-5.8.9/.cpanplus/5.8.9/build/Data-CTable-1.03_02/blib/lib/Data/CTable.pm line 5603.
Ambiguous call resolved as CORE::length(), qualify as such or use & at /home/cpan/pit/bare/conf/perl-5.8.9/.cpanplus/5.8.9/build/Data-CTable-1.03_02/blib/lib/Data/CTable.pm line 5903.
Ambiguous call resolved as CORE::length(), qualify as such or use & at /home/cpan/pit/bare/conf/perl-5.8.9/.cpanplus/5.8.9/build/Data-CTable-1.03_02/blib/lib/Data/CTable.pm line 5936.
Ambiguous call resolved as CORE::length(), qualify as such or use & at /home/cpan/pit/bare/conf/perl-5.8.9/.cpanplus/5.8.9/build/Data-CTable-1.03_02/blib/lib/Data/CTable.pm line 7457.
"my" variable $Ending masks earlier declaration in same scope at /home/cpan/pit/bare/conf/perl-5.8.9/.cpanplus/5.8.9/build/Data-CTable-1.03_02/blib/lib/Data/CTable.pm line 7688.
Useless use of a constant in void context at /home/cpan/pit/bare/conf/perl-5.8.9/.cpanplus/5.8.9/build/Data-CTable-1.03_02/blib/lib/Data/CTable.pm line 263.
Useless use of anonymous hash ({}) in void context at /home/cpan/pit/bare/conf/perl-5.8.9/.cpanplus/5.8.9/build/Data-CTable-1.03_02/blib/lib/Data/CTable.pm line 902.
Useless use of anonymous hash ({}) in void context at /home/cpan/pit/bare/conf/perl-5.8.9/.cpanplus/5.8.9/build/Data-CTable-1.03_02/blib/lib/Data/CTable.pm line 2124.
Useless use of anonymous hash ({}) in void context at /home/cpan/pit/bare/conf/perl-5.8.9/.cpanplus/5.8.9/build/Data-CTable-1.03_02/blib/lib/Data/CTable.pm line 2422.
Useless use of anonymous hash ({}) in void context at /home/cpan/pit/bare/conf/perl-5.8.9/.cpanplus/5.8.9/build/Data-CTable-1.03_02/blib/lib/Data/CTable.pm line 3283.
Useless use of anonymous hash ({}) in void context at /home/cpan/pit/bare/conf/perl-5.8.9/.cpanplus/5.8.9/build/Data-CTable-1.03_02/blib/lib/Data/CTable.pm line 3487.
Useless use of anonymous hash ({}) in void context at /home/cpan/pit/bare/conf/perl-5.8.9/.cpanplus/5.8.9/build/Data-CTable-1.03_02/blib/lib/Data/CTable.pm line 3663.
Useless use of anonymous hash ({}) in void context at /home/cpan/pit/bare/conf/perl-5.8.9/.cpanplus/5.8.9/build/Data-CTable-1.03_02/blib/lib/Data/CTable.pm line 3771.
Useless use of anonymous hash ({}) in void context at /home/cpan/pit/bare/conf/perl-5.8.9/.cpanplus/5.8.9/build/Data-CTable-1.03_02/blib/lib/Data/CTable.pm line 3853.
Useless use of anonymous hash ({}) in void context at /home/cpan/pit/bare/conf/perl-5.8.9/.cpanplus/5.8.9/build/Data-CTable-1.03_02/blib/lib/Data/CTable.pm line 3899.
Useless use of anonymous hash ({}) in void context at /home/cpan/pit/bare/conf/perl-5.8.9/.cpanplus/5.8.9/build/Data-CTable-1.03_02/blib/lib/Data/CTable.pm line 4022.
Useless use of anonymous hash ({}) in void context at /home/cpan/pit/bare/conf/perl-5.8.9/.cpanplus/5.8.9/build/Data-CTable-1.03_02/blib/lib/Data/CTable.pm line 4258.
Useless use of anonymous hash ({}) in void context at /home/cpan/pit/bare/conf/perl-5.8.9/.cpanplus/5.8.9/build/Data-CTable-1.03_02/blib/lib/Data/CTable.pm line 6210.
Useless use of anonymous hash ({}) in void context at /home/cpan/pit/bare/conf/perl-5.8.9/.cpanplus/5.8.9/build/Data-CTable-1.03_02/blib/lib/Data/CTable.pm line 7433.
Useless use of anonymous hash ({}) in void context at /home/cpan/pit/bare/conf/perl-5.8.9/.cpanplus/5.8.9/build/Data-CTable-1.03_02/blib/lib/Data/CTable.pm line 7654.
Name "main::Key" used only once: possible typo at t/join2.t line 26.
Name "main::FirstName" used only once: possible typo at t/join2.t line 26.
Name "main::LastName" used only once: possible typo at t/join2.t line 26.
Use of uninitialized value in int at /home/cpan/pit/bare/conf/perl-5.8.9/.cpanplus/5.8.9/build/Data-CTable-1.03_02/blib/lib/Data/CTable.pm line 4651.
Use of uninitialized value in numeric eq (==) at /home/cpan/pit/bare/conf/perl-5.8.9/.cpanplus/5.8.9/build/Data-CTable-1.03_02/blib/lib/Data/CTable.pm line 4651.
Use of uninitialized value in hash element at /home/cpan/pit/bare/conf/perl-5.8.9/.cpanplus/5.8.9/build/Data-CTable-1.03_02/blib/lib/Data/CTable.pm line 4327.
Use of uninitialized value in int at /home/cpan/pit/bare/conf/perl-5.8.9/.cpanplus/5.8.9/build/Data-CTable-1.03_02/blib/lib/Data/CTable.pm line 4651.
Use of uninitialized value in numeric eq (==) at /home/cpan/pit/bare/conf/perl-5.8.9/.cpanplus/5.8.9/build/Data-CTable-1.03_02/blib/lib/Data/CTable.pm line 4651.
Use of uninitialized value in hash element at /home/cpan/pit/bare/conf/perl-5.8.9/.cpanplus/5.8.9/build/Data-CTable-1.03_02/blib/lib/Data/CTable.pm line 4327.
t/join2.t ............. ok
Perl v5.10.0 required--this is only v5.8.9, stopped at t/progress.t line 2.
BEGIN failed--compilation aborted at t/progress.t line 2.
t/progress.t .......... 
Dubious, test returned 255 (wstat 65280, 0xff00)
No subtests run 
t/read.t .............. 
Dubious, test returned 255 (wstat 65280, 0xff00)
No subtests run 
Perl v5.10.0 required--this is only v5.8.9, stopped at t/read.t line 2.
BEGIN failed--compilation aborted at t/read.t line 2.
Perl v5.10.0 required--this is only v5.8.9, stopped at t/row.t line 2.
BEGIN failed--compilation aborted at t/row.t line 2.
t/row.t ............... 
Dubious, test returned 255 (wstat 65280, 0xff00)
No subtests run 
t/row_misc.t .......... 
Dubious, test returned 255 (wstat 65280, 0xff00)
No subtests run 
Perl v5.10.0 required--this is only v5.8.9, stopped at t/row_misc.t line 2.
BEGIN failed--compilation aborted at t/row_misc.t line 2.
Perl v5.10.0 required--this is only v5.8.9, stopped at t/row_move.t line 2.
BEGIN failed--compilation aborted at t/row_move.t line 2.
t/row_move.t .......... 
Dubious, test returned 255 (wstat 65280, 0xff00)
No subtests run 
t/sel.t ............... 
Dubious, test returned 255 (wstat 65280, 0xff00)
No subtests run 
Perl v5.10.0 required--this is only v5.8.9, stopped at t/sel.t line 2.
BEGIN failed--compilation aborted at t/sel.t line 2.
Perl v5.10.0 required--this is only v5.8.9, stopped at t/select.t line 2.
BEGIN failed--compilation aborted at t/select.t line 2.
t/select.t ............ 
Dubious, test returned 255 (wstat 65280, 0xff00)
No subtests run 
t/selection.t ......... 
Dubious, test returned 255 (wstat 65280, 0xff00)
No subtests run 
Perl v5.10.0 required--this is only v5.8.9, stopped at t/selection.t line 2.
BEGIN failed--compilation aborted at t/selection.t line 2.
Perl v5.10.0 required--this is only v5.8.9, stopped at t/snapshot.t line 2.
BEGIN failed--compilation aborted at t/snapshot.t line 2.
Perl v5.10.0 required--this is only v5.8.9, stopped at t/sort.t line 2.
BEGIN failed--compilation aborted at t/sort.t line 2.
t/snapshot.t .......... 
Dubious, test returned 255 (wstat 65280, 0xff00)
No subtests run 
t/sort.t .............. 
Dubious, test returned 255 (wstat 65280, 0xff00)
No subtests run 
t/subclasses.t ........ 
Dubious, test returned 255 (wstat 65280, 0xff00)
No subtests run 
t/subroutines.t ....... 
Dubious, test returned 255 (wstat 65280, 0xff00)
No subtests run 
Perl v5.10.0 required--this is only v5.8.9, stopped at t/subclasses.t line 2.
BEGIN failed--compilation aborted at t/subclasses.t line 2.
Perl v5.10.0 required--this is only v5.8.9, stopped at t/subroutines.t line 2.
BEGIN failed--compilation aborted at t/subroutines.t line 2.
Perl v5.10.0 required--this is only v5.8.9, stopped at t/timedprog.t line 2.
BEGIN failed--compilation aborted at t/timedprog.t line 2.
t/timedprog.t ......... 
Dubious, test returned 255 (wstat 65280, 0xff00)
No subtests run 
Ambiguous call resolved as CORE::length(), qualify as such or use & at /home/cpan/pit/bare/conf/perl-5.8.9/.cpanplus/5.8.9/build/Data-CTable-1.03_02/blib/lib/Data/CTable.pm line 3316.
Ambiguous call resolved as CORE::length(), qualify as such or use & at /home/cpan/pit/bare/conf/perl-5.8.9/.cpanplus/5.8.9/build/Data-CTable-1.03_02/blib/lib/Data/CTable.pm line 3528.
"my" variable $SortSpec masks earlier declaration in same scope at /home/cpan/pit/bare/conf/perl-5.8.9/.cpanplus/5.8.9/build/Data-CTable-1.03_02/blib/lib/Data/CTable.pm line 3805.
"my" variable $LineEnding masks earlier declaration in same scope at /home/cpan/pit/bare/conf/perl-5.8.9/.cpanplus/5.8.9/build/Data-CTable-1.03_02/blib/lib/Data/CTable.pm line 4304.
Ambiguous call resolved as CORE::length(), qualify as such or use & at /home/cpan/pit/bare/conf/perl-5.8.9/.cpanplus/5.8.9/build/Data-CTable-1.03_02/blib/lib/Data/CTable.pm line 4642.
Value of <HANDLE> construct can be "0"; test with defined() at /home/cpan/pit/bare/conf/perl-5.8.9/.cpanplus/5.8.9/build/Data-CTable-1.03_02/blib/lib/Data/CTable.pm line 4695.
Ambiguous call resolved as CORE::length(), qualify as such or use & at /home/cpan/pit/bare/conf/perl-5.8.9/.cpanplus/5.8.9/build/Data-CTable-1.03_02/blib/lib/Data/CTable.pm line 4814.
Ambiguous call resolved as CORE::length(), qualify as such or use & at /home/cpan/pit/bare/conf/perl-5.8.9/.cpanplus/5.8.9/build/Data-CTable-1.03_02/blib/lib/Data/CTable.pm line 4827.
Possible attempt to separate words with commas at /home/cpan/pit/bare/conf/perl-5.8.9/.cpanplus/5.8.9/build/Data-CTable-1.03_02/blib/lib/Data/CTable.pm line 4954.
Ambiguous call resolved as CORE::length(), qualify as such or use & at /home/cpan/pit/bare/conf/perl-5.8.9/.cpanplus/5.8.9/build/Data-CTable-1.03_02/blib/lib/Data/CTable.pm line 4975.
Useless use of subtraction (-) in void context at /home/cpan/pit/bare/conf/perl-5.8.9/.cpanplus/5.8.9/build/Data-CTable-1.03_02/blib/lib/Data/CTable.pm line 4993.
Ambiguous call resolved as CORE::length(), qualify as such or use & at /home/cpan/pit/bare/conf/perl-5.8.9/.cpanplus/5.8.9/build/Data-CTable-1.03_02/blib/lib/Data/CTable.pm line 5478.
Ambiguous call resolved as CORE::length(), qualify as such or use & at /home/cpan/pit/bare/conf/perl-5.8.9/.cpanplus/5.8.9/build/Data-CTable-1.03_02/blib/lib/Data/CTable.pm line 5481.
Ambiguous call resolved as CORE::length(), qualify as such or use & at /home/cpan/pit/bare/conf/perl-5.8.9/.cpanplus/5.8.9/build/Data-CTable-1.03_02/blib/lib/Data/CTable.pm line 5562.
Ambiguous call resolved as CORE::length(), qualify as such or use & at /home/cpan/pit/bare/conf/perl-5.8.9/.cpanplus/5.8.9/build/Data-CTable-1.03_02/blib/lib/Data/CTable.pm line 5577.
Ambiguous call resolved as CORE::length(), qualify as such or use & at /home/cpan/pit/bare/conf/perl-5.8.9/.cpanplus/5.8.9/build/Data-CTable-1.03_02/blib/lib/Data/CTable.pm line 5580.
Ambiguous call resolved as CORE::length(), qualify as such or use & at /home/cpan/pit/bare/conf/perl-5.8.9/.cpanplus/5.8.9/build/Data-CTable-1.03_02/blib/lib/Data/CTable.pm line 5603.
Ambiguous call resolved as CORE::length(), qualify as such or use & at /home/cpan/pit/bare/conf/perl-5.8.9/.cpanplus/5.8.9/build/Data-CTable-1.03_02/blib/lib/Data/CTable.pm line 5903.
Ambiguous call resolved as CORE::length(), qualify as such or use & at /home/cpan/pit/bare/conf/perl-5.8.9/.cpanplus/5.8.9/build/Data-CTable-1.03_02/blib/lib/Data/CTable.pm line 5936.
Ambiguous call resolved as CORE::length(), qualify as such or use & at /home/cpan/pit/bare/conf/perl-5.8.9/.cpanplus/5.8.9/build/Data-CTable-1.03_02/blib/lib/Data/CTable.pm line 7457.
"my" variable $Ending masks earlier declaration in same scope at /home/cpan/pit/bare/conf/perl-5.8.9/.cpanplus/5.8.9/build/Data-CTable-1.03_02/blib/lib/Data/CTable.pm line 7688.
Useless use of a constant in void context at /home/cpan/pit/bare/conf/perl-5.8.9/.cpanplus/5.8.9/build/Data-CTable-1.03_02/blib/lib/Data/CTable.pm line 263.
Useless use of anonymous hash ({}) in void context at /home/cpan/pit/bare/conf/perl-5.8.9/.cpanplus/5.8.9/build/Data-CTable-1.03_02/blib/lib/Data/CTable.pm line 902.
Useless use of anonymous hash ({}) in void context at /home/cpan/pit/bare/conf/perl-5.8.9/.cpanplus/5.8.9/build/Data-CTable-1.03_02/blib/lib/Data/CTable.pm line 2124.
Useless use of anonymous hash ({}) in void context at /home/cpan/pit/bare/conf/perl-5.8.9/.cpanplus/5.8.9/build/Data-CTable-1.03_02/blib/lib/Data/CTable.pm line 2422.
Useless use of anonymous hash ({}) in void context at /home/cpan/pit/bare/conf/perl-5.8.9/.cpanplus/5.8.9/build/Data-CTable-1.03_02/blib/lib/Data/CTable.pm line 3283.
Useless use of anonymous hash ({}) in void context at /home/cpan/pit/bare/conf/perl-5.8.9/.cpanplus/5.8.9/build/Data-CTable-1.03_02/blib/lib/Data/CTable.pm line 3487.
Useless use of anonymous hash ({}) in void context at /home/cpan/pit/bare/conf/perl-5.8.9/.cpanplus/5.8.9/build/Data-CTable-1.03_02/blib/lib/Data/CTable.pm line 3663.
Useless use of anonymous hash ({}) in void context at /home/cpan/pit/bare/conf/perl-5.8.9/.cpanplus/5.8.9/build/Data-CTable-1.03_02/blib/lib/Data/CTable.pm line 3771.
Useless use of anonymous hash ({}) in void context at /home/cpan/pit/bare/conf/perl-5.8.9/.cpanplus/5.8.9/build/Data-CTable-1.03_02/blib/lib/Data/CTable.pm line 3853.
Useless use of anonymous hash ({}) in void context at /home/cpan/pit/bare/conf/perl-5.8.9/.cpanplus/5.8.9/build/Data-CTable-1.03_02/blib/lib/Data/CTable.pm line 3899.
Useless use of anonymous hash ({}) in void context at /home/cpan/pit/bare/conf/perl-5.8.9/.cpanplus/5.8.9/build/Data-CTable-1.03_02/blib/lib/Data/CTable.pm line 4022.
Useless use of anonymous hash ({}) in void context at /home/cpan/pit/bare/conf/perl-5.8.9/.cpanplus/5.8.9/build/Data-CTable-1.03_02/blib/lib/Data/CTable.pm line 4258.
Useless use of anonymous hash ({}) in void context at /home/cpan/pit/bare/conf/perl-5.8.9/.cpanplus/5.8.9/build/Data-CTable-1.03_02/blib/lib/Data/CTable.pm line 6210.
Useless use of anonymous hash ({}) in void context at /home/cpan/pit/bare/conf/perl-5.8.9/.cpanplus/5.8.9/build/Data-CTable-1.03_02/blib/lib/Data/CTable.pm line 7433.
Useless use of anonymous hash ({}) in void context at /home/cpan/pit/bare/conf/perl-5.8.9/.cpanplus/5.8.9/build/Data-CTable-1.03_02/blib/lib/Data/CTable.pm line 7654.
Use of uninitialized value in int at /home/cpan/pit/bare/conf/perl-5.8.9/.cpanplus/5.8.9/build/Data-CTable-1.03_02/blib/lib/Data/CTable.pm line 4651.
Use of uninitialized value in numeric eq (==) at /home/cpan/pit/bare/conf/perl-5.8.9/.cpanplus/5.8.9/build/Data-CTable-1.03_02/blib/lib/Data/CTable.pm line 4651.
Use of uninitialized value in hash element at /home/cpan/pit/bare/conf/perl-5.8.9/.cpanplus/5.8.9/build/Data-CTable-1.03_02/blib/lib/Data/CTable.pm line 4327.
t/unbalanced_quote.t .. ok
Perl v5.10.0 required--this is only v5.8.9, stopped at t/write.t line 2.
BEGIN failed--compilation aborted at t/write.t line 2.
t/write.t ............. 
Dubious, test returned 255 (wstat 65280, 0xff00)
No subtests run 

Test Summary Report
-------------------
t/append.t          (Wstat: 65280 Tests: 0 Failed: 0)
  Non-zero exit status: 255
  Parse errors: No plan found in TAP output
t/cache.t           (Wstat: 65280 Tests: 0 Failed: 0)
  Non-zero exit status: 255
  Parse errors: No plan found in TAP output
t/cache_abs.t       (Wstat: 65280 Tests: 0 Failed: 0)
  Non-zero exit status: 255
  Parse errors: No plan found in TAP output
t/calc.t            (Wstat: 65280 Tests: 0 Failed: 0)
  Non-zero exit status: 255
  Parse errors: No plan found in TAP output
t/clean.t           (Wstat: 65280 Tests: 0 Failed: 0)
  Non-zero exit status: 255
  Parse errors: No plan found in TAP output
t/col.t             (Wstat: 65280 Tests: 0 Failed: 0)
  Non-zero exit status: 255
  Parse errors: No plan found in TAP output
t/combine.t         (Wstat: 65280 Tests: 0 Failed: 0)
  Non-zero exit status: 255
  Parse errors: No plan found in TAP output
t/cull.t            (Wstat: 65280 Tests: 0 Failed: 0)
  Non-zero exit status: 255
  Parse errors: No plan found in TAP output
t/fieldlist.t       (Wstat: 65280 Tests: 0 Failed: 0)
  Non-zero exit status: 255
  Parse errors: No plan found in TAP output
t/format.t          (Wstat: 65280 Tests: 0 Failed: 0)
  Non-zero exit status: 255
  Parse errors: No plan found in TAP output
t/formats.t         (Wstat: 65280 Tests: 0 Failed: 0)
  Non-zero exit status: 255
  Parse errors: No plan found in TAP output
t/indexes.t         (Wstat: 65280 Tests: 0 Failed: 0)
  Non-zero exit status: 255
  Parse errors: No plan found in TAP output
t/join.t            (Wstat: 65280 Tests: 0 Failed: 0)
  Non-zero exit status: 255
  Parse errors: No plan found in TAP output
t/progress.t        (Wstat: 65280 Tests: 0 Failed: 0)
  Non-zero exit status: 255
  Parse errors: No plan found in TAP output
t/read.t            (Wstat: 65280 Tests: 0 Failed: 0)
  Non-zero exit status: 255
  Parse errors: No plan found in TAP output
t/row.t             (Wstat: 65280 Tests: 0 Failed: 0)
  Non-zero exit status: 255
  Parse errors: No plan found in TAP output
t/row_misc.t        (Wstat: 65280 Tests: 0 Failed: 0)
  Non-zero exit status: 255
  Parse errors: No plan found in TAP output
t/row_move.t        (Wstat: 65280 Tests: 0 Failed: 0)
  Non-zero exit status: 255
  Parse errors: No plan found in TAP output
t/sel.t             (Wstat: 65280 Tests: 0 Failed: 0)
  Non-zero exit status: 255
  Parse errors: No plan found in TAP output
t/select.t          (Wstat: 65280 Tests: 0 Failed: 0)
  Non-zero exit status: 255
  Parse errors: No plan found in TAP output
t/selection.t       (Wstat: 65280 Tests: 0 Failed: 0)
  Non-zero exit status: 255
  Parse errors: No plan found in TAP output
t/snapshot.t        (Wstat: 65280 Tests: 0 Failed: 0)
  Non-zero exit status: 255
  Parse errors: No plan found in TAP output
t/sort.t            (Wstat: 65280 Tests: 0 Failed: 0)
  Non-zero exit status: 255
  Parse errors: No plan found in TAP output
t/subclasses.t      (Wstat: 65280 Tests: 0 Failed: 0)
  Non-zero exit status: 255
  Parse errors: No plan found in TAP output
t/subroutines.t     (Wstat: 65280 Tests: 0 Failed: 0)
  Non-zero exit status: 255
  Parse errors: No plan found in TAP output
t/timedprog.t       (Wstat: 65280 Tests: 0 Failed: 0)
  Non-zero exit status: 255
  Parse errors: No plan found in TAP output
t/write.t           (Wstat: 65280 Tests: 0 Failed: 0)
  Non-zero exit status: 255
  Parse errors: No plan found in TAP output
Files=29, Tests=13,  1 wallclock secs ( 0.04 usr  0.18 sys +  0.10 cusr  0.20 csys =  0.52 CPU)
Result: FAIL
Failed 27/29 test programs. 0/13 subtests failed.
*** Error code 255

Stop in /home/cpan/pit/bare/conf/perl-5.8.9/.cpanplus/5.8.9/build/Data-CTable-1.03_02 (line 901 of Makefile).

[MSG] [Mon May 21 08:20:48 2012] 'Data::CTable' requires a higher version of perl than your current version -- sending N/A grade.

PREREQUISITES:

Here is a list of prerequisites you specified and versions we
managed to load:

	  Module Name                        Have     Want
	  ExtUtils::MakeMaker                6.62        0
	  FindBin                            1.49        0
	  Test::More                         0.98        0

Perl module toolchain versions installed:
	Module Name                        Have
	CPANPLUS                         0.9129
	CPANPLUS::Dist::Build              0.62
	Cwd                                3.33
	ExtUtils::CBuilder             0.280205
	ExtUtils::Command                  1.16
	ExtUtils::Install                  1.54
	ExtUtils::MakeMaker                6.62
	ExtUtils::Manifest                 1.60
	ExtUtils::ParseXS                  3.15
	File::Spec                         3.33
	Module::Build                      0.40
	Test::Harness                      3.23
	Test::More                         0.98
	version                            0.99

******************************** NOTE ********************************
The comments above are created mechanically, possibly without manual
checking by the sender.  As there are many people performing automatic
tests on each upload to CPAN, it is likely that you will receive
identical messages about the same problem.

If you believe that the message is mistaken, please reply to the first
one with correction and/or additional informations, and do not take
it personally.  We appreciate your patience. :)
**********************************************************************

Additional comments:


This report was machine-generated by CPANPLUS::Dist::YACSmoke 0.80.
Powered by minismokebox version 0.54

------------------------------
ENVIRONMENT AND OTHER CONTEXT
------------------------------

Environment variables:

    AUTOMATED_TESTING = 1
    PATH = /home/cpan/pit/bare/conf/perl-5.8.9/.cpanplus/5.8.9/build/Data-CTable-1.03_02/blib/script:/home/cpan/bin:/bin:/sbin:/usr/bin:/usr/sbin:/usr/X11R6/bin:/usr/local/bin:/usr/local/sbin:/usr/games:.
    PERL5LIB = :/home/cpan/pit/bare/conf/perl-5.8.9/.cpanplus/5.8.9/build/Data-CTable-1.03_02/blib/lib:/home/cpan/pit/bare/conf/perl-5.8.9/.cpanplus/5.8.9/build/Data-CTable-1.03_02/blib/arch
    PERL5_CPANPLUS_IS_RUNNING = 22300
    PERL5_CPANPLUS_IS_VERSION = 0.9129
    PERL5_MINISMOKEBOX = 0.54
    PERL5_YACSMOKE_BASE = /home/cpan/pit/bare/conf/perl-5.8.9
    PERL_EXTUTILS_AUTOINSTALL = --defaultdeps
    PERL_MM_USE_DEFAULT = 1
    SHELL = /usr/local/bin/bash
    TERM = screen

Perl special variables (and OS-specific diagnostics, for MSWin32):

    Perl: $^X = /home/cpan/pit/bare/perl-5.8.9/bin/perl
    UID:  $<  = 1001
    EUID: $>  = 1001
    GID:  $(  = 1001 1001
    EGID: $)  = 1001 1001


-------------------------------


--

Summary of my perl5 (revision 5 version 8 subversion 9) configuration:
  Platform:
    osname=openbsd, osvers=5.1, archname=OpenBSD.i386-openbsd
    uname='openbsd oatcake.bingosnet.co.uk 5.1 generic#160 i386 '
    config_args='-des -Dprefix=/home/cpan/pit/bare/perl-5.8.9'
    hint=recommended, useposix=true, d_sigaction=define
    usethreads=undef use5005threads=undef useithreads=undef usemultiplicity=undef
    useperlio=define d_sfio=undef uselargefiles=define usesocks=undef
    use64bitint=undef use64bitall=undef uselongdouble=undef
    usemymalloc=y, bincompat5005=undef
  Compiler:
    cc='cc', ccflags ='-fno-strict-aliasing -pipe -I/usr/local/include',
    optimize='-O2',
    cppflags='-fno-strict-aliasing -pipe -I/usr/local/include'
    ccversion='', gccversion='4.2.1 20070719 ', gccosandvers='openbsd5.1'
    intsize=4, longsize=4, ptrsize=4, doublesize=8, byteorder=1234
    d_longlong=define, longlongsize=8, d_longdbl=define, longdblsize=12
    ivtype='long', ivsize=4, nvtype='double', nvsize=8, Off_t='off_t', lseeksize=8
    alignbytes=4, prototype=define
  Linker and Libraries:
    ld='cc', ldflags ='-Wl,-E  -L/usr/local/lib'
    libpth=/usr/local/lib /usr/lib
    libs=-lgdbm -lm -lutil -lc
    perllibs=-lm -lutil -lc
    libc=/usr/lib/libc.so.62.0, so=so, useshrplib=false, libperl=libperl.a
    gnulibc_version=''
  Dynamic Linking:
    dlsrc=dl_dlopen.xs, dlext=so, d_dlsymun=undef, ccdlflags=' '
    cccdlflags='-DPIC -fPIC ', lddlflags='-shared -fPIC  -L/usr/local/lib'


Characteristics of this binary (from libperl): 
  Compile-time options: MYMALLOC PERL_MALLOC_WRAP USE_FAST_STDIO
                        USE_LARGE_FILES USE_PERLIO
  Built under openbsd
  Compiled at May  3 2012 17:43:18
  %ENV:
    PERL5LIB=":/home/cpan/pit/bare/conf/perl-5.8.9/.cpanplus/5.8.9/build/Data-CTable-1.03_02/blib/lib:/home/cpan/pit/bare/conf/perl-5.8.9/.cpanplus/5.8.9/build/Data-CTable-1.03_02/blib/arch"
    PERL5_CPANPLUS_IS_RUNNING="22300"
    PERL5_CPANPLUS_IS_VERSION="0.9129"
    PERL5_MINISMOKEBOX="0.54"
    PERL5_YACSMOKE_BASE="/home/cpan/pit/bare/conf/perl-5.8.9"
    PERL_EXTUTILS_AUTOINSTALL="--defaultdeps"
    PERL_MM_USE_DEFAULT="1"
  @INC:
    /home/cpan/pit/bare/conf/perl-5.8.9/.cpanplus/5.8.9/build/Data-CTable-1.03_02/blib/lib
    /home/cpan/pit/bare/conf/perl-5.8.9/.cpanplus/5.8.9/build/Data-CTable-1.03_02/blib/arch
    /home/cpan/pit/bare/perl-5.8.9/lib/5.8.9/OpenBSD.i386-openbsd
    /home/cpan/pit/bare/perl-5.8.9/lib/5.8.9
    /home/cpan/pit/bare/perl-5.8.9/lib/site_perl/5.8.9/OpenBSD.i386-openbsd
    /home/cpan/pit/bare/perl-5.8.9/lib/site_perl/5.8.9
    .