Report for DBIx-Class-Graph-1.05

Back
From: metabase:user:320bfe00-2aae-11df-837a-5e0a49663a4f
Subject: FAIL DBIx-Class-Graph-1.05 v5.24.1 GNU/Linux
Date: 2017-03-19T19:37:30Z

This distribution has been tested as part of the CPAN Testers
project, supporting the Perl programming language.  See
http://wiki.cpantesters.org/ for more information or email
questions to cpan-testers-discuss@perl.org


--
Dear Moritz Onken,

This is a computer-generated report for DBIx-Class-Graph-1.05
on perl 5.24.1, created by CPAN-Reporter-1.2018.

Thank you for uploading your work to CPAN.  However, there was a problem
testing your distribution.

If you think this report is invalid, please consult the CPAN Testers Wiki
for suggestions on how to avoid getting FAIL reports for missing library
or binary dependencies, unsupported operating systems, and so on:

http://wiki.cpantesters.org/wiki/CPANAuthorNotes

Sections of this report:

    * Tester comments
    * Program output
    * Prerequisites
    * Environment and other context

------------------------------
TESTER COMMENTS
------------------------------

Additional comments from tester:

this report is from an automated smoke testing program
and was not reviewed by a human for accuracy

------------------------------
PROGRAM OUTPUT
------------------------------

Output from './Build test':

Could not generate inline handles for _graph->("" because : Failed to compile source: syntax error at (eval 200) line 21, near """( "


source:
#line 1 "inline delegation in DBIx::Class::ResultSet::Graph for _graph->("" (attribute declared in lib/DBIx/Class/Graph/Role/ResultSet.pm at line 22)"
sub {
    my $self = shift;

    my $proxy = $self->_graph;
    if ( !defined $proxy ) {
        die Module::Runtime::use_module("Moose::Exception::AttributeValueIsNotDefined")->new(method    => $self->meta->find_method_by_name("(\"\""),
instance  => $self,
attribute => $self->meta->find_attribute_by_name("_graph"),
);
    }
    elsif ( ref $proxy && !Scalar::Util::blessed($proxy) ) {
        die Module::Runtime::use_module("Moose::Exception::AttributeValueIsNotAnObject")->new(method      => $self->meta->find_method_by_name("(\"\""),
instance    => $self,
attribute   => $self->meta->find_attribute_by_name("_graph"),
given_value => $proxy,
);
    }
    return $proxy->(""( @_ );
}
 at /home/sand/src/perl/repoperls/installed-perls/host/k93x64sid/v5.24.1/3bd2/lib/site_perl/5.24.1/x86_64-linux-ld/Class/MOP/Method/Generated.pm line 56.
 at /home/sand/src/perl/repoperls/installed-perls/host/k93x64sid/v5.24.1/3bd2/lib/site_perl/5.24.1/x86_64-linux-ld/Moose/Meta/Method/Delegation.pm line 154
	Moose::Meta::Method::Delegation::catch {...} ('Failed to compile source: syntax error at (eval 200) line 21, near """( "^J^J^Jsource:^J#line 1 "inline delegation in DBIx::Class::ResultSet::Graph for _graph->("" (attribute declared in lib/DBIx/Class/Graph/Role/ResultSet.pm at line 22)"^Jsub {^J    my $self = shift;^J^J    my $proxy = $self->_graph;^J    if ( !defined $proxy ) {^J        die Module::Runtime::use_module("Moose::Exception::AttributeValueIsNotDefined")->new(method    => $self->meta->find_method_by_name("(\"\""),^Jinstance  => $self,^Jattribute => $self->meta->find_attribute_by_name("_graph"),^J);^J    }^J    elsif ( ref $proxy && !Scalar::Util::blessed($proxy) ) {^J        die Module::Runtime::use_module("Moose::Exception::AttributeValueIsNotAnObject")->new(method      => $self->meta->find_method_by_name("(\"\""),^Jinstance    => $self,^Jattribute   => $self->meta->find_attribute_by_name("_graph"),^Jgiven_value => $proxy,^J);^J    }^J    return $proxy->(""( @_ );^J}^J at /home/sand/src/perl/repoperls/installed-perls/host/k93x64sid/v5.24.1/3bd2/lib/site_perl/5.24.1/x86_64-linux-ld/Class/MOP/Method/Generated.pm line 56.^J') called at /home/sand/src/perl/repoperls/installed-perls/host/k93x64sid/v5.24.1/3bd2/lib/site_perl/5.24.1/Try/Tiny.pm line 124
	Try::Tiny::try('CODE(0x5557c8a58360)', 'Try::Tiny::Catch=REF(0x5557c89e0ad8)') called at /home/sand/src/perl/repoperls/installed-perls/host/k93x64sid/v5.24.1/3bd2/lib/site_perl/5.24.1/x86_64-linux-ld/Moose/Meta/Method/Delegation.pm line 160
	Moose::Meta::Method::Delegation::_generate_inline_method('Moose::Meta::Method::Delegation=HASH(0x5557c7386a90)') called at /home/sand/src/perl/repoperls/installed-perls/host/k93x64sid/v5.24.1/3bd2/lib/site_perl/5.24.1/x86_64-linux-ld/Moose/Meta/Method/Delegation.pm line 82
	Moose::Meta::Method::Delegation::_initialize_body('Moose::Meta::Method::Delegation=HASH(0x5557c7386a90)') called at /home/sand/src/perl/repoperls/installed-perls/host/k93x64sid/v5.24.1/3bd2/lib/site_perl/5.24.1/x86_64-linux-ld/Moose/Meta/Method/Delegation.pm line 54
	Moose::Meta::Method::Delegation::new('Moose::Meta::Method::Delegation', 'name', '(""', 'package_name', 'DBIx::Class::ResultSet::Graph', 'attribute', 'Moose::Meta::Attribute=HASH(0x5557c89df460)', 'delegate_to_method', '(""', 'curried_arguments', 'ARRAY(0x5557c7682620)') called at /home/sand/src/perl/repoperls/installed-perls/host/k93x64sid/v5.24.1/3bd2/lib/site_perl/5.24.1/x86_64-linux-ld/Moose/Meta/Attribute.pm line 1301
	Moose::Meta::Attribute::_make_delegation_method('Moose::Meta::Attribute=HASH(0x5557c89df460)', '(""', '(""') called at /home/sand/src/perl/repoperls/installed-perls/host/k93x64sid/v5.24.1/3bd2/lib/site_perl/5.24.1/x86_64-linux-ld/Moose/Meta/Attribute.pm line 1168
	Moose::Meta::Attribute::install_delegation('Moose::Meta::Attribute=HASH(0x5557c89df460)') called at /home/sand/src/perl/repoperls/installed-perls/host/k93x64sid/v5.24.1/3bd2/lib/site_perl/5.24.1/x86_64-linux-ld/Moose/Meta/Attribute.pm line 1017
	Moose::Meta::Attribute::install_accessors('Moose::Meta::Attribute=HASH(0x5557c89df460)') called at /home/sand/src/perl/repoperls/installed-perls/host/k93x64sid/v5.24.1/3bd2/lib/site_perl/5.24.1/x86_64-linux-ld/Class/MOP/Class.pm line 899
	Class::MOP::Class::try {...}  at /home/sand/src/perl/repoperls/installed-perls/host/k93x64sid/v5.24.1/3bd2/lib/site_perl/5.24.1/Try/Tiny.pm line 103
	eval {...} at /home/sand/src/perl/repoperls/installed-perls/host/k93x64sid/v5.24.1/3bd2/lib/site_perl/5.24.1/Try/Tiny.pm line 94
	Try::Tiny::try('CODE(0x5557c89968e8)', 'Try::Tiny::Catch=REF(0x5557c8674ca0)') called at /home/sand/src/perl/repoperls/installed-perls/host/k93x64sid/v5.24.1/3bd2/lib/site_perl/5.24.1/x86_64-linux-ld/Class/MOP/Class.pm line 904
	Class::MOP::Class::_post_add_attribute('Moose::Meta::Class=HASH(0x5557c7927c28)', 'Moose::Meta::Attribute=HASH(0x5557c89df460)') called at /home/sand/src/perl/repoperls/installed-perls/host/k93x64sid/v5.24.1/3bd2/lib/site_perl/5.24.1/x86_64-linux-ld/Class/MOP/Mixin/HasAttributes.pm line 39
	Class::MOP::Mixin::HasAttributes::add_attribute('Moose::Meta::Class=HASH(0x5557c7927c28)', 'Moose::Meta::Attribute=HASH(0x5557c89df460)') called at /home/sand/src/perl/repoperls/installed-perls/host/k93x64sid/v5.24.1/3bd2/lib/site_perl/5.24.1/x86_64-linux-ld/Moose/Meta/Class.pm line 583
	Moose::Meta::Class::add_attribute('Moose::Meta::Class=HASH(0x5557c7927c28)', 'Moose::Meta::Attribute=HASH(0x5557c89df460)') called at /home/sand/src/perl/repoperls/installed-perls/host/k93x64sid/v5.24.1/3bd2/lib/site_perl/5.24.1/x86_64-linux-ld/Moose/Meta/Role/Application/ToClass.pm line 126
	Moose::Meta::Role::Application::ToClass::apply_attributes('Moose::Meta::Role::Application::ToClass=HASH(0x5557c88fff98)', 'Moose::Meta::Role=HASH(0x5557c899e2b8)', 'Moose::Meta::Class=HASH(0x5557c7927c28)') called at /home/sand/src/perl/repoperls/installed-perls/host/k93x64sid/v5.24.1/3bd2/lib/site_perl/5.24.1/x86_64-linux-ld/Moose/Meta/Role/Application.pm line 59
	Moose::Meta::Role::Application::apply('Moose::Meta::Role::Application::ToClass=HASH(0x5557c88fff98)', 'Moose::Meta::Role=HASH(0x5557c899e2b8)', 'Moose::Meta::Class=HASH(0x5557c7927c28)') called at /home/sand/src/perl/repoperls/installed-perls/host/k93x64sid/v5.24.1/3bd2/lib/site_perl/5.24.1/x86_64-linux-ld/Moose/Meta/Role/Application/ToClass.pm line 31
	Moose::Meta::Role::Application::ToClass::apply('Moose::Meta::Role::Application::ToClass=HASH(0x5557c88fff98)', 'Moose::Meta::Role=HASH(0x5557c899e2b8)', 'Moose::Meta::Class=HASH(0x5557c7927c28)', 'HASH(0x5557c770d588)') called at /home/sand/src/perl/repoperls/installed-perls/host/k93x64sid/v5.24.1/3bd2/lib/site_perl/5.24.1/x86_64-linux-ld/Moose/Meta/Role.pm line 472
	Moose::Meta::Role::apply('Moose::Meta::Role=HASH(0x5557c899e2b8)', 'Moose::Meta::Class=HASH(0x5557c7927c28)') called at /home/sand/src/perl/repoperls/installed-perls/host/k93x64sid/v5.24.1/3bd2/lib/site_perl/5.24.1/x86_64-linux-ld/Moose/Util.pm line 172
	Moose::Util::_apply_all_roles('Moose::Meta::Class=HASH(0x5557c7927c28)', undef, 'DBIx::Class::Graph::Role::ResultSet') called at /home/sand/src/perl/repoperls/installed-perls/host/k93x64sid/v5.24.1/3bd2/lib/site_perl/5.24.1/x86_64-linux-ld/Moose/Util.pm line 114
	Moose::Util::apply_all_roles('Moose::Meta::Class=HASH(0x5557c7927c28)', 'DBIx::Class::Graph::Role::ResultSet') called at /home/sand/src/perl/repoperls/installed-perls/host/k93x64sid/v5.24.1/3bd2/lib/site_perl/5.24.1/x86_64-linux-ld/Moose.pm line 57
	Moose::with('Moose::Meta::Class=HASH(0x5557c7927c28)', 'DBIx::Class::Graph::Role::ResultSet') called at /home/sand/src/perl/repoperls/installed-perls/host/k93x64sid/v5.24.1/3bd2/lib/site_perl/5.24.1/x86_64-linux-ld/Moose/Exporter.pm line 419
	Moose::with('DBIx::Class::Graph::Role::ResultSet') called at lib/DBIx/Class/ResultSet/Graph.pm line 19
	require DBIx/Class/ResultSet/Graph.pm at -e line 1
Compilation failed in require at -e line 1.

#   Failed test 'DBIx::Class::ResultSet::Graph loaded ok'
#   at t/00-compile.t line 71.
#                   ''
#     doesn't match '(?^s:^\s*DBIx::Class::ResultSet::Graph ok)'
# Looks like you failed 1 test of 5.
t/00-compile.t ................ 
Dubious, test returned 1 (wstat 256, 0x100)
Failed 1/5 subtests 
# 
# 
# perl: v5.24.1 (wanted any version) on linux from /tmp/basesmoker-reloperl-6Nwp/bin/perl
# 
# Class::C3                                     => 0.32       (want any version)
# DBIx::Class                                   => 0.082840   (want any version)
# DBIx::Class::ResultSet                        => <undef>    (want any version)
# DBIx::Class::Schema                           => <undef>    (want any version)
# File::Find                                    => 1.34       (want any version)
# File::Temp                                    => 0.2304     (want any version)
# Graph                                         => 0.9704     (want 0.94)   
# List::MoreUtils                               => 0.416      (want any version)
# Module::Build                                 => 0.422      (want 0.3601) 
# Moose                                         => 2.2004     (want any version)
# Moose::Role                                   => 2.2004     (want any version)
# Scalar::Util                                  => 1.47       (want any version)
# Test::Memory::Cycle                           => 1.06       (want any version)
# Test::More                                    => 1.302078   (want 0.88)   
# base                                          => 2.23       (want any version)
# strict                                        => 1.11       (want any version)
# warnings                                      => 1.36       (want any version)
# 
# Thanks for using my code.  I hope it works for you.
# If not, please try and include this output in the bug report.
# That will help me reproduce the issue and solve you problem.
# 
t/000-report-versions-tiny.t .. ok
{UNKNOWN}: Could not generate inline handles for _graph->("" because : Failed to compile source: syntax error at (eval 760) line 21, near """( "


source:
#line 1 "inline delegation in DBIx::Class::ResultSet::Graph for _graph->("" (attribute declared in /tmp/loop_over_bdir-30970-U76edT/DBIx-Class-Graph-1.05-0/blib/lib/DBIx/Class/Graph/Role/ResultSet.pm at line 22)"
sub {
    my $self = shift;

    my $proxy = $self->_graph;
    if ( !defined $proxy ) {
        die Module::Runtime::use_module("Moose::Exception::AttributeValueIsNotDefined")->new(method    => $self->meta->find_method_by_name("(\"\""),
instance  => $self,
attribute => $self->meta->find_attribute_by_name("_graph"),
);
    }
    elsif ( ref $proxy && !Scalar::Util::blessed($proxy) ) {
        die Module::Runtime::use_module("Moose::Exception::AttributeValueIsNotAnObject")->new(method      => $self->meta->find_method_by_name("(\"\""),
instance    => $self,
attribute   => $self->meta->find_attribute_by_name("_graph"),
given_value => $proxy,
);
    }
    return $proxy->(""( @_ );
}
 at /home/sand/src/perl/repoperls/installed-perls/host/k93x64sid/v5.24.1/3bd2/lib/site_perl/5.24.1/x86_64-linux-ld/Class/MOP/Method/Generated.pm line 56.
 at /home/sand/src/perl/repoperls/installed-perls/host/k93x64sid/v5.24.1/3bd2/lib/site_perl/5.24.1/x86_64-linux-ld/Moose/Meta/Method/Delegation.pm line 154
	Moose::Meta::Method::Delegation::catch {...} ('Failed to compile source: syntax error at (eval 760) line 21, near """( "^J^J^Jsource:^J#line 1 "inline delegation in DBIx::Class::ResultSet::Graph for _graph->("" (attribute declared in /tmp/loop_over_bdir-30970-U76edT/DBIx-Class-Graph-1.05-0/blib/lib/DBIx/Class/Graph/Role/ResultSet.pm at line 22)"^Jsub {^J    my $self = shift;^J^J    my $proxy = $self->_graph;^J    if ( !defined $proxy ) {^J        die Module::Runtime::use_module("Moose::Exception::AttributeValueIsNotDefined")->new(method    => $self->meta->find_method_by_name("(\"\""),^Jinstance  => $self,^Jattribute => $self->meta->find_attribute_by_name("_graph"),^J);^J    }^J    elsif ( ref $proxy && !Scalar::Util::blessed($proxy) ) {^J        die Module::Runtime::use_module("Moose::Exception::AttributeValueIsNotAnObject")->new(method      => $self->meta->find_method_by_name("(\"\""),^Jinstance    => $self,^Jattribute   => $self->meta->find_attribute_by_name("_graph"),^Jgiven_value => $proxy,^J);^J    }^J    return $proxy->(""( @_ );^J}^J at /home/sand/src/perl/repoperls/installed-perls/host/k93x64sid/v5.24.1/3bd2/lib/site_perl/5.24.1/x86_64-linux-ld/Class/MOP/Method/Generated.pm line 56.^J') called at /home/sand/src/perl/repoperls/installed-perls/host/k93x64sid/v5.24.1/3bd2/lib/site_perl/5.24.1/Try/Tiny.pm line 124
	Try::Tiny::try('CODE(0x561c642eaaa8)', 'Try::Tiny::Catch=REF(0x561c63757658)') called at /home/sand/src/perl/repoperls/installed-perls/host/k93x64sid/v5.24.1/3bd2/lib/site_perl/5.24.1/x86_64-linux-ld/Moose/Meta/Method/Delegation.pm line 160
	Moose::Meta::Method::Delegation::_generate_inline_method('Moose::Meta::Method::Delegation=HASH(0x561c61a93ad0)') called at /home/sand/src/perl/repoperls/installed-perls/host/k93x64sid/v5.24.1/3bd2/lib/site_perl/5.24.1/x86_64-linux-ld/Moose/Meta/Method/Delegation.pm line 82
	Moose::Meta::Method::Delegation::_initialize_body('Moose::Meta::Method::Delegation=HASH(0x561c61a93ad0)') called at /home/sand/src/perl/repoperls/installed-perls/host/k93x64sid/v5.24.1/3bd2/lib/site_perl/5.24.1/x86_64-linux-ld/Moose/Meta/Method/Delegation.pm line 54
	Moose::Meta::Method::Delegation::new('Moose::Meta::Method::Delegation', 'name', '(""', 'package_name', 'DBIx::Class::ResultSet::Graph', 'attribute', 'Moose::Meta::Attribute=HASH(0x561c63753d98)', 'delegate_to_method', '(""', 'curried_arguments', 'ARRAY(0x561c61d81378)') called at /home/sand/src/perl/repoperls/installed-perls/host/k93x64sid/v5.24.1/3bd2/lib/site_perl/5.24.1/x86_64-linux-ld/Moose/Meta/Attribute.pm line 1301
	Moose::Meta::Attribute::_make_delegation_method('Moose::Meta::Attribute=HASH(0x561c63753d98)', '(""', '(""') called at /home/sand/src/perl/repoperls/installed-perls/host/k93x64sid/v5.24.1/3bd2/lib/site_perl/5.24.1/x86_64-linux-ld/Moose/Meta/Attribute.pm line 1168
	Moose::Meta::Attribute::install_delegation('Moose::Meta::Attribute=HASH(0x561c63753d98)') called at /home/sand/src/perl/repoperls/installed-perls/host/k93x64sid/v5.24.1/3bd2/lib/site_perl/5.24.1/x86_64-linux-ld/Moose/Meta/Attribute.pm line 1017
	Moose::Meta::Attribute::install_accessors('Moose::Meta::Attribute=HASH(0x561c63753d98)') called at /home/sand/src/perl/repoperls/installed-perls/host/k93x64sid/v5.24.1/3bd2/lib/site_perl/5.24.1/x86_64-linux-ld/Class/MOP/Class.pm line 899
	Class::MOP::Class::try {...}  at /home/sand/src/perl/repoperls/installed-perls/host/k93x64sid/v5.24.1/3bd2/lib/site_perl/5.24.1/Try/Tiny.pm line 103
	eval {...} at /home/sand/src/perl/repoperls/installed-perls/host/k93x64sid/v5.24.1/3bd2/lib/site_perl/5.24.1/Try/Tiny.pm line 94
	Try::Tiny::try('CODE(0x561c6375fb50)', 'Try::Tiny::Catch=REF(0x561c63753738)') called at /home/sand/src/perl/repoperls/installed-perls/host/k93x64sid/v5.24.1/3bd2/lib/site_perl/5.24.1/x86_64-linux-ld/Class/MOP/Class.pm line 904
	Class::MOP::Class::_post_add_attribute('Moose::Meta::Class=HASH(0x561c636f7c18)', 'Moose::Meta::Attribute=HASH(0x561c63753d98)') called at /home/sand/src/perl/repoperls/installed-perls/host/k93x64sid/v5.24.1/3bd2/lib/site_perl/5.24.1/x86_64-linux-ld/Class/MOP/Mixin/HasAttributes.pm line 39
	Class::MOP::Mixin::HasAttributes::add_attribute('Moose::Meta::Class=HASH(0x561c636f7c18)', 'Moose::Meta::Attribute=HASH(0x561c63753d98)') called at /home/sand/src/perl/repoperls/installed-perls/host/k93x64sid/v5.24.1/3bd2/lib/site_perl/5.24.1/x86_64-linux-ld/Moose/Meta/Class.pm line 583
	Moose::Meta::Class::add_attribute('Moose::Meta::Class=HASH(0x561c636f7c18)', 'Moose::Meta::Attribute=HASH(0x561c63753d98)') called at /home/sand/src/perl/repoperls/installed-perls/host/k93x64sid/v5.24.1/3bd2/lib/site_perl/5.24.1/x86_64-linux-ld/Moose/Meta/Role/Application/ToClass.pm line 126
	Moose::Meta::Role::Application::ToClass::apply_attributes('Moose::Meta::Role::Application::ToClass=HASH(0x561c6370c0c0)', 'Moose::Meta::Role=HASH(0x561c64149640)', 'Moose::Meta::Class=HASH(0x561c636f7c18)') called at /home/sand/src/perl/repoperls/installed-perls/host/k93x64sid/v5.24.1/3bd2/lib/site_perl/5.24.1/x86_64-linux-ld/Moose/Meta/Role/Application.pm line 59
	Moose::Meta::Role::Application::apply('Moose::Meta::Role::Application::ToClass=HASH(0x561c6370c0c0)', 'Moose::Meta::Role=HASH(0x561c64149640)', 'Moose::Meta::Class=HASH(0x561c636f7c18)') called at /home/sand/src/perl/repoperls/installed-perls/host/k93x64sid/v5.24.1/3bd2/lib/site_perl/5.24.1/x86_64-linux-ld/Moose/Meta/Role/Application/ToClass.pm line 31
	Moose::Meta::Role::Application::ToClass::apply('Moose::Meta::Role::Application::ToClass=HASH(0x561c6370c0c0)', 'Moose::Meta::Role=HASH(0x561c64149640)', 'Moose::Meta::Class=HASH(0x561c636f7c18)', 'HASH(0x561c6209e0c8)') called at /home/sand/src/perl/repoperls/installed-perls/host/k93x64sid/v5.24.1/3bd2/lib/site_perl/5.24.1/x86_64-linux-ld/Moose/Meta/Role.pm line 472
	Moose::Meta::Role::apply('Moose::Meta::Role=HASH(0x561c64149640)', 'Moose::Meta::Class=HASH(0x561c636f7c18)') called at /home/sand/src/perl/repoperls/installed-perls/host/k93x64sid/v5.24.1/3bd2/lib/site_perl/5.24.1/x86_64-linux-ld/Moose/Util.pm line 172
	Moose::Util::_apply_all_roles('Moose::Meta::Class=HASH(0x561c636f7c18)', undef, 'DBIx::Class::Graph::Role::ResultSet') called at /home/sand/src/perl/repoperls/installed-perls/host/k93x64sid/v5.24.1/3bd2/lib/site_perl/5.24.1/x86_64-linux-ld/Moose/Util.pm line 114
	Moose::Util::apply_all_roles('Moose::Meta::Class=HASH(0x561c636f7c18)', 'DBIx::Class::Graph::Role::ResultSet') called at /home/sand/src/perl/repoperls/installed-perls/host/k93x64sid/v5.24.1/3bd2/lib/site_perl/5.24.1/x86_64-linux-ld/Moose.pm line 57
	Moose::with('Moose::Meta::Class=HASH(0x561c636f7c18)', 'DBIx::Class::Graph::Role::ResultSet') called at /home/sand/src/perl/repoperls/installed-perls/host/k93x64sid/v5.24.1/3bd2/lib/site_perl/5.24.1/x86_64-linux-ld/Moose/Exporter.pm line 419
	Moose::with('DBIx::Class::Graph::Role::ResultSet') called at /tmp/loop_over_bdir-30970-U76edT/DBIx-Class-Graph-1.05-0/blib/lib/DBIx/Class/ResultSet/Graph.pm line 19
	require DBIx/Class/ResultSet/Graph.pm at /home/sand/src/perl/repoperls/installed-perls/host/k93x64sid/v5.24.1/3bd2/lib/site_perl/5.24.1/Class/C3/Componentised.pm line 150
	eval {...} at /home/sand/src/perl/repoperls/installed-perls/host/k93x64sid/v5.24.1/3bd2/lib/site_perl/5.24.1/Class/C3/Componentised.pm line 150
	Class::C3::Componentised::ensure_class_loaded('DBIx::Class::ResultSource::Table=HASH(0x561c60f74700)', 'DBIx::Class::ResultSet::Graph') called at /home/sand/src/perl/repoperls/installed-perls/host/k93x64sid/v5.24.1/3bd2/lib/site_perl/5.24.1/DBIx/Class/AccessorGroup.pm line 19
	DBIx::Class::AccessorGroup::get_component_class('DBIx::Class::ResultSource::Table=HASH(0x561c60f74700)', 'resultset_class') called at (eval 194) line 2
	DBIx::Class::ResultSource::resultset_class('DBIx::Class::ResultSource::Table=HASH(0x561c60f74700)') called at /home/sand/src/perl/repoperls/installed-perls/host/k93x64sid/v5.24.1/3bd2/lib/site_perl/5.24.1/DBIx/Class/ResultSource.pm line 1135
	DBIx::Class::ResultSource::resultset('DBIx::Class::ResultSource::Table=HASH(0x561c60f74700)') called at /home/sand/src/perl/repoperls/installed-perls/host/k93x64sid/v5.24.1/3bd2/lib/site_perl/5.24.1/DBIx/Class/Schema.pm line 547
	DBIx::Class::Schema::resultset('TestLib::Schema=HASH(0x561c60ac93c8)', 'Simple') called at /home/sand/src/perl/repoperls/installed-perls/host/k93x64sid/v5.24.1/3bd2/lib/site_perl/5.24.1/DBIx/Class/Schema.pm line 769
	DBIx::Class::Schema::populate('TestLib::Schema=HASH(0x561c60ac93c8)', 'Simple', 'ARRAY(0x561c636f2898)') called at t/lib/TestLib.pm line 20
	TestLib::new('TestLib') called at t/complex.t line 7
Compilation failed in require at /home/sand/src/perl/repoperls/installed-perls/host/k93x64sid/v5.24.1/3bd2/lib/site_perl/5.24.1/Class/C3/Componentised.pm line 150. at /home/sand/src/perl/repoperls/installed-perls/host/k93x64sid/v5.24.1/3bd2/lib/site_perl/5.24.1/Class/C3/Componentised.pm line 155
t/complex.t ................... 
Dubious, test returned 255 (wstat 65280, 0xff00)
No subtests run 
{UNKNOWN}: Could not generate inline handles for _graph->("" because : Failed to compile source: syntax error at (eval 759) line 21, near """( "


source:
#line 1 "inline delegation in DBIx::Class::ResultSet::Graph for _graph->("" (attribute declared in /tmp/loop_over_bdir-30970-U76edT/DBIx-Class-Graph-1.05-0/blib/lib/DBIx/Class/Graph/Role/ResultSet.pm at line 22)"
sub {
    my $self = shift;

    my $proxy = $self->_graph;
    if ( !defined $proxy ) {
        die Module::Runtime::use_module("Moose::Exception::AttributeValueIsNotDefined")->new(method    => $self->meta->find_method_by_name("(\"\""),
instance  => $self,
attribute => $self->meta->find_attribute_by_name("_graph"),
);
    }
    elsif ( ref $proxy && !Scalar::Util::blessed($proxy) ) {
        die Module::Runtime::use_module("Moose::Exception::AttributeValueIsNotAnObject")->new(method      => $self->meta->find_method_by_name("(\"\""),
instance    => $self,
attribute   => $self->meta->find_attribute_by_name("_graph"),
given_value => $proxy,
);
    }
    return $proxy->(""( @_ );
}
 at /home/sand/src/perl/repoperls/installed-perls/host/k93x64sid/v5.24.1/3bd2/lib/site_perl/5.24.1/x86_64-linux-ld/Class/MOP/Method/Generated.pm line 56.
 at /home/sand/src/perl/repoperls/installed-perls/host/k93x64sid/v5.24.1/3bd2/lib/site_perl/5.24.1/x86_64-linux-ld/Moose/Meta/Method/Delegation.pm line 154
	Moose::Meta::Method::Delegation::catch {...} ('Failed to compile source: syntax error at (eval 759) line 21, near """( "^J^J^Jsource:^J#line 1 "inline delegation in DBIx::Class::ResultSet::Graph for _graph->("" (attribute declared in /tmp/loop_over_bdir-30970-U76edT/DBIx-Class-Graph-1.05-0/blib/lib/DBIx/Class/Graph/Role/ResultSet.pm at line 22)"^Jsub {^J    my $self = shift;^J^J    my $proxy = $self->_graph;^J    if ( !defined $proxy ) {^J        die Module::Runtime::use_module("Moose::Exception::AttributeValueIsNotDefined")->new(method    => $self->meta->find_method_by_name("(\"\""),^Jinstance  => $self,^Jattribute => $self->meta->find_attribute_by_name("_graph"),^J);^J    }^J    elsif ( ref $proxy && !Scalar::Util::blessed($proxy) ) {^J        die Module::Runtime::use_module("Moose::Exception::AttributeValueIsNotAnObject")->new(method      => $self->meta->find_method_by_name("(\"\""),^Jinstance    => $self,^Jattribute   => $self->meta->find_attribute_by_name("_graph"),^Jgiven_value => $proxy,^J);^J    }^J    return $proxy->(""( @_ );^J}^J at /home/sand/src/perl/repoperls/installed-perls/host/k93x64sid/v5.24.1/3bd2/lib/site_perl/5.24.1/x86_64-linux-ld/Class/MOP/Method/Generated.pm line 56.^J') called at /home/sand/src/perl/repoperls/installed-perls/host/k93x64sid/v5.24.1/3bd2/lib/site_perl/5.24.1/Try/Tiny.pm line 124
	Try::Tiny::try('CODE(0x561cef0dffe8)', 'Try::Tiny::Catch=REF(0x561cef071a98)') called at /home/sand/src/perl/repoperls/installed-perls/host/k93x64sid/v5.24.1/3bd2/lib/site_perl/5.24.1/x86_64-linux-ld/Moose/Meta/Method/Delegation.pm line 160
	Moose::Meta::Method::Delegation::_generate_inline_method('Moose::Meta::Method::Delegation=HASH(0x561cec8887b0)') called at /home/sand/src/perl/repoperls/installed-perls/host/k93x64sid/v5.24.1/3bd2/lib/site_perl/5.24.1/x86_64-linux-ld/Moose/Meta/Method/Delegation.pm line 82
	Moose::Meta::Method::Delegation::_initialize_body('Moose::Meta::Method::Delegation=HASH(0x561cec8887b0)') called at /home/sand/src/perl/repoperls/installed-perls/host/k93x64sid/v5.24.1/3bd2/lib/site_perl/5.24.1/x86_64-linux-ld/Moose/Meta/Method/Delegation.pm line 54
	Moose::Meta::Method::Delegation::new('Moose::Meta::Method::Delegation', 'name', '(""', 'package_name', 'DBIx::Class::ResultSet::Graph', 'attribute', 'Moose::Meta::Attribute=HASH(0x561cee53a380)', 'delegate_to_method', '(""', 'curried_arguments', 'ARRAY(0x561cecb867b0)') called at /home/sand/src/perl/repoperls/installed-perls/host/k93x64sid/v5.24.1/3bd2/lib/site_perl/5.24.1/x86_64-linux-ld/Moose/Meta/Attribute.pm line 1301
	Moose::Meta::Attribute::_make_delegation_method('Moose::Meta::Attribute=HASH(0x561cee53a380)', '(""', '(""') called at /home/sand/src/perl/repoperls/installed-perls/host/k93x64sid/v5.24.1/3bd2/lib/site_perl/5.24.1/x86_64-linux-ld/Moose/Meta/Attribute.pm line 1168
	Moose::Meta::Attribute::install_delegation('Moose::Meta::Attribute=HASH(0x561cee53a380)') called at /home/sand/src/perl/repoperls/installed-perls/host/k93x64sid/v5.24.1/3bd2/lib/site_perl/5.24.1/x86_64-linux-ld/Moose/Meta/Attribute.pm line 1017
	Moose::Meta::Attribute::install_accessors('Moose::Meta::Attribute=HASH(0x561cee53a380)') called at /home/sand/src/perl/repoperls/installed-perls/host/k93x64sid/v5.24.1/3bd2/lib/site_perl/5.24.1/x86_64-linux-ld/Class/MOP/Class.pm line 899
	Class::MOP::Class::try {...}  at /home/sand/src/perl/repoperls/installed-perls/host/k93x64sid/v5.24.1/3bd2/lib/site_perl/5.24.1/Try/Tiny.pm line 103
	eval {...} at /home/sand/src/perl/repoperls/installed-perls/host/k93x64sid/v5.24.1/3bd2/lib/site_perl/5.24.1/Try/Tiny.pm line 94
	Try::Tiny::try('CODE(0x561ceeb05580)', 'Try::Tiny::Catch=REF(0x561cee53f6f0)') called at /home/sand/src/perl/repoperls/installed-perls/host/k93x64sid/v5.24.1/3bd2/lib/site_perl/5.24.1/x86_64-linux-ld/Class/MOP/Class.pm line 904
	Class::MOP::Class::_post_add_attribute('Moose::Meta::Class=HASH(0x561cee4bbcc8)', 'Moose::Meta::Attribute=HASH(0x561cee53a380)') called at /home/sand/src/perl/repoperls/installed-perls/host/k93x64sid/v5.24.1/3bd2/lib/site_perl/5.24.1/x86_64-linux-ld/Class/MOP/Mixin/HasAttributes.pm line 39
	Class::MOP::Mixin::HasAttributes::add_attribute('Moose::Meta::Class=HASH(0x561cee4bbcc8)', 'Moose::Meta::Attribute=HASH(0x561cee53a380)') called at /home/sand/src/perl/repoperls/installed-perls/host/k93x64sid/v5.24.1/3bd2/lib/site_perl/5.24.1/x86_64-linux-ld/Moose/Meta/Class.pm line 583
	Moose::Meta::Class::add_attribute('Moose::Meta::Class=HASH(0x561cee4bbcc8)', 'Moose::Meta::Attribute=HASH(0x561cee53a380)') called at /home/sand/src/perl/repoperls/installed-perls/host/k93x64sid/v5.24.1/3bd2/lib/site_perl/5.24.1/x86_64-linux-ld/Moose/Meta/Role/Application/ToClass.pm line 126
	Moose::Meta::Role::Application::ToClass::apply_attributes('Moose::Meta::Role::Application::ToClass=HASH(0x561cee51eed0)', 'Moose::Meta::Role=HASH(0x561ceef3f770)', 'Moose::Meta::Class=HASH(0x561cee4bbcc8)') called at /home/sand/src/perl/repoperls/installed-perls/host/k93x64sid/v5.24.1/3bd2/lib/site_perl/5.24.1/x86_64-linux-ld/Moose/Meta/Role/Application.pm line 59
	Moose::Meta::Role::Application::apply('Moose::Meta::Role::Application::ToClass=HASH(0x561cee51eed0)', 'Moose::Meta::Role=HASH(0x561ceef3f770)', 'Moose::Meta::Class=HASH(0x561cee4bbcc8)') called at /home/sand/src/perl/repoperls/installed-perls/host/k93x64sid/v5.24.1/3bd2/lib/site_perl/5.24.1/x86_64-linux-ld/Moose/Meta/Role/Application/ToClass.pm line 31
	Moose::Meta::Role::Application::ToClass::apply('Moose::Meta::Role::Application::ToClass=HASH(0x561cee51eed0)', 'Moose::Meta::Role=HASH(0x561ceef3f770)', 'Moose::Meta::Class=HASH(0x561cee4bbcc8)', 'HASH(0x561cecea58c8)') called at /home/sand/src/perl/repoperls/installed-perls/host/k93x64sid/v5.24.1/3bd2/lib/site_perl/5.24.1/x86_64-linux-ld/Moose/Meta/Role.pm line 472
	Moose::Meta::Role::apply('Moose::Meta::Role=HASH(0x561ceef3f770)', 'Moose::Meta::Class=HASH(0x561cee4bbcc8)') called at /home/sand/src/perl/repoperls/installed-perls/host/k93x64sid/v5.24.1/3bd2/lib/site_perl/5.24.1/x86_64-linux-ld/Moose/Util.pm line 172
	Moose::Util::_apply_all_roles('Moose::Meta::Class=HASH(0x561cee4bbcc8)', undef, 'DBIx::Class::Graph::Role::ResultSet') called at /home/sand/src/perl/repoperls/installed-perls/host/k93x64sid/v5.24.1/3bd2/lib/site_perl/5.24.1/x86_64-linux-ld/Moose/Util.pm line 114
	Moose::Util::apply_all_roles('Moose::Meta::Class=HASH(0x561cee4bbcc8)', 'DBIx::Class::Graph::Role::ResultSet') called at /home/sand/src/perl/repoperls/installed-perls/host/k93x64sid/v5.24.1/3bd2/lib/site_perl/5.24.1/x86_64-linux-ld/Moose.pm line 57
	Moose::with('Moose::Meta::Class=HASH(0x561cee4bbcc8)', 'DBIx::Class::Graph::Role::ResultSet') called at /home/sand/src/perl/repoperls/installed-perls/host/k93x64sid/v5.24.1/3bd2/lib/site_perl/5.24.1/x86_64-linux-ld/Moose/Exporter.pm line 419
	Moose::with('DBIx::Class::Graph::Role::ResultSet') called at /tmp/loop_over_bdir-30970-U76edT/DBIx-Class-Graph-1.05-0/blib/lib/DBIx/Class/ResultSet/Graph.pm line 19
	require DBIx/Class/ResultSet/Graph.pm at /home/sand/src/perl/repoperls/installed-perls/host/k93x64sid/v5.24.1/3bd2/lib/site_perl/5.24.1/Class/C3/Componentised.pm line 150
	eval {...} at /home/sand/src/perl/repoperls/installed-perls/host/k93x64sid/v5.24.1/3bd2/lib/site_perl/5.24.1/Class/C3/Componentised.pm line 150
	Class::C3::Componentised::ensure_class_loaded('DBIx::Class::ResultSource::Table=HASH(0x561ced408bb8)', 'DBIx::Class::ResultSet::Graph') called at /home/sand/src/perl/repoperls/installed-perls/host/k93x64sid/v5.24.1/3bd2/lib/site_perl/5.24.1/DBIx/Class/AccessorGroup.pm line 19
	DBIx::Class::AccessorGroup::get_component_class('DBIx::Class::ResultSource::Table=HASH(0x561ced408bb8)', 'resultset_class') called at (eval 194) line 2
	DBIx::Class::ResultSource::resultset_class('DBIx::Class::ResultSource::Table=HASH(0x561ced408bb8)') called at /home/sand/src/perl/repoperls/installed-perls/host/k93x64sid/v5.24.1/3bd2/lib/site_perl/5.24.1/DBIx/Class/ResultSource.pm line 1135
	DBIx::Class::ResultSource::resultset('DBIx::Class::ResultSource::Table=HASH(0x561ced408bb8)') called at /home/sand/src/perl/repoperls/installed-perls/host/k93x64sid/v5.24.1/3bd2/lib/site_perl/5.24.1/DBIx/Class/Schema.pm line 547
	DBIx::Class::Schema::resultset('TestLib::Schema=HASH(0x561ceb8873c8)', 'Simple') called at /home/sand/src/perl/repoperls/installed-perls/host/k93x64sid/v5.24.1/3bd2/lib/site_perl/5.24.1/DBIx/Class/Schema.pm line 769
	DBIx::Class::Schema::populate('TestLib::Schema=HASH(0x561ceb8873c8)', 'Simple', 'ARRAY(0x561cee4e9f80)') called at t/lib/TestLib.pm line 20
	TestLib::new('TestLib') called at t/leak.t line 8
Compilation failed in require at /home/sand/src/perl/repoperls/installed-perls/host/k93x64sid/v5.24.1/3bd2/lib/site_perl/5.24.1/Class/C3/Componentised.pm line 150. at /home/sand/src/perl/repoperls/installed-perls/host/k93x64sid/v5.24.1/3bd2/lib/site_perl/5.24.1/Class/C3/Componentised.pm line 155
t/leak.t ...................... 
Dubious, test returned 255 (wstat 65280, 0xff00)
No subtests run 
t/release-has-version.t ....... skipped: these tests are for release candidate testing
t/release-kwalitee.t .......... skipped: these tests are for release candidate testing
t/release-minimum-version.t ... skipped: these tests are for release candidate testing
t/release-pod-coverage.t ...... skipped: these tests are for release candidate testing
t/release-pod-syntax.t ........ skipped: these tests are for release candidate testing
{UNKNOWN}: Could not generate inline handles for _graph->("" because : Failed to compile source: syntax error at (eval 759) line 21, near """( "


source:
#line 1 "inline delegation in DBIx::Class::ResultSet::Graph for _graph->("" (attribute declared in /tmp/loop_over_bdir-30970-U76edT/DBIx-Class-Graph-1.05-0/blib/lib/DBIx/Class/Graph/Role/ResultSet.pm at line 22)"
sub {
    my $self = shift;

    my $proxy = $self->_graph;
    if ( !defined $proxy ) {
        die Module::Runtime::use_module("Moose::Exception::AttributeValueIsNotDefined")->new(method    => $self->meta->find_method_by_name("(\"\""),
instance  => $self,
attribute => $self->meta->find_attribute_by_name("_graph"),
);
    }
    elsif ( ref $proxy && !Scalar::Util::blessed($proxy) ) {
        die Module::Runtime::use_module("Moose::Exception::AttributeValueIsNotAnObject")->new(method      => $self->meta->find_method_by_name("(\"\""),
instance    => $self,
attribute   => $self->meta->find_attribute_by_name("_graph"),
given_value => $proxy,
);
    }
    return $proxy->(""( @_ );
}
 at /home/sand/src/perl/repoperls/installed-perls/host/k93x64sid/v5.24.1/3bd2/lib/site_perl/5.24.1/x86_64-linux-ld/Class/MOP/Method/Generated.pm line 56.
 at /home/sand/src/perl/repoperls/installed-perls/host/k93x64sid/v5.24.1/3bd2/lib/site_perl/5.24.1/x86_64-linux-ld/Moose/Meta/Method/Delegation.pm line 154
	Moose::Meta::Method::Delegation::catch {...} ('Failed to compile source: syntax error at (eval 759) line 21, near """( "^J^J^Jsource:^J#line 1 "inline delegation in DBIx::Class::ResultSet::Graph for _graph->("" (attribute declared in /tmp/loop_over_bdir-30970-U76edT/DBIx-Class-Graph-1.05-0/blib/lib/DBIx/Class/Graph/Role/ResultSet.pm at line 22)"^Jsub {^J    my $self = shift;^J^J    my $proxy = $self->_graph;^J    if ( !defined $proxy ) {^J        die Module::Runtime::use_module("Moose::Exception::AttributeValueIsNotDefined")->new(method    => $self->meta->find_method_by_name("(\"\""),^Jinstance  => $self,^Jattribute => $self->meta->find_attribute_by_name("_graph"),^J);^J    }^J    elsif ( ref $proxy && !Scalar::Util::blessed($proxy) ) {^J        die Module::Runtime::use_module("Moose::Exception::AttributeValueIsNotAnObject")->new(method      => $self->meta->find_method_by_name("(\"\""),^Jinstance    => $self,^Jattribute   => $self->meta->find_attribute_by_name("_graph"),^Jgiven_value => $proxy,^J);^J    }^J    return $proxy->(""( @_ );^J}^J at /home/sand/src/perl/repoperls/installed-perls/host/k93x64sid/v5.24.1/3bd2/lib/site_perl/5.24.1/x86_64-linux-ld/Class/MOP/Method/Generated.pm line 56.^J') called at /home/sand/src/perl/repoperls/installed-perls/host/k93x64sid/v5.24.1/3bd2/lib/site_perl/5.24.1/Try/Tiny.pm line 124
	Try::Tiny::try('CODE(0x562ff74e69a0)', 'Try::Tiny::Catch=REF(0x562ff695fe30)') called at /home/sand/src/perl/repoperls/installed-perls/host/k93x64sid/v5.24.1/3bd2/lib/site_perl/5.24.1/x86_64-linux-ld/Moose/Meta/Method/Delegation.pm line 160
	Moose::Meta::Method::Delegation::_generate_inline_method('Moose::Meta::Method::Delegation=HASH(0x562ff4c998d0)') called at /home/sand/src/perl/repoperls/installed-perls/host/k93x64sid/v5.24.1/3bd2/lib/site_perl/5.24.1/x86_64-linux-ld/Moose/Meta/Method/Delegation.pm line 82
	Moose::Meta::Method::Delegation::_initialize_body('Moose::Meta::Method::Delegation=HASH(0x562ff4c998d0)') called at /home/sand/src/perl/repoperls/installed-perls/host/k93x64sid/v5.24.1/3bd2/lib/site_perl/5.24.1/x86_64-linux-ld/Moose/Meta/Method/Delegation.pm line 54
	Moose::Meta::Method::Delegation::new('Moose::Meta::Method::Delegation', 'name', '(""', 'package_name', 'DBIx::Class::ResultSet::Graph', 'attribute', 'Moose::Meta::Attribute=HASH(0x562ff695f1d0)', 'delegate_to_method', '(""', 'curried_arguments', 'ARRAY(0x562ff4f87118)') called at /home/sand/src/perl/repoperls/installed-perls/host/k93x64sid/v5.24.1/3bd2/lib/site_perl/5.24.1/x86_64-linux-ld/Moose/Meta/Attribute.pm line 1301
	Moose::Meta::Attribute::_make_delegation_method('Moose::Meta::Attribute=HASH(0x562ff695f1d0)', '(""', '(""') called at /home/sand/src/perl/repoperls/installed-perls/host/k93x64sid/v5.24.1/3bd2/lib/site_perl/5.24.1/x86_64-linux-ld/Moose/Meta/Attribute.pm line 1168
	Moose::Meta::Attribute::install_delegation('Moose::Meta::Attribute=HASH(0x562ff695f1d0)') called at /home/sand/src/perl/repoperls/installed-perls/host/k93x64sid/v5.24.1/3bd2/lib/site_perl/5.24.1/x86_64-linux-ld/Moose/Meta/Attribute.pm line 1017
	Moose::Meta::Attribute::install_accessors('Moose::Meta::Attribute=HASH(0x562ff695f1d0)') called at /home/sand/src/perl/repoperls/installed-perls/host/k93x64sid/v5.24.1/3bd2/lib/site_perl/5.24.1/x86_64-linux-ld/Class/MOP/Class.pm line 899
	Class::MOP::Class::try {...}  at /home/sand/src/perl/repoperls/installed-perls/host/k93x64sid/v5.24.1/3bd2/lib/site_perl/5.24.1/Try/Tiny.pm line 103
	eval {...} at /home/sand/src/perl/repoperls/installed-perls/host/k93x64sid/v5.24.1/3bd2/lib/site_perl/5.24.1/Try/Tiny.pm line 94
	Try::Tiny::try('CODE(0x562ff6f0b100)', 'Try::Tiny::Catch=REF(0x562ff6901d78)') called at /home/sand/src/perl/repoperls/installed-perls/host/k93x64sid/v5.24.1/3bd2/lib/site_perl/5.24.1/x86_64-linux-ld/Class/MOP/Class.pm line 904
	Class::MOP::Class::_post_add_attribute('Moose::Meta::Class=HASH(0x562ff69083e8)', 'Moose::Meta::Attribute=HASH(0x562ff695f1d0)') called at /home/sand/src/perl/repoperls/installed-perls/host/k93x64sid/v5.24.1/3bd2/lib/site_perl/5.24.1/x86_64-linux-ld/Class/MOP/Mixin/HasAttributes.pm line 39
	Class::MOP::Mixin::HasAttributes::add_attribute('Moose::Meta::Class=HASH(0x562ff69083e8)', 'Moose::Meta::Attribute=HASH(0x562ff695f1d0)') called at /home/sand/src/perl/repoperls/installed-perls/host/k93x64sid/v5.24.1/3bd2/lib/site_perl/5.24.1/x86_64-linux-ld/Moose/Meta/Class.pm line 583
	Moose::Meta::Class::add_attribute('Moose::Meta::Class=HASH(0x562ff69083e8)', 'Moose::Meta::Attribute=HASH(0x562ff695f1d0)') called at /home/sand/src/perl/repoperls/installed-perls/host/k93x64sid/v5.24.1/3bd2/lib/site_perl/5.24.1/x86_64-linux-ld/Moose/Meta/Role/Application/ToClass.pm line 126
	Moose::Meta::Role::Application::ToClass::apply_attributes('Moose::Meta::Role::Application::ToClass=HASH(0x562ff68f5498)', 'Moose::Meta::Role=HASH(0x562ff7343fc8)', 'Moose::Meta::Class=HASH(0x562ff69083e8)') called at /home/sand/src/perl/repoperls/installed-perls/host/k93x64sid/v5.24.1/3bd2/lib/site_perl/5.24.1/x86_64-linux-ld/Moose/Meta/Role/Application.pm line 59
	Moose::Meta::Role::Application::apply('Moose::Meta::Role::Application::ToClass=HASH(0x562ff68f5498)', 'Moose::Meta::Role=HASH(0x562ff7343fc8)', 'Moose::Meta::Class=HASH(0x562ff69083e8)') called at /home/sand/src/perl/repoperls/installed-perls/host/k93x64sid/v5.24.1/3bd2/lib/site_perl/5.24.1/x86_64-linux-ld/Moose/Meta/Role/Application/ToClass.pm line 31
	Moose::Meta::Role::Application::ToClass::apply('Moose::Meta::Role::Application::ToClass=HASH(0x562ff68f5498)', 'Moose::Meta::Role=HASH(0x562ff7343fc8)', 'Moose::Meta::Class=HASH(0x562ff69083e8)', 'HASH(0x562ff52b0028)') called at /home/sand/src/perl/repoperls/installed-perls/host/k93x64sid/v5.24.1/3bd2/lib/site_perl/5.24.1/x86_64-linux-ld/Moose/Meta/Role.pm line 472
	Moose::Meta::Role::apply('Moose::Meta::Role=HASH(0x562ff7343fc8)', 'Moose::Meta::Class=HASH(0x562ff69083e8)') called at /home/sand/src/perl/repoperls/installed-perls/host/k93x64sid/v5.24.1/3bd2/lib/site_perl/5.24.1/x86_64-linux-ld/Moose/Util.pm line 172
	Moose::Util::_apply_all_roles('Moose::Meta::Class=HASH(0x562ff69083e8)', undef, 'DBIx::Class::Graph::Role::ResultSet') called at /home/sand/src/perl/repoperls/installed-perls/host/k93x64sid/v5.24.1/3bd2/lib/site_perl/5.24.1/x86_64-linux-ld/Moose/Util.pm line 114
	Moose::Util::apply_all_roles('Moose::Meta::Class=HASH(0x562ff69083e8)', 'DBIx::Class::Graph::Role::ResultSet') called at /home/sand/src/perl/repoperls/installed-perls/host/k93x64sid/v5.24.1/3bd2/lib/site_perl/5.24.1/x86_64-linux-ld/Moose.pm line 57
	Moose::with('Moose::Meta::Class=HASH(0x562ff69083e8)', 'DBIx::Class::Graph::Role::ResultSet') called at /home/sand/src/perl/repoperls/installed-perls/host/k93x64sid/v5.24.1/3bd2/lib/site_perl/5.24.1/x86_64-linux-ld/Moose/Exporter.pm line 419
	Moose::with('DBIx::Class::Graph::Role::ResultSet') called at /tmp/loop_over_bdir-30970-U76edT/DBIx-Class-Graph-1.05-0/blib/lib/DBIx/Class/ResultSet/Graph.pm line 19
	require DBIx/Class/ResultSet/Graph.pm at /home/sand/src/perl/repoperls/installed-perls/host/k93x64sid/v5.24.1/3bd2/lib/site_perl/5.24.1/Class/C3/Componentised.pm line 150
	eval {...} at /home/sand/src/perl/repoperls/installed-perls/host/k93x64sid/v5.24.1/3bd2/lib/site_perl/5.24.1/Class/C3/Componentised.pm line 150
	Class::C3::Componentised::ensure_class_loaded('DBIx::Class::ResultSource::Table=HASH(0x562ff4179c60)', 'DBIx::Class::ResultSet::Graph') called at /home/sand/src/perl/repoperls/installed-perls/host/k93x64sid/v5.24.1/3bd2/lib/site_perl/5.24.1/DBIx/Class/AccessorGroup.pm line 19
	DBIx::Class::AccessorGroup::get_component_class('DBIx::Class::ResultSource::Table=HASH(0x562ff4179c60)', 'resultset_class') called at (eval 194) line 2
	DBIx::Class::ResultSource::resultset_class('DBIx::Class::ResultSource::Table=HASH(0x562ff4179c60)') called at /home/sand/src/perl/repoperls/installed-perls/host/k93x64sid/v5.24.1/3bd2/lib/site_perl/5.24.1/DBIx/Class/ResultSource.pm line 1135
	DBIx::Class::ResultSource::resultset('DBIx::Class::ResultSource::Table=HASH(0x562ff4179c60)') called at /home/sand/src/perl/repoperls/installed-perls/host/k93x64sid/v5.24.1/3bd2/lib/site_perl/5.24.1/DBIx/Class/Schema.pm line 547
	DBIx::Class::Schema::resultset('TestLib::Schema=HASH(0x562ff3ccf3c8)', 'Simple') called at /home/sand/src/perl/repoperls/installed-perls/host/k93x64sid/v5.24.1/3bd2/lib/site_perl/5.24.1/DBIx/Class/Schema.pm line 769
	DBIx::Class::Schema::populate('TestLib::Schema=HASH(0x562ff3ccf3c8)', 'Simple', 'ARRAY(0x562ff68e5698)') called at t/lib/TestLib.pm line 20
	TestLib::new('TestLib') called at t/result.t line 7
Compilation failed in require at /home/sand/src/perl/repoperls/installed-perls/host/k93x64sid/v5.24.1/3bd2/lib/site_perl/5.24.1/Class/C3/Componentised.pm line 150. at /home/sand/src/perl/repoperls/installed-perls/host/k93x64sid/v5.24.1/3bd2/lib/site_perl/5.24.1/Class/C3/Componentised.pm line 155
t/result.t .................... 
Dubious, test returned 255 (wstat 65280, 0xff00)
No subtests run 
{UNKNOWN}: Could not generate inline handles for _graph->("" because : Failed to compile source: syntax error at (eval 759) line 21, near """( "


source:
#line 1 "inline delegation in DBIx::Class::ResultSet::Graph for _graph->("" (attribute declared in /tmp/loop_over_bdir-30970-U76edT/DBIx-Class-Graph-1.05-0/blib/lib/DBIx/Class/Graph/Role/ResultSet.pm at line 22)"
sub {
    my $self = shift;

    my $proxy = $self->_graph;
    if ( !defined $proxy ) {
        die Module::Runtime::use_module("Moose::Exception::AttributeValueIsNotDefined")->new(method    => $self->meta->find_method_by_name("(\"\""),
instance  => $self,
attribute => $self->meta->find_attribute_by_name("_graph"),
);
    }
    elsif ( ref $proxy && !Scalar::Util::blessed($proxy) ) {
        die Module::Runtime::use_module("Moose::Exception::AttributeValueIsNotAnObject")->new(method      => $self->meta->find_method_by_name("(\"\""),
instance    => $self,
attribute   => $self->meta->find_attribute_by_name("_graph"),
given_value => $proxy,
);
    }
    return $proxy->(""( @_ );
}
 at /home/sand/src/perl/repoperls/installed-perls/host/k93x64sid/v5.24.1/3bd2/lib/site_perl/5.24.1/x86_64-linux-ld/Class/MOP/Method/Generated.pm line 56.
 at /home/sand/src/perl/repoperls/installed-perls/host/k93x64sid/v5.24.1/3bd2/lib/site_perl/5.24.1/x86_64-linux-ld/Moose/Meta/Method/Delegation.pm line 154
	Moose::Meta::Method::Delegation::catch {...} ('Failed to compile source: syntax error at (eval 759) line 21, near """( "^J^J^Jsource:^J#line 1 "inline delegation in DBIx::Class::ResultSet::Graph for _graph->("" (attribute declared in /tmp/loop_over_bdir-30970-U76edT/DBIx-Class-Graph-1.05-0/blib/lib/DBIx/Class/Graph/Role/ResultSet.pm at line 22)"^Jsub {^J    my $self = shift;^J^J    my $proxy = $self->_graph;^J    if ( !defined $proxy ) {^J        die Module::Runtime::use_module("Moose::Exception::AttributeValueIsNotDefined")->new(method    => $self->meta->find_method_by_name("(\"\""),^Jinstance  => $self,^Jattribute => $self->meta->find_attribute_by_name("_graph"),^J);^J    }^J    elsif ( ref $proxy && !Scalar::Util::blessed($proxy) ) {^J        die Module::Runtime::use_module("Moose::Exception::AttributeValueIsNotAnObject")->new(method      => $self->meta->find_method_by_name("(\"\""),^Jinstance    => $self,^Jattribute   => $self->meta->find_attribute_by_name("_graph"),^Jgiven_value => $proxy,^J);^J    }^J    return $proxy->(""( @_ );^J}^J at /home/sand/src/perl/repoperls/installed-perls/host/k93x64sid/v5.24.1/3bd2/lib/site_perl/5.24.1/x86_64-linux-ld/Class/MOP/Method/Generated.pm line 56.^J') called at /home/sand/src/perl/repoperls/installed-perls/host/k93x64sid/v5.24.1/3bd2/lib/site_perl/5.24.1/Try/Tiny.pm line 124
	Try::Tiny::try('CODE(0x564489bf7c48)', 'Try::Tiny::Catch=REF(0x56448906dc98)') called at /home/sand/src/perl/repoperls/installed-perls/host/k93x64sid/v5.24.1/3bd2/lib/site_perl/5.24.1/x86_64-linux-ld/Moose/Meta/Method/Delegation.pm line 160
	Moose::Meta::Method::Delegation::_generate_inline_method('Moose::Meta::Method::Delegation=HASH(0x5644873aa9b0)') called at /home/sand/src/perl/repoperls/installed-perls/host/k93x64sid/v5.24.1/3bd2/lib/site_perl/5.24.1/x86_64-linux-ld/Moose/Meta/Method/Delegation.pm line 82
	Moose::Meta::Method::Delegation::_initialize_body('Moose::Meta::Method::Delegation=HASH(0x5644873aa9b0)') called at /home/sand/src/perl/repoperls/installed-perls/host/k93x64sid/v5.24.1/3bd2/lib/site_perl/5.24.1/x86_64-linux-ld/Moose/Meta/Method/Delegation.pm line 54
	Moose::Meta::Method::Delegation::new('Moose::Meta::Method::Delegation', 'name', '(""', 'package_name', 'DBIx::Class::ResultSet::Graph', 'attribute', 'Moose::Meta::Attribute=HASH(0x56448906a840)', 'delegate_to_method', '(""', 'curried_arguments', 'ARRAY(0x5644876982c8)') called at /home/sand/src/perl/repoperls/installed-perls/host/k93x64sid/v5.24.1/3bd2/lib/site_perl/5.24.1/x86_64-linux-ld/Moose/Meta/Attribute.pm line 1301
	Moose::Meta::Attribute::_make_delegation_method('Moose::Meta::Attribute=HASH(0x56448906a840)', '(""', '(""') called at /home/sand/src/perl/repoperls/installed-perls/host/k93x64sid/v5.24.1/3bd2/lib/site_perl/5.24.1/x86_64-linux-ld/Moose/Meta/Attribute.pm line 1168
	Moose::Meta::Attribute::install_delegation('Moose::Meta::Attribute=HASH(0x56448906a840)') called at /home/sand/src/perl/repoperls/installed-perls/host/k93x64sid/v5.24.1/3bd2/lib/site_perl/5.24.1/x86_64-linux-ld/Moose/Meta/Attribute.pm line 1017
	Moose::Meta::Attribute::install_accessors('Moose::Meta::Attribute=HASH(0x56448906a840)') called at /home/sand/src/perl/repoperls/installed-perls/host/k93x64sid/v5.24.1/3bd2/lib/site_perl/5.24.1/x86_64-linux-ld/Class/MOP/Class.pm line 899
	Class::MOP::Class::try {...}  at /home/sand/src/perl/repoperls/installed-perls/host/k93x64sid/v5.24.1/3bd2/lib/site_perl/5.24.1/Try/Tiny.pm line 103
	eval {...} at /home/sand/src/perl/repoperls/installed-perls/host/k93x64sid/v5.24.1/3bd2/lib/site_perl/5.24.1/Try/Tiny.pm line 94
	Try::Tiny::try('CODE(0x564489069c58)', 'Try::Tiny::Catch=REF(0x56448903c2e0)') called at /home/sand/src/perl/repoperls/installed-perls/host/k93x64sid/v5.24.1/3bd2/lib/site_perl/5.24.1/x86_64-linux-ld/Class/MOP/Class.pm line 904
	Class::MOP::Class::_post_add_attribute('Moose::Meta::Class=HASH(0x564488fff5c0)', 'Moose::Meta::Attribute=HASH(0x56448906a840)') called at /home/sand/src/perl/repoperls/installed-perls/host/k93x64sid/v5.24.1/3bd2/lib/site_perl/5.24.1/x86_64-linux-ld/Class/MOP/Mixin/HasAttributes.pm line 39
	Class::MOP::Mixin::HasAttributes::add_attribute('Moose::Meta::Class=HASH(0x564488fff5c0)', 'Moose::Meta::Attribute=HASH(0x56448906a840)') called at /home/sand/src/perl/repoperls/installed-perls/host/k93x64sid/v5.24.1/3bd2/lib/site_perl/5.24.1/x86_64-linux-ld/Moose/Meta/Class.pm line 583
	Moose::Meta::Class::add_attribute('Moose::Meta::Class=HASH(0x564488fff5c0)', 'Moose::Meta::Attribute=HASH(0x56448906a840)') called at /home/sand/src/perl/repoperls/installed-perls/host/k93x64sid/v5.24.1/3bd2/lib/site_perl/5.24.1/x86_64-linux-ld/Moose/Meta/Role/Application/ToClass.pm line 126
	Moose::Meta::Role::Application::ToClass::apply_attributes('Moose::Meta::Role::Application::ToClass=HASH(0x56448901aa88)', 'Moose::Meta::Role=HASH(0x564489a54320)', 'Moose::Meta::Class=HASH(0x564488fff5c0)') called at /home/sand/src/perl/repoperls/installed-perls/host/k93x64sid/v5.24.1/3bd2/lib/site_perl/5.24.1/x86_64-linux-ld/Moose/Meta/Role/Application.pm line 59
	Moose::Meta::Role::Application::apply('Moose::Meta::Role::Application::ToClass=HASH(0x56448901aa88)', 'Moose::Meta::Role=HASH(0x564489a54320)', 'Moose::Meta::Class=HASH(0x564488fff5c0)') called at /home/sand/src/perl/repoperls/installed-perls/host/k93x64sid/v5.24.1/3bd2/lib/site_perl/5.24.1/x86_64-linux-ld/Moose/Meta/Role/Application/ToClass.pm line 31
	Moose::Meta::Role::Application::ToClass::apply('Moose::Meta::Role::Application::ToClass=HASH(0x56448901aa88)', 'Moose::Meta::Role=HASH(0x564489a54320)', 'Moose::Meta::Class=HASH(0x564488fff5c0)', 'HASH(0x5644879b4d38)') called at /home/sand/src/perl/repoperls/installed-perls/host/k93x64sid/v5.24.1/3bd2/lib/site_perl/5.24.1/x86_64-linux-ld/Moose/Meta/Role.pm line 472
	Moose::Meta::Role::apply('Moose::Meta::Role=HASH(0x564489a54320)', 'Moose::Meta::Class=HASH(0x564488fff5c0)') called at /home/sand/src/perl/repoperls/installed-perls/host/k93x64sid/v5.24.1/3bd2/lib/site_perl/5.24.1/x86_64-linux-ld/Moose/Util.pm line 172
	Moose::Util::_apply_all_roles('Moose::Meta::Class=HASH(0x564488fff5c0)', undef, 'DBIx::Class::Graph::Role::ResultSet') called at /home/sand/src/perl/repoperls/installed-perls/host/k93x64sid/v5.24.1/3bd2/lib/site_perl/5.24.1/x86_64-linux-ld/Moose/Util.pm line 114
	Moose::Util::apply_all_roles('Moose::Meta::Class=HASH(0x564488fff5c0)', 'DBIx::Class::Graph::Role::ResultSet') called at /home/sand/src/perl/repoperls/installed-perls/host/k93x64sid/v5.24.1/3bd2/lib/site_perl/5.24.1/x86_64-linux-ld/Moose.pm line 57
	Moose::with('Moose::Meta::Class=HASH(0x564488fff5c0)', 'DBIx::Class::Graph::Role::ResultSet') called at /home/sand/src/perl/repoperls/installed-perls/host/k93x64sid/v5.24.1/3bd2/lib/site_perl/5.24.1/x86_64-linux-ld/Moose/Exporter.pm line 419
	Moose::with('DBIx::Class::Graph::Role::ResultSet') called at /tmp/loop_over_bdir-30970-U76edT/DBIx-Class-Graph-1.05-0/blib/lib/DBIx/Class/ResultSet/Graph.pm line 19
	require DBIx/Class/ResultSet/Graph.pm at /home/sand/src/perl/repoperls/installed-perls/host/k93x64sid/v5.24.1/3bd2/lib/site_perl/5.24.1/Class/C3/Componentised.pm line 150
	eval {...} at /home/sand/src/perl/repoperls/installed-perls/host/k93x64sid/v5.24.1/3bd2/lib/site_perl/5.24.1/Class/C3/Componentised.pm line 150
	Class::C3::Componentised::ensure_class_loaded('DBIx::Class::ResultSource::Table=HASH(0x5644868896d8)', 'DBIx::Class::ResultSet::Graph') called at /home/sand/src/perl/repoperls/installed-perls/host/k93x64sid/v5.24.1/3bd2/lib/site_perl/5.24.1/DBIx/Class/AccessorGroup.pm line 19
	DBIx::Class::AccessorGroup::get_component_class('DBIx::Class::ResultSource::Table=HASH(0x5644868896d8)', 'resultset_class') called at (eval 194) line 2
	DBIx::Class::ResultSource::resultset_class('DBIx::Class::ResultSource::Table=HASH(0x5644868896d8)') called at /home/sand/src/perl/repoperls/installed-perls/host/k93x64sid/v5.24.1/3bd2/lib/site_perl/5.24.1/DBIx/Class/ResultSource.pm line 1135
	DBIx::Class::ResultSource::resultset('DBIx::Class::ResultSource::Table=HASH(0x5644868896d8)') called at /home/sand/src/perl/repoperls/installed-perls/host/k93x64sid/v5.24.1/3bd2/lib/site_perl/5.24.1/DBIx/Class/Schema.pm line 547
	DBIx::Class::Schema::resultset('TestLib::Schema=HASH(0x5644863e03c8)', 'Simple') called at /home/sand/src/perl/repoperls/installed-perls/host/k93x64sid/v5.24.1/3bd2/lib/site_perl/5.24.1/DBIx/Class/Schema.pm line 769
	DBIx::Class::Schema::populate('TestLib::Schema=HASH(0x5644863e03c8)', 'Simple', 'ARRAY(0x564488fd8e78)') called at t/lib/TestLib.pm line 20
	TestLib::new('TestLib') called at t/resultset.t line 7
Compilation failed in require at /home/sand/src/perl/repoperls/installed-perls/host/k93x64sid/v5.24.1/3bd2/lib/site_perl/5.24.1/Class/C3/Componentised.pm line 150. at /home/sand/src/perl/repoperls/installed-perls/host/k93x64sid/v5.24.1/3bd2/lib/site_perl/5.24.1/Class/C3/Componentised.pm line 155
t/resultset.t ................. 
Dubious, test returned 255 (wstat 65280, 0xff00)
No subtests run 
{UNKNOWN}: Could not generate inline handles for _graph->("" because : Failed to compile source: syntax error at (eval 760) line 21, near """( "


source:
#line 1 "inline delegation in DBIx::Class::ResultSet::Graph for _graph->("" (attribute declared in /tmp/loop_over_bdir-30970-U76edT/DBIx-Class-Graph-1.05-0/blib/lib/DBIx/Class/Graph/Role/ResultSet.pm at line 22)"
sub {
    my $self = shift;

    my $proxy = $self->_graph;
    if ( !defined $proxy ) {
        die Module::Runtime::use_module("Moose::Exception::AttributeValueIsNotDefined")->new(method    => $self->meta->find_method_by_name("(\"\""),
instance  => $self,
attribute => $self->meta->find_attribute_by_name("_graph"),
);
    }
    elsif ( ref $proxy && !Scalar::Util::blessed($proxy) ) {
        die Module::Runtime::use_module("Moose::Exception::AttributeValueIsNotAnObject")->new(method      => $self->meta->find_method_by_name("(\"\""),
instance    => $self,
attribute   => $self->meta->find_attribute_by_name("_graph"),
given_value => $proxy,
);
    }
    return $proxy->(""( @_ );
}
 at /home/sand/src/perl/repoperls/installed-perls/host/k93x64sid/v5.24.1/3bd2/lib/site_perl/5.24.1/x86_64-linux-ld/Class/MOP/Method/Generated.pm line 56.
 at /home/sand/src/perl/repoperls/installed-perls/host/k93x64sid/v5.24.1/3bd2/lib/site_perl/5.24.1/x86_64-linux-ld/Moose/Meta/Method/Delegation.pm line 154
	Moose::Meta::Method::Delegation::catch {...} ('Failed to compile source: syntax error at (eval 760) line 21, near """( "^J^J^Jsource:^J#line 1 "inline delegation in DBIx::Class::ResultSet::Graph for _graph->("" (attribute declared in /tmp/loop_over_bdir-30970-U76edT/DBIx-Class-Graph-1.05-0/blib/lib/DBIx/Class/Graph/Role/ResultSet.pm at line 22)"^Jsub {^J    my $self = shift;^J^J    my $proxy = $self->_graph;^J    if ( !defined $proxy ) {^J        die Module::Runtime::use_module("Moose::Exception::AttributeValueIsNotDefined")->new(method    => $self->meta->find_method_by_name("(\"\""),^Jinstance  => $self,^Jattribute => $self->meta->find_attribute_by_name("_graph"),^J);^J    }^J    elsif ( ref $proxy && !Scalar::Util::blessed($proxy) ) {^J        die Module::Runtime::use_module("Moose::Exception::AttributeValueIsNotAnObject")->new(method      => $self->meta->find_method_by_name("(\"\""),^Jinstance    => $self,^Jattribute   => $self->meta->find_attribute_by_name("_graph"),^Jgiven_value => $proxy,^J);^J    }^J    return $proxy->(""( @_ );^J}^J at /home/sand/src/perl/repoperls/installed-perls/host/k93x64sid/v5.24.1/3bd2/lib/site_perl/5.24.1/x86_64-linux-ld/Class/MOP/Method/Generated.pm line 56.^J') called at /home/sand/src/perl/repoperls/installed-perls/host/k93x64sid/v5.24.1/3bd2/lib/site_perl/5.24.1/Try/Tiny.pm line 124
	Try::Tiny::try('CODE(0x55893d15ae80)', 'Try::Tiny::Catch=REF(0x55893c5cf790)') called at /home/sand/src/perl/repoperls/installed-perls/host/k93x64sid/v5.24.1/3bd2/lib/site_perl/5.24.1/x86_64-linux-ld/Moose/Meta/Method/Delegation.pm line 160
	Moose::Meta::Method::Delegation::_generate_inline_method('Moose::Meta::Method::Delegation=HASH(0x55893a907950)') called at /home/sand/src/perl/repoperls/installed-perls/host/k93x64sid/v5.24.1/3bd2/lib/site_perl/5.24.1/x86_64-linux-ld/Moose/Meta/Method/Delegation.pm line 82
	Moose::Meta::Method::Delegation::_initialize_body('Moose::Meta::Method::Delegation=HASH(0x55893a907950)') called at /home/sand/src/perl/repoperls/installed-perls/host/k93x64sid/v5.24.1/3bd2/lib/site_perl/5.24.1/x86_64-linux-ld/Moose/Meta/Method/Delegation.pm line 54
	Moose::Meta::Method::Delegation::new('Moose::Meta::Method::Delegation', 'name', '(""', 'package_name', 'DBIx::Class::ResultSet::Graph', 'attribute', 'Moose::Meta::Attribute=HASH(0x55893c5c4cf0)', 'delegate_to_method', '(""', 'curried_arguments', 'ARRAY(0x55893abf51f8)') called at /home/sand/src/perl/repoperls/installed-perls/host/k93x64sid/v5.24.1/3bd2/lib/site_perl/5.24.1/x86_64-linux-ld/Moose/Meta/Attribute.pm line 1301
	Moose::Meta::Attribute::_make_delegation_method('Moose::Meta::Attribute=HASH(0x55893c5c4cf0)', '(""', '(""') called at /home/sand/src/perl/repoperls/installed-perls/host/k93x64sid/v5.24.1/3bd2/lib/site_perl/5.24.1/x86_64-linux-ld/Moose/Meta/Attribute.pm line 1168
	Moose::Meta::Attribute::install_delegation('Moose::Meta::Attribute=HASH(0x55893c5c4cf0)') called at /home/sand/src/perl/repoperls/installed-perls/host/k93x64sid/v5.24.1/3bd2/lib/site_perl/5.24.1/x86_64-linux-ld/Moose/Meta/Attribute.pm line 1017
	Moose::Meta::Attribute::install_accessors('Moose::Meta::Attribute=HASH(0x55893c5c4cf0)') called at /home/sand/src/perl/repoperls/installed-perls/host/k93x64sid/v5.24.1/3bd2/lib/site_perl/5.24.1/x86_64-linux-ld/Class/MOP/Class.pm line 899
	Class::MOP::Class::try {...}  at /home/sand/src/perl/repoperls/installed-perls/host/k93x64sid/v5.24.1/3bd2/lib/site_perl/5.24.1/Try/Tiny.pm line 103
	eval {...} at /home/sand/src/perl/repoperls/installed-perls/host/k93x64sid/v5.24.1/3bd2/lib/site_perl/5.24.1/Try/Tiny.pm line 94
	Try::Tiny::try('CODE(0x55893cb7b518)', 'Try::Tiny::Catch=REF(0x55893c5c4690)') called at /home/sand/src/perl/repoperls/installed-perls/host/k93x64sid/v5.24.1/3bd2/lib/site_perl/5.24.1/x86_64-linux-ld/Class/MOP/Class.pm line 904
	Class::MOP::Class::_post_add_attribute('Moose::Meta::Class=HASH(0x55893c582ff0)', 'Moose::Meta::Attribute=HASH(0x55893c5c4cf0)') called at /home/sand/src/perl/repoperls/installed-perls/host/k93x64sid/v5.24.1/3bd2/lib/site_perl/5.24.1/x86_64-linux-ld/Class/MOP/Mixin/HasAttributes.pm line 39
	Class::MOP::Mixin::HasAttributes::add_attribute('Moose::Meta::Class=HASH(0x55893c582ff0)', 'Moose::Meta::Attribute=HASH(0x55893c5c4cf0)') called at /home/sand/src/perl/repoperls/installed-perls/host/k93x64sid/v5.24.1/3bd2/lib/site_perl/5.24.1/x86_64-linux-ld/Moose/Meta/Class.pm line 583
	Moose::Meta::Class::add_attribute('Moose::Meta::Class=HASH(0x55893c582ff0)', 'Moose::Meta::Attribute=HASH(0x55893c5c4cf0)') called at /home/sand/src/perl/repoperls/installed-perls/host/k93x64sid/v5.24.1/3bd2/lib/site_perl/5.24.1/x86_64-linux-ld/Moose/Meta/Role/Application/ToClass.pm line 126
	Moose::Meta::Role::Application::ToClass::apply_attributes('Moose::Meta::Role::Application::ToClass=HASH(0x55893c55ea10)', 'Moose::Meta::Role=HASH(0x55893cfb9038)', 'Moose::Meta::Class=HASH(0x55893c582ff0)') called at /home/sand/src/perl/repoperls/installed-perls/host/k93x64sid/v5.24.1/3bd2/lib/site_perl/5.24.1/x86_64-linux-ld/Moose/Meta/Role/Application.pm line 59
	Moose::Meta::Role::Application::apply('Moose::Meta::Role::Application::ToClass=HASH(0x55893c55ea10)', 'Moose::Meta::Role=HASH(0x55893cfb9038)', 'Moose::Meta::Class=HASH(0x55893c582ff0)') called at /home/sand/src/perl/repoperls/installed-perls/host/k93x64sid/v5.24.1/3bd2/lib/site_perl/5.24.1/x86_64-linux-ld/Moose/Meta/Role/Application/ToClass.pm line 31
	Moose::Meta::Role::Application::ToClass::apply('Moose::Meta::Role::Application::ToClass=HASH(0x55893c55ea10)', 'Moose::Meta::Role=HASH(0x55893cfb9038)', 'Moose::Meta::Class=HASH(0x55893c582ff0)', 'HASH(0x55893af11b48)') called at /home/sand/src/perl/repoperls/installed-perls/host/k93x64sid/v5.24.1/3bd2/lib/site_perl/5.24.1/x86_64-linux-ld/Moose/Meta/Role.pm line 472
	Moose::Meta::Role::apply('Moose::Meta::Role=HASH(0x55893cfb9038)', 'Moose::Meta::Class=HASH(0x55893c582ff0)') called at /home/sand/src/perl/repoperls/installed-perls/host/k93x64sid/v5.24.1/3bd2/lib/site_perl/5.24.1/x86_64-linux-ld/Moose/Util.pm line 172
	Moose::Util::_apply_all_roles('Moose::Meta::Class=HASH(0x55893c582ff0)', undef, 'DBIx::Class::Graph::Role::ResultSet') called at /home/sand/src/perl/repoperls/installed-perls/host/k93x64sid/v5.24.1/3bd2/lib/site_perl/5.24.1/x86_64-linux-ld/Moose/Util.pm line 114
	Moose::Util::apply_all_roles('Moose::Meta::Class=HASH(0x55893c582ff0)', 'DBIx::Class::Graph::Role::ResultSet') called at /home/sand/src/perl/repoperls/installed-perls/host/k93x64sid/v5.24.1/3bd2/lib/site_perl/5.24.1/x86_64-linux-ld/Moose.pm line 57
	Moose::with('Moose::Meta::Class=HASH(0x55893c582ff0)', 'DBIx::Class::Graph::Role::ResultSet') called at /home/sand/src/perl/repoperls/installed-perls/host/k93x64sid/v5.24.1/3bd2/lib/site_perl/5.24.1/x86_64-linux-ld/Moose/Exporter.pm line 419
	Moose::with('DBIx::Class::Graph::Role::ResultSet') called at /tmp/loop_over_bdir-30970-U76edT/DBIx-Class-Graph-1.05-0/blib/lib/DBIx/Class/ResultSet/Graph.pm line 19
	require DBIx/Class/ResultSet/Graph.pm at /home/sand/src/perl/repoperls/installed-perls/host/k93x64sid/v5.24.1/3bd2/lib/site_perl/5.24.1/Class/C3/Componentised.pm line 150
	eval {...} at /home/sand/src/perl/repoperls/installed-perls/host/k93x64sid/v5.24.1/3bd2/lib/site_perl/5.24.1/Class/C3/Componentised.pm line 150
	Class::C3::Componentised::ensure_class_loaded('DBIx::Class::ResultSource::Table=HASH(0x558939de7d70)', 'DBIx::Class::ResultSet::Graph') called at /home/sand/src/perl/repoperls/installed-perls/host/k93x64sid/v5.24.1/3bd2/lib/site_perl/5.24.1/DBIx/Class/AccessorGroup.pm line 19
	DBIx::Class::AccessorGroup::get_component_class('DBIx::Class::ResultSource::Table=HASH(0x558939de7d70)', 'resultset_class') called at (eval 194) line 2
	DBIx::Class::ResultSource::resultset_class('DBIx::Class::ResultSource::Table=HASH(0x558939de7d70)') called at /home/sand/src/perl/repoperls/installed-perls/host/k93x64sid/v5.24.1/3bd2/lib/site_perl/5.24.1/DBIx/Class/ResultSource.pm line 1135
	DBIx::Class::ResultSource::resultset('DBIx::Class::ResultSource::Table=HASH(0x558939de7d70)') called at /home/sand/src/perl/repoperls/installed-perls/host/k93x64sid/v5.24.1/3bd2/lib/site_perl/5.24.1/DBIx/Class/Schema.pm line 547
	DBIx::Class::Schema::resultset('TestLib::Schema=HASH(0x55893993d3c8)', 'Simple') called at /home/sand/src/perl/repoperls/installed-perls/host/k93x64sid/v5.24.1/3bd2/lib/site_perl/5.24.1/DBIx/Class/Schema.pm line 769
	DBIx::Class::Schema::populate('TestLib::Schema=HASH(0x55893993d3c8)', 'Simple', 'ARRAY(0x55893b83f050)') called at t/lib/TestLib.pm line 20
	TestLib::new('TestLib') called at t/simple01.t line 7
Compilation failed in require at /home/sand/src/perl/repoperls/installed-perls/host/k93x64sid/v5.24.1/3bd2/lib/site_perl/5.24.1/Class/C3/Componentised.pm line 150. at /home/sand/src/perl/repoperls/installed-perls/host/k93x64sid/v5.24.1/3bd2/lib/site_perl/5.24.1/Class/C3/Componentised.pm line 155
t/simple01.t .................. 
Dubious, test returned 255 (wstat 65280, 0xff00)
No subtests run 
{UNKNOWN}: Could not generate inline handles for _graph->("" because : Failed to compile source: syntax error at (eval 760) line 21, near """( "


source:
#line 1 "inline delegation in DBIx::Class::ResultSet::Graph for _graph->("" (attribute declared in lib/DBIx/Class/Graph/Role/ResultSet.pm at line 22)"
sub {
    my $self = shift;

    my $proxy = $self->_graph;
    if ( !defined $proxy ) {
        die Module::Runtime::use_module("Moose::Exception::AttributeValueIsNotDefined")->new(method    => $self->meta->find_method_by_name("(\"\""),
instance  => $self,
attribute => $self->meta->find_attribute_by_name("_graph"),
);
    }
    elsif ( ref $proxy && !Scalar::Util::blessed($proxy) ) {
        die Module::Runtime::use_module("Moose::Exception::AttributeValueIsNotAnObject")->new(method      => $self->meta->find_method_by_name("(\"\""),
instance    => $self,
attribute   => $self->meta->find_attribute_by_name("_graph"),
given_value => $proxy,
);
    }
    return $proxy->(""( @_ );
}
 at /home/sand/src/perl/repoperls/installed-perls/host/k93x64sid/v5.24.1/3bd2/lib/site_perl/5.24.1/x86_64-linux-ld/Class/MOP/Method/Generated.pm line 56.
 at /home/sand/src/perl/repoperls/installed-perls/host/k93x64sid/v5.24.1/3bd2/lib/site_perl/5.24.1/x86_64-linux-ld/Moose/Meta/Method/Delegation.pm line 154
	Moose::Meta::Method::Delegation::catch {...} ('Failed to compile source: syntax error at (eval 760) line 21, near """( "^J^J^Jsource:^J#line 1 "inline delegation in DBIx::Class::ResultSet::Graph for _graph->("" (attribute declared in lib/DBIx/Class/Graph/Role/ResultSet.pm at line 22)"^Jsub {^J    my $self = shift;^J^J    my $proxy = $self->_graph;^J    if ( !defined $proxy ) {^J        die Module::Runtime::use_module("Moose::Exception::AttributeValueIsNotDefined")->new(method    => $self->meta->find_method_by_name("(\"\""),^Jinstance  => $self,^Jattribute => $self->meta->find_attribute_by_name("_graph"),^J);^J    }^J    elsif ( ref $proxy && !Scalar::Util::blessed($proxy) ) {^J        die Module::Runtime::use_module("Moose::Exception::AttributeValueIsNotAnObject")->new(method      => $self->meta->find_method_by_name("(\"\""),^Jinstance    => $self,^Jattribute   => $self->meta->find_attribute_by_name("_graph"),^Jgiven_value => $proxy,^J);^J    }^J    return $proxy->(""( @_ );^J}^J at /home/sand/src/perl/repoperls/installed-perls/host/k93x64sid/v5.24.1/3bd2/lib/site_perl/5.24.1/x86_64-linux-ld/Class/MOP/Method/Generated.pm line 56.^J') called at /home/sand/src/perl/repoperls/installed-perls/host/k93x64sid/v5.24.1/3bd2/lib/site_perl/5.24.1/Try/Tiny.pm line 124
	Try::Tiny::try('CODE(0x55b4fd8bbb20)', 'Try::Tiny::Catch=REF(0x55b4fd75e470)') called at /home/sand/src/perl/repoperls/installed-perls/host/k93x64sid/v5.24.1/3bd2/lib/site_perl/5.24.1/x86_64-linux-ld/Moose/Meta/Method/Delegation.pm line 160
	Moose::Meta::Method::Delegation::_generate_inline_method('Moose::Meta::Method::Delegation=HASH(0x55b4fb067828)') called at /home/sand/src/perl/repoperls/installed-perls/host/k93x64sid/v5.24.1/3bd2/lib/site_perl/5.24.1/x86_64-linux-ld/Moose/Meta/Method/Delegation.pm line 82
	Moose::Meta::Method::Delegation::_initialize_body('Moose::Meta::Method::Delegation=HASH(0x55b4fb067828)') called at /home/sand/src/perl/repoperls/installed-perls/host/k93x64sid/v5.24.1/3bd2/lib/site_perl/5.24.1/x86_64-linux-ld/Moose/Meta/Method/Delegation.pm line 54
	Moose::Meta::Method::Delegation::new('Moose::Meta::Method::Delegation', 'name', '(""', 'package_name', 'DBIx::Class::ResultSet::Graph', 'attribute', 'Moose::Meta::Attribute=HASH(0x55b4fcd2eb90)', 'delegate_to_method', '(""', 'curried_arguments', 'ARRAY(0x55b4fb355328)') called at /home/sand/src/perl/repoperls/installed-perls/host/k93x64sid/v5.24.1/3bd2/lib/site_perl/5.24.1/x86_64-linux-ld/Moose/Meta/Attribute.pm line 1301
	Moose::Meta::Attribute::_make_delegation_method('Moose::Meta::Attribute=HASH(0x55b4fcd2eb90)', '(""', '(""') called at /home/sand/src/perl/repoperls/installed-perls/host/k93x64sid/v5.24.1/3bd2/lib/site_perl/5.24.1/x86_64-linux-ld/Moose/Meta/Attribute.pm line 1168
	Moose::Meta::Attribute::install_delegation('Moose::Meta::Attribute=HASH(0x55b4fcd2eb90)') called at /home/sand/src/perl/repoperls/installed-perls/host/k93x64sid/v5.24.1/3bd2/lib/site_perl/5.24.1/x86_64-linux-ld/Moose/Meta/Attribute.pm line 1017
	Moose::Meta::Attribute::install_accessors('Moose::Meta::Attribute=HASH(0x55b4fcd2eb90)') called at /home/sand/src/perl/repoperls/installed-perls/host/k93x64sid/v5.24.1/3bd2/lib/site_perl/5.24.1/x86_64-linux-ld/Class/MOP/Class.pm line 899
	Class::MOP::Class::try {...}  at /home/sand/src/perl/repoperls/installed-perls/host/k93x64sid/v5.24.1/3bd2/lib/site_perl/5.24.1/Try/Tiny.pm line 103
	eval {...} at /home/sand/src/perl/repoperls/installed-perls/host/k93x64sid/v5.24.1/3bd2/lib/site_perl/5.24.1/Try/Tiny.pm line 94
	Try::Tiny::try('CODE(0x55b4fd2df4c8)', 'Try::Tiny::Catch=REF(0x55b4fcd2e530)') called at /home/sand/src/perl/repoperls/installed-perls/host/k93x64sid/v5.24.1/3bd2/lib/site_perl/5.24.1/x86_64-linux-ld/Class/MOP/Class.pm line 904
	Class::MOP::Class::_post_add_attribute('Moose::Meta::Class=HASH(0x55b4fccde420)', 'Moose::Meta::Attribute=HASH(0x55b4fcd2eb90)') called at /home/sand/src/perl/repoperls/installed-perls/host/k93x64sid/v5.24.1/3bd2/lib/site_perl/5.24.1/x86_64-linux-ld/Class/MOP/Mixin/HasAttributes.pm line 39
	Class::MOP::Mixin::HasAttributes::add_attribute('Moose::Meta::Class=HASH(0x55b4fccde420)', 'Moose::Meta::Attribute=HASH(0x55b4fcd2eb90)') called at /home/sand/src/perl/repoperls/installed-perls/host/k93x64sid/v5.24.1/3bd2/lib/site_perl/5.24.1/x86_64-linux-ld/Moose/Meta/Class.pm line 583
	Moose::Meta::Class::add_attribute('Moose::Meta::Class=HASH(0x55b4fccde420)', 'Moose::Meta::Attribute=HASH(0x55b4fcd2eb90)') called at /home/sand/src/perl/repoperls/installed-perls/host/k93x64sid/v5.24.1/3bd2/lib/site_perl/5.24.1/x86_64-linux-ld/Moose/Meta/Role/Application/ToClass.pm line 126
	Moose::Meta::Role::Application::ToClass::apply_attributes('Moose::Meta::Role::Application::ToClass=HASH(0x55b4fd70ecd8)', 'Moose::Meta::Role=HASH(0x55b4fd71a5e8)', 'Moose::Meta::Class=HASH(0x55b4fccde420)') called at /home/sand/src/perl/repoperls/installed-perls/host/k93x64sid/v5.24.1/3bd2/lib/site_perl/5.24.1/x86_64-linux-ld/Moose/Meta/Role/Application.pm line 59
	Moose::Meta::Role::Application::apply('Moose::Meta::Role::Application::ToClass=HASH(0x55b4fd70ecd8)', 'Moose::Meta::Role=HASH(0x55b4fd71a5e8)', 'Moose::Meta::Class=HASH(0x55b4fccde420)') called at /home/sand/src/perl/repoperls/installed-perls/host/k93x64sid/v5.24.1/3bd2/lib/site_perl/5.24.1/x86_64-linux-ld/Moose/Meta/Role/Application/ToClass.pm line 31
	Moose::Meta::Role::Application::ToClass::apply('Moose::Meta::Role::Application::ToClass=HASH(0x55b4fd70ecd8)', 'Moose::Meta::Role=HASH(0x55b4fd71a5e8)', 'Moose::Meta::Class=HASH(0x55b4fccde420)', 'HASH(0x55b4fb6738e8)') called at /home/sand/src/perl/repoperls/installed-perls/host/k93x64sid/v5.24.1/3bd2/lib/site_perl/5.24.1/x86_64-linux-ld/Moose/Meta/Role.pm line 472
	Moose::Meta::Role::apply('Moose::Meta::Role=HASH(0x55b4fd71a5e8)', 'Moose::Meta::Class=HASH(0x55b4fccde420)') called at /home/sand/src/perl/repoperls/installed-perls/host/k93x64sid/v5.24.1/3bd2/lib/site_perl/5.24.1/x86_64-linux-ld/Moose/Util.pm line 172
	Moose::Util::_apply_all_roles('Moose::Meta::Class=HASH(0x55b4fccde420)', undef, 'DBIx::Class::Graph::Role::ResultSet') called at /home/sand/src/perl/repoperls/installed-perls/host/k93x64sid/v5.24.1/3bd2/lib/site_perl/5.24.1/x86_64-linux-ld/Moose/Util.pm line 114
	Moose::Util::apply_all_roles('Moose::Meta::Class=HASH(0x55b4fccde420)', 'DBIx::Class::Graph::Role::ResultSet') called at /home/sand/src/perl/repoperls/installed-perls/host/k93x64sid/v5.24.1/3bd2/lib/site_perl/5.24.1/x86_64-linux-ld/Moose.pm line 57
	Moose::with('Moose::Meta::Class=HASH(0x55b4fccde420)', 'DBIx::Class::Graph::Role::ResultSet') called at /home/sand/src/perl/repoperls/installed-perls/host/k93x64sid/v5.24.1/3bd2/lib/site_perl/5.24.1/x86_64-linux-ld/Moose/Exporter.pm line 419
	Moose::with('DBIx::Class::Graph::Role::ResultSet') called at lib/DBIx/Class/ResultSet/Graph.pm line 19
	require DBIx/Class/ResultSet/Graph.pm at /home/sand/src/perl/repoperls/installed-perls/host/k93x64sid/v5.24.1/3bd2/lib/site_perl/5.24.1/Class/C3/Componentised.pm line 150
	eval {...} at /home/sand/src/perl/repoperls/installed-perls/host/k93x64sid/v5.24.1/3bd2/lib/site_perl/5.24.1/Class/C3/Componentised.pm line 150
	Class::C3::Componentised::ensure_class_loaded('DBIx::Class::ResultSource::Table=HASH(0x55b4fa549808)', 'DBIx::Class::ResultSet::Graph') called at /home/sand/src/perl/repoperls/installed-perls/host/k93x64sid/v5.24.1/3bd2/lib/site_perl/5.24.1/DBIx/Class/AccessorGroup.pm line 19
	DBIx::Class::AccessorGroup::get_component_class('DBIx::Class::ResultSource::Table=HASH(0x55b4fa549808)', 'resultset_class') called at (eval 194) line 2
	DBIx::Class::ResultSource::resultset_class('DBIx::Class::ResultSource::Table=HASH(0x55b4fa549808)') called at /home/sand/src/perl/repoperls/installed-perls/host/k93x64sid/v5.24.1/3bd2/lib/site_perl/5.24.1/DBIx/Class/ResultSource.pm line 1135
	DBIx::Class::ResultSource::resultset('DBIx::Class::ResultSource::Table=HASH(0x55b4fa549808)') called at /home/sand/src/perl/repoperls/installed-perls/host/k93x64sid/v5.24.1/3bd2/lib/site_perl/5.24.1/DBIx/Class/Schema.pm line 547
	DBIx::Class::Schema::resultset('TestLib::Schema=HASH(0x55b4fa09f3c8)', 'Simple') called at /home/sand/src/perl/repoperls/installed-perls/host/k93x64sid/v5.24.1/3bd2/lib/site_perl/5.24.1/DBIx/Class/Schema.pm line 769
	DBIx::Class::Schema::populate('TestLib::Schema=HASH(0x55b4fa09f3c8)', 'Simple', 'ARRAY(0x55b4fcc96c38)') called at t/lib/TestLib.pm line 20
	TestLib::new('TestLib') called at t/simple02.t line 7
Compilation failed in require at /home/sand/src/perl/repoperls/installed-perls/host/k93x64sid/v5.24.1/3bd2/lib/site_perl/5.24.1/Class/C3/Componentised.pm line 150. at /home/sand/src/perl/repoperls/installed-perls/host/k93x64sid/v5.24.1/3bd2/lib/site_perl/5.24.1/Class/C3/Componentised.pm line 155
t/simple02.t .................. 
Dubious, test returned 255 (wstat 65280, 0xff00)
No subtests run 
{UNKNOWN}: Could not generate inline handles for _graph->("" because : Failed to compile source: syntax error at (eval 760) line 21, near """( "


source:
#line 1 "inline delegation in DBIx::Class::ResultSet::Graph for _graph->("" (attribute declared in /tmp/loop_over_bdir-30970-U76edT/DBIx-Class-Graph-1.05-0/blib/lib/DBIx/Class/Graph/Role/ResultSet.pm at line 22)"
sub {
    my $self = shift;

    my $proxy = $self->_graph;
    if ( !defined $proxy ) {
        die Module::Runtime::use_module("Moose::Exception::AttributeValueIsNotDefined")->new(method    => $self->meta->find_method_by_name("(\"\""),
instance  => $self,
attribute => $self->meta->find_attribute_by_name("_graph"),
);
    }
    elsif ( ref $proxy && !Scalar::Util::blessed($proxy) ) {
        die Module::Runtime::use_module("Moose::Exception::AttributeValueIsNotAnObject")->new(method      => $self->meta->find_method_by_name("(\"\""),
instance    => $self,
attribute   => $self->meta->find_attribute_by_name("_graph"),
given_value => $proxy,
);
    }
    return $proxy->(""( @_ );
}
 at /home/sand/src/perl/repoperls/installed-perls/host/k93x64sid/v5.24.1/3bd2/lib/site_perl/5.24.1/x86_64-linux-ld/Class/MOP/Method/Generated.pm line 56.
 at /home/sand/src/perl/repoperls/installed-perls/host/k93x64sid/v5.24.1/3bd2/lib/site_perl/5.24.1/x86_64-linux-ld/Moose/Meta/Method/Delegation.pm line 154
	Moose::Meta::Method::Delegation::catch {...} ('Failed to compile source: syntax error at (eval 760) line 21, near """( "^J^J^Jsource:^J#line 1 "inline delegation in DBIx::Class::ResultSet::Graph for _graph->("" (attribute declared in /tmp/loop_over_bdir-30970-U76edT/DBIx-Class-Graph-1.05-0/blib/lib/DBIx/Class/Graph/Role/ResultSet.pm at line 22)"^Jsub {^J    my $self = shift;^J^J    my $proxy = $self->_graph;^J    if ( !defined $proxy ) {^J        die Module::Runtime::use_module("Moose::Exception::AttributeValueIsNotDefined")->new(method    => $self->meta->find_method_by_name("(\"\""),^Jinstance  => $self,^Jattribute => $self->meta->find_attribute_by_name("_graph"),^J);^J    }^J    elsif ( ref $proxy && !Scalar::Util::blessed($proxy) ) {^J        die Module::Runtime::use_module("Moose::Exception::AttributeValueIsNotAnObject")->new(method      => $self->meta->find_method_by_name("(\"\""),^Jinstance    => $self,^Jattribute   => $self->meta->find_attribute_by_name("_graph"),^Jgiven_value => $proxy,^J);^J    }^J    return $proxy->(""( @_ );^J}^J at /home/sand/src/perl/repoperls/installed-perls/host/k93x64sid/v5.24.1/3bd2/lib/site_perl/5.24.1/x86_64-linux-ld/Class/MOP/Method/Generated.pm line 56.^J') called at /home/sand/src/perl/repoperls/installed-perls/host/k93x64sid/v5.24.1/3bd2/lib/site_perl/5.24.1/Try/Tiny.pm line 124
	Try::Tiny::try('CODE(0x55ec2d87d990)', 'Try::Tiny::Catch=REF(0x55ec2d722480)') called at /home/sand/src/perl/repoperls/installed-perls/host/k93x64sid/v5.24.1/3bd2/lib/site_perl/5.24.1/x86_64-linux-ld/Moose/Meta/Method/Delegation.pm line 160
	Moose::Meta::Method::Delegation::_generate_inline_method('Moose::Meta::Method::Delegation=HASH(0x55ec2b0269a0)') called at /home/sand/src/perl/repoperls/installed-perls/host/k93x64sid/v5.24.1/3bd2/lib/site_perl/5.24.1/x86_64-linux-ld/Moose/Meta/Method/Delegation.pm line 82
	Moose::Meta::Method::Delegation::_initialize_body('Moose::Meta::Method::Delegation=HASH(0x55ec2b0269a0)') called at /home/sand/src/perl/repoperls/installed-perls/host/k93x64sid/v5.24.1/3bd2/lib/site_perl/5.24.1/x86_64-linux-ld/Moose/Meta/Method/Delegation.pm line 54
	Moose::Meta::Method::Delegation::new('Moose::Meta::Method::Delegation', 'name', '(""', 'package_name', 'DBIx::Class::ResultSet::Graph', 'attribute', 'Moose::Meta::Attribute=HASH(0x55ec2cd10960)', 'delegate_to_method', '(""', 'curried_arguments', 'ARRAY(0x55ec2b314088)') called at /home/sand/src/perl/repoperls/installed-perls/host/k93x64sid/v5.24.1/3bd2/lib/site_perl/5.24.1/x86_64-linux-ld/Moose/Meta/Attribute.pm line 1301
	Moose::Meta::Attribute::_make_delegation_method('Moose::Meta::Attribute=HASH(0x55ec2cd10960)', '(""', '(""') called at /home/sand/src/perl/repoperls/installed-perls/host/k93x64sid/v5.24.1/3bd2/lib/site_perl/5.24.1/x86_64-linux-ld/Moose/Meta/Attribute.pm line 1168
	Moose::Meta::Attribute::install_delegation('Moose::Meta::Attribute=HASH(0x55ec2cd10960)') called at /home/sand/src/perl/repoperls/installed-perls/host/k93x64sid/v5.24.1/3bd2/lib/site_perl/5.24.1/x86_64-linux-ld/Moose/Meta/Attribute.pm line 1017
	Moose::Meta::Attribute::install_accessors('Moose::Meta::Attribute=HASH(0x55ec2cd10960)') called at /home/sand/src/perl/repoperls/installed-perls/host/k93x64sid/v5.24.1/3bd2/lib/site_perl/5.24.1/x86_64-linux-ld/Class/MOP/Class.pm line 899
	Class::MOP::Class::try {...}  at /home/sand/src/perl/repoperls/installed-perls/host/k93x64sid/v5.24.1/3bd2/lib/site_perl/5.24.1/Try/Tiny.pm line 103
	eval {...} at /home/sand/src/perl/repoperls/installed-perls/host/k93x64sid/v5.24.1/3bd2/lib/site_perl/5.24.1/Try/Tiny.pm line 94
	Try::Tiny::try('CODE(0x55ec2cce6738)', 'Try::Tiny::Catch=REF(0x55ec2cd10300)') called at /home/sand/src/perl/repoperls/installed-perls/host/k93x64sid/v5.24.1/3bd2/lib/site_perl/5.24.1/x86_64-linux-ld/Class/MOP/Class.pm line 904
	Class::MOP::Class::_post_add_attribute('Moose::Meta::Class=HASH(0x55ec2cca5b08)', 'Moose::Meta::Attribute=HASH(0x55ec2cd10960)') called at /home/sand/src/perl/repoperls/installed-perls/host/k93x64sid/v5.24.1/3bd2/lib/site_perl/5.24.1/x86_64-linux-ld/Class/MOP/Mixin/HasAttributes.pm line 39
	Class::MOP::Mixin::HasAttributes::add_attribute('Moose::Meta::Class=HASH(0x55ec2cca5b08)', 'Moose::Meta::Attribute=HASH(0x55ec2cd10960)') called at /home/sand/src/perl/repoperls/installed-perls/host/k93x64sid/v5.24.1/3bd2/lib/site_perl/5.24.1/x86_64-linux-ld/Moose/Meta/Class.pm line 583
	Moose::Meta::Class::add_attribute('Moose::Meta::Class=HASH(0x55ec2cca5b08)', 'Moose::Meta::Attribute=HASH(0x55ec2cd10960)') called at /home/sand/src/perl/repoperls/installed-perls/host/k93x64sid/v5.24.1/3bd2/lib/site_perl/5.24.1/x86_64-linux-ld/Moose/Meta/Role/Application/ToClass.pm line 126
	Moose::Meta::Role::Application::ToClass::apply_attributes('Moose::Meta::Role::Application::ToClass=HASH(0x55ec2ccb97a0)', 'Moose::Meta::Role=HASH(0x55ec2d6dbc78)', 'Moose::Meta::Class=HASH(0x55ec2cca5b08)') called at /home/sand/src/perl/repoperls/installed-perls/host/k93x64sid/v5.24.1/3bd2/lib/site_perl/5.24.1/x86_64-linux-ld/Moose/Meta/Role/Application.pm line 59
	Moose::Meta::Role::Application::apply('Moose::Meta::Role::Application::ToClass=HASH(0x55ec2ccb97a0)', 'Moose::Meta::Role=HASH(0x55ec2d6dbc78)', 'Moose::Meta::Class=HASH(0x55ec2cca5b08)') called at /home/sand/src/perl/repoperls/installed-perls/host/k93x64sid/v5.24.1/3bd2/lib/site_perl/5.24.1/x86_64-linux-ld/Moose/Meta/Role/Application/ToClass.pm line 31
	Moose::Meta::Role::Application::ToClass::apply('Moose::Meta::Role::Application::ToClass=HASH(0x55ec2ccb97a0)', 'Moose::Meta::Role=HASH(0x55ec2d6dbc78)', 'Moose::Meta::Class=HASH(0x55ec2cca5b08)', 'HASH(0x55ec2b630bd8)') called at /home/sand/src/perl/repoperls/installed-perls/host/k93x64sid/v5.24.1/3bd2/lib/site_perl/5.24.1/x86_64-linux-ld/Moose/Meta/Role.pm line 472
	Moose::Meta::Role::apply('Moose::Meta::Role=HASH(0x55ec2d6dbc78)', 'Moose::Meta::Class=HASH(0x55ec2cca5b08)') called at /home/sand/src/perl/repoperls/installed-perls/host/k93x64sid/v5.24.1/3bd2/lib/site_perl/5.24.1/x86_64-linux-ld/Moose/Util.pm line 172
	Moose::Util::_apply_all_roles('Moose::Meta::Class=HASH(0x55ec2cca5b08)', undef, 'DBIx::Class::Graph::Role::ResultSet') called at /home/sand/src/perl/repoperls/installed-perls/host/k93x64sid/v5.24.1/3bd2/lib/site_perl/5.24.1/x86_64-linux-ld/Moose/Util.pm line 114
	Moose::Util::apply_all_roles('Moose::Meta::Class=HASH(0x55ec2cca5b08)', 'DBIx::Class::Graph::Role::ResultSet') called at /home/sand/src/perl/repoperls/installed-perls/host/k93x64sid/v5.24.1/3bd2/lib/site_perl/5.24.1/x86_64-linux-ld/Moose.pm line 57
	Moose::with('Moose::Meta::Class=HASH(0x55ec2cca5b08)', 'DBIx::Class::Graph::Role::ResultSet') called at /home/sand/src/perl/repoperls/installed-perls/host/k93x64sid/v5.24.1/3bd2/lib/site_perl/5.24.1/x86_64-linux-ld/Moose/Exporter.pm line 419
	Moose::with('DBIx::Class::Graph::Role::ResultSet') called at /tmp/loop_over_bdir-30970-U76edT/DBIx-Class-Graph-1.05-0/blib/lib/DBIx/Class/ResultSet/Graph.pm line 19
	require DBIx/Class/ResultSet/Graph.pm at /home/sand/src/perl/repoperls/installed-perls/host/k93x64sid/v5.24.1/3bd2/lib/site_perl/5.24.1/Class/C3/Componentised.pm line 150
	eval {...} at /home/sand/src/perl/repoperls/installed-perls/host/k93x64sid/v5.24.1/3bd2/lib/site_perl/5.24.1/Class/C3/Componentised.pm line 150
	Class::C3::Componentised::ensure_class_loaded('DBIx::Class::ResultSource::Table=HASH(0x55ec2a506b78)', 'DBIx::Class::ResultSet::Graph') called at /home/sand/src/perl/repoperls/installed-perls/host/k93x64sid/v5.24.1/3bd2/lib/site_perl/5.24.1/DBIx/Class/AccessorGroup.pm line 19
	DBIx::Class::AccessorGroup::get_component_class('DBIx::Class::ResultSource::Table=HASH(0x55ec2a506b78)', 'resultset_class') called at (eval 194) line 2
	DBIx::Class::ResultSource::resultset_class('DBIx::Class::ResultSource::Table=HASH(0x55ec2a506b78)') called at /home/sand/src/perl/repoperls/installed-perls/host/k93x64sid/v5.24.1/3bd2/lib/site_perl/5.24.1/DBIx/Class/ResultSource.pm line 1135
	DBIx::Class::ResultSource::resultset('DBIx::Class::ResultSource::Table=HASH(0x55ec2a506b78)') called at /home/sand/src/perl/repoperls/installed-perls/host/k93x64sid/v5.24.1/3bd2/lib/site_perl/5.24.1/DBIx/Class/Schema.pm line 547
	DBIx::Class::Schema::resultset('TestLib::Schema=HASH(0x55ec2a05c3c8)', 'Simple') called at /home/sand/src/perl/repoperls/installed-perls/host/k93x64sid/v5.24.1/3bd2/lib/site_perl/5.24.1/DBIx/Class/Schema.pm line 769
	DBIx::Class::Schema::populate('TestLib::Schema=HASH(0x55ec2a05c3c8)', 'Simple', 'ARRAY(0x55ec2cbae068)') called at t/lib/TestLib.pm line 20
	TestLib::new('TestLib') called at t/simplesucc.t line 7
Compilation failed in require at /home/sand/src/perl/repoperls/installed-perls/host/k93x64sid/v5.24.1/3bd2/lib/site_perl/5.24.1/Class/C3/Componentised.pm line 150. at /home/sand/src/perl/repoperls/installed-perls/host/k93x64sid/v5.24.1/3bd2/lib/site_perl/5.24.1/Class/C3/Componentised.pm line 155
t/simplesucc.t ................ 
Dubious, test returned 255 (wstat 65280, 0xff00)
No subtests run 
{UNKNOWN}: Could not generate inline handles for _graph->("" because : Failed to compile source: syntax error at (eval 759) line 21, near """( "


source:
#line 1 "inline delegation in DBIx::Class::ResultSet::Graph for _graph->("" (attribute declared in /tmp/loop_over_bdir-30970-U76edT/DBIx-Class-Graph-1.05-0/blib/lib/DBIx/Class/Graph/Role/ResultSet.pm at line 22)"
sub {
    my $self = shift;

    my $proxy = $self->_graph;
    if ( !defined $proxy ) {
        die Module::Runtime::use_module("Moose::Exception::AttributeValueIsNotDefined")->new(method    => $self->meta->find_method_by_name("(\"\""),
instance  => $self,
attribute => $self->meta->find_attribute_by_name("_graph"),
);
    }
    elsif ( ref $proxy && !Scalar::Util::blessed($proxy) ) {
        die Module::Runtime::use_module("Moose::Exception::AttributeValueIsNotAnObject")->new(method      => $self->meta->find_method_by_name("(\"\""),
instance    => $self,
attribute   => $self->meta->find_attribute_by_name("_graph"),
given_value => $proxy,
);
    }
    return $proxy->(""( @_ );
}
 at /home/sand/src/perl/repoperls/installed-perls/host/k93x64sid/v5.24.1/3bd2/lib/site_perl/5.24.1/x86_64-linux-ld/Class/MOP/Method/Generated.pm line 56.
 at /home/sand/src/perl/repoperls/installed-perls/host/k93x64sid/v5.24.1/3bd2/lib/site_perl/5.24.1/x86_64-linux-ld/Moose/Meta/Method/Delegation.pm line 154
	Moose::Meta::Method::Delegation::catch {...} ('Failed to compile source: syntax error at (eval 759) line 21, near """( "^J^J^Jsource:^J#line 1 "inline delegation in DBIx::Class::ResultSet::Graph for _graph->("" (attribute declared in /tmp/loop_over_bdir-30970-U76edT/DBIx-Class-Graph-1.05-0/blib/lib/DBIx/Class/Graph/Role/ResultSet.pm at line 22)"^Jsub {^J    my $self = shift;^J^J    my $proxy = $self->_graph;^J    if ( !defined $proxy ) {^J        die Module::Runtime::use_module("Moose::Exception::AttributeValueIsNotDefined")->new(method    => $self->meta->find_method_by_name("(\"\""),^Jinstance  => $self,^Jattribute => $self->meta->find_attribute_by_name("_graph"),^J);^J    }^J    elsif ( ref $proxy && !Scalar::Util::blessed($proxy) ) {^J        die Module::Runtime::use_module("Moose::Exception::AttributeValueIsNotAnObject")->new(method      => $self->meta->find_method_by_name("(\"\""),^Jinstance    => $self,^Jattribute   => $self->meta->find_attribute_by_name("_graph"),^Jgiven_value => $proxy,^J);^J    }^J    return $proxy->(""( @_ );^J}^J at /home/sand/src/perl/repoperls/installed-perls/host/k93x64sid/v5.24.1/3bd2/lib/site_perl/5.24.1/x86_64-linux-ld/Class/MOP/Method/Generated.pm line 56.^J') called at /home/sand/src/perl/repoperls/installed-perls/host/k93x64sid/v5.24.1/3bd2/lib/site_perl/5.24.1/Try/Tiny.pm line 124
	Try::Tiny::try('CODE(0x5633c752f198)', 'Try::Tiny::Catch=REF(0x5633c6f52618)') called at /home/sand/src/perl/repoperls/installed-perls/host/k93x64sid/v5.24.1/3bd2/lib/site_perl/5.24.1/x86_64-linux-ld/Moose/Meta/Method/Delegation.pm line 160
	Moose::Meta::Method::Delegation::_generate_inline_method('Moose::Meta::Method::Delegation=HASH(0x5633c4cd9b80)') called at /home/sand/src/perl/repoperls/installed-perls/host/k93x64sid/v5.24.1/3bd2/lib/site_perl/5.24.1/x86_64-linux-ld/Moose/Meta/Method/Delegation.pm line 82
	Moose::Meta::Method::Delegation::_initialize_body('Moose::Meta::Method::Delegation=HASH(0x5633c4cd9b80)') called at /home/sand/src/perl/repoperls/installed-perls/host/k93x64sid/v5.24.1/3bd2/lib/site_perl/5.24.1/x86_64-linux-ld/Moose/Meta/Method/Delegation.pm line 54
	Moose::Meta::Method::Delegation::new('Moose::Meta::Method::Delegation', 'name', '(""', 'package_name', 'DBIx::Class::ResultSet::Graph', 'attribute', 'Moose::Meta::Attribute=HASH(0x5633c69a5e80)', 'delegate_to_method', '(""', 'curried_arguments', 'ARRAY(0x5633c4fc72f8)') called at /home/sand/src/perl/repoperls/installed-perls/host/k93x64sid/v5.24.1/3bd2/lib/site_perl/5.24.1/x86_64-linux-ld/Moose/Meta/Attribute.pm line 1301
	Moose::Meta::Attribute::_make_delegation_method('Moose::Meta::Attribute=HASH(0x5633c69a5e80)', '(""', '(""') called at /home/sand/src/perl/repoperls/installed-perls/host/k93x64sid/v5.24.1/3bd2/lib/site_perl/5.24.1/x86_64-linux-ld/Moose/Meta/Attribute.pm line 1168
	Moose::Meta::Attribute::install_delegation('Moose::Meta::Attribute=HASH(0x5633c69a5e80)') called at /home/sand/src/perl/repoperls/installed-perls/host/k93x64sid/v5.24.1/3bd2/lib/site_perl/5.24.1/x86_64-linux-ld/Moose/Meta/Attribute.pm line 1017
	Moose::Meta::Attribute::install_accessors('Moose::Meta::Attribute=HASH(0x5633c69a5e80)') called at /home/sand/src/perl/repoperls/installed-perls/host/k93x64sid/v5.24.1/3bd2/lib/site_perl/5.24.1/x86_64-linux-ld/Class/MOP/Class.pm line 899
	Class::MOP::Class::try {...}  at /home/sand/src/perl/repoperls/installed-perls/host/k93x64sid/v5.24.1/3bd2/lib/site_perl/5.24.1/Try/Tiny.pm line 103
	eval {...} at /home/sand/src/perl/repoperls/installed-perls/host/k93x64sid/v5.24.1/3bd2/lib/site_perl/5.24.1/Try/Tiny.pm line 94
	Try::Tiny::try('CODE(0x5633c73d3880)', 'Try::Tiny::Catch=REF(0x5633c698be50)') called at /home/sand/src/perl/repoperls/installed-perls/host/k93x64sid/v5.24.1/3bd2/lib/site_perl/5.24.1/x86_64-linux-ld/Class/MOP/Class.pm line 904
	Class::MOP::Class::_post_add_attribute('Moose::Meta::Class=HASH(0x5633c67a1380)', 'Moose::Meta::Attribute=HASH(0x5633c69a5e80)') called at /home/sand/src/perl/repoperls/installed-perls/host/k93x64sid/v5.24.1/3bd2/lib/site_perl/5.24.1/x86_64-linux-ld/Class/MOP/Mixin/HasAttributes.pm line 39
	Class::MOP::Mixin::HasAttributes::add_attribute('Moose::Meta::Class=HASH(0x5633c67a1380)', 'Moose::Meta::Attribute=HASH(0x5633c69a5e80)') called at /home/sand/src/perl/repoperls/installed-perls/host/k93x64sid/v5.24.1/3bd2/lib/site_perl/5.24.1/x86_64-linux-ld/Moose/Meta/Class.pm line 583
	Moose::Meta::Class::add_attribute('Moose::Meta::Class=HASH(0x5633c67a1380)', 'Moose::Meta::Attribute=HASH(0x5633c69a5e80)') called at /home/sand/src/perl/repoperls/installed-perls/host/k93x64sid/v5.24.1/3bd2/lib/site_perl/5.24.1/x86_64-linux-ld/Moose/Meta/Role/Application/ToClass.pm line 126
	Moose::Meta::Role::Application::ToClass::apply_attributes('Moose::Meta::Role::Application::ToClass=HASH(0x5633c6861ae8)', 'Moose::Meta::Role=HASH(0x5633c738ef00)', 'Moose::Meta::Class=HASH(0x5633c67a1380)') called at /home/sand/src/perl/repoperls/installed-perls/host/k93x64sid/v5.24.1/3bd2/lib/site_perl/5.24.1/x86_64-linux-ld/Moose/Meta/Role/Application.pm line 59
	Moose::Meta::Role::Application::apply('Moose::Meta::Role::Application::ToClass=HASH(0x5633c6861ae8)', 'Moose::Meta::Role=HASH(0x5633c738ef00)', 'Moose::Meta::Class=HASH(0x5633c67a1380)') called at /home/sand/src/perl/repoperls/installed-perls/host/k93x64sid/v5.24.1/3bd2/lib/site_perl/5.24.1/x86_64-linux-ld/Moose/Meta/Role/Application/ToClass.pm line 31
	Moose::Meta::Role::Application::ToClass::apply('Moose::Meta::Role::Application::ToClass=HASH(0x5633c6861ae8)', 'Moose::Meta::Role=HASH(0x5633c738ef00)', 'Moose::Meta::Class=HASH(0x5633c67a1380)', 'HASH(0x5633c52e3ef8)') called at /home/sand/src/perl/repoperls/installed-perls/host/k93x64sid/v5.24.1/3bd2/lib/site_perl/5.24.1/x86_64-linux-ld/Moose/Meta/Role.pm line 472
	Moose::Meta::Role::apply('Moose::Meta::Role=HASH(0x5633c738ef00)', 'Moose::Meta::Class=HASH(0x5633c67a1380)') called at /home/sand/src/perl/repoperls/installed-perls/host/k93x64sid/v5.24.1/3bd2/lib/site_perl/5.24.1/x86_64-linux-ld/Moose/Util.pm line 172
	Moose::Util::_apply_all_roles('Moose::Meta::Class=HASH(0x5633c67a1380)', undef, 'DBIx::Class::Graph::Role::ResultSet') called at /home/sand/src/perl/repoperls/installed-perls/host/k93x64sid/v5.24.1/3bd2/lib/site_perl/5.24.1/x86_64-linux-ld/Moose/Util.pm line 114
	Moose::Util::apply_all_roles('Moose::Meta::Class=HASH(0x5633c67a1380)', 'DBIx::Class::Graph::Role::ResultSet') called at /home/sand/src/perl/repoperls/installed-perls/host/k93x64sid/v5.24.1/3bd2/lib/site_perl/5.24.1/x86_64-linux-ld/Moose.pm line 57
	Moose::with('Moose::Meta::Class=HASH(0x5633c67a1380)', 'DBIx::Class::Graph::Role::ResultSet') called at /home/sand/src/perl/repoperls/installed-perls/host/k93x64sid/v5.24.1/3bd2/lib/site_perl/5.24.1/x86_64-linux-ld/Moose/Exporter.pm line 419
	Moose::with('DBIx::Class::Graph::Role::ResultSet') called at /tmp/loop_over_bdir-30970-U76edT/DBIx-Class-Graph-1.05-0/blib/lib/DBIx/Class/ResultSet/Graph.pm line 19
	require DBIx/Class/ResultSet/Graph.pm at /home/sand/src/perl/repoperls/installed-perls/host/k93x64sid/v5.24.1/3bd2/lib/site_perl/5.24.1/Class/C3/Componentised.pm line 150
	eval {...} at /home/sand/src/perl/repoperls/installed-perls/host/k93x64sid/v5.24.1/3bd2/lib/site_perl/5.24.1/Class/C3/Componentised.pm line 150
	Class::C3::Componentised::ensure_class_loaded('DBIx::Class::ResultSource::Table=HASH(0x5633c3d19090)', 'DBIx::Class::ResultSet::Graph') called at /home/sand/src/perl/repoperls/installed-perls/host/k93x64sid/v5.24.1/3bd2/lib/site_perl/5.24.1/DBIx/Class/AccessorGroup.pm line 19
	DBIx::Class::AccessorGroup::get_component_class('DBIx::Class::ResultSource::Table=HASH(0x5633c3d19090)', 'resultset_class') called at (eval 194) line 2
	DBIx::Class::ResultSource::resultset_class('DBIx::Class::ResultSource::Table=HASH(0x5633c3d19090)') called at /home/sand/src/perl/repoperls/installed-perls/host/k93x64sid/v5.24.1/3bd2/lib/site_perl/5.24.1/DBIx/Class/ResultSource.pm line 1135
	DBIx::Class::ResultSource::resultset('DBIx::Class::ResultSource::Table=HASH(0x5633c3d19090)') called at /home/sand/src/perl/repoperls/installed-perls/host/k93x64sid/v5.24.1/3bd2/lib/site_perl/5.24.1/DBIx/Class/Schema.pm line 547
	DBIx::Class::Schema::resultset('TestLib::Schema=HASH(0x5633c3d0f3c8)', 'Simple') called at /home/sand/src/perl/repoperls/installed-perls/host/k93x64sid/v5.24.1/3bd2/lib/site_perl/5.24.1/DBIx/Class/Schema.pm line 769
	DBIx::Class::Schema::populate('TestLib::Schema=HASH(0x5633c3d0f3c8)', 'Simple', 'ARRAY(0x5633c6944310)') called at t/lib/TestLib.pm line 20
	TestLib::new('TestLib') called at t/wrapper.t line 7
Compilation failed in require at /home/sand/src/perl/repoperls/installed-perls/host/k93x64sid/v5.24.1/3bd2/lib/site_perl/5.24.1/Class/C3/Componentised.pm line 150. at /home/sand/src/perl/repoperls/installed-perls/host/k93x64sid/v5.24.1/3bd2/lib/site_perl/5.24.1/Class/C3/Componentised.pm line 155
t/wrapper.t ................... 
Dubious, test returned 255 (wstat 65280, 0xff00)
No subtests run 

Test Summary Report
-------------------
t/00-compile.t              (Wstat: 256 Tests: 5 Failed: 1)
  Failed test:  5
  Non-zero exit status: 1
t/complex.t                 (Wstat: 65280 Tests: 0 Failed: 0)
  Non-zero exit status: 255
  Parse errors: No plan found in TAP output
t/leak.t                    (Wstat: 65280 Tests: 0 Failed: 0)
  Non-zero exit status: 255
  Parse errors: No plan found in TAP output
t/result.t                  (Wstat: 65280 Tests: 0 Failed: 0)
  Non-zero exit status: 255
  Parse errors: No plan found in TAP output
t/resultset.t               (Wstat: 65280 Tests: 0 Failed: 0)
  Non-zero exit status: 255
  Parse errors: No plan found in TAP output
t/simple01.t                (Wstat: 65280 Tests: 0 Failed: 0)
  Non-zero exit status: 255
  Parse errors: No plan found in TAP output
t/simple02.t                (Wstat: 65280 Tests: 0 Failed: 0)
  Non-zero exit status: 255
  Parse errors: No plan found in TAP output
t/simplesucc.t              (Wstat: 65280 Tests: 0 Failed: 0)
  Non-zero exit status: 255
  Parse errors: No plan found in TAP output
t/wrapper.t                 (Wstat: 65280 Tests: 0 Failed: 0)
  Non-zero exit status: 255
  Parse errors: No plan found in TAP output
Files=15, Tests=6,  7 wallclock secs ( 0.03 usr  0.10 sys +  5.78 cusr  0.81 csys =  6.72 CPU)
Result: FAIL
Failed 9/15 test programs. 1/6 subtests failed.

------------------------------
PREREQUISITES
------------------------------

Prerequisite modules loaded:

requires:

    Module                 Need   Have    
    ---------------------- ------ --------
    base                   0      2.23    
    Class::C3              0      0.32    
    DBIx::Class            0      0.082840
    DBIx::Class::ResultSet 0      0       
    Graph                  0.94   0.9704  
    List::MoreUtils        0      0.416   
    Moose                  0      2.2004  
    Moose::Role            0      2.2004  
    Scalar::Util           0      1.47    
    strict                 0      1.11    
    warnings               0      1.36    

build_requires:

    Module                 Need   Have    
    ---------------------- ------ --------
    DBIx::Class::Schema    0      0       
    File::Find             0      1.34    
    File::Temp             0      0.2304  
    Module::Build          0.3601 0.4220  
    Test::Memory::Cycle    0      1.06    
    Test::More             0.88   1.302078

configure_requires:

    Module                 Need   Have    
    ---------------------- ------ --------
    Module::Build          0.3601 0.4220  


------------------------------
ENVIRONMENT AND OTHER CONTEXT
------------------------------

Environment variables:

    AUTOMATED_TESTING = 1
    LANG = en_US.UTF-8
    PATH = /home/sand/bin:/usr/local/bin:/usr/bin:/bin:/usr/games:/usr/local/perl/bin:/usr/X11/bin:/sbin:/usr/sbin
    PERL5LIB = 
    PERL5OPT = 
    PERL5_CPANPLUS_IS_RUNNING = 32402
    PERL5_CPAN_IS_RUNNING = 32402
    PERL_CANARY_STABILITY_NOPROMPT = 1
    PERL_MM_USE_DEFAULT = 1
    PERL_USE_UNSAFE_INC = 1
    SHELL = /usr/bin/zsh
    TERM = screen

Perl special variables (and OS-specific diagnostics, for MSWin32):

    $^X = /tmp/basesmoker-reloperl-6Nwp/bin/perl
    $UID/$EUID = 1005 / 1005
    $GID = 1005 1005
    $EGID = 1005 1005

Perl module toolchain versions installed:

    Module              Have      
    ------------------- ----------
    CPAN                2.17      
    CPAN::Meta          2.150010  
    Cwd                 3.63_01   
    ExtUtils::CBuilder  0.280225  
    ExtUtils::Command   7.24      
    ExtUtils::Install   2.04      
    ExtUtils::MakeMaker 7.24      
    ExtUtils::Manifest  1.70      
    ExtUtils::ParseXS   3.31      
    File::Spec          3.63_01   
    JSON                2.90      
    JSON::PP            2.27300_01
    Module::Build       0.4220    
    Module::Signature   0.81      
    Parse::CPAN::Meta   2.150010  
    Test::Harness       3.38      
    Test::More          1.302078  
    YAML                1.23      
    YAML::Syck          1.29      
    version             0.9916    


--

Summary of my perl5 (revision 5 version 24 subversion 1) configuration:
  Derived from: 443bd156a6baaf7a8fe6b6b05fcf6c4178140ed2
  Platform:
    osname=linux, osvers=4.9.0-2-amd64, archname=x86_64-linux-ld
    uname='linux k93x64sid 4.9.0-2-amd64 #1 smp debian 4.9.13-1 (2017-02-27) x86_64 gnulinux '
    config_args='-Dprefix=/home/sand/src/perl/repoperls/installed-perls/host/k93x64sid/v5.24.1/3bd2 -Dmyhostname=k93x64sid -Dinstallusrbinperl=n -Uversiononly -Dusedevel -des -Ui_db -Dlibswanted=cl pthread socket inet nsl gdbm dbm malloc dl ld sun m crypt sec util c cposix posix ucb BSD gdbm_compat -Uuseithreads -Duselongdouble -DDEBUGGING=-g'
    hint=recommended, useposix=true, d_sigaction=define
    useithreads=undef, usemultiplicity=undef
    use64bitint=define, use64bitall=define, uselongdouble=define
    usemymalloc=n, bincompat5005=undef
  Compiler:
    cc='cc', ccflags ='-fwrapv -fno-strict-aliasing -pipe -fstack-protector-strong -I/usr/local/include -D_LARGEFILE_SOURCE -D_FILE_OFFSET_BITS=64',
    optimize='-O2 -g',
    cppflags='-fwrapv -fno-strict-aliasing -pipe -fstack-protector-strong -I/usr/local/include'
    ccversion='', gccversion='6.3.0 20170316', gccosandvers=''
    intsize=4, longsize=8, ptrsize=8, doublesize=8, byteorder=12345678, doublekind=3
    d_longlong=define, longlongsize=8, d_longdbl=define, longdblsize=16, longdblkind=3
    ivtype='long', ivsize=8, nvtype='long double', nvsize=16, Off_t='off_t', lseeksize=8
    alignbytes=16, prototype=define
  Linker and Libraries:
    ld='cc', ldflags =' -fstack-protector-strong -L/usr/local/lib'
    libpth=/usr/local/lib /usr/lib/gcc/x86_64-linux-gnu/6/include-fixed /usr/include/x86_64-linux-gnu /usr/lib /lib/x86_64-linux-gnu /lib/../lib /usr/lib/x86_64-linux-gnu /usr/lib/../lib /lib
    libs=-lpthread -lnsl -ldl -lm -lcrypt -lutil -lc
    perllibs=-lpthread -lnsl -ldl -lm -lcrypt -lutil -lc
    libc=libc-2.24.so, so=so, useshrplib=false, libperl=libperl.a
    gnulibc_version='2.24'
  Dynamic Linking:
    dlsrc=dl_dlopen.xs, dlext=so, d_dlsymun=undef, ccdlflags='-Wl,-E'
    cccdlflags='-fPIC', lddlflags='-shared -O2 -g -L/usr/local/lib -fstack-protector-strong'


Characteristics of this binary (from libperl): 
  Compile-time options: HAS_TIMES PERLIO_LAYERS PERL_COPY_ON_WRITE
                        PERL_DONT_CREATE_GVSV
                        PERL_HASH_FUNC_ONE_AT_A_TIME_HARD PERL_MALLOC_WRAP
                        PERL_PRESERVE_IVUV PERL_USE_DEVEL USE_64_BIT_ALL
                        USE_64_BIT_INT USE_LARGE_FILES USE_LOCALE
                        USE_LOCALE_COLLATE USE_LOCALE_CTYPE
                        USE_LOCALE_NUMERIC USE_LOCALE_TIME USE_LONG_DOUBLE
                        USE_PERLIO USE_PERL_ATOF
  Locally applied patches:
	uncommitted-changes
  Built under linux
  Compiled at Mar 19 2017 09:59:38
  %ENV:
    PERL5LIB=""
    PERL5OPT=""
    PERL5_CPANPLUS_IS_RUNNING="32402"
    PERL5_CPAN_IS_RUNNING="32402"
    PERL_CANARY_STABILITY_NOPROMPT="1"
    PERL_MM_USE_DEFAULT="1"
    PERL_USE_UNSAFE_INC="1"
  @INC:
    /home/sand/src/perl/repoperls/installed-perls/host/k93x64sid/v5.24.1/3bd2/lib/site_perl/5.24.1/x86_64-linux-ld
    /home/sand/src/perl/repoperls/installed-perls/host/k93x64sid/v5.24.1/3bd2/lib/site_perl/5.24.1
    /home/sand/src/perl/repoperls/installed-perls/host/k93x64sid/v5.24.1/3bd2/lib/5.24.1/x86_64-linux-ld
    /home/sand/src/perl/repoperls/installed-perls/host/k93x64sid/v5.24.1/3bd2/lib/5.24.1
    .