Report for HTTP-Engine-0.03005

Back
From: metabase:user:320bfe00-2aae-11df-837a-5e0a49663a4f
Subject: FAIL HTTP-Engine-0.03005 v5.17.7 GNU/Linux
Date: 2012-11-23T04:30:20Z

This distribution has been tested as part of the CPAN Testers
project, supporting the Perl programming language.  See
http://wiki.cpantesters.org/ for more information or email
questions to cpan-testers-discuss@perl.org


--
Dear Kazuhiro Osawa,

This is a computer-generated report for HTTP-Engine-0.03005
on perl 5.17.7, created by CPAN-Reporter-1.2006.

Thank you for uploading your work to CPAN.  However, there was a problem
testing your distribution.

If you think this report is invalid, please consult the CPAN Testers Wiki
for suggestions on how to avoid getting FAIL reports for missing library
or binary dependencies, unsupported operating systems, and so on:

http://wiki.cpantesters.org/wiki/CPANAuthorNotes

Sections of this report:

    * Tester comments
    * Program output
    * Prerequisites
    * Environment and other context

------------------------------
TESTER COMMENTS
------------------------------

Additional comments from tester:

this report is from an automated smoke testing program
and was not reviewed by a human for accuracy

------------------------------
PROGRAM OUTPUT
------------------------------

Output from '/usr/bin/make test':

PERL_DL_NONLAZY=1 /tmp/basesmoker-reloperl-NtNz/bin/perl "-MExtUtils::Command::MM" "-e" "test_harness(0, 'inc', 'blib/lib', 'blib/arch')" t/*.t t/*/*.t t/moose/*/*.t
# Soft dependency versions:
#  Any::Moose 0.18
#  Mouse 1.02
#  MooseX::Types 0.35
t/00_compile.t .............................................. ok
t/010_core/builder_options-upload_tmp.t ..................... ok
t/010_core/interface-require.t .............................. ok
t/010_core/interface.t ...................................... ok
t/010_core/load_requestbuilder_cgi.t ........................ ok
t/010_core/request-absolute_uri.t ........................... ok
t/010_core/request-as_http_request.t ........................ ok
t/010_core/request-as_string.t .............................. ok
t/010_core/request-body.t ................................... ok
t/010_core/request-content.t ................................ ok
t/010_core/request-cookie.t ................................. ok
t/010_core/request-hostname.t ............................... ok
t/010_core/request-many_upload.t ............................ ok
t/010_core/request-parameters.t ............................. ok
t/010_core/request-params.t ................................. ok
t/010_core/request-parse.t .................................. ok
t/010_core/request-proxy_request.t .......................... ok
t/010_core/request-raw_body.t ............................... ok
t/010_core/request-readbody.t ............................... ok
t/010_core/request-secure.t ................................. ok
t/010_core/request-upload.t ................................. ok

#   Failed test at /tmp/loop_over_bdir-KrjvVS/HTTP-Engine-0.03005-3bdyOc/inc/Test/More.pm line 376.
#          got: 'http://example.com/?foo=bar&aco=tie'
#     expected: 'http://example.com/?aco=tie&foo=bar'

#   Failed test at /tmp/loop_over_bdir-KrjvVS/HTTP-Engine-0.03005-3bdyOc/inc/Test/More.pm line 376.
#          got: 'http://example.com/?foo=bar&foo=baz&aco=tie'
#     expected: 'http://example.com/?aco=tie&foo=bar&foo=baz'

#   Failed test at /tmp/loop_over_bdir-KrjvVS/HTTP-Engine-0.03005-3bdyOc/inc/Test/More.pm line 376.
#          got: 'http://example.com/?bar=baz&foo=bar&foo=baz&aco=tie'
#     expected: 'http://example.com/?aco=tie&bar=baz&foo=bar&foo=baz'

#   Failed test at /tmp/loop_over_bdir-KrjvVS/HTTP-Engine-0.03005-3bdyOc/inc/Test/More.pm line 376.
#          got: 'http://example.com/?bar=baz&bar=foo&foo=bar&foo=baz&aco=tie'
#     expected: 'http://example.com/?aco=tie&bar=baz&bar=foo&foo=bar&foo=baz'
# Looks like you failed 4 tests of 110.
t/010_core/request-uri.t .................................... 
Dubious, test returned 4 (wstat 1024, 0x400)
Failed 4/110 subtests 
t/010_core/request.t ........................................ ok
t/010_core/request_builder-noenv.t .......................... ok
t/010_core/request_processor-catch_error.t .................. ok
t/010_core/request_processor-make_request.t ................. ok
t/010_core/request_processor-response_error.t ............... ok
t/010_core/request_upload-basename.t ........................ ok
t/010_core/response-code.t .................................. ok
t/010_core/response-coerce_headers.t ........................ ok
t/010_core/response-content_length.t ........................ ok
t/010_core/response-cookie.t ................................ ok
t/010_core/response-new.t ................................... ok
t/010_core/response-set_http_response.t ..................... ok
t/010_core/response-status.t ................................ ok
t/010_core/response.t ....................................... ok
t/010_core/response_finalizer.t ............................. ok
t/010_core/response_writer.t ................................ ok
t/010_core/responsewriter-broken_io.t ....................... ok
t/010_core/responsewriter-with_io.t ......................... ok
t/020_interface/cgi.t ....................................... ok
t/020_interface/lighty-fcgi.t ............................... skipped: set TEST_LIGHTTPD to enable this test
t/020_interface/modperl_wildcard_hostname.t ................. skipped: this test requires mod_perl 2
=== 11170 === !!! Stopped child process (PID 11171) reaped when POE::Kernel->run() is ready to return.
=== 11170 === !!! Stopped child process (PID 11172) reaped when POE::Kernel->run() is ready to return.
=== 11170 === !!! Stopped child process (PID 11173) reaped when POE::Kernel->run() is ready to return.
=== 11170 === !!! Stopped child process (PID 11174) reaped when POE::Kernel->run() is ready to return.
=== 11170 === !!! Stopped child process (PID 11175) reaped when POE::Kernel->run() is ready to return.
=== 11170 === !!! Stopped child process (PID 11176) reaped when POE::Kernel->run() is ready to return.
=== 11170 === !!! Stopped child process (PID 11177) reaped when POE::Kernel->run() is ready to return.
=== 11170 === !!! Stopped child process (PID 11178) reaped when POE::Kernel->run() is ready to return.
=== 11170 === !!! Be sure to use sig_child() to reap child processes.
=== 11170 === !!! In extreme cases, failure to reap child processes has
=== 11170 === !!! resulted in a slow 'fork bomb' that has halted systems.
t/020_interface/poe-proxy.t ................................. ok
=== 11179 === !!! Stopped child process (PID 11180) reaped when POE::Kernel->run() is ready to return.
=== 11179 === !!! Stopped child process (PID 11181) reaped when POE::Kernel->run() is ready to return.
=== 11179 === !!! Stopped child process (PID 11182) reaped when POE::Kernel->run() is ready to return.
=== 11179 === !!! Stopped child process (PID 11183) reaped when POE::Kernel->run() is ready to return.
=== 11179 === !!! Stopped child process (PID 11184) reaped when POE::Kernel->run() is ready to return.
=== 11179 === !!! Stopped child process (PID 11185) reaped when POE::Kernel->run() is ready to return.
=== 11179 === !!! Stopped child process (PID 11195) reaped when POE::Kernel->run() is ready to return.
=== 11179 === !!! Stopped child process (PID 11196) reaped when POE::Kernel->run() is ready to return.
=== 11179 === !!! Be sure to use sig_child() to reap child processes.
=== 11179 === !!! In extreme cases, failure to reap child processes has
=== 11179 === !!! resulted in a slow 'fork bomb' that has halted systems.
t/020_interface/poe-uri.t ................................... ok
=== 11197 === !!! Stopped child process (PID 11198) reaped when POE::Kernel->run() is ready to return.
=== 11197 === !!! Stopped child process (PID 11199) reaped when POE::Kernel->run() is ready to return.
=== 11197 === !!! Stopped child process (PID 11200) reaped when POE::Kernel->run() is ready to return.
=== 11197 === !!! Stopped child process (PID 11201) reaped when POE::Kernel->run() is ready to return.
=== 11197 === !!! Stopped child process (PID 11202) reaped when POE::Kernel->run() is ready to return.
=== 11197 === !!! Stopped child process (PID 11204) reaped when POE::Kernel->run() is ready to return.
=== 11197 === !!! Stopped child process (PID 11205) reaped when POE::Kernel->run() is ready to return.
=== 11197 === !!! Stopped child process (PID 11206) reaped when POE::Kernel->run() is ready to return.
=== 11197 === !!! Be sure to use sig_child() to reap child processes.
=== 11197 === !!! In extreme cases, failure to reap child processes has
=== 11197 === !!! resulted in a slow 'fork bomb' that has halted systems.
t/020_interface/poe.t ....................................... ok
t/020_interface/psgi-with_plack.t ........................... ok
t/020_interface/psgi.t ...................................... ok
Bad arg length for Socket::unpack_sockaddr_in, length is 28, should be 16 at /home/src/perl/repoperls/installed-perls/perl/v5.17.6-28-gac93cf5/165a/lib/5.17.7/x86_64-linux/Socket.pm line 824.

#   Failed test at /tmp/loop_over_bdir-KrjvVS/HTTP-Engine-0.03005-3bdyOc/inc/Test/More.pm line 376.
#          got: 'Can't connect to localhost:50760 (Connection refused)
# 
# LWP::Protocol::http::Socket: connect: Connection refused at /home/src/perl/repoperls/installed-perls/perl/v5.17.6-28-gac93cf5/165a/lib/site_perl/5.17.7/LWP/Protocol/http.pm line 51, <DATA> line 11.
# '
#     expected: 'ok'
# Looks like you failed 1 test of 1.
t/020_interface/server_simple-net_server_configure.t ........ 
Dubious, test returned 1 (wstat 256, 0x100)
Failed 1/1 subtests 
t/020_interface/server_simple-not-send-header-bug.t ......... ok
t/020_interface/server_simple-print_banner.t ................ ok
t/020_interface/server_simple.t ............................. ok
t/020_interface/standalone-keep_alive.t ..................... skipped: Interface::Standalone will be removed
t/020_interface/standalone-restart.t ........................ skipped: Interface::Standalone will be removed
t/020_interface/streaming_response.t ........................ ok
t/020_interface/test-validation.t ........................... ok
t/020_interface/test-warn_at_utf8.t ......................... ok
t/020_interface/test.t ...................................... ok
t/020_interface/test_response-with_io.t ..................... ok
t/020_interface/test_upload.t ............................... ok
t/030_daemonize/connection_info.t ........................... ok
t/030_daemonize/headers.t ................................... ok
t/030_daemonize/proxy_path.t ................................ ok
t/030_daemonize/raw_body.t .................................. ok
t/030_daemonize/request_independence.t ...................... ok
t/030_daemonize/responsewriter_io.t ......................... ok
t/030_daemonize/upload-methods.t ............................ ok
t/030_daemonize/upload.t .................................... ok
t/030_daemonize/uri.t ....................................... ok
t/030_daemonize/utf8flagged-uri.t ........................... ok
t/040_minimal/001_simple.t .................................. ok
t/050_tests/request.t ....................................... ok
# Soft dependency versions:
#  Any::Moose 0.18
#  Mouse 1.02
#  MooseX::Types 0.35
t/moose/00_compile.t ........................................ ok
t/moose/010_core/builder_options-upload_tmp.t ............... ok
t/moose/010_core/interface-require.t ........................ ok
t/moose/010_core/interface.t ................................ ok
t/moose/010_core/load_requestbuilder_cgi.t .................. ok
t/moose/010_core/request-absolute_uri.t ..................... ok
t/moose/010_core/request-as_http_request.t .................. ok
t/moose/010_core/request-as_string.t ........................ ok
t/moose/010_core/request-body.t ............................. ok
t/moose/010_core/request-content.t .......................... ok
t/moose/010_core/request-cookie.t ........................... ok
t/moose/010_core/request-hostname.t ......................... ok
t/moose/010_core/request-many_upload.t ...................... ok
t/moose/010_core/request-parameters.t ....................... ok
t/moose/010_core/request-params.t ........................... ok
t/moose/010_core/request-parse.t ............................ ok
t/moose/010_core/request-proxy_request.t .................... ok
t/moose/010_core/request-raw_body.t ......................... ok
t/moose/010_core/request-readbody.t ......................... ok
t/moose/010_core/request-secure.t ........................... ok
t/moose/010_core/request-upload.t ........................... ok

#   Failed test at /tmp/loop_over_bdir-KrjvVS/HTTP-Engine-0.03005-3bdyOc/inc/Test/More.pm line 376.
#          got: 'http://example.com/?foo=bar&aco=tie'
#     expected: 'http://example.com/?aco=tie&foo=bar'

#   Failed test at /tmp/loop_over_bdir-KrjvVS/HTTP-Engine-0.03005-3bdyOc/inc/Test/More.pm line 376.
#          got: 'http://example.com/?foo=bar&foo=baz&aco=tie'
#     expected: 'http://example.com/?aco=tie&foo=bar&foo=baz'

#   Failed test at /tmp/loop_over_bdir-KrjvVS/HTTP-Engine-0.03005-3bdyOc/inc/Test/More.pm line 376.
#          got: 'http://example.com/?foo=bar&foo=baz&aco=tie&bar=baz'
#     expected: 'http://example.com/?aco=tie&bar=baz&foo=bar&foo=baz'

#   Failed test at /tmp/loop_over_bdir-KrjvVS/HTTP-Engine-0.03005-3bdyOc/inc/Test/More.pm line 376.
#          got: 'http://example.com/?foo=bar&foo=baz&aco=tie&bar=baz&bar=foo'
#     expected: 'http://example.com/?aco=tie&bar=baz&bar=foo&foo=bar&foo=baz'
# Looks like you failed 4 tests of 110.
t/moose/010_core/request-uri.t .............................. 
Dubious, test returned 4 (wstat 1024, 0x400)
Failed 4/110 subtests 
t/moose/010_core/request.t .................................. ok
t/moose/010_core/request_builder-noenv.t .................... ok
t/moose/010_core/request_processor-catch_error.t ............ ok
t/moose/010_core/request_processor-make_request.t ........... ok
t/moose/010_core/request_processor-response_error.t ......... ok
t/moose/010_core/request_upload-basename.t .................. ok
t/moose/010_core/response-code.t ............................ ok
t/moose/010_core/response-coerce_headers.t .................. ok
t/moose/010_core/response-content_length.t .................. ok
t/moose/010_core/response-cookie.t .......................... ok
t/moose/010_core/response-new.t ............................. ok
t/moose/010_core/response-set_http_response.t ............... ok
t/moose/010_core/response-status.t .......................... ok
t/moose/010_core/response.t ................................. ok
t/moose/010_core/response_finalizer.t ....................... ok
t/moose/010_core/response_writer.t .......................... ok
t/moose/010_core/responsewriter-broken_io.t ................. ok
t/moose/010_core/responsewriter-with_io.t ................... ok
t/moose/020_interface/cgi.t ................................. ok
t/moose/020_interface/lighty-fcgi.t ......................... skipped: set TEST_LIGHTTPD to enable this test
t/moose/020_interface/modperl_wildcard_hostname.t ........... skipped: this test requires mod_perl 2
=== 11679 === !!! Stopped child process (PID 11680) reaped when POE::Kernel->run() is ready to return.
=== 11679 === !!! Stopped child process (PID 11681) reaped when POE::Kernel->run() is ready to return.
=== 11679 === !!! Stopped child process (PID 11682) reaped when POE::Kernel->run() is ready to return.
=== 11679 === !!! Stopped child process (PID 11684) reaped when POE::Kernel->run() is ready to return.
=== 11679 === !!! Stopped child process (PID 11685) reaped when POE::Kernel->run() is ready to return.
=== 11679 === !!! Stopped child process (PID 11686) reaped when POE::Kernel->run() is ready to return.
=== 11679 === !!! Stopped child process (PID 11687) reaped when POE::Kernel->run() is ready to return.
=== 11679 === !!! Stopped child process (PID 11688) reaped when POE::Kernel->run() is ready to return.
=== 11679 === !!! Be sure to use sig_child() to reap child processes.
=== 11679 === !!! In extreme cases, failure to reap child processes has
=== 11679 === !!! resulted in a slow 'fork bomb' that has halted systems.
t/moose/020_interface/poe-proxy.t ........................... ok
=== 11689 === !!! Stopped child process (PID 11690) reaped when POE::Kernel->run() is ready to return.
=== 11689 === !!! Stopped child process (PID 11691) reaped when POE::Kernel->run() is ready to return.
=== 11689 === !!! Stopped child process (PID 11692) reaped when POE::Kernel->run() is ready to return.
=== 11689 === !!! Stopped child process (PID 11693) reaped when POE::Kernel->run() is ready to return.
=== 11689 === !!! Stopped child process (PID 11694) reaped when POE::Kernel->run() is ready to return.
=== 11689 === !!! Stopped child process (PID 11695) reaped when POE::Kernel->run() is ready to return.
=== 11689 === !!! Stopped child process (PID 11696) reaped when POE::Kernel->run() is ready to return.
=== 11689 === !!! Stopped child process (PID 11697) reaped when POE::Kernel->run() is ready to return.
=== 11689 === !!! Be sure to use sig_child() to reap child processes.
=== 11689 === !!! In extreme cases, failure to reap child processes has
=== 11689 === !!! resulted in a slow 'fork bomb' that has halted systems.
t/moose/020_interface/poe-uri.t ............................. ok
=== 11698 === !!! Stopped child process (PID 11704) reaped when POE::Kernel->run() is ready to return.
=== 11698 === !!! Stopped child process (PID 11705) reaped when POE::Kernel->run() is ready to return.
=== 11698 === !!! Stopped child process (PID 11706) reaped when POE::Kernel->run() is ready to return.
=== 11698 === !!! Stopped child process (PID 11707) reaped when POE::Kernel->run() is ready to return.
=== 11698 === !!! Stopped child process (PID 11708) reaped when POE::Kernel->run() is ready to return.
=== 11698 === !!! Stopped child process (PID 11709) reaped when POE::Kernel->run() is ready to return.
=== 11698 === !!! Stopped child process (PID 11710) reaped when POE::Kernel->run() is ready to return.
=== 11698 === !!! Stopped child process (PID 11711) reaped when POE::Kernel->run() is ready to return.
=== 11698 === !!! Be sure to use sig_child() to reap child processes.
=== 11698 === !!! In extreme cases, failure to reap child processes has
=== 11698 === !!! resulted in a slow 'fork bomb' that has halted systems.
t/moose/020_interface/poe.t ................................. ok
t/moose/020_interface/psgi-with_plack.t ..................... ok
t/moose/020_interface/psgi.t ................................ ok
Bad arg length for Socket::unpack_sockaddr_in, length is 28, should be 16 at /home/src/perl/repoperls/installed-perls/perl/v5.17.6-28-gac93cf5/165a/lib/5.17.7/x86_64-linux/Socket.pm line 824.

#   Failed test at /tmp/loop_over_bdir-KrjvVS/HTTP-Engine-0.03005-3bdyOc/inc/Test/More.pm line 376.
#          got: 'Can't connect to localhost:50627 (Connection refused)
# 
# LWP::Protocol::http::Socket: connect: Connection refused at /home/src/perl/repoperls/installed-perls/perl/v5.17.6-28-gac93cf5/165a/lib/site_perl/5.17.7/LWP/Protocol/http.pm line 51, <DATA> line 11.
# '
#     expected: 'ok'
# Looks like you failed 1 test of 1.
t/moose/020_interface/server_simple-net_server_configure.t .. 
Dubious, test returned 1 (wstat 256, 0x100)
Failed 1/1 subtests 
t/moose/020_interface/server_simple-not-send-header-bug.t ... ok
t/moose/020_interface/server_simple-print_banner.t .......... ok
t/moose/020_interface/server_simple.t ....................... ok
t/moose/020_interface/standalone-keep_alive.t ............... skipped: Interface::Standalone will be removed
t/moose/020_interface/standalone-restart.t .................. skipped: Interface::Standalone will be removed
t/moose/020_interface/streaming_response.t .................. ok
t/moose/020_interface/test-validation.t ..................... ok
t/moose/020_interface/test-warn_at_utf8.t ................... ok
t/moose/020_interface/test.t ................................ ok
t/moose/020_interface/test_response-with_io.t ............... ok
t/moose/020_interface/test_upload.t ......................... ok
t/moose/030_daemonize/connection_info.t ..................... ok
t/moose/030_daemonize/headers.t ............................. ok
t/moose/030_daemonize/proxy_path.t .......................... ok
t/moose/030_daemonize/raw_body.t ............................ ok
t/moose/030_daemonize/request_independence.t ................ ok
t/moose/030_daemonize/responsewriter_io.t ................... ok
t/moose/030_daemonize/upload-methods.t ...................... ok
t/moose/030_daemonize/upload.t .............................. ok
t/moose/030_daemonize/uri.t ................................. ok
t/moose/030_daemonize/utf8flagged-uri.t ..................... ok
t/moose/040_minimal/001_simple.t ............................ ok
t/moose/050_tests/request.t ................................. ok

Test Summary Report
-------------------
t/010_core/request-uri.t                                  (Wstat: 1024 Tests: 110 Failed: 4)
  Failed tests:  38, 43, 48, 53
  Non-zero exit status: 4
t/020_interface/server_simple-net_server_configure.t      (Wstat: 256 Tests: 1 Failed: 1)
  Failed test:  1
  Non-zero exit status: 1
t/moose/010_core/request-uri.t                            (Wstat: 1024 Tests: 110 Failed: 4)
  Failed tests:  38, 43, 48, 53
  Non-zero exit status: 4
t/moose/020_interface/server_simple-net_server_configure.t (Wstat: 256 Tests: 1 Failed: 1)
  Failed test:  1
  Non-zero exit status: 1
Files=144, Tests=1382, 47 wallclock secs ( 0.45 usr  0.14 sys + 35.31 cusr  4.12 csys = 40.02 CPU)
Result: FAIL
Failed 4/144 test programs. 10/1382 subtests failed.
make: *** [test_dynamic] Error 255

------------------------------
PREREQUISITES
------------------------------

Prerequisite modules loaded:

requires:

    Module               Need   Have    
    -------------------- ------ --------
    Any::Moose           0.13   0.18    
    CGI::Simple::Cookie  1.103  1.113   
    File::Copy           0      2.25    
    File::Spec::Unix     3.2701 3.39_03 
    Filter::Util::Call   0      1.45    
    HTTP::Body           1.05   1.17    
    HTTP::Headers::Fast  0.11   0.16    
    HTTP::Server::Simple 0.35   0.44    
    Mouse                0.62   1.02    
    MouseX::Types        0.05   0.06    
    perl                 5.008  5.017007
    Scalar::Util         1.19   1.25    
    URI                  1.36   1.60    

build_requires:

    Module               Need   Have    
    -------------------- ------ --------
    ExtUtils::MakeMaker  6.42   6.63_02 
    File::Temp           0.20   0.22    
    HTTP::Request::AsCGI 0      1.2     
    IO::File             1.14   1.16    
    IO::Scalar           0      2.110   
    IO::Socket           1.3    1.35    
    IO::Socket::INET     0      1.33    
    Test::More           0      0.98    
    Test::SharedFork     0.11   0.20    
    Test::TCP            0.16   1.18    
    YAML                 0      0.84    

configure_requires:

    Module               Need   Have    
    -------------------- ------ --------
    ExtUtils::MakeMaker  6.42   6.63_02 


------------------------------
ENVIRONMENT AND OTHER CONTEXT
------------------------------

Environment variables:

    AUTOMATED_TESTING = 1
    LANG = en_US.UTF-8
    LANGUAGE = en_US:en
    PATH = /home/sand/bin:/usr/local/bin:/usr/bin:/bin:/usr/bin/X11:/usr/games:/usr/local/perl/bin:/usr/X11/bin:/sbin:/usr/sbin
    PERL5LIB = /tmp/loop_over_bdir-KrjvVS/Mail-SpamAssassin-2.43-Y0deqe/blib/arch:/tmp/loop_over_bdir-KrjvVS/Mail-SpamAssassin-2.43-Y0deqe/blib/lib
    PERL5OPT = 
    PERL5_CPANPLUS_IS_RUNNING = 6349
    PERL5_CPAN_IS_RUNNING = 6349
    PERL_MM_USE_DEFAULT = 1
    SHELL = /usr/bin/zsh
    TERM = screen

Perl special variables (and OS-specific diagnostics, for MSWin32):

    $^X = /tmp/basesmoker-reloperl-NtNz/bin/perl
    $UID/$EUID = 1005 / 1005
    $GID = 1005 1005
    $EGID = 1005 1005

Perl module toolchain versions installed:

    Module              Have    
    ------------------- --------
    CPAN                1.9800  
    CPAN::Meta          2.120921
    Cwd                 3.39_02 
    ExtUtils::CBuilder  0.280209
    ExtUtils::Command   1.17    
    ExtUtils::Install   1.58    
    ExtUtils::MakeMaker 6.63_02 
    ExtUtils::Manifest  1.62    
    ExtUtils::ParseXS   3.18    
    File::Spec          3.39_02 
    JSON                2.53    
    JSON::PP            2.27200 
    Module::Build       0.4003  
    Module::Signature   0.69    
    Parse::CPAN::Meta   1.4404  
    Test::Harness       3.25_01 
    Test::More          0.98    
    YAML                0.84    
    YAML::Syck          1.21    
    version             0.9901  


--

Summary of my perl5 (revision 5 version 17 subversion 7) configuration:
  Commit id: ac93cf5da977bd07a11ef68c5b684322bd23fd72
  Platform:
    osname=linux, osvers=3.2.0-4-amd64, archname=x86_64-linux
    uname='linux k83 3.2.0-4-amd64 #1 smp debian 3.2.32-1 x86_64 gnulinux '
    config_args='-Dprefix=/home/src/perl/repoperls/installed-perls/perl/v5.17.6-28-gac93cf5/165a -Dmyhostname=k83 -Dinstallusrbinperl=n -Uversiononly -Dusedevel -des -Ui_db -Uuseithreads -Uuselongdouble -DDEBUGGING=-g'
    hint=recommended, useposix=true, d_sigaction=define
    useithreads=undef, usemultiplicity=undef
    useperlio=define, d_sfio=undef, uselargefiles=define, usesocks=undef
    use64bitint=define, use64bitall=define, uselongdouble=undef
    usemymalloc=n, bincompat5005=undef
  Compiler:
    cc='cc', ccflags ='-fno-strict-aliasing -pipe -fstack-protector -I/usr/local/include -D_LARGEFILE_SOURCE -D_FILE_OFFSET_BITS=64',
    optimize='-O2 -g',
    cppflags='-fno-strict-aliasing -pipe -fstack-protector -I/usr/local/include'
    ccversion='', gccversion='4.7.2', gccosandvers=''
    intsize=4, longsize=8, ptrsize=8, doublesize=8, byteorder=12345678
    d_longlong=define, longlongsize=8, d_longdbl=define, longdblsize=16
    ivtype='long', ivsize=8, nvtype='double', nvsize=8, Off_t='off_t', lseeksize=8
    alignbytes=8, prototype=define
  Linker and Libraries:
    ld='cc', ldflags =' -fstack-protector -L/usr/local/lib'
    libpth=/usr/local/lib /lib/x86_64-linux-gnu /lib/../lib /usr/lib/x86_64-linux-gnu /usr/lib/../lib /lib /usr/lib
    libs=-lnsl -ldb -ldl -lm -lcrypt -lutil -lc
    perllibs=-lnsl -ldl -lm -lcrypt -lutil -lc
    libc=, so=so, useshrplib=false, libperl=libperl.a
    gnulibc_version='2.13'
  Dynamic Linking:
    dlsrc=dl_dlopen.xs, dlext=so, d_dlsymun=undef, ccdlflags='-Wl,-E'
    cccdlflags='-fPIC', lddlflags='-shared -O2 -g -L/usr/local/lib -fstack-protector'


Characteristics of this binary (from libperl): 
  Compile-time options: HAS_TIMES PERLIO_LAYERS PERL_DONT_CREATE_GVSV
                        PERL_MALLOC_WRAP PERL_PRESERVE_IVUV PERL_USE_DEVEL
                        USE_64_BIT_ALL USE_64_BIT_INT USE_LARGE_FILES
                        USE_LOCALE USE_LOCALE_COLLATE USE_LOCALE_CTYPE
                        USE_LOCALE_NUMERIC USE_PERLIO USE_PERL_ATOF
  Built under linux
  Compiled at Nov 22 2012 17:46:22
  %ENV:
    PERL5LIB="/tmp/loop_over_bdir-KrjvVS/Mail-SpamAssassin-2.43-Y0deqe/blib/arch:/tmp/loop_over_bdir-KrjvVS/Mail-SpamAssassin-2.43-Y0deqe/blib/lib"
    PERL5OPT=""
    PERL5_CPANPLUS_IS_RUNNING="6349"
    PERL5_CPAN_IS_RUNNING="6349"
    PERL_MM_USE_DEFAULT="1"
  @INC:
    /tmp/loop_over_bdir-KrjvVS/Mail-SpamAssassin-2.43-Y0deqe/blib/arch
    /tmp/loop_over_bdir-KrjvVS/Mail-SpamAssassin-2.43-Y0deqe/blib/lib
    /home/src/perl/repoperls/installed-perls/perl/v5.17.6-28-gac93cf5/165a/lib/site_perl/5.17.7/x86_64-linux
    /home/src/perl/repoperls/installed-perls/perl/v5.17.6-28-gac93cf5/165a/lib/site_perl/5.17.7
    /home/src/perl/repoperls/installed-perls/perl/v5.17.6-28-gac93cf5/165a/lib/5.17.7/x86_64-linux
    /home/src/perl/repoperls/installed-perls/perl/v5.17.6-28-gac93cf5/165a/lib/5.17.7
    .