POE-Component-SmokeBox v0.58 Perl 5 v5.12.1 i86pc-solaris-thread-multi-64

Status
Fail
From
Chris Williams (BINGOS)
Dist
POE-Component-SmokeBox v0.58
Platform
Perl 5 v5.12.1 i86pc-solaris-thread-multi-64
Date
2023-05-31 13:17:27
ID
7d176dfe-ffb5-11ed-98b0-b3c3213a625c
This distribution has been tested as part of the CPAN Testers
project, supporting the Perl programming language.  See
http://wiki.cpantesters.org/ for more information or email
questions to cpan-testers-discuss@perl.org


--

Dear BINGOS,

This is a computer-generated error report created automatically by
CPANPLUS, version 0.9914. Testers personal comments may appear
at the end of this report.


Thank you for uploading your work to CPAN.  However, it appears that
there were some problems testing your distribution.

TEST RESULTS:

Below is the error stack from stage 'make test':

PERL_DL_NONLAZY=1 "/home/cpan/pit/thr/perl-5.12.1/bin/perl" "-MExtUtils::Command::MM" "-MTest::Harness" "-e" "undef *Test::Harness::Switches; test_harness(0, 'blib/lib', 'blib/arch')" t/*.t t/backend/*.t t/jobqueue/*.t t/smokebox/*.t
t/00-compile.t ..................... ok
# 
# 
# Testing POE::Component::SmokeBox-0.58
# 
# 
# 
# Code borrowed from XML::Twig by MIROD
# 
# Configuration:
# 
# perl: 5.012001
# OS: solaris - i86pc-solaris
# 
# POE                      :            1.370 (required)
# Module::Pluggable        :              5.2 (required)
# Object::Accessor         :             0.48 (required)
# Params::Check            :             0.38 (required)
# Digest::MD5              :             2.39 (required)
# IO::Pty                  :             1.17 (strongly recommended)
# 
# Test::More               :         1.302194 (required for build)
# File::Spec               :             3.75 (required for build)
# 
t/00_dump_stuff.t .................. ok
t/00_use_objs.t .................... ok
t/01_objects.t ..................... ok
t/author-pod-coverage.t ............ skipped: these tests are for testing by the author
t/author-pod-syntax.t .............. skipped: these tests are for testing by the author
t/backend/00_compile.t ............. ok
t/backend/01_cpan_yac.t ............ ok
t/backend/01_cpanp_yac.t ........... ok
t/backend/01_crsmoker.t ............ ok
t/backend/01_reporter.t ............ ok
t/backend/02_check.t ............... ok
t/backend/02_index.t ............... ok
t/backend/02_smoke.t ............... ok
t/backend/03_check_cpyac.t ......... ok
t/backend/03_check_cyac.t .......... ok
t/backend/03_index_cpyac.t ......... ok
t/backend/03_index_cyac.t .......... ok
t/backend/03_smoke_cpyac.t ......... ok
t/backend/03_smoke_cyac.t .......... ok
t/backend/04_check_rep.t ........... ok
t/backend/04_check_reps.t .......... ok
t/backend/04_index_rep.t ........... ok
t/backend/04_index_reps.t .......... ok
t/backend/04_smoke_rep.t ........... ok
t/backend/04_smoke_reps.t .......... ok
t/backend/05_env.t ................. ok
No such backend 'CORE::Badger'
 at t/backend/06_false_backend.t line 23.
t/backend/06_false_backend.t ....... ok
# Waiting for the idle kill - should be 10 seconds or so
t/backend/07_test_idle.t ........... ok
# Waiting for the excessive run kill - should be 15 seconds or so
t/backend/08_test_excess.t ......... ok
t/backend/09_test_loop.t ........... skipped: Currently broken on Solaris, skipping
t/backend/10_test_normal.t ......... ok
t/backend/11_test_nolog.t .......... ok
t/backend/12_test_callback.t ....... ok
t/backend/13_test_callback_deny.t .. ok
t/jobqueue/00_compile.t ............ ok
t/jobqueue/01_jobqueue.t ........... ok
t/jobqueue/02_smokers.t ............ ok
# Waiting five seconds for the dust to settle
t/jobqueue/03_paused.t ............. ok
t/jobqueue/03_paused_between.t ..... ok
t/jobqueue/03_paused_now.t ......... ok
Required option 'smokers' is not provided for POE::Component::SmokeBox::JobQueue::_submit by POE::Session::_invoke_state at /home/cpan/pit/jail/6_hoaSz7Ay/lib/perl5/POE/Session.pm line 483.
t/jobqueue/04_no_smokers.t ......... ok
t/jobqueue/05_delay.t .............. ok
t/smokebox/00_compile.t ............ ok
t/smokebox/01_usage.t .............. ok
t/smokebox/02_smokers.t ............ ok
t/smokebox/03_multiplicity.t ....... ok
t/smokebox/04_smokers_more.t ....... ok
t/smokebox/05_multi_smoke.t ........ ok
t/smokebox/06_many_jobs.t .......... ok
# Starting 25 jobs, this can take a while
t/smokebox/07_stress.t ............. ok
Died at t/smokebox/08_delay.t line 46.
# Looks like your test exited with 22 just after 5.
t/smokebox/08_delay.t .............. 
Dubious, test returned 22 (wstat 5632, 0x1600)
Failed 46/51 subtests 
t/smokebox/09_delay_delay.t ........ ok

Test Summary Report
-------------------
t/smokebox/08_delay.t            (Wstat: 5632 (exited 22) Tests: 5 Failed: 0)
  Non-zero exit status: 22
  Parse errors: Bad plan.  You planned 51 tests but ran 5.
Files=53, Tests=1501, 215 wallclock secs ( 0.51 usr  0.25 sys + 43.89 cusr  6.49 csys = 51.14 CPU)
Result: FAIL
Failed 1/53 test programs. 0/1501 subtests failed.
*** Error code 255
make: Fatal error: Command failed for target `test_dynamic'


PREREQUISITES:

Here is a list of prerequisites you specified and versions we
managed to load:

	  Module Name                        Have     Want
	  Digest::SHA                        6.04        0
	  Env::Sanctify                      1.12     0.04
	  ExtUtils::MakeMaker                7.70        0
	  File::Path                         2.18        0
	  File::Spec                         3.75        0
	  File::Temp                       0.2311        0
	  IO::Handle                         1.51        0
	  IPC::Open3                         1.05        0
	  Module::Pluggable                   5.2        0
	  Object::Accessor                   0.48        0
	  POE                               1.370    1.367
	  Params::Check                      0.38        0
	  Regexp::Assemble                   0.38     0.34
	  SDBM_File                          1.06        0
	  String::Perl::Warnings             1.16     0.04
	  Test::Harness                      3.44     3.14
	  Test::More                     1.302194     0.47

Perl module toolchain versions installed:
	Module Name                        Have
	CPANPLUS                         0.9914
	CPANPLUS::Dist::Build              0.90
	Cwd                                3.75
	ExtUtils::CBuilder             0.280236
	ExtUtils::Command                  7.70
	ExtUtils::Install                  2.22
	ExtUtils::MakeMaker                7.70
	ExtUtils::Manifest                 1.73
	ExtUtils::ParseXS                  3.44
	File::Spec                         3.75
	Module::Build                    0.4232
	Pod::Parser                        1.37
	Pod::Simple                        3.14
	Test2                          1.302194
	Test::Harness                      3.44
	Test::More                     1.302194
	version                          0.9929

******************************** NOTE ********************************
The comments above are created mechanically, possibly without manual
checking by the sender.  As there are many people performing automatic
tests on each upload to CPAN, it is likely that you will receive
identical messages about the same problem.

If you believe that the message is mistaken, please reply to the first
one with correction and/or additional informations, and do not take
it personally.  We appreciate your patience. :)
**********************************************************************

Additional comments:


This report was machine-generated by CPANPLUS::Dist::YACSmoke 1.08.
Powered by minismokebox version 0.68

CPANPLUS is prefering Build.PL

------------------------------
ENVIRONMENT AND OTHER CONTEXT
------------------------------

Environment variables:

    AUTOMATED_TESTING = 1
    LANG = en_GB.UTF-8
    NONINTERACTIVE_TESTING = 1
    PATH = /usr/bin:/usr/sbin:/sbin:/opt/ooce/bin:/usr/gnu/bin
    PERL5LIB = /home/cpan/pit/jail/6_hoaSz7Ay/lib/perl5:/home/cpan/pit/thr/conf/perl-5.12.1/.cpanplus/5.12.1/build/EVrT4KPT4F/POE-Component-SmokeBox-0.58/blib/lib:/home/cpan/pit/thr/conf/perl-5.12.1/.cpanplus/5.12.1/build/EVrT4KPT4F/POE-Component-SmokeBox-0.58/blib/arch
    PERL5_CPANPLUS_IS_RUNNING = 15003
    PERL5_CPANPLUS_IS_VERSION = 0.9914
    PERL5_MINISMOKEBOX = 0.68
    PERL5_YACSMOKE_BASE = /home/cpan/pit/thr/conf/perl-5.12.1
    PERL_EXTUTILS_AUTOINSTALL = --defaultdeps
    PERL_LOCAL_LIB_ROOT = /home/cpan/pit/jail/6_hoaSz7Ay
    PERL_MB_OPT = --install_base "/home/cpan/pit/jail/6_hoaSz7Ay"
    PERL_MM_OPT = INSTALL_BASE=/home/cpan/pit/jail/6_hoaSz7Ay
    PERL_MM_USE_DEFAULT = 1
    SHELL = /bin/bash
    TERM = screen.xterm-256color

Perl special variables (and OS-specific diagnostics, for MSWin32):

    Perl: $^X = /home/cpan/pit/thr/perl-5.12.1/bin/perl
    UID:  $<  = 101
    EUID: $>  = 101
    GID:  $(  = 101 101
    EGID: $)  = 101 101


-------------------------------


--

Summary of my perl5 (revision 5 version 12 subversion 1) configuration:
   
  Platform:
    osname=solaris, osvers=2.11, archname=i86pc-solaris-thread-multi-64
    uname='sunos ouzel 5.11 omnios-r151034-0d278a0cc5 i86pc i386 i86pc '
    config_args='-des -Dprefix=/home/cpan/pit/thr/perl-5.12.1 -Dusethreads -Duse64bitall -Dcc=gcc'
    hint=recommended, useposix=true, d_sigaction=define
    useithreads=define, usemultiplicity=define
    useperlio=define, d_sfio=undef, uselargefiles=define, usesocks=undef
    use64bitint=define, use64bitall=define, uselongdouble=undef
    usemymalloc=n, bincompat5005=undef
  Compiler:
    cc='gcc', ccflags ='-D_REENTRANT -m64 -fwrapv -fno-strict-aliasing -pipe -fstack-protector -D_LARGEFILE_SOURCE -D_FILE_OFFSET_BITS=64 -DPERL_USE_SAFE_PUTENV',
    optimize='-O',
    cppflags='-D_REENTRANT -m64 -fwrapv -fno-strict-aliasing -pipe -fstack-protector'
    ccversion='', gccversion='9.3.0', gccosandvers=''
    intsize=4, longsize=8, ptrsize=8, doublesize=8, byteorder=12345678
    d_longlong=define, longlongsize=8, d_longdbl=define, longdblsize=16
    ivtype='long', ivsize=8, nvtype='double', nvsize=8, Off_t='off_t', lseeksize=8
    alignbytes=8, prototype=define
  Linker and Libraries:
    ld='gcc', ldflags =' -m64 -fstack-protector -L/usr/gnu/lib '
    libpth=/usr/gnu/lib /usr/lib /usr/ccs/lib
    libs=-lsocket -lnsl -ldl -lm -lpthread -lc
    perllibs=-lsocket -lnsl -ldl -lm -lpthread -lc
    libc=/lib/libc.so, so=so, useshrplib=true, libperl=libperl.so
    gnulibc_version=''
  Dynamic Linking:
    dlsrc=dl_dlopen.xs, dlext=so, d_dlsymun=undef, ccdlflags='  -R /home/cpan/pit/thr/perl-5.12.1/lib/5.12.1/i86pc-solaris-thread-multi-64/CORE'
    cccdlflags='-fPIC', lddlflags=' -shared -m64 -L/usr/gnu/lib -fstack-protector'


Characteristics of this binary (from libperl): 
  Compile-time options: MULTIPLICITY PERL_DONT_CREATE_GVSV
                        PERL_IMPLICIT_CONTEXT PERL_MALLOC_WRAP
                        PERL_USE_SAFE_PUTENV USE_64_BIT_ALL USE_64_BIT_INT
                        USE_ITHREADS USE_LARGE_FILES USE_PERLIO USE_PERL_ATOF
                        USE_REENTRANT_API
  Locally applied patches:
	Devel::PatchPerl 2.00
  Built under solaris
  Compiled at Aug 19 2020 21:25:57
  %ENV:
    PERL5LIB="/home/cpan/pit/jail/6_hoaSz7Ay/lib/perl5:/home/cpan/pit/thr/conf/perl-5.12.1/.cpanplus/5.12.1/build/EVrT4KPT4F/POE-Component-SmokeBox-0.58/blib/lib:/home/cpan/pit/thr/conf/perl-5.12.1/.cpanplus/5.12.1/build/EVrT4KPT4F/POE-Component-SmokeBox-0.58/blib/arch"
    PERL5_CPANPLUS_IS_RUNNING="15003"
    PERL5_CPANPLUS_IS_VERSION="0.9914"
    PERL5_MINISMOKEBOX="0.68"
    PERL5_YACSMOKE_BASE="/home/cpan/pit/thr/conf/perl-5.12.1"
    PERL_EXTUTILS_AUTOINSTALL="--defaultdeps"
    PERL_LOCAL_LIB_ROOT="/home/cpan/pit/jail/6_hoaSz7Ay"
    PERL_MB_OPT="--install_base "/home/cpan/pit/jail/6_hoaSz7Ay""
    PERL_MM_OPT="INSTALL_BASE=/home/cpan/pit/jail/6_hoaSz7Ay"
    PERL_MM_USE_DEFAULT="1"
  @INC:
    /home/cpan/pit/jail/6_hoaSz7Ay/lib/perl5/5.12.1/i86pc-solaris-thread-multi-64
    /home/cpan/pit/jail/6_hoaSz7Ay/lib/perl5/5.12.1
    /home/cpan/pit/jail/6_hoaSz7Ay/lib/perl5/i86pc-solaris-thread-multi-64
    /home/cpan/pit/jail/6_hoaSz7Ay/lib/perl5
    /home/cpan/pit/thr/conf/perl-5.12.1/.cpanplus/5.12.1/build/EVrT4KPT4F/POE-Component-SmokeBox-0.58/blib/lib
    /home/cpan/pit/thr/conf/perl-5.12.1/.cpanplus/5.12.1/build/EVrT4KPT4F/POE-Component-SmokeBox-0.58/blib/arch
    /home/cpan/pit/thr/perl-5.12.1/lib/site_perl/5.12.1/i86pc-solaris-thread-multi-64
    /home/cpan/pit/thr/perl-5.12.1/lib/site_perl/5.12.1
    /home/cpan/pit/thr/perl-5.12.1/lib/5.12.1/i86pc-solaris-thread-multi-64
    /home/cpan/pit/thr/perl-5.12.1/lib/5.12.1
    .