Report for Module-Build-JSAN-Installable-0.13

Back
From: metabase:user:d2c9f356-b46f-11df-9a90-20a83c0b7757
Subject: FAIL Module-Build-JSAN-Installable-0.13 v5.14.1 SunOS/Solaris
Date: 2011-07-01T16:23:43Z

This distribution has been tested as part of the CPAN Testers
project, supporting the Perl programming language.  See
http://wiki.cpantesters.org/ for more information or email
questions to cpan-testers-discuss@perl.org


--
Dear Nickolay Platonov,

This is a computer-generated report for Module-Build-JSAN-Installable-0.13
on perl 5.14.1, created by CPAN-Reporter-1.1902.

Thank you for uploading your work to CPAN.  However, there was a problem
testing your distribution.

If you think this report is invalid, please consult the CPAN Testers Wiki
for suggestions on how to avoid getting FAIL reports for missing library
or binary dependencies, unsupported operating systems, and so on:

http://wiki.cpantesters.org/wiki/CPANAuthorNotes

Sections of this report:

    * Tester comments
    * Program output
    * Prerequisites
    * Environment and other context

------------------------------
TESTER COMMENTS
------------------------------

Additional comments from tester:

this report is from an automated smoke testing program
and was not reviewed by a human for accuracy

------------------------------
PROGRAM OUTPUT
------------------------------

Output from './Build test':

# Testing Module::Build::JSAN::Installable 0.13, Perl 5.014001, /export/home/cpant2/perl5/bin/perl5.14.1
t/00-load.t ................ ok
# Using Module::Build::JSAN::Installable 0.13
# Running ./Build on test distribution #1

#   Failed test 'META.json was created'
#   at t/01_basic_and_share.t line 29.
# Checking 'author'
# Checking build elements
# Checking 'requires'
# Checking 'build_requires'
# Checking 'configure_requires'
# Various options
Can't read META.json: No such file or directory at t/01_basic_and_share.t line 92
# Looks like you planned 11 tests but ran 10.
# Looks like you failed 1 test of 10 run.
# Looks like your test exited with 2 just after 10.
t/01_basic_and_share.t ..... 
Dubious, test returned 2 (wstat 512, 0x200)
Failed 2/11 subtests 
# Using Module::Build::JSAN::Installable 0.13
# Running ./Build on test distribution #1
File 'MANIFEST.SKIP' does not exist: Creating a temporary 'MANIFEST.SKIP'
Added to MANIFEST: lib/Digest/MD5.js
Added to MANIFEST: lib/Digest/MD5.mmd
Added to MANIFEST: MANIFEST
Added to MANIFEST: README
t/02_separate_docs_file.t .. ok
# Using Module::Build::JSAN::Installable 0.13
# Running ./Build on test distribution
t/03_tasks.t ............... ok

Test Summary Report
-------------------
t/01_basic_and_share.t   (Wstat: 512 Tests: 10 Failed: 1)
  Failed test:  3
  Non-zero exit status: 2
  Parse errors: Bad plan.  You planned 11 tests but ran 10.
Files=4, Tests=31,  2 wallclock secs ( 0.03 usr  0.02 sys +  1.03 cusr  0.26 csys =  1.34 CPU)
Result: FAIL
Failed 1/4 test programs. 1/31 subtests failed.

------------------------------
PREREQUISITES
------------------------------

Prerequisite modules loaded:

requires:

    Module              Need    Have    
    ------------------- ------- --------
    JSON                2.00    2.53    
    Module::Build       0.35    0.3800  
    Module::Build::JSAN 0.05    0.05    
    Path::Class         0.16    0.24    
    Text::Markdown      v1.0.26 1.000031
    Text::MultiMarkdown v1.0.29 1.000034

build_requires:

    Module              Need    Have    
    ------------------- ------- --------
    Capture::Tiny       0.06    0.11    
    Module::Build       0.3601  0.3800  
    Test::More          0       0.98    


------------------------------
ENVIRONMENT AND OTHER CONTEXT
------------------------------

Environment variables:

    AUTOMATED_TESTING = 1
    LANG = C
    LD_LIBRARY_PATH = /usr/local/lib:
    PATH = /export/home/cpant2/perl5/bin:/usr/local/bin:/usr/bin
    PERL5LIB = /export/home/cpant2/.cpan/build/Text-MultiMarkdown-1.000034-aCeLtB/blib/arch:/export/home/cpant2/.cpan/build/Text-MultiMarkdown-1.000034-aCeLtB/blib/lib:/export/home/cpant2/.cpan/build/Text-Markdown-1.000031-wx38kg/blib/arch:/export/home/cpant2/.cpan/build/Text-Markdown-1.000031-wx38kg/blib/lib:/export/home/cpant2/.cpan/build/Module-Build-JSAN-0.05-NJFKTO/blib/arch:/export/home/cpant2/.cpan/build/Module-Build-JSAN-0.05-NJFKTO/blib/lib:/export/home/cpant2/.cpan/build/Pod-Stripper-0.22-3ifRzU/blib/arch:/export/home/cpant2/.cpan/build/Pod-Stripper-0.22-3ifRzU/blib/lib
    PERL5OPT = 
    PERL5_CPANPLUS_IS_RUNNING = 9307
    PERL5_CPAN_IS_RUNNING = 9307
    PERL5_CPAN_IS_RUNNING_IN_RECURSION = 3203,9307
    PERL_CR_SMOKER_CURRENT = Module-JSAN-0.04
    PERL_EXTUTILS_AUTOINSTALL = --defaultdeps
    PERL_MM_USE_DEFAULT = 1
    SHELL = /usr/bin/bash
    TERM = xterm

Perl special variables (and OS-specific diagnostics, for MSWin32):

    $^X = /export/home/cpant2/perl5/bin/perl5.14.1
    $UID/$EUID = 101 / 101
    $GID = 1 1
    $EGID = 1 1

Perl module toolchain versions installed:

    Module              Have    
    ------------------- --------
    CPAN                1.9600  
    Cwd                 3.36    
    ExtUtils::CBuilder  0.280203
    ExtUtils::Command   1.17    
    ExtUtils::Install   1.56    
    ExtUtils::MakeMaker 6.57_05 
    ExtUtils::Manifest  1.58    
    ExtUtils::ParseXS   2.2210  
    File::Spec          3.33    
    Module::Build       0.3800  
    Module::Signature   n/a     
    Test::Harness       3.23    
    Test::More          0.98    
    YAML                0.73    
    YAML::Syck          1.17    
    version             0.91    


--

Summary of my perl5 (revision 5 version 14 subversion 1) configuration:
   
  Platform:
    osname=solaris, osvers=2.10, archname=i86pc-solaris-64int
    uname='sunos vmrz0046 5.10 generic_141445-09 i86pc i386 i86pc solaris '
    config_args='-Dcc=gcc -Dprefix=~/perl5 -Duse64bitint -Dusedevel -d'
    hint=recommended, useposix=true, d_sigaction=define
    useithreads=undef, usemultiplicity=undef
    useperlio=define, d_sfio=undef, uselargefiles=define, usesocks=undef
    use64bitint=define, use64bitall=undef, uselongdouble=undef
    usemymalloc=n, bincompat5005=undef
  Compiler:
    cc='gcc', ccflags ='-DPTR_IS_LONG -fno-strict-aliasing -pipe -I/usr/local/include -D_LARGEFILE_SOURCE -D_FILE_OFFSET_BITS=64 -DPERL_USE_SAFE_PUTENV',
    optimize='-O',
    cppflags='-DPTR_IS_LONG -fno-strict-aliasing -pipe -I/usr/local/include'
    ccversion='', gccversion='3.4.6', gccosandvers='solaris2.10'
    intsize=4, longsize=4, ptrsize=4, doublesize=8, byteorder=12345678
    d_longlong=define, longlongsize=8, d_longdbl=define, longdblsize=12
    ivtype='long long', ivsize=8, nvtype='double', nvsize=8, Off_t='off_t', lseeksize=8
    alignbytes=4, prototype=define
  Linker and Libraries:
    ld='gcc', ldflags =' -L/usr/local/lib '
    libpth=/usr/local/lib /usr/lib /usr/ccs/lib
    libs=-lsocket -lnsl -lgdbm -ldl -lm -lc
    perllibs=-lsocket -lnsl -ldl -lm -lc
    libc=/lib/libc.so, so=so, useshrplib=false, libperl=libperl.a
    gnulibc_version=''
  Dynamic Linking:
    dlsrc=dl_dlopen.xs, dlext=so, d_dlsymun=undef, ccdlflags=' '
    cccdlflags='-fPIC', lddlflags='-G -L/usr/local/lib'


Characteristics of this binary (from libperl): 
  Compile-time options: PERL_DONT_CREATE_GVSV PERL_MALLOC_WRAP
                        PERL_PRESERVE_IVUV PERL_USE_DEVEL
                        PERL_USE_SAFE_PUTENV USE_64_BIT_INT USE_LARGE_FILES
                        USE_PERLIO USE_PERL_ATOF
  Built under solaris
  Compiled at Jun 17 2011 12:59:29
  %ENV:
    PERL5LIB="/export/home/cpant2/.cpan/build/Text-MultiMarkdown-1.000034-aCeLtB/blib/arch:/export/home/cpant2/.cpan/build/Text-MultiMarkdown-1.000034-aCeLtB/blib/lib:/export/home/cpant2/.cpan/build/Text-Markdown-1.000031-wx38kg/blib/arch:/export/home/cpant2/.cpan/build/Text-Markdown-1.000031-wx38kg/blib/lib:/export/home/cpant2/.cpan/build/Module-Build-JSAN-0.05-NJFKTO/blib/arch:/export/home/cpant2/.cpan/build/Module-Build-JSAN-0.05-NJFKTO/blib/lib:/export/home/cpant2/.cpan/build/Pod-Stripper-0.22-3ifRzU/blib/arch:/export/home/cpant2/.cpan/build/Pod-Stripper-0.22-3ifRzU/blib/lib"
    PERL5OPT=""
    PERL5_CPANPLUS_IS_RUNNING="9307"
    PERL5_CPAN_IS_RUNNING="9307"
    PERL5_CPAN_IS_RUNNING_IN_RECURSION="3203,9307"
    PERL_CR_SMOKER_CURRENT="Module-JSAN-0.04"
    PERL_EXTUTILS_AUTOINSTALL="--defaultdeps"
    PERL_MM_USE_DEFAULT="1"
  @INC:
    /export/home/cpant2/.cpan/build/Text-MultiMarkdown-1.000034-aCeLtB/blib/arch
    /export/home/cpant2/.cpan/build/Text-MultiMarkdown-1.000034-aCeLtB/blib/lib
    /export/home/cpant2/.cpan/build/Text-Markdown-1.000031-wx38kg/blib/arch
    /export/home/cpant2/.cpan/build/Text-Markdown-1.000031-wx38kg/blib/lib
    /export/home/cpant2/.cpan/build/Module-Build-JSAN-0.05-NJFKTO/blib/arch
    /export/home/cpant2/.cpan/build/Module-Build-JSAN-0.05-NJFKTO/blib/lib
    /export/home/cpant2/.cpan/build/Pod-Stripper-0.22-3ifRzU/blib/arch
    /export/home/cpant2/.cpan/build/Pod-Stripper-0.22-3ifRzU/blib/lib
    /export/home/cpant2/perl5/lib/site_perl/5.14.1/i86pc-solaris-64int
    /export/home/cpant2/perl5/lib/site_perl/5.14.1
    /export/home/cpant2/perl5/lib/5.14.1/i86pc-solaris-64int
    /export/home/cpant2/perl5/lib/5.14.1
    /export/home/cpant2/perl5/lib/site_perl
    .