Report for CHI-Driver-LMDB-0.002004

Back
From: metabase:user:314402c4-2aae-11df-837a-5e0a49663a4f
Subject: FAIL CHI-Driver-LMDB-0.002004 v5.18.2 FreeBSD
Date: 2017-03-05T17:16:35Z

This distribution has been tested as part of the CPAN Testers
project, supporting the Perl programming language.  See
http://wiki.cpantesters.org/ for more information or email
questions to cpan-testers-discuss@perl.org


--
Dear Kent Fredric,

This is a computer-generated report for CHI-Driver-LMDB-0.002004
on perl 5.18.2, created by CPAN-Reporter-1.2018.

Thank you for uploading your work to CPAN.  However, there was a problem
testing your distribution.

If you think this report is invalid, please consult the CPAN Testers Wiki
for suggestions on how to avoid getting FAIL reports for missing library
or binary dependencies, unsupported operating systems, and so on:

http://wiki.cpantesters.org/wiki/CPANAuthorNotes

Sections of this report:

    * Tester comments
    * Program output
    * Prerequisites
    * Environment and other context

------------------------------
TESTER COMMENTS
------------------------------

Additional comments from tester:

none provided

------------------------------
PROGRAM OUTPUT
------------------------------

Output from '/usr/bin/make test':

PERL_DL_NONLAZY=1 "/usr/perl5.18.2/bin/perl" "-MExtUtils::Command::MM" "-MTest::Harness" "-e" "undef *Test::Harness::Switches; test_harness(0, 'blib/lib', 'blib/arch')" t/*.t t/00-compile/*.t
t/00-compile/lib_CHI_Driver_LMDB_pm.t ................... ok
t/00-compile/lib_CHI_Driver_LMDB_t_CHIDriverTests_pm.t .. ok
# 
# Versions for all modules listed in MYMETA.json (including optional ones):
# 
# === Configure Requires ===
# 
#     Module              Want Have
#     ------------------- ---- ----
#     ExtUtils::MakeMaker  any 7.24
# 
# === Configure Recommends ===
# 
#     Module              Want Have
#     ------------------- ---- ----
#     ExtUtils::MakeMaker 7.00 7.24
# 
# === Build Requires ===
# 
#     Module              Want Have
#     ------------------- ---- ----
#     ExtUtils::MakeMaker  any 7.24
# 
# === Test Requires ===
# 
#     Module              Want     Have
#     ------------------- ---- --------
#     Date::Parse          any     2.30
#     ExtUtils::MakeMaker  any     7.24
#     File::Spec           any     3.62
#     Test::Builder        any 1.302078
#     Test::Class          any     0.50
#     Test::Deep           any    1.126
#     Test::Exception      any     0.43
#     Test::More           any 1.302078
#     Test::Warn           any     0.31
# 
# === Test Recommends ===
# 
#     Module                  Want     Have
#     ------------------- -------- --------
#     CPAN::Meta          2.120900 2.150010
#     ExtUtils::MakeMaker     7.00     7.24
#     Test::More              0.99 1.302078
# 
# === Runtime Requires ===
# 
#     Module                 Want     Have
#     --------------------- ----- --------
#     CHI::Driver             any     0.60
#     Carp                    any     1.38
#     File::Spec::Functions   any     3.62
#     LMDB_File             0.006     0.10
#     Moo                     any 2.003000
#     Path::Tiny              any    0.098
#     parent                  any    0.236
#     strict                  any     1.07
#     utf8                    any     1.10
#     warnings                any     1.18
# 
# === Runtime Recommends ===
# 
#     Module         Want     Have
#     ---------- -------- --------
#     Moo        1.000008 2.003000
#     Path::Tiny    0.058    0.098
# 
t/00-report-prereqs.t ................................... ok

#   Failed test 'test_clear died (Datei existiert bereits at /usr/perl5.18.2/lib/site_perl/5.18.2/amd64-freebsd/LMDB_File.pm line 95.)'
#   at /usr/perl5.18.2/lib/site_perl/5.18.2/CHI/Test/Class.pm line 25.
#   (in CHI::Driver::LMDB::t::CHIDriverTests->test_clear)

#   Failed test 'test_compress_threshold died (Datei existiert bereits at /usr/perl5.18.2/lib/site_perl/5.18.2/amd64-freebsd/LMDB_File.pm line 95.)'
#   at /usr/perl5.18.2/lib/site_perl/5.18.2/CHI/Test/Class.pm line 25.
#   (in CHI::Driver::LMDB::t::CHIDriverTests->test_compress_threshold)

#   Failed test 'test_custom_discard_policy died (Datei existiert bereits at /usr/perl5.18.2/lib/site_perl/5.18.2/amd64-freebsd/LMDB_File.pm line 95.)'
#   at /usr/perl5.18.2/lib/site_perl/5.18.2/CHI/Test/Class.pm line 25.
#   (in CHI::Driver::LMDB::t::CHIDriverTests->test_custom_discard_policy)

#   Failed test 'test_encode died (Datei existiert bereits at /usr/perl5.18.2/lib/site_perl/5.18.2/amd64-freebsd/LMDB_File.pm line 95.)'
#   at /usr/perl5.18.2/lib/site_perl/5.18.2/CHI/Test/Class.pm line 25.
#   (in CHI::Driver::LMDB::t::CHIDriverTests->test_encode)

#   Failed test 'test_expires_defaults died (Datei existiert bereits at /usr/perl5.18.2/lib/site_perl/5.18.2/amd64-freebsd/LMDB_File.pm line 95.)'
#   at /usr/perl5.18.2/lib/site_perl/5.18.2/CHI/Test/Class.pm line 25.
#   (in CHI::Driver::LMDB::t::CHIDriverTests->test_expires_defaults)

#   Failed test 'test_expires_never died (Datei existiert bereits at /usr/perl5.18.2/lib/site_perl/5.18.2/amd64-freebsd/LMDB_File.pm line 95.)'
#   at /usr/perl5.18.2/lib/site_perl/5.18.2/CHI/Test/Class.pm line 25.
#   (in CHI::Driver::LMDB::t::CHIDriverTests->test_expires_never)

#   Failed test 'test_l1_cache died (Datei existiert bereits at /usr/perl5.18.2/lib/site_perl/5.18.2/amd64-freebsd/LMDB_File.pm line 95.)'
#   at /usr/perl5.18.2/lib/site_perl/5.18.2/CHI/Test/Class.pm line 25.
#   (in CHI::Driver::LMDB::t::CHIDriverTests->test_l1_cache)

#   Failed test 'test_max_key_length died (Datei existiert bereits at /usr/perl5.18.2/lib/site_perl/5.18.2/amd64-freebsd/LMDB_File.pm line 95.)'
#   at /usr/perl5.18.2/lib/site_perl/5.18.2/CHI/Test/Class.pm line 25.
#   (in CHI::Driver::LMDB::t::CHIDriverTests->test_max_key_length)

#   Failed test 'test_max_size died (Datei existiert bereits at /usr/perl5.18.2/lib/site_perl/5.18.2/amd64-freebsd/LMDB_File.pm line 95.)'
#   at /usr/perl5.18.2/lib/site_perl/5.18.2/CHI/Test/Class.pm line 25.
#   (in CHI::Driver::LMDB::t::CHIDriverTests->test_max_size)

#   Failed test 'test_max_size_with_l1_cache died (Datei existiert bereits at /usr/perl5.18.2/lib/site_perl/5.18.2/amd64-freebsd/LMDB_File.pm line 95.)'
#   at /usr/perl5.18.2/lib/site_perl/5.18.2/CHI/Test/Class.pm line 25.
#   (in CHI::Driver::LMDB::t::CHIDriverTests->test_max_size_with_l1_cache)

#   Failed test 'test_metacache died (Datei existiert bereits at /usr/perl5.18.2/lib/site_perl/5.18.2/amd64-freebsd/LMDB_File.pm line 95.)'
#   at /usr/perl5.18.2/lib/site_perl/5.18.2/CHI/Test/Class.pm line 25.
#   (in CHI::Driver::LMDB::t::CHIDriverTests->test_metacache)

#   Failed test 'test_mirror_cache died (Datei existiert bereits at /usr/perl5.18.2/lib/site_perl/5.18.2/amd64-freebsd/LMDB_File.pm line 95.)'
#   at /usr/perl5.18.2/lib/site_perl/5.18.2/CHI/Test/Class.pm line 25.
#   (in CHI::Driver::LMDB::t::CHIDriverTests->test_mirror_cache)

#   Failed test 'test_namespaces died (Datei existiert bereits at /usr/perl5.18.2/lib/site_perl/5.18.2/amd64-freebsd/LMDB_File.pm line 95.)'
#   at /usr/perl5.18.2/lib/site_perl/5.18.2/CHI/Test/Class.pm line 25.
#   (in CHI::Driver::LMDB::t::CHIDriverTests->test_namespaces)

#   Failed test 'test_obj_ref died (error during cache get for namespace='Default', key='medium', cache='LMDB': Datei existiert bereits at /usr/perl5.18.2/lib/site_perl/5.18.2/amd64-freebsd/LMDB_File.pm line 95.
#  at (eval 198) line 8.)'
#   at /usr/perl5.18.2/lib/site_perl/5.18.2/CHI/Test/Class.pm line 25.
#   (in CHI::Driver::LMDB::t::CHIDriverTests->test_obj_ref)

#   Failed test 'test_persist died (Datei existiert bereits at /usr/perl5.18.2/lib/site_perl/5.18.2/amd64-freebsd/LMDB_File.pm line 95.)'
#   at /usr/perl5.18.2/lib/site_perl/5.18.2/CHI/Test/Class.pm line 25.
#   (in CHI::Driver::LMDB::t::CHIDriverTests->test_persist)

#   Failed test 'test_size_awareness died (Datei existiert bereits at /usr/perl5.18.2/lib/site_perl/5.18.2/amd64-freebsd/LMDB_File.pm line 95.)'
#   at /usr/perl5.18.2/lib/site_perl/5.18.2/CHI/Test/Class.pm line 25.
#   (in CHI::Driver::LMDB::t::CHIDriverTests->test_size_awareness)

#   Failed test 'test_size_awareness_with_subcaches died (Datei existiert bereits at /usr/perl5.18.2/lib/site_perl/5.18.2/amd64-freebsd/LMDB_File.pm line 95.)'
#   at /usr/perl5.18.2/lib/site_perl/5.18.2/CHI/Test/Class.pm line 25.
#   (in CHI::Driver::LMDB::t::CHIDriverTests->test_size_awareness_with_subcaches)
# Looks like you failed 17 tests of 446.
t/CHI-driver-tests.t .................................... 
Dubious, test returned 17 (wstat 4352, 0x1100)
Failed 17/446 subtests 
	(less 30 skipped subtests: 399 okay)

Test Summary Report
-------------------
t/CHI-driver-tests.t                                  (Wstat: 4352 Tests: 446 Failed: 17)
  Failed tests:  22, 55, 70, 85, 94, 98, 229, 242, 244-245
                247, 251, 278, 284-285, 440-441
  Non-zero exit status: 17
Files=4, Tests=449,  6 wallclock secs ( 0.10 usr  0.06 sys +  3.14 cusr  0.90 csys =  4.20 CPU)
Result: FAIL
Failed 1/4 test programs. 17/449 subtests failed.
*** [test_dynamic] Error code 17

Stop in /usr/home/eserte/.cpan/build/2017030515/CHI-Driver-LMDB-0.002004-1.

------------------------------
PREREQUISITES
------------------------------

Prerequisite modules loaded:

requires:

    Module                Need  Have    
    --------------------- ----- --------
    Carp                  0     1.38    
    CHI::Driver           0     0.60    
    File::Spec::Functions 0     3.62    
    LMDB_File             0.006 0.10    
    Moo                   0     2.003000
    parent                0     0.236   
    Path::Tiny            0     0.098   
    perl                  5.008 5.018002
    strict                0     1.07    
    utf8                  0     1.10    
    warnings              0     1.18    

build_requires:

    Module                Need  Have    
    --------------------- ----- --------
    Date::Parse           0     2.30    
    ExtUtils::MakeMaker   0     7.24    
    File::Spec            0     3.62    
    Test::Builder         0     1.302078
    Test::Class           0     0.50    
    Test::Deep            0     1.126   
    Test::Exception       0     0.43    
    Test::More            0     1.302078
    Test::Warn            0     0.31    

configure_requires:

    Module                Need  Have    
    --------------------- ----- --------
    ExtUtils::MakeMaker   0     7.24    
    perl                  5.008 5.018002


------------------------------
ENVIRONMENT AND OTHER CONTEXT
------------------------------

Environment variables:

    LC_ALL = de_DE.ISO8859-1
    PATH = /usr/local/bin:/usr/bin:/bin:/usr/local/sbin:/usr/sbin:/sbin:/home/cpansand/bin/freebsd9.3:/home/cpansand/bin/sh:/home/cpansand/bin:/usr/games:/home/cpansand/devel:/usr/home/eserte/src/srezic-misc/scripts
    PERL5LIB = /home/eserte/.cpan/build/2017030515/Moonshine-Element-0.09-1/blib/arch:/home/eserte/.cpan/build/2017030515/Moonshine-Element-0.09-1/blib/lib:/home/eserte/.cpan/build/2017030515/Autoload-AUTOCAN-0.004-1/blib/arch:/home/eserte/.cpan/build/2017030515/Autoload-AUTOCAN-0.004-1/blib/lib:/home/eserte/.cpan/build/2017030515/Perl-Exactly-0.03-1/blib/arch:/home/eserte/.cpan/build/2017030515/Perl-Exactly-0.03-1/blib/lib
    PERL5OPT = 
    PERL5_CPANPLUS_IS_RUNNING = 27592
    PERL5_CPAN_IS_RUNNING = 27592
    PERL5_CPAN_IS_RUNNING_IN_RECURSION = 27541,27592
    PERLDOC = -MPod::Perldoc::ToTextOverstrike
    PERL_BATCH = yes
    PERL_CANARY_STABILITY_NOPROMPT = 1
    PERL_CPAN_REPORTER_CONFIG = /var/tmp/cpansmoker-1023/2017030515/cpanreporter_000_config.ini
    PERL_EXTUTILS_AUTOINSTALL = --defaultdeps
    SHELL = /usr/local/bin/zsh
    TERM = screen
    TMPDIR = /var/tmp/cpansmoker-1023/2017030515

Perl special variables (and OS-specific diagnostics, for MSWin32):

    $^X = /usr/perl5.18.2/bin/perl
    $UID/$EUID = 1023 / 1023
    $GID = 1023 1023
    $EGID = 1023 1023

Perl module toolchain versions installed:

    Module              Have    
    ------------------- --------
    CPAN                2.16    
    CPAN::Meta          2.150010
    Cwd                 3.62    
    ExtUtils::CBuilder  0.280223
    ExtUtils::Command   7.24    
    ExtUtils::Install   2.04    
    ExtUtils::MakeMaker 7.24    
    ExtUtils::Manifest  1.70    
    ExtUtils::ParseXS   3.30    
    File::Spec          3.62    
    JSON                2.90    
    JSON::PP            2.27400 
    Module::Build       0.4220  
    Module::Signature   0.81    
    Parse::CPAN::Meta   2.150010
    Test::Harness       3.36    
    Test::More          1.302078
    YAML                1.20    
    YAML::Syck          1.29    
    version             0.9917  


--

Summary of my perl5 (revision 5 version 18 subversion 2) configuration:
   
  Platform:
    osname=freebsd, osvers=9.2-release-p4, archname=amd64-freebsd
    uname='freebsd cvrsnica-freebsd-92 9.2-release-p4 freebsd 9.2-release-p4 #0: tue apr 8 18:08:22 utc 2014 root@amd64-builder.daemonology.net:usrobjusrsrcsysgeneric amd64 '
    config_args='-ds -e -Dprefix=/usr/perl5.18.2'
    hint=recommended, useposix=true, d_sigaction=define
    useithreads=undef, usemultiplicity=undef
    useperlio=define, d_sfio=undef, uselargefiles=define, usesocks=undef
    use64bitint=define, use64bitall=define, uselongdouble=undef
    usemymalloc=n, bincompat5005=undef
  Compiler:
    cc='cc', ccflags ='-DHAS_FPSETMASK -DHAS_FLOATINGPOINT_H -fno-strict-aliasing -pipe -fstack-protector -I/usr/local/include',
    optimize='-O',
    cppflags='-DHAS_FPSETMASK -DHAS_FLOATINGPOINT_H -fno-strict-aliasing -pipe -fstack-protector -I/usr/local/include'
    ccversion='', gccversion='4.2.1 20070831 patched [FreeBSD]', gccosandvers=''
    intsize=4, longsize=8, ptrsize=8, doublesize=8, byteorder=12345678
    d_longlong=define, longlongsize=8, d_longdbl=define, longdblsize=16
    ivtype='long', ivsize=8, nvtype='double', nvsize=8, Off_t='off_t', lseeksize=8
    alignbytes=8, prototype=define
  Linker and Libraries:
    ld='cc', ldflags ='-Wl,-E  -fstack-protector -L/usr/local/lib'
    libpth=/usr/lib /usr/local/lib
    libs=-lgdbm -lm -lcrypt -lutil -lc
    perllibs=-lm -lcrypt -lutil -lc
    libc=, so=so, useshrplib=false, libperl=libperl.a
    gnulibc_version=''
  Dynamic Linking:
    dlsrc=dl_dlopen.xs, dlext=so, d_dlsymun=undef, ccdlflags=' '
    cccdlflags='-DPIC -fPIC', lddlflags='-shared  -L/usr/local/lib -fstack-protector'


Characteristics of this binary (from libperl): 
  Compile-time options: HAS_TIMES PERLIO_LAYERS PERL_DONT_CREATE_GVSV
                        PERL_HASH_FUNC_ONE_AT_A_TIME_HARD PERL_MALLOC_WRAP
                        PERL_PRESERVE_IVUV PERL_SAWAMPERSAND USE_64_BIT_ALL
                        USE_64_BIT_INT USE_LARGE_FILES USE_LOCALE
                        USE_LOCALE_COLLATE USE_LOCALE_CTYPE
                        USE_LOCALE_NUMERIC USE_PERLIO USE_PERL_ATOF
  Built under freebsd
  Compiled at May 16 2014 01:27:28
  %ENV:
    PERL5LIB="/home/eserte/.cpan/build/2017030515/Moonshine-Element-0.09-1/blib/arch:/home/eserte/.cpan/build/2017030515/Moonshine-Element-0.09-1/blib/lib:/home/eserte/.cpan/build/2017030515/Autoload-AUTOCAN-0.004-1/blib/arch:/home/eserte/.cpan/build/2017030515/Autoload-AUTOCAN-0.004-1/blib/lib:/home/eserte/.cpan/build/2017030515/Perl-Exactly-0.03-1/blib/arch:/home/eserte/.cpan/build/2017030515/Perl-Exactly-0.03-1/blib/lib"
    PERL5OPT=""
    PERL5_CPANPLUS_IS_RUNNING="27592"
    PERL5_CPAN_IS_RUNNING="27592"
    PERL5_CPAN_IS_RUNNING_IN_RECURSION="27541,27592"
    PERLDOC="-MPod::Perldoc::ToTextOverstrike"
    PERL_BATCH="yes"
    PERL_CANARY_STABILITY_NOPROMPT="1"
    PERL_CPAN_REPORTER_CONFIG="/var/tmp/cpansmoker-1023/2017030515/cpanreporter_000_config.ini"
    PERL_EXTUTILS_AUTOINSTALL="--defaultdeps"
  @INC:
    /home/eserte/.cpan/build/2017030515/Moonshine-Element-0.09-1/blib/arch
    /home/eserte/.cpan/build/2017030515/Moonshine-Element-0.09-1/blib/lib
    /home/eserte/.cpan/build/2017030515/Autoload-AUTOCAN-0.004-1/blib/arch
    /home/eserte/.cpan/build/2017030515/Autoload-AUTOCAN-0.004-1/blib/lib
    /home/eserte/.cpan/build/2017030515/Perl-Exactly-0.03-1/blib/arch
    /home/eserte/.cpan/build/2017030515/Perl-Exactly-0.03-1/blib/lib
    /usr/perl5.18.2/lib/site_perl/5.18.2/amd64-freebsd
    /usr/perl5.18.2/lib/site_perl/5.18.2
    /usr/perl5.18.2/lib/5.18.2/amd64-freebsd
    /usr/perl5.18.2/lib/5.18.2
    .