Back
From: metabase:user:314402c4-2aae-11df-837a-5e0a49663a4f
Subject: FAIL Test-UNIXSock-0.1 v5.22.3 RC3 GNU/Linux
Date: 2016-08-23T23:51:18Z
This distribution has been tested as part of the CPAN Testers
project, supporting the Perl programming language. See
http://wiki.cpantesters.org/ for more information or email
questions to cpan-testers-discuss@perl.org
--
Dear FUJIWARA Shunichiro,
This is a computer-generated report for Test-UNIXSock-0.1
on perl 5.22.3, created by CPAN-Reporter-1.2018.
Thank you for uploading your work to CPAN. However, there was a problem
testing your distribution.
If you think this report is invalid, please consult the CPAN Testers Wiki
for suggestions on how to avoid getting FAIL reports for missing library
or binary dependencies, unsupported operating systems, and so on:
http://wiki.cpantesters.org/wiki/CPANAuthorNotes
Sections of this report:
* Tester comments
* Program output
* Prerequisites
* Environment and other context
------------------------------
TESTER COMMENTS
------------------------------
Additional comments from tester:
none provided
------------------------------
PROGRAM OUTPUT
------------------------------
Output from './Build test':
t/00_compile.t ...... ok
Base class package "t::Server" is empty.
(Perhaps you need to 'use' the module which defines that package first,
or make that module available in @INC (@INC contains: /tmpfs/.cpan-build-cpansand/2016082321/Test-UNIXSock-0.1-2/blib/arch /tmpfs/.cpan-build-cpansand/2016082321/Test-UNIXSock-0.1-2/blib/lib /opt/perl-5.22.3-RC3/lib/site_perl/5.22.3/x86_64-linux /opt/perl-5.22.3-RC3/lib/site_perl/5.22.3 /opt/perl-5.22.3-RC3/lib/5.22.3/x86_64-linux /opt/perl-5.22.3-RC3/lib/5.22.3).
The file t/Server.pm does exist in the current directory. But note
that base.pm, when loading a module, now ignores the current working
directory if it is the last entry in @INC. If your software worked on
previous versions of Perl, the best solution is to use FindBin to
detect the path properly and to add that path to @INC. As a last
resort, you can re-enable looking in the current working directory by
adding "use lib '.'" to your code.)
at t/ServerUNIX.pm line 5.
BEGIN failed--compilation aborted at t/ServerUNIX.pm line 5.
Compilation failed in require at t/14_simple_unix.t line 14.
BEGIN failed--compilation aborted at t/14_simple_unix.t line 14.
t/14_simple_unix.t ..
Dubious, test returned 2 (wstat 512, 0x200)
No subtests run
Base class package "t::Server" is empty.
(Perhaps you need to 'use' the module which defines that package first,
or make that module available in @INC (@INC contains: /tmpfs/.cpan-build-cpansand/2016082321/Test-UNIXSock-0.1-2/blib/arch /tmpfs/.cpan-build-cpansand/2016082321/Test-UNIXSock-0.1-2/blib/lib /opt/perl-5.22.3-RC3/lib/site_perl/5.22.3/x86_64-linux /opt/perl-5.22.3-RC3/lib/site_perl/5.22.3 /opt/perl-5.22.3-RC3/lib/5.22.3/x86_64-linux /opt/perl-5.22.3-RC3/lib/5.22.3).
The file t/Server.pm does exist in the current directory. But note
that base.pm, when loading a module, now ignores the current working
directory if it is the last entry in @INC. If your software worked on
previous versions of Perl, the best solution is to use FindBin to
detect the path properly and to add that path to @INC. As a last
resort, you can re-enable looking in the current working directory by
adding "use lib '.'" to your code.)
at t/ServerUNIX.pm line 5.
BEGIN failed--compilation aborted at t/ServerUNIX.pm line 5.
Compilation failed in require at t/15_oo_unix.t line 14.
BEGIN failed--compilation aborted at t/15_oo_unix.t line 14.
t/15_oo_unix.t ......
Dubious, test returned 2 (wstat 512, 0x200)
No subtests run
Test Summary Report
-------------------
t/14_simple_unix.t (Wstat: 512 Tests: 0 Failed: 0)
Non-zero exit status: 2
Parse errors: No plan found in TAP output
t/15_oo_unix.t (Wstat: 512 Tests: 0 Failed: 0)
Non-zero exit status: 2
Parse errors: No plan found in TAP output
Files=3, Tests=1, 0 wallclock secs ( 0.01 usr 0.02 sys + 0.15 cusr 0.06 csys = 0.24 CPU)
Result: FAIL
------------------------------
PREREQUISITES
------------------------------
Prerequisite modules loaded:
requires:
Module Need Have
------------------- -------- --------
File::Temp 0 0.2304
IO::Socket::UNIX 0 1.26
Net::EmptyPort 0 0
perl 5.008001 5.022003
Test::More 0.98 1.302052
Test::SharedFork 0.29 0.35
Time::HiRes 0 1.9739
configure_requires:
Module Need Have
------------------- -------- --------
Module::Build::Tiny 0.035 0.039
------------------------------
ENVIRONMENT AND OTHER CONTEXT
------------------------------
Environment variables:
LANG = C
LC_ALL = de_DE.UTF-8
PATH = /usr/local/bin:/usr/bin:/bin:/usr/local/sbin:/usr/sbin:/sbin:/home/cpansand/bin/linux-gnu:/home/cpansand/bin/sh:/home/cpansand/bin:/usr/games:/home/cpansand/devel:/home/eserte/src/srezic-misc/scripts
PERL5LIB =
PERL5OPT =
PERL5_CPANPLUS_IS_RUNNING = 31454
PERL5_CPAN_IS_RUNNING = 31454
PERL5_CPAN_IS_RUNNING_IN_RECURSION = 16319,31454
PERLDOC = -MPod::Perldoc::ToTextOverstrike
PERL_BATCH = yes
PERL_CANARY_STABILITY_NOPROMPT = 1
PERL_CPAN_REPORTER_CONFIG = /run/user/1023/cpansmoker/2016082321/cpanreporter_000_config.ini
PERL_EXTUTILS_AUTOINSTALL = --defaultdeps
PERL_PARALLEL_SMOKER = yes
PERL_USE_UNSAFE_INC = 1
SHELL = /bin/zsh
TERM = screen
TMPDIR = /run/user/1023/cpansmoker/2016082321
Perl special variables (and OS-specific diagnostics, for MSWin32):
$^X = /bbbike/perl-5.22.3-RC3/bin/perl
$UID/$EUID = 1023 / 1023
$GID = 1023 1023
$EGID = 1023 1023
Perl module toolchain versions installed:
Module Have
------------------- --------
CPAN 2.14
CPAN::Meta 2.150010
Cwd 3.62
ExtUtils::CBuilder 0.280221
ExtUtils::Command 7.24
ExtUtils::Install 2.04
ExtUtils::MakeMaker 7.24
ExtUtils::Manifest 1.70
ExtUtils::ParseXS 3.30
File::Spec 3.62
JSON 2.90
JSON::PP 2.27400
Module::Build 0.4220
Module::Signature 0.80
Parse::CPAN::Meta 2.150010
Test::Harness 3.35_01
Test::More 1.302052
YAML 1.18
YAML::Syck 1.29
version 0.9917
--
Summary of my perl5 (revision 5 version 22 subversion 3) configuration:
Platform:
osname=linux, osvers=3.16.0-4-amd64, archname=x86_64-linux
uname='linux eserte 3.16.0-4-amd64 #1 smp debian 3.16.7-ckt25-2+deb8u3 (2016-07-02) x86_64 gnulinux '
config_args='-ds -e -Dprefix=/opt/perl-5.22.3-RC3 -Dcf_email=srezic@cpan.org'
hint=recommended, useposix=true, d_sigaction=define
useithreads=undef, usemultiplicity=undef
use64bitint=define, use64bitall=define, uselongdouble=undef
usemymalloc=n, bincompat5005=undef
Compiler:
cc='cc', ccflags ='-fwrapv -fno-strict-aliasing -pipe -fstack-protector-strong -I/usr/local/include -D_LARGEFILE_SOURCE -D_FILE_OFFSET_BITS=64 -D_FORTIFY_SOURCE=2',
optimize='-O2',
cppflags='-fwrapv -fno-strict-aliasing -pipe -fstack-protector-strong -I/usr/local/include'
ccversion='', gccversion='4.9.2', gccosandvers=''
intsize=4, longsize=8, ptrsize=8, doublesize=8, byteorder=12345678, doublekind=3
d_longlong=define, longlongsize=8, d_longdbl=define, longdblsize=16, longdblkind=3
ivtype='long', ivsize=8, nvtype='double', nvsize=8, Off_t='off_t', lseeksize=8
alignbytes=8, prototype=define
Linker and Libraries:
ld='cc', ldflags =' -fstack-protector-strong -L/usr/local/lib'
libpth=/usr/local/lib /usr/lib/gcc/x86_64-linux-gnu/4.9/include-fixed /usr/include/x86_64-linux-gnu /usr/lib /lib/x86_64-linux-gnu /lib/../lib /usr/lib/x86_64-linux-gnu /usr/lib/../lib /lib
libs=-lpthread -lnsl -lgdbm -ldb -ldl -lm -lcrypt -lutil -lc -lgdbm_compat
perllibs=-lpthread -lnsl -ldl -lm -lcrypt -lutil -lc
libc=libc-2.19.so, so=so, useshrplib=false, libperl=libperl.a
gnulibc_version='2.19'
Dynamic Linking:
dlsrc=dl_dlopen.xs, dlext=so, d_dlsymun=undef, ccdlflags='-Wl,-E'
cccdlflags='-fPIC', lddlflags='-shared -O2 -L/usr/local/lib -fstack-protector-strong'
Characteristics of this binary (from libperl):
Compile-time options: HAS_TIMES PERLIO_LAYERS PERL_DONT_CREATE_GVSV
PERL_HASH_FUNC_ONE_AT_A_TIME_HARD PERL_MALLOC_WRAP
PERL_NEW_COPY_ON_WRITE PERL_PRESERVE_IVUV
USE_64_BIT_ALL USE_64_BIT_INT USE_LARGE_FILES
USE_LOCALE USE_LOCALE_COLLATE USE_LOCALE_CTYPE
USE_LOCALE_NUMERIC USE_LOCALE_TIME USE_PERLIO
USE_PERL_ATOF
Locally applied patches:
RC3
Built under linux
Compiled at Aug 19 2016 14:03:58
%ENV:
PERL5LIB=""
PERL5OPT=""
PERL5_CPANPLUS_IS_RUNNING="31454"
PERL5_CPAN_IS_RUNNING="31454"
PERL5_CPAN_IS_RUNNING_IN_RECURSION="16319,31454"
PERLDOC="-MPod::Perldoc::ToTextOverstrike"
PERL_BATCH="yes"
PERL_CANARY_STABILITY_NOPROMPT="1"
PERL_CPAN_REPORTER_CONFIG="/run/user/1023/cpansmoker/2016082321/cpanreporter_000_config.ini"
PERL_EXTUTILS_AUTOINSTALL="--defaultdeps"
PERL_PARALLEL_SMOKER="yes"
PERL_USE_UNSAFE_INC="1"
@INC:
/opt/perl-5.22.3-RC3/lib/site_perl/5.22.3/x86_64-linux
/opt/perl-5.22.3-RC3/lib/site_perl/5.22.3
/opt/perl-5.22.3-RC3/lib/5.22.3/x86_64-linux
/opt/perl-5.22.3-RC3/lib/5.22.3
.