Report for Catalyst-Controller-RequestToken-0.07

Back
From: metabase:user:3215efbe-2aae-11df-837a-5e0a49663a4f
Subject: FAIL Catalyst-Controller-RequestToken-0.07 v5.16.2 GNU/Linux
Date: 2012-12-20T21:52:01Z

This distribution has been tested as part of the CPAN Testers
project, supporting the Perl programming language.  See
http://wiki.cpantesters.org/ for more information or email
questions to cpan-testers-discuss@perl.org


--
Dear Hideo Kimura,

This is a computer-generated report for Catalyst-Controller-RequestToken-0.07
on perl 5.16.2, created by CPAN-Reporter-1.2009.

Thank you for uploading your work to CPAN.  However, there was a problem
testing your distribution.

If you think this report is invalid, please consult the CPAN Testers Wiki
for suggestions on how to avoid getting FAIL reports for missing library
or binary dependencies, unsupported operating systems, and so on:

http://wiki.cpantesters.org/wiki/CPANAuthorNotes

Sections of this report:

    * Tester comments
    * Program output
    * Prerequisites
    * Environment and other context

------------------------------
TESTER COMMENTS
------------------------------

Additional comments from tester:

this report is from an automated smoke testing program
and was not reviewed by a human for accuracy

------------------------------
PROGRAM OUTPUT
------------------------------

Output from '/usr/bin/make test':

PERL_DL_NONLAZY=1 /opt/perl/nothreads/5.16.2/bin/perl "-MExtUtils::Command::MM" "-e" "test_harness(0, 'inc', 'blib/lib', 'blib/arch')" t/*.t
t/00-load.t ....... ok
t/00_compile.t .... ok

#   Failed test 'use TestApp;'
#   at t/live-test.t line 18.
#     Tried to use 'TestApp'.
#     Error:  Can't locate Catalyst/Action/Catalyst/Controller/RequestToken/Action/CreateToken.pm in @INC (@INC contains: /home/tf/.cpan/build/Catalyst-Controller-RequestToken-0.07-I4Xhqu/t/lib /home/tf/.cpan/build/Catalyst-Controller-RequestToken-0.07-I4Xhqu/inc /home/tf/.cpan/build/Catalyst-Controller-RequestToken-0.07-I4Xhqu/blib/lib /home/tf/.cpan/build/Catalyst-Controller-RequestToken-0.07-I4Xhqu/blib/arch /opt/perl/nothreads/5.16.2/lib/site_perl/5.16.2/x86_64-linux /opt/perl/nothreads/5.16.2/lib/site_perl/5.16.2 /opt/perl/nothreads/5.16.2/lib/5.16.2/x86_64-linux /opt/perl/nothreads/5.16.2/lib/5.16.2 .) at /opt/perl/nothreads/5.16.2/lib/site_perl/5.16.2/Catalyst.pm line 2485.
# Compilation failed in require at (eval 309) line 2.
# BEGIN failed--compilation aborted at (eval 309) line 2.
[debug] Debug messages enabled
[debug] Statistics enabled
[debug] Loaded plugins:
.----------------------------------------------------------------------------.
| Catalyst::Plugin::Session  0.36                                            |
| Catalyst::Plugin::Session::State::Cookie  0.17                             |
| Catalyst::Plugin::Session::Store::Dummy                                    |
'----------------------------------------------------------------------------'

[debug] Loaded dispatcher "Catalyst::Dispatcher"
[debug] Loaded engine "Catalyst::Engine"
[debug] Found home "/home/tf/.cpan/build/Catalyst-Controller-RequestToken-0.07-I4Xhqu/t/lib/TestApp"
[debug] Loaded components:
.-----------------------------------------------------------------+----------.
| Class                                                           | Type     |
+-----------------------------------------------------------------+----------+
| TestApp::Controller::Root                                       | instance |
| TestApp::Controller::Simple                                     | instance |
'-----------------------------------------------------------------+----------'

[info] *** Request 1 (1.000/s) [31573] [Thu Dec 20 22:51:59 2012] ***
[debug] Arguments are ""
[debug] "GET" request for "/" from "127.0.0.1"
[error] No default action defined
[error] No default action defined
[debug] Response Code: 500; Content-Type: text/html; charset=utf-8; Content-Length: 11945
[info] Request took 0.006543s (152.835/s)
.------------------------------------------------------------+-----------.
| Action                                                     | Time      |
+------------------------------------------------------------+-----------+
'------------------------------------------------------------+-----------'

# Catalyst error screen: No default action defined

#   Failed test 'get main page'
#   at t/live-test.t line 23.
# 500
# Internal Server Error

#   Failed test 'index page'
#   at t/live-test.t line 24.
#          got: ""
#       length: 0
#     doesn't match '(?^i:it works)'
[info] *** Request 2 (2.000/s) [31573] [Thu Dec 20 22:51:59 2012] ***
[debug] Arguments are "/simple/form"
[debug] "GET" request for "simple/form" from "127.0.0.1"
[error] Unknown resource "simple/form"
[error] Unknown resource "simple/form"
[debug] Response Code: 500; Content-Type: text/html; charset=utf-8; Content-Length: 9668
[info] Request took 0.005576s (179.340/s)
.------------------------------------------------------------+-----------.
| Action                                                     | Time      |
+------------------------------------------------------------+-----------+
'------------------------------------------------------------+-----------'

# Catalyst error screen: Unknown resource "simple/form"

#   Failed test 'get main page'
#   at t/live-test.t line 26.
# 500
# Internal Server Error

#   Failed test 'form page - valid'
#   at t/live-test.t line 27.
#          got: ""
#       length: 0
#     doesn't match '(?^i:FORM)'
Can't call method "make_request" on an undefined value at /opt/perl/nothreads/5.16.2/lib/site_perl/5.16.2/WWW/Mechanize.pm line 1808.
# Looks like you planned 15 tests but ran 5.
# Looks like you failed 5 tests of 5 run.
# Looks like your test exited with 255 just after 5.
t/live-test.t ..... 
Dubious, test returned 255 (wstat 65280, 0xff00)
Failed 15/15 subtests 
t/pod.t ........... ok

#   Failed test 'Pod coverage on Catalyst::Controller::RequestToken'
#   at /opt/perl/nothreads/5.16.2/lib/site_perl/5.16.2/Test/Pod/Coverage.pm line 126.
# Coverage for Catalyst::Controller::RequestToken is 83.3%, with 1 naked subroutine:
# 	BUILD
# Looks like you failed 1 test of 4.
t/pod_coverage.t .. 
Dubious, test returned 1 (wstat 256, 0x100)
Failed 1/4 subtests 

Test Summary Report
-------------------
t/live-test.t   (Wstat: 65280 Tests: 5 Failed: 5)
  Failed tests:  1-5
  Non-zero exit status: 255
  Parse errors: Bad plan.  You planned 15 tests but ran 5.
t/pod_coverage.t (Wstat: 256 Tests: 4 Failed: 1)
  Failed test:  1
  Non-zero exit status: 1
Files=5, Tests=15,  2 wallclock secs ( 0.03 usr  0.02 sys +  2.26 cusr  0.15 csys =  2.46 CPU)
Result: FAIL
Failed 2/5 test programs. 6/15 subtests failed.
make: *** [test_dynamic] Error 1

------------------------------
PREREQUISITES
------------------------------

Prerequisite modules loaded:

requires:

    Module                                   Need Have   
    ---------------------------------------- ---- -------
    Digest                                   0    1.17   
    Scalar::Util                             0    1.26   

build_requires:

    Module                                   Need Have   
    ---------------------------------------- ---- -------
    Catalyst::Action::RenderView             0    0.16   
    Catalyst::Plugin::Session                0    0.36   
    Catalyst::Plugin::Session::State::Cookie 0    0.17   
    Catalyst::Runtime                        5.8  5.90019
    ExtUtils::MakeMaker                      6.36 6.64   
    ok                                       0    0.11   
    Test::More                               0    0.98   

configure_requires:

    Module                                   Need Have   
    ---------------------------------------- ---- -------
    ExtUtils::MakeMaker                      6.36 6.64   


------------------------------
ENVIRONMENT AND OTHER CONTEXT
------------------------------

Environment variables:

    AUTOMATED_TESTING = 1
    LANG = C
    PATH = /opt/perl/nothreads/5.16.2/bin:/usr/local/sbin:/usr/local/bin:/usr/sbin:/usr/bin:/sbin:/bin:/usr/games
    PERL5LIB = 
    PERL5OPT = 
    PERL5_CPANPLUS_IS_RUNNING = 31427
    PERL5_CPAN_IS_RUNNING = 31427
    PERL5_CPAN_IS_RUNNING_IN_RECURSION = 2996,31427
    PERL_CR_SMOKER_CURRENT = Catalyst-Controller-RequestToken-0.07
    PERL_EXTUTILS_AUTOINSTALL = --defaultdeps
    PERL_MM_USE_DEFAULT = 1
    SHELL = /bin/bash
    TERM = screen

Perl special variables (and OS-specific diagnostics, for MSWin32):

    $^X = /opt/perl/nothreads/5.16.2/bin/perl
    $UID/$EUID = 1000 / 1000
    $GID = 1000 4 24 27 30 46 112 113 1000
    $EGID = 1000 4 24 27 30 46 112 113 1000

Perl module toolchain versions installed:

    Module              Have    
    ------------------- --------
    CPAN                1.99_51 
    CPAN::Meta          2.120921
    Cwd                 3.33    
    ExtUtils::CBuilder  0.280205
    ExtUtils::Command   1.17    
    ExtUtils::Install   1.58    
    ExtUtils::MakeMaker 6.64    
    ExtUtils::Manifest  1.61    
    ExtUtils::ParseXS   3.18    
    File::Spec          3.33    
    JSON                2.53    
    JSON::PP            2.27200 
    Module::Build       0.4003  
    Module::Signature   0.70    
    Parse::CPAN::Meta   1.4404  
    Test::Harness       3.25    
    Test::More          0.98    
    YAML                0.84    
    YAML::Syck          1.22    
    version             0.9901  


--

Summary of my perl5 (revision 5 version 16 subversion 2) configuration:
   
  Platform:
    osname=linux, osvers=3.2.0-34-virtual, archname=x86_64-linux
    uname='linux cpansmoker 3.2.0-34-virtual #53-ubuntu smp thu nov 15 11:08:40 utc 2012 x86_64 x86_64 x86_64 gnulinux '
    config_args='-des -Dprefix=/opt/perl/nothreads/5.16.2'
    hint=recommended, useposix=true, d_sigaction=define
    useithreads=undef, usemultiplicity=undef
    useperlio=define, d_sfio=undef, uselargefiles=define, usesocks=undef
    use64bitint=define, use64bitall=define, uselongdouble=undef
    usemymalloc=n, bincompat5005=undef
  Compiler:
    cc='cc', ccflags ='-fno-strict-aliasing -pipe -fstack-protector -I/usr/local/include -D_LARGEFILE_SOURCE -D_FILE_OFFSET_BITS=64',
    optimize='-O2',
    cppflags='-fno-strict-aliasing -pipe -fstack-protector -I/usr/local/include'
    ccversion='', gccversion='4.6.3', gccosandvers=''
    intsize=4, longsize=8, ptrsize=8, doublesize=8, byteorder=12345678
    d_longlong=define, longlongsize=8, d_longdbl=define, longdblsize=16
    ivtype='long', ivsize=8, nvtype='double', nvsize=8, Off_t='off_t', lseeksize=8
    alignbytes=8, prototype=define
  Linker and Libraries:
    ld='cc', ldflags =' -fstack-protector -L/usr/local/lib'
    libpth=/usr/local/lib /lib/x86_64-linux-gnu /lib/../lib /usr/lib/x86_64-linux-gnu /usr/lib/../lib /lib /usr/lib
    libs=-lnsl -lgdbm -ldb -ldl -lm -lcrypt -lutil -lc -lgdbm_compat
    perllibs=-lnsl -ldl -lm -lcrypt -lutil -lc
    libc=, so=so, useshrplib=false, libperl=libperl.a
    gnulibc_version='2.15'
  Dynamic Linking:
    dlsrc=dl_dlopen.xs, dlext=so, d_dlsymun=undef, ccdlflags='-Wl,-E'
    cccdlflags='-fPIC', lddlflags='-shared -O2 -L/usr/local/lib -fstack-protector'


Characteristics of this binary (from libperl): 
  Compile-time options: HAS_TIMES PERLIO_LAYERS PERL_DONT_CREATE_GVSV
                        PERL_MALLOC_WRAP PERL_PRESERVE_IVUV USE_64_BIT_ALL
                        USE_64_BIT_INT USE_LARGE_FILES USE_LOCALE
                        USE_LOCALE_COLLATE USE_LOCALE_CTYPE
                        USE_LOCALE_NUMERIC USE_PERLIO USE_PERL_ATOF
  Built under linux
  Compiled at Dec  8 2012 10:32:31
  %ENV:
    PERL5LIB=""
    PERL5OPT=""
    PERL5_CPANPLUS_IS_RUNNING="31427"
    PERL5_CPAN_IS_RUNNING="31427"
    PERL5_CPAN_IS_RUNNING_IN_RECURSION="2996,31427"
    PERL_CR_SMOKER_CURRENT="Catalyst-Controller-RequestToken-0.07"
    PERL_EXTUTILS_AUTOINSTALL="--defaultdeps"
    PERL_MM_USE_DEFAULT="1"
  @INC:
    /opt/perl/nothreads/5.16.2/lib/site_perl/5.16.2/x86_64-linux
    /opt/perl/nothreads/5.16.2/lib/site_perl/5.16.2
    /opt/perl/nothreads/5.16.2/lib/5.16.2/x86_64-linux
    /opt/perl/nothreads/5.16.2/lib/5.16.2
    .