Report for Form-Factory-0.014

Back
From: metabase:user:9820532a-708b-1014-9a05-b18a96298da1
Subject: FAIL Form-Factory-0.014 v5.8.9 GNU/Linux
Date: 2011-10-11T11:23:45Z

This distribution has been tested as part of the CPAN Testers
project, supporting the Perl programming language.  See
http://wiki.cpantesters.org/ for more information or email
questions to cpan-testers-discuss@perl.org


--
Dear Andrew Sterling Hanenkamp,

This is a computer-generated report for Form-Factory-0.014
on perl 5.8.9, created by CPAN-Reporter-1.2002.

Thank you for uploading your work to CPAN.  However, there was a problem
testing your distribution.

If you think this report is invalid, please consult the CPAN Testers Wiki
for suggestions on how to avoid getting FAIL reports for missing library
or binary dependencies, unsupported operating systems, and so on:

http://wiki.cpantesters.org/wiki/CPANAuthorNotes

Sections of this report:

    * Tester comments
    * Program output
    * Prerequisites
    * Environment and other context

------------------------------
TESTER COMMENTS
------------------------------

Additional comments from tester:

this report is from an automated smoke testing program
and was not reviewed by a human for accuracy

------------------------------
PROGRAM OUTPUT
------------------------------

Output from '/usr/bin/make test':

PERL_DL_NONLAZY=1 /home/test/perl5/perlbrew/perls/perl-5.8.9/bin/perl "-MExtUtils::Command::MM" "-e" "test_harness(0, 'blib/lib', 'blib/arch')" t/*.t
t/release-pod-coverage.t .. skipped: these tests are for release candidate testing
t/release-pod-syntax.t .... skipped: these tests are for release candidate testing
Couldn't load class (Form::Factory::Test::Action::Inheritance) because: Undefined subroutine &Moose::Util::MetaRole::apply_metaclass_roles called at /home/test/.cpan/build/Form-Factory-0.014-_3Nlny/blib/lib/Form/Factory/Processor.pm line 99.
BEGIN failed--compilation aborted at t/lib/TestApp/Action/Bottom.pm line 3.
Compilation failed in require at t/lib/Form/Factory/Test/Action/Inheritance.pm line 9.
BEGIN failed--compilation aborted at t/lib/Form/Factory/Test/Action/Inheritance.pm line 9.
Compilation failed in require at /home/test/perl5/perlbrew/perls/perl-5.8.9/lib/site_perl/5.8.9/x86_64-linux-ld/Class/MOP.pm line 117.
 at /home/test/perl5/perlbrew/perls/perl-5.8.9/lib/site_perl/5.8.9/x86_64-linux-ld/Class/MOP.pm line 123
	Class::MOP::__ANON__('Undefined subroutine &Moose::Util::MetaRole::apply_metaclass_...') called at /home/test/perl5/perlbrew/perls/perl-5.8.9/lib/site_perl/5.8.9/Try/Tiny.pm line 100
	Try::Tiny::try('CODE(0x238c9d0)', 'Try::Tiny::Catch=REF(0x2436670)') called at /home/test/perl5/perlbrew/perls/perl-5.8.9/lib/site_perl/5.8.9/x86_64-linux-ld/Class/MOP.pm line 128
	Class::MOP::load_first_existing_class('Form::Factory::Test::Action::Inheritance') called at /home/test/perl5/perlbrew/perls/perl-5.8.9/lib/site_perl/5.8.9/x86_64-linux-ld/Class/MOP.pm line 140
	Class::MOP::load_class('Form::Factory::Test::Action::Inheritance') called at t/lib/Form/Factory/Test.pm line 36
	Form::Factory::Test::setup_tests('Form::Factory::Test=HASH(0x1eff0a0)') called at t/lib/Form/Factory/Test.pm line 50
	Class::MOP::Class:::before('Form::Factory::Test=HASH(0x1eff0a0)') called at /home/test/perl5/perlbrew/perls/perl-5.8.9/lib/site_perl/5.8.9/x86_64-linux-ld/Class/MOP/Method/Wrapped.pm line 49
	Class::MOP::Method::Wrapped::__ANON__('Form::Factory::Test=HASH(0x1eff0a0)') called at /home/test/perl5/perlbrew/perls/perl-5.8.9/lib/site_perl/5.8.9/x86_64-linux-ld/Class/MOP/Method/Wrapped.pm line 91
	Form::Factory::Test::run_tests('Form::Factory::Test=HASH(0x1eff0a0)') called at t/tests.t line 13
t/tests.t ................. 
Dubious, test returned 255 (wstat 65280, 0xff00)
No subtests run 

Test Summary Report
-------------------
t/tests.t               (Wstat: 65280 Tests: 0 Failed: 0)
  Non-zero exit status: 255
  Parse errors: No plan found in TAP output
Files=3, Tests=0,  1 wallclock secs ( 0.03 usr  0.01 sys +  1.21 cusr  0.11 csys =  1.36 CPU)
Result: FAIL
Failed 1/3 test programs. 0/0 subtests failed.
make: *** [test_dynamic] Error 255

------------------------------
PREREQUISITES
------------------------------

Prerequisite modules loaded:

requires:

    Module              Need Have  
    ------------------- ---- ------
    ExtUtils::MakeMaker 6.11 6.59  
    List::MoreUtils     0.22 0.33  
    Moose               0.93 2.0205
    Test::Able          0.09 0.10  

build_requires:

    Module              Need Have  
    ------------------- ---- ------
    ExtUtils::MakeMaker 0    6.59  


------------------------------
ENVIRONMENT AND OTHER CONTEXT
------------------------------

Environment variables:

    AUTOMATED_TESTING = 1
    LANG = C
    LC_ALL = C
    PATH = /home/test/bin:/home/test/perl5/perlbrew/bin:/home/test/perl5/perlbrew/perls/perl-5.8.9/bin:~/bin:/usr/bin:/bin
    PATH_WITHOUT_PERLBREW = ~/bin:/usr/bin:/bin
    PERL5LIB = 
    PERL5OPT = 
    PERL5_CPANPLUS_IS_RUNNING = 10047
    PERL5_CPAN_IS_RUNNING = 10047
    PERL5_CPAN_IS_RUNNING_IN_RECURSION = 19654,10047
    PERLBREW_HOME = /home/test/.perlbrew
    PERLBREW_PATH = /home/test/perl5/perlbrew/bin:/home/test/perl5/perlbrew/perls/perl-5.8.9/bin
    PERLBREW_PERL = perl-5.8.9
    PERLBREW_ROOT = /home/test/perl5/perlbrew
    PERLBREW_VERSION = 0.29
    PERL_CPANM_OPT = --prompt --mirror file:///mirrors/cpan/
    PERL_CR_SMOKER_CURRENT = Form-Factory-0.014
    PERL_EXTUTILS_AUTOINSTALL = --defaultdeps
    PERL_MM_USE_DEFAULT = 1
    SHELL = /bin/bash
    TERM = linux

Perl special variables (and OS-specific diagnostics, for MSWin32):

    $^X = /home/test/perl5/perlbrew/perls/perl-5.8.9/bin/perl
    $UID/$EUID = 1001 / 1001
    $GID = 1001 1001
    $EGID = 1001 1001

Perl module toolchain versions installed:

    Module              Have    
    ------------------- --------
    CPAN                1.9800  
    CPAN::Meta          2.112621
    Cwd                 3.33    
    ExtUtils::CBuilder  0.280202
    ExtUtils::Command   1.16    
    ExtUtils::Install   1.54    
    ExtUtils::MakeMaker 6.59    
    ExtUtils::Manifest  1.58    
    ExtUtils::ParseXS   3.05    
    File::Spec          3.33    
    JSON                2.53    
    JSON::PP            2.27008 
    Module::Build       0.3800  
    Module::Signature   n/a     
    Parse::CPAN::Meta   1.4401  
    Test::Harness       3.23    
    Test::More          0.98    
    YAML                0.77    
    YAML::Syck          1.17    
    version             0.94    


--

Summary of my perl5 (revision 5 version 8 subversion 9) configuration:
  Platform:
    osname=linux, osvers=2.6.35-28-generic, archname=x86_64-linux-ld
    uname='linux zippy 2.6.35-28-generic #50-ubuntu smp fri mar 18 18:42:20 utc 2011 x86_64 gnulinux '
    config_args='-de -Dprefix=/home/test/perl5/perlbrew/perls/perl-5.8.9 -Duselongdouble'
    hint=recommended, useposix=true, d_sigaction=define
    usethreads=undef use5005threads=undef useithreads=undef usemultiplicity=undef
    useperlio=define d_sfio=undef uselargefiles=define usesocks=undef
    use64bitint=define use64bitall=define uselongdouble=define
    usemymalloc=n, bincompat5005=undef
  Compiler:
    cc='cc', ccflags ='-fno-strict-aliasing -pipe -I/usr/local/include -D_LARGEFILE_SOURCE -D_FILE_OFFSET_BITS=64',
    optimize='-O2',
    cppflags='-fno-strict-aliasing -pipe -I/usr/local/include'
    ccversion='', gccversion='4.4.5', gccosandvers=''
    intsize=4, longsize=8, ptrsize=8, doublesize=8, byteorder=12345678
    d_longlong=define, longlongsize=8, d_longdbl=define, longdblsize=16
    ivtype='long', ivsize=8, nvtype='long double', nvsize=16, Off_t='off_t', lseeksize=8
    alignbytes=16, prototype=define
  Linker and Libraries:
    ld='cc', ldflags =' -L/usr/local/lib'
    libpth=/usr/local/lib /lib/../lib /usr/lib/../lib /lib /usr/lib /usr/lib/x86_64-linux-gnu /lib64 /usr/lib64
    libs=-lnsl -ldl -lm -lcrypt -lutil -lc
    perllibs=-lnsl -ldl -lm -lcrypt -lutil -lc
    libc=/lib/libc-2.12.1.so, so=so, useshrplib=false, libperl=libperl.a
    gnulibc_version='2.12.1'
  Dynamic Linking:
    dlsrc=dl_dlopen.xs, dlext=so, d_dlsymun=undef, ccdlflags='-Wl,-E'
    cccdlflags='-fPIC', lddlflags='-shared -O2 -L/usr/local/lib'


Characteristics of this binary (from libperl): 
  Compile-time options: PERL_MALLOC_WRAP USE_64_BIT_ALL USE_64_BIT_INT
                        USE_FAST_STDIO USE_LARGE_FILES USE_LONG_DOUBLE
                        USE_PERLIO
  Built under linux
  Compiled at Oct  8 2011 22:49:46
  %ENV:
    PERL5LIB=""
    PERL5OPT=""
    PERL5_CPANPLUS_IS_RUNNING="10047"
    PERL5_CPAN_IS_RUNNING="10047"
    PERL5_CPAN_IS_RUNNING_IN_RECURSION="19654,10047"
    PERLBREW_HOME="/home/test/.perlbrew"
    PERLBREW_PATH="/home/test/perl5/perlbrew/bin:/home/test/perl5/perlbrew/perls/perl-5.8.9/bin"
    PERLBREW_PERL="perl-5.8.9"
    PERLBREW_ROOT="/home/test/perl5/perlbrew"
    PERLBREW_VERSION="0.29"
    PERL_CPANM_OPT="--prompt --mirror file:///mirrors/cpan/"
    PERL_CR_SMOKER_CURRENT="Form-Factory-0.014"
    PERL_EXTUTILS_AUTOINSTALL="--defaultdeps"
    PERL_MM_USE_DEFAULT="1"
  @INC:
    /home/test/perl5/perlbrew/perls/perl-5.8.9/lib/5.8.9/x86_64-linux-ld
    /home/test/perl5/perlbrew/perls/perl-5.8.9/lib/5.8.9
    /home/test/perl5/perlbrew/perls/perl-5.8.9/lib/site_perl/5.8.9/x86_64-linux-ld
    /home/test/perl5/perlbrew/perls/perl-5.8.9/lib/site_perl/5.8.9
    .