Web-Simple v0.033 Perl 5 v5.37.6 darwin-2level

Status
Fail
From
Dist
Web-Simple v0.033
Platform
Perl 5 v5.37.6 darwin-2level
Date
2022-12-20 09:41:30
ID
7b33b51e-804a-11ed-a6be-7e735b7b5498
This distribution has been tested as part of the CPAN Testers
project, supporting the Perl programming language.  See
http://wiki.cpantesters.org/ for more information or email
questions to cpan-testers-discuss@perl.org


--
Dear MSTROUT,

This is a computer-generated report for Web-Simple-0.033
on perl 5.37.6, created by App::cpanminus::reporter 0.17 (1.7046).

Thank you for uploading your work to CPAN.  However, there was a problem
testing your distribution.

If you think this report is invalid, please consult the CPAN Testers Wiki
for suggestions on how to avoid getting FAIL reports for missing library
or binary dependencies, unsupported operating systems, and so on:

http://wiki.cpantesters.org/wiki/CPANAuthorNotes

Sections of this report:

    * Tester comments
    * Program output
    * Prerequisites
    * Environment and other context

------------------------------
TESTER COMMENTS
------------------------------

Additional comments from tester:

none provided

------------------------------
PROGRAM OUTPUT
------------------------------

Output from '':

Building and testing Web-Simple-0.033
PERL_DL_NONLAZY=1 "/Volumes/chambord/Users/ether/perl5/perlbrew/perls/37.6/bin/perl5.37.6" "-MExtUtils::Command::MM" "-MTest::Harness" "-e" "undef *Test::Harness::Switches; test_harness(0, 'blib/lib', 'blib/arch')" t/*.t

#   Failed test 'require 'examples/bloggery/bloggery.cgi';'
#   at t/bloggery.t line 6.
#     Tried to require ''examples/bloggery/bloggery.cgi''.
#     Error:  Can't locate examples/bloggery/bloggery.cgi in @INC (@INC contains: /Volumes/chambord/Users/ether/.cpanm/work/1671521644.52347/Web-Simple-0.033/blib/lib /Volumes/chambord/Users/ether/.cpanm/work/1671521644.52347/Web-Simple-0.033/blib/arch /Volumes/chambord/Users/ether/.perlbrew/libs/37.6@std/lib/perl5/darwin-2level /Volumes/chambord/Users/ether/.perlbrew/libs/37.6@std/lib/perl5/darwin-2level /Volumes/chambord/Users/ether/.perlbrew/libs/37.6@std/lib/perl5 /Volumes/chambord/Users/ether/.perlbrew/libs/37.6@std/lib/perl5/darwin-2level /Volumes/chambord/Users/ether/.perlbrew/libs/37.6@std/lib/perl5 /Volumes/chambord/Users/ether/perl5/perlbrew/perls/37.6/lib/site_perl/5.37.6/darwin-2level /Volumes/chambord/Users/ether/perl5/perlbrew/perls/37.6/lib/site_perl/5.37.6 /Volumes/chambord/Users/ether/perl5/perlbrew/perls/37.6/lib/5.37.6/darwin-2level /Volumes/chambord/Users/ether/perl5/perlbrew/perls/37.6/lib/5.37.6) at (eval 9) line 2.
# Looks like you failed 1 test of 1.
t/bloggery.t ................. 
Dubious, test returned 1 (wstat 256, 0x100)
Failed 1/1 subtests 
t/css_declare.t .............. ok
t/env.t ...................... ok
t/dispatch_misc.t ............ ok
t/leak.t ..................... ok
t/param_parser.t ............. ok
t/dispatch_parser.t .......... ok
t/match-home.t ............... ok
t/request_mode_heuristics.t .. ok
t/role.t ..................... ok
t/predicate_objects.t ........ ok
t/post.t ..................... ok
t/stream_test.t .............. ok
t/response-filter.t .......... ok
t/sub-dispatch-args.t ........ ok
t/tags.t ..................... ok
t/sub-dispatch-env.t ......... ok
t/underscore.t ............... ok
t/test-request-basic-auth.t .. ok
t/wd-http-methods.t .......... ok

Test Summary Report
-------------------
t/bloggery.t               (Wstat: 256 (exited 1) Tests: 1 Failed: 1)
  Failed test:  1
  Non-zero exit status: 1
Files=20, Tests=339,  0 wallclock secs ( 0.03 usr  0.02 sys +  0.89 cusr  0.36 csys =  1.30 CPU)
Result: FAIL

------------------------------
PREREQUISITES
------------------------------

Prerequisite modules loaded:

    No requirements found

------------------------------
ENVIRONMENT AND OTHER CONTEXT
------------------------------

Environment variables:

    HARNESS_OPTIONS = j6:c
    LANG = en_CA.UTF-8
    NO_NETWORK_TESTING = 1
    PATH = /Volumes/chambord/Users/ether/.perlbrew/libs/37.6@std/bin:/Volumes/chambord/Users/ether/perl5/perlbrew/bin:/Volumes/chambord/Users/ether/perl5/perlbrew/perls/37.6/bin:/Volumes/chambord/Users/ether/bin:/Volumes/chambord/Users/ether/git/misc/install/advocaat.local/bin:/Volumes/chambord/Users/ether/git/misc/install/generic/bin:/opt/local/bin:/opt/local/sbin:/Volumes/chambord/Users/ether/git/git-hub/lib:/usr/local/bin:/System/Cryptexes/App/usr/bin:/usr/bin:/bin:/usr/sbin:/sbin:/Library/Apple/usr/bin:/opt/local/share/git-core/contrib/workdir
    PERL5LIB = /Volumes/chambord/Users/ether/.perlbrew/libs/37.6@std/lib/perl5
    PERLBREW_HOME = /Volumes/chambord/Users/ether/.perlbrew
    PERLBREW_LIB = std
    PERLBREW_MANPATH = /Volumes/chambord/Users/ether/.perlbrew/libs/37.6@std/man:/Volumes/chambord/Users/ether/perl5/perlbrew/perls/37.6/man
    PERLBREW_PATH = /Volumes/chambord/Users/ether/.perlbrew/libs/37.6@std/bin:/Volumes/chambord/Users/ether/perl5/perlbrew/bin:/Volumes/chambord/Users/ether/perl5/perlbrew/perls/37.6/bin
    PERLBREW_PERL = 37.6
    PERLBREW_ROOT = /Volumes/chambord/Users/ether/perl5/perlbrew
    PERLBREW_SHELLRC_VERSION = 0.96
    PERLBREW_VERSION = 0.96
    PERLDOC = -oman
    PERLDOC_PAGER = less -sicMr
    PERL_AUTOINSTALL_PREFER_CPAN = 1
    PERL_INSTALL_QUIET = 1
    PERL_LOCAL_LIB_ROOT = /Volumes/chambord/Users/ether/.perlbrew/libs/37.6@std
    PERL_MB_OPT = --install_base /Volumes/chambord/Users/ether/.perlbrew/libs/37.6@std
    PERL_MM_OPT = INSTALL_BASE=/Volumes/chambord/Users/ether/.perlbrew/libs/37.6@std
    PERL_TEST_HARNESS_ASAP = 1
    PERL_USE_UNSAFE_INC = 0
    SHELL = /bin/bash
    TERM = xterm-color

Perl special variables (and OS-specific diagnostics, for MSWin32):

    EGID = 20 20 12 61 79 80 81 98 701 704 703 702 33 100 204 250 395
    EUID = 502
    EXECUTABLE_NAME = /Volumes/chambord/Users/ether/perl5/perlbrew/perls/37.6/bin/perl5.37.6
    GID = 20 20 12 61 79 80 81 98 701 704 703 702 33 100 204 250 395
    UID = 502

Perl module toolchain versions installed:

    Module              Have    
    ------------------- --------
    CPAN                2.34    
    CPAN::Meta          2.150010
    Cwd                 3.86    
    ExtUtils::CBuilder  0.280238
    ExtUtils::Command   7.65_02 
    ExtUtils::Install   2.20    
    ExtUtils::MakeMaker 7.65_02 
    ExtUtils::Manifest  1.73    
    ExtUtils::ParseXS   3.48    
    File::Spec          3.87    
    JSON                4.10    
    JSON::PP            4.12    
    Module::Build       0.4232  
    Module::Signature   n/a     
    Parse::CPAN::Meta   2.150010
    Test::Harness       3.44    
    Test::More          1.302191
    YAML                1.30    
    YAML::Syck          1.34    
    version             0.9929  


--

Summary of my perl5 (revision 5 version 37 subversion 6) configuration:
   
  Platform:
    osname=darwin
    osvers=22.1.0
    archname=darwin-2level
    uname='darwin advocaat.local 22.1.0 darwin kernel version 22.1.0: sun oct 9 20:15:52 pdt 2022; root:xnu-8792.41.9~2release_arm64_t8112 arm64 '
    config_args='-de -Dprefix=/Volumes/chambord/Users/ether/perl5/perlbrew/perls/37.6 -Dman1dir=none -Dman3dir=none -Dusedevel -Aeval:scriptdir=/Volumes/chambord/Users/ether/perl5/perlbrew/perls/37.6/bin'
    hint=recommended
    useposix=true
    d_sigaction=define
    useithreads=undef
    usemultiplicity=undef
    use64bitint=define
    use64bitall=define
    uselongdouble=undef
    usemymalloc=n
    default_inc_excludes_dot=define
  Compiler:
    cc='cc'
    ccflags ='-fno-common -DPERL_DARWIN -mmacosx-version-min=13.0 -fno-strict-aliasing -pipe -fstack-protector-strong -I/opt/local/include'
    optimize='-O3'
    cppflags='-fno-common -DPERL_DARWIN -mmacosx-version-min=13.0 -fno-strict-aliasing -pipe -fstack-protector-strong -I/opt/local/include'
    ccversion=''
    gccversion='Apple LLVM 14.0.0 (clang-1400.0.29.202)'
    gccosandvers=''
    intsize=4
    longsize=8
    ptrsize=8
    doublesize=8
    byteorder=12345678
    doublekind=3
    d_longlong=define
    longlongsize=8
    d_longdbl=define
    longdblsize=8
    longdblkind=0
    ivtype='long'
    ivsize=8
    nvtype='double'
    nvsize=8
    Off_t='off_t'
    lseeksize=8
    alignbytes=8
    prototype=define
  Linker and Libraries:
    ld='cc'
    ldflags =' -mmacosx-version-min=13.0 -fstack-protector-strong -L/opt/local/lib'
    libpth=/Applications/Xcode.app/Contents/Developer/Toolchains/XcodeDefault.xctoolchain/usr/lib/clang/14.0.0/lib /Applications/Xcode.app/Contents/Developer/Platforms/MacOSX.platform/Developer/SDKs/MacOSX.sdk/usr/lib /Applications/Xcode.app/Contents/Developer/Toolchains/XcodeDefault.xctoolchain/usr/lib /opt/local/lib /usr/lib
    libs=-lgdbm
    perllibs=
    libc=
    so=dylib
    useshrplib=false
    libperl=libperl.a
    gnulibc_version=''
  Dynamic Linking:
    dlsrc=dl_dlopen.xs
    dlext=bundle
    d_dlsymun=undef
    ccdlflags=' '
    cccdlflags=' '
    lddlflags=' -mmacosx-version-min=13.0 -bundle -undefined dynamic_lookup -L/opt/local/lib -fstack-protector-strong'


Characteristics of this binary (from libperl): 
  Compile-time options:
    HAS_TIMES
    PERLIO_LAYERS
    PERL_COPY_ON_WRITE
    PERL_DONT_CREATE_GVSV
    PERL_HASH_FUNC_SIPHASH13
    PERL_HASH_USE_SBOX32
    PERL_MALLOC_WRAP
    PERL_OP_PARENT
    PERL_PRESERVE_IVUV
    PERL_USE_DEVEL
    PERL_USE_SAFE_PUTENV
    USE_64_BIT_ALL
    USE_64_BIT_INT
    USE_LARGE_FILES
    USE_LOCALE
    USE_LOCALE_COLLATE
    USE_LOCALE_CTYPE
    USE_LOCALE_NUMERIC
    USE_LOCALE_TIME
    USE_PERLIO
    USE_PERL_ATOF
  Built under darwin
  Compiled at Dec 19 2022 20:40:27
  %ENV:
    PERL5LIB="/Volumes/chambord/Users/ether/.perlbrew/libs/37.6@std/lib/perl5"
    PERLBREW_HOME="/Volumes/chambord/Users/ether/.perlbrew"
    PERLBREW_LIB="std"
    PERLBREW_MANPATH="/Volumes/chambord/Users/ether/.perlbrew/libs/37.6@std/man:/Volumes/chambord/Users/ether/perl5/perlbrew/perls/37.6/man"
    PERLBREW_PATH="/Volumes/chambord/Users/ether/.perlbrew/libs/37.6@std/bin:/Volumes/chambord/Users/ether/perl5/perlbrew/bin:/Volumes/chambord/Users/ether/perl5/perlbrew/perls/37.6/bin"
    PERLBREW_PERL="37.6"
    PERLBREW_ROOT="/Volumes/chambord/Users/ether/perl5/perlbrew"
    PERLBREW_SHELLRC_VERSION="0.96"
    PERLBREW_VERSION="0.96"
    PERLDOC="-oman"
    PERLDOC_PAGER="less -sicMr"
    PERL_AUTOINSTALL_PREFER_CPAN="1"
    PERL_INSTALL_QUIET="1"
    PERL_LOCAL_LIB_ROOT="/Volumes/chambord/Users/ether/.perlbrew/libs/37.6@std"
    PERL_MB_OPT="--install_base /Volumes/chambord/Users/ether/.perlbrew/libs/37.6@std"
    PERL_MM_OPT="INSTALL_BASE=/Volumes/chambord/Users/ether/.perlbrew/libs/37.6@std"
    PERL_TEST_HARNESS_ASAP="1"
    PERL_USE_UNSAFE_INC="0"
  @INC:
    /Volumes/chambord/Users/ether/.perlbrew/libs/37.6@std/lib/perl5/darwin-2level
    /Volumes/chambord/Users/ether/.perlbrew/libs/37.6@std/lib/perl5
    /Volumes/chambord/Users/ether/perl5/perlbrew/perls/37.6/lib/site_perl/5.37.6/darwin-2level
    /Volumes/chambord/Users/ether/perl5/perlbrew/perls/37.6/lib/site_perl/5.37.6
    /Volumes/chambord/Users/ether/perl5/perlbrew/perls/37.6/lib/5.37.6/darwin-2level
    /Volumes/chambord/Users/ether/perl5/perlbrew/perls/37.6/lib/5.37.6