Back
From: metabase:user:30f4dfbe-2aae-11df-837a-5e0a49663a4f
Subject: FAIL SeeAlso-Server-0.71 v5.12.5 Mac OS X
Date: 2013-11-05T15:03:50Z
This distribution has been tested as part of the CPAN Testers
project, supporting the Perl programming language. See
http://wiki.cpantesters.org/ for more information or email
questions to cpan-testers-discuss@perl.org
--
Dear Jakob Voss,
This is a computer-generated report for SeeAlso-Server-0.71
on perl 5.12.5, created by CPAN-Reporter-1.2010.
Thank you for uploading your work to CPAN. However, there was a problem
testing your distribution.
If you think this report is invalid, please consult the CPAN Testers Wiki
for suggestions on how to avoid getting FAIL reports for missing library
or binary dependencies, unsupported operating systems, and so on:
http://wiki.cpantesters.org/wiki/CPANAuthorNotes
Sections of this report:
* Tester comments
* Program output
* Prerequisites
* Environment and other context
------------------------------
TESTER COMMENTS
------------------------------
Additional comments from tester:
this report is from an automated smoke testing program
and was not reviewed by a human for accuracy
------------------------------
PROGRAM OUTPUT
------------------------------
Output from '/sw/bin/make test':
PERL_DL_NONLAZY=1 /Users/hornenj/perl5/perlbrew/perls/perl-5.12.5/bin/perl "-MExtUtils::Command::MM" "-MTest::Harness" "-e" "undef *Test::Harness::Switches; test_harness(0, 'blib/lib', 'blib/arch')" t/*.t
t/author-critic.t .. skipped: these tests are for testing by the author
SeeAlso::Server is deprecated - please use Plack::App::SeeAlso instead! at /Users/hornenj/.cpan/build/SeeAlso-Server-0.71-Cjru5i/blib/lib/SeeAlso/Source.pm line 11.
t/cache.t .......... ok
SeeAlso::Server is deprecated - please use Plack::App::SeeAlso instead! at /Users/hornenj/.cpan/build/SeeAlso-Server-0.71-Cjru5i/blib/lib/SeeAlso/Source.pm line 11.
t/client.t ......... ok
SeeAlso::Server is deprecated - please use Plack::App::SeeAlso instead! at /Users/hornenj/.cpan/build/SeeAlso-Server-0.71-Cjru5i/blib/lib/SeeAlso/Source.pm line 11.
t/dbi.t ............ ok
SeeAlso::Server is deprecated - please use Plack::App::SeeAlso instead! at (eval 8) line 2.
t/factory.t ........ ok
t/gnd.t ............ ok
t/identifier.t ..... ok
# Failed test 'valid ISBN: 9991372539'
# at t/isbn.t line 54.
# Failed test 'valid hash: 1999999999'
# at t/isbn.t line 80.
# Failed test 'valid hash: 1999999999'
# at t/isbn.t line 81.
# got: '1999999999'
# expected: ''
# Failed test 'hash 1999999999 = '
# at t/isbn.t line 82.
# got: ''
# expected: 'urn:isbn:9799999999990'
# Failed test 'valid hash: 999999999'
# at t/isbn.t line 80.
# Failed test 'valid hash: 999999999'
# at t/isbn.t line 81.
# got: '999999999'
# expected: ''
# Failed test 'hash 999999999 = '
# at t/isbn.t line 82.
# got: ''
# expected: 'urn:isbn:9789999999991'
# Looks like you failed 7 tests of 41.
t/isbn.t ...........
Dubious, test returned 7 (wstat 1792, 0x700)
Failed 7/41 subtests
t/isil.t ........... ok
# Failed test 'POD test for blib/lib/SeeAlso/Identifier/GND.pm'
# at /Users/hornenj/perl5/perlbrew/perls/perl-5.12.5/lib/site_perl/5.12.5/Test/Pod.pm line 186.
# blib/lib/SeeAlso/Identifier/GND.pm (95): Non-ASCII character seen before =encoding in 'Körperschaftsdatei"'. Assuming UTF-8
# Looks like you failed 1 test of 11.
t/pod.t ............
Dubious, test returned 1 (wstat 256, 0x100)
Failed 1/11 subtests
t/response.t ....... ok
SeeAlso::Server is deprecated - please use Plack::App::SeeAlso instead! at t/server.t line 7.
t/server.t ......... ok
SeeAlso::Server is deprecated - please use Plack::App::SeeAlso instead! at /Users/hornenj/.cpan/build/SeeAlso-Server-0.71-Cjru5i/blib/lib/SeeAlso/Source.pm line 11.
t/source.t ......... ok
Test Summary Report
-------------------
t/isbn.t (Wstat: 1792 Tests: 41 Failed: 7)
Failed tests: 21, 36-41
Non-zero exit status: 7
t/pod.t (Wstat: 256 Tests: 11 Failed: 1)
Failed test: 9
Non-zero exit status: 1
Files=13, Tests=281, 1 wallclock secs ( 0.06 usr 0.03 sys + 1.09 cusr 0.14 csys = 1.32 CPU)
Result: FAIL
Failed 2/13 test programs. 8/281 subtests failed.
make: *** [test_dynamic] Error 255
------------------------------
PREREQUISITES
------------------------------
Prerequisite modules loaded:
requires:
Module Need Have
----------------------- ---- --------
base 0 2.18
Business::ISBN 0 2.06
Carp 0 1.32
CGI 0 3.63
Config::IniFiles 0 2.82
Data::Validate::URI 0 0.06
Date::Parse 0 2.30
DBI 0 1.628
DBI::Const::GetInfoType 0 2.008697
Exporter 0 5.68
JSON::XS 0 2.34
LWP::Simple 0 6.00
overload 0 1.10
POSIX 0 1.19
strict 0 1.04
Text::CSV 0 1.32
URI 0 1.60
utf8 0 1.08
warnings 0 1.09
YAML::Any 0 0.84
build_requires:
Module Need Have
----------------------- ---- --------
Cache::Memory 0 2.06
CHI 0 0.58
Data::Dumper 0 2.145
File::Temp 0 0.2304
Test::Exception 0 0.32
Test::More 0 0.98
configure_requires:
Module Need Have
----------------------- ---- --------
ExtUtils::MakeMaker 6.30 6.78
------------------------------
ENVIRONMENT AND OTHER CONTEXT
------------------------------
Environment variables:
AUTOMATED_TESTING = 1
LC_ALL = POSIX
LD_LIBRARY_PATH = :/net/traces01.be-md.ncbi.nlm.nih.gov/trace_software/vdb/mac/release/x86_64/lib
PATH = /Users/hornenj/perl5/perlbrew/bin:/Users/hornenj/perl5/perlbrew/perls/perl-5.12.5/bin:/Users/hornenj/perl5/perlbrew/bin:/sw/lib/perl5/ExtUtils:/sw/bin:/sw/sbin:/am/ncbiapdata/bin:/usr/bin:/bin:/usr/X11R6/bin:/Users/hornenj/bin:/netopt/ncbi_tools/bin:/usr/local/ncbi/blast/bin:/net/traces01.be-md.ncbi.nlm.nih.gov/trace_software/vdb/mac/release/x86_64/bin
PERL5LIB = /Users/hornenj/.cpan/build/Business-ISBN-2.06-yX0Cmf/blib/arch:/Users/hornenj/.cpan/build/Business-ISBN-2.06-yX0Cmf/blib/lib:/Users/hornenj/.cpan/build/Business-ISBN-Data-20120719.001-O6Qpve/blib/arch:/Users/hornenj/.cpan/build/Business-ISBN-Data-20120719.001-O6Qpve/blib/lib:/Users/hornenj/.cpan/build/Cache-2.06-oyP0Dh/blib/arch:/Users/hornenj/.cpan/build/Cache-2.06-oyP0Dh/blib/lib:/Users/hornenj/.cpan/build/Heap-0.80-P4lvfS/blib/arch:/Users/hornenj/.cpan/build/Heap-0.80-P4lvfS/blib/lib
PERL5OPT =
PERL5_CPANPLUS_IS_RUNNING = 96902
PERL5_CPAN_IS_RUNNING = 96902
PERL5_MINISMOKEBOX = 0.58
PERLBREW_BASHRC_VERSION = 0.66
PERLBREW_HOME = /Users/hornenj/.perlbrew
PERLBREW_MANPATH = /Users/hornenj/perl5/perlbrew/perls/perl-5.12.5/man
PERLBREW_PATH = /Users/hornenj/perl5/perlbrew/bin:/Users/hornenj/perl5/perlbrew/perls/perl-5.12.5/bin
PERLBREW_PERL = perl-5.12.5
PERLBREW_ROOT = /Users/hornenj/perl5/perlbrew
PERLBREW_VERSION = 0.66
PERL_EXTUTILS_AUTOINSTALL = --defaultdeps
PERL_MM_USE_DEFAULT = 1
SHELL = /bin/bash
TERM = xterm
TMPDIR = /var/folders/pz/pd7y1qjs6s3cbk170cw50fjc000c61/T/
VERSIONER_PERL_PREFER_32_BIT = no
VERSIONER_PERL_VERSION = 5.12
ac_cv_path_INTLTOOL_PERL = /usr/bin/perl
Perl special variables (and OS-specific diagnostics, for MSWin32):
$^X = /Users/hornenj/perl5/perlbrew/perls/perl-5.12.5/bin/perl
$UID/$EUID = 12481 / 12481
$GID = 14 14 5344 527 241 223 206 402 12 62 204
$EGID = 14 14 5344 527 241 223 206 402 12 62 204
Perl module toolchain versions installed:
Module Have
------------------- --------
CPAN 2.00
CPAN::Meta 2.132830
Cwd 3.40
ExtUtils::CBuilder 0.280212
ExtUtils::Command 1.18
ExtUtils::Install 1.55
ExtUtils::MakeMaker 6.78
ExtUtils::Manifest 1.63
ExtUtils::ParseXS 3.22
File::Spec 3.40
JSON 2.59
JSON::PP 2.27202
Module::Build 0.4007
Module::Signature n/a
Parse::CPAN::Meta 1.4409
Test::Harness 3.29
Test::More 0.98
YAML 0.84
YAML::Syck 1.27
version 0.9903
--
Summary of my perl5 (revision 5 version 12 subversion 5) configuration:
Platform:
osname=darwin, osvers=12.2.1, archname=darwin-2level
uname='darwin ncbimac2008.ncbi.nlm.nih.gov 12.2.1 darwin kernel version 12.2.1: thu oct 18 12:13:47 pdt 2012; root:xnu-2050.20.9~1release_x86_64 x86_64 '
config_args='-de -Dprefix=/Users/hornenj/perl5/perlbrew/perls/perl-5.12.5'
hint=recommended, useposix=true, d_sigaction=define
useithreads=undef, usemultiplicity=undef
useperlio=define, d_sfio=undef, uselargefiles=define, usesocks=undef
use64bitint=define, use64bitall=define, uselongdouble=undef
usemymalloc=n, bincompat5005=undef
Compiler:
cc='cc', ccflags ='-fno-common -DPERL_DARWIN -no-cpp-precomp -fno-strict-aliasing -pipe -fstack-protector',
optimize='-O3',
cppflags='-no-cpp-precomp -fno-common -DPERL_DARWIN -no-cpp-precomp -fno-strict-aliasing -pipe -fstack-protector'
ccversion='', gccversion='4.2.1 Compatible Apple LLVM 4.2 (clang-425.0.24)', gccosandvers=''
intsize=4, longsize=8, ptrsize=8, doublesize=8, byteorder=12345678
d_longlong=define, longlongsize=8, d_longdbl=define, longdblsize=16
ivtype='long', ivsize=8, nvtype='double', nvsize=8, Off_t='off_t', lseeksize=8
alignbytes=8, prototype=define
Linker and Libraries:
ld='env MACOSX_DEPLOYMENT_TARGET=10.3 cc', ldflags =' -fstack-protector'
libpth=/usr/lib
libs=-ldbm -ldl -lm -lutil -lc
perllibs=-ldl -lm -lutil -lc
libc=, so=dylib, useshrplib=false, libperl=libperl.a
gnulibc_version=''
Dynamic Linking:
dlsrc=dl_dlopen.xs, dlext=bundle, d_dlsymun=undef, ccdlflags=' '
cccdlflags=' ', lddlflags=' -bundle -undefined dynamic_lookup -fstack-protector'
Characteristics of this binary (from libperl):
Compile-time options: PERL_DONT_CREATE_GVSV PERL_MALLOC_WRAP USE_64_BIT_ALL
USE_64_BIT_INT USE_LARGE_FILES USE_PERLIO
USE_PERL_ATOF
Built under darwin
Compiled at Mar 5 2013 11:08:14
%ENV:
PERL5LIB="/Users/hornenj/.cpan/build/Business-ISBN-2.06-yX0Cmf/blib/arch:/Users/hornenj/.cpan/build/Business-ISBN-2.06-yX0Cmf/blib/lib:/Users/hornenj/.cpan/build/Business-ISBN-Data-20120719.001-O6Qpve/blib/arch:/Users/hornenj/.cpan/build/Business-ISBN-Data-20120719.001-O6Qpve/blib/lib:/Users/hornenj/.cpan/build/Cache-2.06-oyP0Dh/blib/arch:/Users/hornenj/.cpan/build/Cache-2.06-oyP0Dh/blib/lib:/Users/hornenj/.cpan/build/Heap-0.80-P4lvfS/blib/arch:/Users/hornenj/.cpan/build/Heap-0.80-P4lvfS/blib/lib"
PERL5OPT=""
PERL5_CPANPLUS_IS_RUNNING="96902"
PERL5_CPAN_IS_RUNNING="96902"
PERL5_MINISMOKEBOX="0.58"
PERLBREW_BASHRC_VERSION="0.66"
PERLBREW_HOME="/Users/hornenj/.perlbrew"
PERLBREW_MANPATH="/Users/hornenj/perl5/perlbrew/perls/perl-5.12.5/man"
PERLBREW_PATH="/Users/hornenj/perl5/perlbrew/bin:/Users/hornenj/perl5/perlbrew/perls/perl-5.12.5/bin"
PERLBREW_PERL="perl-5.12.5"
PERLBREW_ROOT="/Users/hornenj/perl5/perlbrew"
PERLBREW_VERSION="0.66"
PERL_EXTUTILS_AUTOINSTALL="--defaultdeps"
PERL_MM_USE_DEFAULT="1"
@INC:
/Users/hornenj/.cpan/build/Business-ISBN-2.06-yX0Cmf/blib/arch
/Users/hornenj/.cpan/build/Business-ISBN-2.06-yX0Cmf/blib/lib
/Users/hornenj/.cpan/build/Business-ISBN-Data-20120719.001-O6Qpve/blib/arch
/Users/hornenj/.cpan/build/Business-ISBN-Data-20120719.001-O6Qpve/blib/lib
/Users/hornenj/.cpan/build/Cache-2.06-oyP0Dh/blib/arch
/Users/hornenj/.cpan/build/Cache-2.06-oyP0Dh/blib/lib
/Users/hornenj/.cpan/build/Heap-0.80-P4lvfS/blib/arch
/Users/hornenj/.cpan/build/Heap-0.80-P4lvfS/blib/lib
/Users/hornenj/perl5/perlbrew/perls/perl-5.12.5/lib/site_perl/5.12.5/darwin-2level
/Users/hornenj/perl5/perlbrew/perls/perl-5.12.5/lib/site_perl/5.12.5
/Users/hornenj/perl5/perlbrew/perls/perl-5.12.5/lib/5.12.5/darwin-2level
/Users/hornenj/perl5/perlbrew/perls/perl-5.12.5/lib/5.12.5
.