Back
From: metabase:user:320bfe00-2aae-11df-837a-5e0a49663a4f
Subject: FAIL API-Plesk-2.03 v5.19.9 GNU/Linux
Date: 2014-01-29T16:14:50Z
This distribution has been tested as part of the CPAN Testers
project, supporting the Perl programming language. See
http://wiki.cpantesters.org/ for more information or email
questions to cpan-testers-discuss@perl.org
--
Dear Ivan Sokolov,
This is a computer-generated report for API-Plesk-2.03
on perl 5.19.9, created by CPAN-Reporter-1.2010.
Thank you for uploading your work to CPAN. However, there was a problem
testing your distribution.
If you think this report is invalid, please consult the CPAN Testers Wiki
for suggestions on how to avoid getting FAIL reports for missing library
or binary dependencies, unsupported operating systems, and so on:
http://wiki.cpantesters.org/wiki/CPANAuthorNotes
Sections of this report:
* Tester comments
* Program output
* Prerequisites
* Environment and other context
------------------------------
TESTER COMMENTS
------------------------------
Additional comments from tester:
this report is from an automated smoke testing program
and was not reviewed by a human for accuracy
------------------------------
PROGRAM OUTPUT
------------------------------
Output from './Build test':
Module::Build will be removed from the Perl core distribution in the next major release. Please install it from CPAN. It is being used at ./Build, line 40.
t/compoment.t ..... ok
t/customer.t ...... ok
t/database.t ...... ok
t/dns.t ........... ok
t/ftp_user.t ...... ok
t/mail.t .......... ok
t/mock.t .......... ok
# Failed test 'render_xml'
# at t/plesk.t line 37.
# got: '<?xml version="1.0" encoding="UTF-8"?><packet version="1.6.3.0"><webspace><add><gen_setup><qq>ddd</qq><name>sample.com</name><ddd><lll>1234567</lll></ddd></gen_setup><hosting><name>123</name><value>erty</value></hosting></add></webspace></packet>'
# expected: '<?xml version="1.0" encoding="UTF-8"?><packet version="1.6.3.0"><webspace><add><gen_setup><qq>ddd</qq><name>sample.com</name><ddd><lll>1234567</lll></ddd></gen_setup><hosting><value>erty</value><name>123</name></hosting></add></webspace></packet>'
# Looks like you failed 1 test of 8.
t/plesk.t .........
Dubious, test returned 1 (wstat 256, 0x100)
Failed 1/8 subtests
t/response.t ...... ok
t/service-plan.t .. ok
t/site-alias.t .... ok
t/site.t .......... ok
t/sitebuilder.t ... ok
t/user.t .......... ok
t/webspace.t ...... ok
t/webuser.t ....... ok
Test Summary Report
-------------------
t/plesk.t (Wstat: 256 Tests: 8 Failed: 1)
Failed test: 5
Non-zero exit status: 1
Files=16, Tests=87, 1 wallclock secs ( 0.05 usr 0.02 sys + 0.85 cusr 0.10 csys = 1.02 CPU)
Result: FAIL
Failed 1/16 test programs. 1/87 subtests failed.
------------------------------
PREREQUISITES
------------------------------
Prerequisite modules loaded:
requires:
Module Need Have
---------------- ---- --------
Carp 0 1.32
Data::Dumper 0 2.150
HTTP::Request 0 6.00
LWP::UserAgent 0 6.05
Module::Build 0 0.4204
version 0 0.9907
XML::Fast 0 0.11
build_requires:
Module Need Have
---------------- ---- --------
Test::LongString 0 0.15
Test::More 0 1.001002
URI 0 1.60
configure_requires:
Module Need Have
---------------- ---- --------
Module::Build 0.40 0.4204
------------------------------
ENVIRONMENT AND OTHER CONTEXT
------------------------------
Environment variables:
AUTOMATED_TESTING = 1
LANG = en_US.UTF-8
LANGUAGE = en_US:en
PATH = /usr/lib/ccache:/home/sand/bin:/usr/local/bin:/usr/bin:/bin:/usr/bin/X11:/usr/games:/usr/local/perl/bin:/usr/X11/bin:/sbin:/usr/sbin
PERL = /tmp/basesmoker-reloperl-UDYE/bin/perl
PERL5LIB =
PERL5OPT =
PERL5_CPANPLUS_IS_RUNNING = 9228
PERL5_CPAN_IS_RUNNING = 9228
PERL_MM_USE_DEFAULT = 1
SHELL = /usr/bin/zsh
TERM = screen
Perl special variables (and OS-specific diagnostics, for MSWin32):
$^X = /tmp/basesmoker-reloperl-UDYE/bin/perl
$UID/$EUID = 1005 / 1005
$GID = 1005 1005
$EGID = 1005 1005
Perl module toolchain versions installed:
Module Have
------------------- --------
CPAN 2.00
CPAN::Meta 2.133380
Cwd 3.46
ExtUtils::CBuilder 0.280214
ExtUtils::Command 1.18
ExtUtils::Install 1.62
ExtUtils::MakeMaker 6.86
ExtUtils::Manifest 1.63
ExtUtils::ParseXS 3.23
File::Spec 3.46
JSON 2.90
JSON::PP 2.27203
Module::Build 0.4204
Module::Signature 0.73
Parse::CPAN::Meta 1.4409
Test::Harness 3.30
Test::More 1.001002
YAML 0.88
YAML::Syck 1.27
version 0.9907
--
Summary of my perl5 (revision 5 version 19 subversion 9) configuration:
Commit id: 4d7db1b9da573ce828cd700a0f88a8e5cf401038
Platform:
osname=linux, osvers=3.10-3-amd64, archname=x86_64-linux-thread-multi
uname='linux k83 3.10-3-amd64 #1 smp debian 3.10.11-1 (2013-09-10) x86_64 gnulinux '
config_args='-Dprefix=/home/sand/src/perl/repoperls/installed-perls/perl/v5.19.8-216-g4d7db1b/9980 -Dmyhostname=k83 -Dinstallusrbinperl=n -Uversiononly -Dusedevel -des -Ui_db -Duseithreads -Uuselongdouble -DDEBUGGING=-g'
hint=recommended, useposix=true, d_sigaction=define
useithreads=define, usemultiplicity=define
use64bitint=define, use64bitall=define, uselongdouble=undef
usemymalloc=n, bincompat5005=undef
Compiler:
cc='cc', ccflags ='-D_REENTRANT -D_GNU_SOURCE -fno-strict-aliasing -pipe -fstack-protector -I/usr/local/include -D_LARGEFILE_SOURCE -D_FILE_OFFSET_BITS=64',
optimize='-O2 -g',
cppflags='-D_REENTRANT -D_GNU_SOURCE -fno-strict-aliasing -pipe -fstack-protector -I/usr/local/include'
ccversion='', gccversion='4.8.2', gccosandvers=''
intsize=4, longsize=8, ptrsize=8, doublesize=8, byteorder=12345678
d_longlong=define, longlongsize=8, d_longdbl=define, longdblsize=16
ivtype='long', ivsize=8, nvtype='double', nvsize=8, Off_t='off_t', lseeksize=8
alignbytes=8, prototype=define
Linker and Libraries:
ld='cc', ldflags =' -fstack-protector -L/usr/local/lib'
libpth=/usr/local/lib /usr/lib/gcc/x86_64-linux-gnu/4.8/include-fixed /usr/include/x86_64-linux-gnu /usr/lib /lib/x86_64-linux-gnu /lib/../lib /usr/lib/x86_64-linux-gnu /usr/lib/../lib /lib
libs=-lnsl -lgdbm -ldb -ldl -lm -lcrypt -lutil -lpthread -lc -lgdbm_compat
perllibs=-lnsl -ldl -lm -lcrypt -lutil -lpthread -lc
libc=libc-2.17.so, so=so, useshrplib=false, libperl=libperl.a
gnulibc_version='2.17'
Dynamic Linking:
dlsrc=dl_dlopen.xs, dlext=so, d_dlsymun=undef, ccdlflags='-Wl,-E'
cccdlflags='-fPIC', lddlflags='-shared -O2 -g -L/usr/local/lib -fstack-protector'
Characteristics of this binary (from libperl):
Compile-time options: HAS_TIMES MULTIPLICITY PERLIO_LAYERS
PERL_DONT_CREATE_GVSV
PERL_HASH_FUNC_ONE_AT_A_TIME_HARD
PERL_IMPLICIT_CONTEXT PERL_MALLOC_WRAP
PERL_NEW_COPY_ON_WRITE PERL_PRESERVE_IVUV
PERL_USE_DEVEL USE_64_BIT_ALL USE_64_BIT_INT
USE_ITHREADS USE_LARGE_FILES USE_LOCALE
USE_LOCALE_COLLATE USE_LOCALE_CTYPE
USE_LOCALE_NUMERIC USE_PERLIO USE_PERL_ATOF
USE_REENTRANT_API
Built under linux
Compiled at Jan 29 2014 06:31:05
%ENV:
PERL="/tmp/basesmoker-reloperl-UDYE/bin/perl"
PERL5LIB=""
PERL5OPT=""
PERL5_CPANPLUS_IS_RUNNING="9228"
PERL5_CPAN_IS_RUNNING="9228"
PERL_MM_USE_DEFAULT="1"
@INC:
/home/sand/src/perl/repoperls/installed-perls/perl/v5.19.8-216-g4d7db1b/9980/lib/site_perl/5.19.9/x86_64-linux-thread-multi
/home/sand/src/perl/repoperls/installed-perls/perl/v5.19.8-216-g4d7db1b/9980/lib/site_perl/5.19.9
/home/sand/src/perl/repoperls/installed-perls/perl/v5.19.8-216-g4d7db1b/9980/lib/5.19.9/x86_64-linux-thread-multi
/home/sand/src/perl/repoperls/installed-perls/perl/v5.19.8-216-g4d7db1b/9980/lib/5.19.9
.