Report for Module-Release-CSJEWELL-0.101

Back
From: metabase:user:3215efbe-2aae-11df-837a-5e0a49663a4f
Subject: FAIL Module-Release-CSJEWELL-0.101 v5.14.1 GNU/Linux
Date: 2011-12-05T12:48:49Z

This distribution has been tested as part of the CPAN Testers
project, supporting the Perl programming language.  See
http://wiki.cpantesters.org/ for more information or email
questions to cpan-testers-discuss@perl.org


--
Dear Curtis Jewell,

This is a computer-generated report for Module-Release-CSJEWELL-0.101
on perl 5.14.1, created by CPAN-Reporter-1.2002.

Thank you for uploading your work to CPAN.  However, there was a problem
testing your distribution.

If you think this report is invalid, please consult the CPAN Testers Wiki
for suggestions on how to avoid getting FAIL reports for missing library
or binary dependencies, unsupported operating systems, and so on:

http://wiki.cpantesters.org/wiki/CPANAuthorNotes

Sections of this report:

    * Tester comments
    * Program output
    * Prerequisites
    * Environment and other context

------------------------------
TESTER COMMENTS
------------------------------

Additional comments from tester:

this report is from an automated smoke testing program
and was not reviewed by a human for accuracy

------------------------------
PROGRAM OUTPUT
------------------------------

Output from './Build test':

# Testing Module::Release::CSJEWELL 0.101
t/000_load.t ............ ok

#   Failed test 'Test::Perl::Critic for "blib/lib/Module/Release/CSJEWELL.pm"'
#   at /opt/perls/nothreads/perl-5.14.1/lib/site_perl/5.14.1/Test/Perl/Critic.pm line 110.
# 
# Perl::Critic found these violations in "blib/lib/Module/Release/CSJEWELL.pm":
# blib/lib/Module/Release/CSJEWELL.pm:1:1:
#  Documentation::PodSpelling: Check the spelling in your POD: Plugins plugins CSJEWELL releaserc CPAN LICENCE
# blib/lib/Module/Release/CSJEWELL.pm:8:1:
#  ValuesAndExpressions::RequireConstantVersion: $VERSION value must be a constant
# blib/lib/Module/Release/CSJEWELL.pm:14:1:
#  Documentation::RequirePodLinksIncludeText: Link L<perlartistic> on line 121 does not specify text
# blib/lib/Module/Release/CSJEWELL.pm:14:1:
#  Documentation::RequirePodLinksIncludeText: Link L<perlgpl> on line 121 does not specify text

#   Failed test 'Test::Perl::Critic for "blib/lib/Module/Release/OpenRepository.pm"'
#   at /opt/perls/nothreads/perl-5.14.1/lib/site_perl/5.14.1/Test/Perl/Critic.pm line 110.
# 
# Perl::Critic found these violations in "blib/lib/Module/Release/OpenRepository.pm":
# blib/lib/Module/Release/OpenRepository.pm:1:1:
#  Documentation::PodSpelling: Check the spelling in your POD: csjewell releaserc LICENCE
# blib/lib/Module/Release/OpenRepository.pm:11:1:
#  ValuesAndExpressions::RequireConstantVersion: $VERSION value must be a constant
# blib/lib/Module/Release/OpenRepository.pm:55:25:
#  RegularExpressions::ProhibitEscapedMetacharacters: Use character classes for literal metachars instead of escapes
# blib/lib/Module/Release/OpenRepository.pm:66:1:
#  Documentation::RequirePodLinksIncludeText: Link L<Module::Release> on line 70 does not specify text
# blib/lib/Module/Release/OpenRepository.pm:66:1:
#  Documentation::RequirePodLinksIncludeText: Link L<perlartistic> on line 104 does not specify text
# blib/lib/Module/Release/OpenRepository.pm:66:1:
#  Documentation::RequirePodLinksIncludeText: Link L<perlgpl> on line 104 does not specify text

#   Failed test 'Test::Perl::Critic for "blib/lib/Module/Release/PermissionFix.pm"'
#   at /opt/perls/nothreads/perl-5.14.1/lib/site_perl/5.14.1/Test/Perl/Critic.pm line 110.
# 
# Perl::Critic found these violations in "blib/lib/Module/Release/PermissionFix.pm":
# blib/lib/Module/Release/PermissionFix.pm:1:1:
#  Documentation::PodSpelling: Check the spelling in your POD: gz csjewell LICENCE
# blib/lib/Module/Release/PermissionFix.pm:13:1:
#  ValuesAndExpressions::RequireConstantVersion: $VERSION value must be a constant
# blib/lib/Module/Release/PermissionFix.pm:88:14:
#  Variables::ProhibitPunctuationVars: Magic punctuation variable used in interpolated string
# blib/lib/Module/Release/PermissionFix.pm:99:1:
#  Documentation::RequirePodLinksIncludeText: Link L<Module::Release> on line 103 does not specify text
# blib/lib/Module/Release/PermissionFix.pm:99:1:
#  Documentation::RequirePodLinksIncludeText: Link L<perlartistic> on line 120 does not specify text
# blib/lib/Module/Release/PermissionFix.pm:99:1:
#  Documentation::RequirePodLinksIncludeText: Link L<perlgpl> on line 120 does not specify text

#   Failed test 'Test::Perl::Critic for "blib/lib/Module/Release/Twitter.pm"'
#   at /opt/perls/nothreads/perl-5.14.1/lib/site_perl/5.14.1/Test/Perl/Critic.pm line 110.
# 
# Perl::Critic found these violations in "blib/lib/Module/Release/Twitter.pm":
# blib/lib/Module/Release/Twitter.pm:1:1:
#  Documentation::PodSpelling: Check the spelling in your POD: csjewell releaserc username LICENCE
# blib/lib/Module/Release/Twitter.pm:13:1:
#  ValuesAndExpressions::RequireConstantVersion: $VERSION value must be a constant
# blib/lib/Module/Release/Twitter.pm:97:1:
#  Documentation::RequirePodLinksIncludeText: Link L<Module::Release> on line 101 does not specify text
# blib/lib/Module/Release/Twitter.pm:97:1:
#  Documentation::RequirePodLinksIncludeText: Link L<perlartistic> on line 143 does not specify text
# blib/lib/Module/Release/Twitter.pm:97:1:
#  Documentation::RequirePodLinksIncludeText: Link L<perlgpl> on line 143 does not specify text

#   Failed test 'Test::Perl::Critic for "blib/lib/Module/Release/UploadOwnSite.pm"'
#   at /opt/perls/nothreads/perl-5.14.1/lib/site_perl/5.14.1/Test/Perl/Critic.pm line 110.
# 
# Perl::Critic found these violations in "blib/lib/Module/Release/UploadOwnSite.pm":
# blib/lib/Module/Release/UploadOwnSite.pm:1:1:
#  Documentation::PodSpelling: Check the spelling in your POD: csjewell releaserc username LICENCE
# blib/lib/Module/Release/UploadOwnSite.pm:11:1:
#  ValuesAndExpressions::RequireConstantVersion: $VERSION value must be a constant
# blib/lib/Module/Release/UploadOwnSite.pm:87:1:
#  Documentation::RequirePodLinksIncludeText: Link L<Module::Release> on line 91 does not specify text
# blib/lib/Module/Release/UploadOwnSite.pm:87:1:
#  Documentation::RequirePodLinksIncludeText: Link L<perlartistic> on line 136 does not specify text
# blib/lib/Module/Release/UploadOwnSite.pm:87:1:
#  Documentation::RequirePodLinksIncludeText: Link L<perlgpl> on line 136 does not specify text
# 5 tests of 5 failed.
t/800_perlcritic.t ...... 
Dubious, test returned 5 (wstat 1280, 0x500)
Failed 5/5 subtests 
t/801_pod.t ............. ok

#   Failed test 'Pod coverage on File::List::Object'
#   at t/802_pod_coverage.t line 38.
# File::List::Object: couldn't find pod
# 1 test of 1 failed.
t/802_pod_coverage.t .... 
Dubious, test returned 1 (wstat 256, 0x100)
Failed 1/1 subtests 
t/803_minimumversion.t .. ok
t/804_manifest.t ........ skipped: MANIFEST.SKIP does not exist, so cannot test this.
t/805_meta.t ............ ok
t/806_portability.t ..... ok
# Takes a few minutes...
t/899_prereq.t .......... ok

Test Summary Report
-------------------
t/800_perlcritic.t    (Wstat: 1280 Tests: 5 Failed: 5)
  Failed tests:  1-5
  Non-zero exit status: 5
t/802_pod_coverage.t  (Wstat: 256 Tests: 1 Failed: 1)
  Failed test:  1
  Non-zero exit status: 1
Files=9, Tests=38, 358 wallclock secs ( 0.58 usr  0.07 sys + 355.13 cusr  1.90 csys = 357.68 CPU)
Result: FAIL
Failed 2/9 test programs. 6/38 subtests failed.

------------------------------
PREREQUISITES
------------------------------

Prerequisite modules loaded:

requires:

    Module          Need     Have        
    --------------- -------- ------------
    Archive::Tar    1.52     1.82        
    Module::Release 2.05     2.05_07     
    Net::Twitter    3.04006  3.18001     
    parent          0.221    0.225       
    perl            5.008001 5.014001    

build_requires:

    Module          Need     Have        
    --------------- -------- ------------
    Test::More      0.61     1.005000_002

configure_requires:

    Module          Need     Have        
    --------------- -------- ------------
    Module::Build   0.33     0.39_01     


------------------------------
ENVIRONMENT AND OTHER CONTEXT
------------------------------

Environment variables:

    AUTOMATED_TESTING = 1
    LANG = C
    PATH = /opt/perls/nothreads/perl-5.14.1/bin:/usr/local/bin:/usr/bin:/bin:/usr/local/games:/usr/games
    PERL5LIB = 
    PERL5OPT = 
    PERL5_CPANPLUS_IS_RUNNING = 28463
    PERL5_CPAN_IS_RUNNING = 28463
    PERL5_CPAN_IS_RUNNING_IN_RECURSION = 936,28463
    PERL_CR_SMOKER_CURRENT = Module-Release-CSJEWELL-0.101
    PERL_EXTUTILS_AUTOINSTALL = --defaultdeps
    PERL_MM_USE_DEFAULT = 1
    SHELL = /bin/bash
    TERM = xterm

Perl special variables (and OS-specific diagnostics, for MSWin32):

    $^X = /opt/perls/nothreads/perl-5.14.1/bin/perl
    $UID/$EUID = 1000 / 1000
    $GID = 1000 24 25 27 29 30 44 46 1000
    $EGID = 1000 24 25 27 29 30 44 46 1000

Perl module toolchain versions installed:

    Module              Have        
    ------------------- ------------
    CPAN                1.9800      
    CPAN::Meta          2.112621    
    Cwd                 3.33        
    ExtUtils::CBuilder  0.280202    
    ExtUtils::Command   1.17        
    ExtUtils::Install   1.56        
    ExtUtils::MakeMaker 6.63_02     
    ExtUtils::Manifest  1.60        
    ExtUtils::ParseXS   3.05        
    File::Spec          3.33        
    JSON                2.53        
    JSON::PP            2.27008     
    Module::Build       0.39_01     
    Module::Signature   0.68        
    Parse::CPAN::Meta   1.4401      
    Test::Harness       3.23        
    Test::More          1.005000_002
    YAML                0.73        
    YAML::Syck          1.19        
    version             0.95        


--

Summary of my perl5 (revision 5 version 14 subversion 1) configuration:
   
  Platform:
    osname=linux, osvers=2.6.32-5-kirkwood, archname=armv5tel-linux
    uname='linux plugpc 2.6.32-5-kirkwood #1 tue mar 8 10:56:14 utc 2011 armv5tel gnulinux '
    config_args='-des -Dprefix=/opt/perls/nothreads/perl-5.14.1'
    hint=recommended, useposix=true, d_sigaction=define
    useithreads=undef, usemultiplicity=undef
    useperlio=define, d_sfio=undef, uselargefiles=define, usesocks=undef
    use64bitint=undef, use64bitall=undef, uselongdouble=undef
    usemymalloc=n, bincompat5005=undef
  Compiler:
    cc='cc', ccflags ='-fno-strict-aliasing -pipe -fstack-protector -I/usr/local/include -D_LARGEFILE_SOURCE -D_FILE_OFFSET_BITS=64',
    optimize='-O2',
    cppflags='-fno-strict-aliasing -pipe -fstack-protector -I/usr/local/include'
    ccversion='', gccversion='4.4.5', gccosandvers=''
    intsize=4, longsize=4, ptrsize=4, doublesize=8, byteorder=1234
    d_longlong=define, longlongsize=8, d_longdbl=define, longdblsize=8
    ivtype='long', ivsize=4, nvtype='double', nvsize=8, Off_t='off_t', lseeksize=8
    alignbytes=8, prototype=define
  Linker and Libraries:
    ld='cc', ldflags =' -fstack-protector -L/usr/local/lib'
    libpth=/usr/local/lib /lib /usr/lib /usr/lib/arm-linux-gnueabi
    libs=-lnsl -lgdbm -ldb -ldl -lm -lcrypt -lutil -lc -lgdbm_compat
    perllibs=-lnsl -ldl -lm -lcrypt -lutil -lc
    libc=/lib/libc-2.11.2.so, so=so, useshrplib=false, libperl=libperl.a
    gnulibc_version='2.11.2'
  Dynamic Linking:
    dlsrc=dl_dlopen.xs, dlext=so, d_dlsymun=undef, ccdlflags='-Wl,-E'
    cccdlflags='-fPIC', lddlflags='-shared -O2 -L/usr/local/lib -fstack-protector'


Characteristics of this binary (from libperl): 
  Compile-time options: PERL_DONT_CREATE_GVSV PERL_MALLOC_WRAP
                        PERL_PRESERVE_IVUV USE_LARGE_FILES USE_PERLIO
                        USE_PERL_ATOF
  Built under linux
  Compiled at Aug 15 2011 20:41:16
  %ENV:
    PERL5LIB=""
    PERL5OPT=""
    PERL5_CPANPLUS_IS_RUNNING="28463"
    PERL5_CPAN_IS_RUNNING="28463"
    PERL5_CPAN_IS_RUNNING_IN_RECURSION="936,28463"
    PERL_CR_SMOKER_CURRENT="Module-Release-CSJEWELL-0.101"
    PERL_EXTUTILS_AUTOINSTALL="--defaultdeps"
    PERL_MM_USE_DEFAULT="1"
  @INC:
    /opt/perls/nothreads/perl-5.14.1/lib/site_perl/5.14.1/armv5tel-linux
    /opt/perls/nothreads/perl-5.14.1/lib/site_perl/5.14.1
    /opt/perls/nothreads/perl-5.14.1/lib/5.14.1/armv5tel-linux
    /opt/perls/nothreads/perl-5.14.1/lib/5.14.1
    .