Report for System-Wrapper-v0.0.2

Back
From: metabase:user:314402c4-2aae-11df-837a-5e0a49663a4f
Subject: FAIL System-Wrapper-v0.0.2 v5.10.1 GNU/Linux
Date: 2016-08-30T20:29:38Z

This distribution has been tested as part of the CPAN Testers
project, supporting the Perl programming language.  See
http://wiki.cpantesters.org/ for more information or email
questions to cpan-testers-discuss@perl.org


--
Dear Pedro Silva,

This is a computer-generated report for System-Wrapper-v0.0.2
on perl 5.10.1, created by CPAN-Reporter-1.2018.

Thank you for uploading your work to CPAN.  However, there was a problem
testing your distribution.

If you think this report is invalid, please consult the CPAN Testers Wiki
for suggestions on how to avoid getting FAIL reports for missing library
or binary dependencies, unsupported operating systems, and so on:

http://wiki.cpantesters.org/wiki/CPANAuthorNotes

Sections of this report:

    * Tester comments
    * Program output
    * Prerequisites
    * Environment and other context

------------------------------
TESTER COMMENTS
------------------------------

Additional comments from tester:

none provided

------------------------------
PROGRAM OUTPUT
------------------------------

Output from './Build test':

# Testing System::Wrapper 0.0.2, Perl 5.010001, /bbbike/perl-5.10.1/bin/perl
t/00-load.t ....... ok
t/boilerplate.t ... ok
t/manifest.t ...... skipped: Author tests not required for installation

#   Failed test 'Pod coverage on System::Wrapper'
#   at /opt/perl-5.10.1/lib/site_perl/5.10.1/Test/Pod/Coverage.pm line 133.
# Coverage for System::Wrapper is 6.2%, with 15 naked subroutines:
# 	arguments
# 	capture
# 	command
# 	debug
# 	description
# 	executable
# 	input
# 	interpreter
# 	order
# 	output
# 	path
# 	progress
# 	run
# 	stringify
# 	verbose

#   Failed test 'Pod coverage on System::Wrapper::Parallel'
#   at /opt/perl-5.10.1/lib/site_perl/5.10.1/Test/Pod/Coverage.pm line 133.
# System::Wrapper::Parallel: couldn't find pod
# Looks like you failed 2 tests of 2.
t/pod-coverage.t .. 
Dubious, test returned 2 (wstat 512, 0x200)
Failed 2/2 subtests 
t/pod.t ........... ok

Test Summary Report
-------------------
t/boilerplate.t (Wstat: 0 Tests: 3 Failed: 0)
  TODO passed:   1, 3
t/pod-coverage.t (Wstat: 512 Tests: 2 Failed: 2)
  Failed tests:  1-2
  Non-zero exit status: 2
Files=5, Tests=9,  1 wallclock secs ( 0.03 usr  0.03 sys +  0.15 cusr  0.05 csys =  0.26 CPU)
Result: FAIL
Failed 1/5 test programs. 2/9 subtests failed.

------------------------------
PREREQUISITES
------------------------------

Prerequisite modules loaded:

requires:

    Module        Need Have    
    ------------- ---- --------
    Carp          0    1.38    
    constant      0    1.33    
    File::Spec    0    3.62    
    Moose         0    2.1805  
    overload      0    1.07    
    POSIX         0    1.17    
    Storable      0    2.51    
    version       0    0.9916  

build_requires:

    Module        Need Have    
    ------------- ---- --------
    Test::More    0    1.302052

configure_requires:

    Module        Need Have    
    ------------- ---- --------
    Module::Build 0.39 0.4220  


------------------------------
ENVIRONMENT AND OTHER CONTEXT
------------------------------

Environment variables:

    LANG = C
    PATH = /usr/local/bin:/usr/bin:/bin:/usr/local/sbin:/usr/sbin:/sbin:/home/cpansand/bin/linux-gnu:/home/cpansand/bin/sh:/home/cpansand/bin:/usr/games:/home/cpansand/devel:/home/eserte/src/srezic-misc/scripts
    PERL5LIB = /home/cpansand/.cpan/build/2016083018/Net-TCPwrappers-1.11-HErAJu/blib/arch:/home/cpansand/.cpan/build/2016083018/Net-TCPwrappers-1.11-HErAJu/blib/lib:/home/cpansand/.cpan/build/2016083018/Games-Hack-Patch-x86_64-0.13-5zLR30/blib/arch:/home/cpansand/.cpan/build/2016083018/Games-Hack-Patch-x86_64-0.13-5zLR30/blib/lib:/home/cpansand/.cpan/build/2016083018/IPC-Mmap-0.21-tRe90j/blib/arch:/home/cpansand/.cpan/build/2016083018/IPC-Mmap-0.21-tRe90j/blib/lib
    PERL5OPT = 
    PERL5_CPANPLUS_IS_RUNNING = 25063
    PERL5_CPAN_IS_RUNNING = 25063
    PERL5_CPAN_IS_RUNNING_IN_RECURSION = 25244,25063
    PERLDOC = -MPod::Perldoc::ToTextOverstrike
    PERL_BATCH = yes
    PERL_CANARY_STABILITY_NOPROMPT = 1
    PERL_CPAN_REPORTER_CONFIG = /run/user/1023/cpansmoker/2016083018/cpanreporter_007_config.ini
    PERL_EXTUTILS_AUTOINSTALL = --defaultdeps
    PERL_USE_UNSAFE_INC = 1
    SHELL = /bin/zsh
    TERM = screen
    TMPDIR = /run/user/1023/cpansmoker/2016083018

Perl special variables (and OS-specific diagnostics, for MSWin32):

    $^X = /bbbike/perl-5.10.1/bin/perl
    $UID/$EUID = 1023 / 1023
    $GID = 1023 1023
    $EGID = 1023 1023

Perl module toolchain versions installed:

    Module              Have    
    ------------------- --------
    CPAN                1.9402  
    CPAN::Meta          2.150010
    Cwd                 3.62    
    ExtUtils::CBuilder  0.280224
    ExtUtils::Command   7.20    
    ExtUtils::Install   1.54    
    ExtUtils::MakeMaker 7.20    
    ExtUtils::Manifest  1.70    
    ExtUtils::ParseXS   3.30    
    File::Spec          3.62    
    JSON                2.90    
    JSON::PP            2.27400 
    Module::Build       0.4220  
    Module::Signature   0.80    
    Parse::CPAN::Meta   2.150010
    Test::Harness       3.36    
    Test::More          1.302052
    YAML                1.15    
    YAML::Syck          1.29    
    version             0.9916  


--

Summary of my perl5 (revision 5 version 10 subversion 1) configuration:
   
  Platform:
    osname=linux, osvers=3.16.0-4-amd64, archname=x86_64-linux
    uname='linux eserte 3.16.0-4-amd64 #1 smp debian 3.16.7-ckt25-2 (2016-04-08) x86_64 gnulinux '
    config_args='-ds -e -Dprefix=/opt/perl-5.10.1 -Dcf_email=srezic@cpan.org'
    hint=recommended, useposix=true, d_sigaction=define
    useithreads=undef, usemultiplicity=undef
    useperlio=define, d_sfio=undef, uselargefiles=define, usesocks=undef
    use64bitint=define, use64bitall=define, uselongdouble=undef
    usemymalloc=n, bincompat5005=undef
  Compiler:
    cc='cc', ccflags ='-fno-strict-aliasing -pipe -fstack-protector -I/usr/local/include -D_LARGEFILE_SOURCE -D_FILE_OFFSET_BITS=64',
    optimize='-O2',
    cppflags='-fno-strict-aliasing -pipe -fstack-protector -I/usr/local/include'
    ccversion='', gccversion='4.9.2', gccosandvers=''
    intsize=4, longsize=8, ptrsize=8, doublesize=8, byteorder=12345678
    d_longlong=define, longlongsize=8, d_longdbl=define, longdblsize=16
    ivtype='long', ivsize=8, nvtype='double', nvsize=8, Off_t='off_t', lseeksize=8
    alignbytes=8, prototype=define
  Linker and Libraries:
    ld='cc', ldflags =' -fstack-protector -L/usr/local/lib'
    libpth=/usr/local/lib /lib/x86_64-linux-gnu /lib/../lib /usr/lib/x86_64-linux-gnu /usr/lib/../lib /lib /usr/lib
    libs=-lnsl -ldl -lm -lcrypt -lutil -lc
    perllibs=-lnsl -ldl -lm -lcrypt -lutil -lc
    libc=libc-2.19.so, so=so, useshrplib=false, libperl=libperl.a
    gnulibc_version='2.19'
  Dynamic Linking:
    dlsrc=dl_dlopen.xs, dlext=so, d_dlsymun=undef, ccdlflags='-Wl,-E'
    cccdlflags='-fPIC', lddlflags='-shared -O2 -L/usr/local/lib -fstack-protector'


Characteristics of this binary (from libperl): 
  Compile-time options: PERL_DONT_CREATE_GVSV PERL_MALLOC_WRAP USE_64_BIT_ALL
                        USE_64_BIT_INT USE_LARGE_FILES USE_PERLIO
  Locally applied patches:
	Devel::PatchPerl 1.42
  Built under linux
  Compiled at May  7 2016 09:04:56
  %ENV:
    PERL5LIB="/home/cpansand/.cpan/build/2016083018/Net-TCPwrappers-1.11-HErAJu/blib/arch:/home/cpansand/.cpan/build/2016083018/Net-TCPwrappers-1.11-HErAJu/blib/lib:/home/cpansand/.cpan/build/2016083018/Games-Hack-Patch-x86_64-0.13-5zLR30/blib/arch:/home/cpansand/.cpan/build/2016083018/Games-Hack-Patch-x86_64-0.13-5zLR30/blib/lib:/home/cpansand/.cpan/build/2016083018/IPC-Mmap-0.21-tRe90j/blib/arch:/home/cpansand/.cpan/build/2016083018/IPC-Mmap-0.21-tRe90j/blib/lib"
    PERL5OPT=""
    PERL5_CPANPLUS_IS_RUNNING="25063"
    PERL5_CPAN_IS_RUNNING="25063"
    PERL5_CPAN_IS_RUNNING_IN_RECURSION="25244,25063"
    PERLDOC="-MPod::Perldoc::ToTextOverstrike"
    PERL_BATCH="yes"
    PERL_CANARY_STABILITY_NOPROMPT="1"
    PERL_CPAN_REPORTER_CONFIG="/run/user/1023/cpansmoker/2016083018/cpanreporter_007_config.ini"
    PERL_EXTUTILS_AUTOINSTALL="--defaultdeps"
    PERL_USE_UNSAFE_INC="1"
  @INC:
    /home/cpansand/.cpan/build/2016083018/Net-TCPwrappers-1.11-HErAJu/blib/arch
    /home/cpansand/.cpan/build/2016083018/Net-TCPwrappers-1.11-HErAJu/blib/lib
    /home/cpansand/.cpan/build/2016083018/Games-Hack-Patch-x86_64-0.13-5zLR30/blib/arch
    /home/cpansand/.cpan/build/2016083018/Games-Hack-Patch-x86_64-0.13-5zLR30/blib/lib
    /home/cpansand/.cpan/build/2016083018/IPC-Mmap-0.21-tRe90j/blib/arch
    /home/cpansand/.cpan/build/2016083018/IPC-Mmap-0.21-tRe90j/blib/lib
    /opt/perl-5.10.1/lib/5.10.1/x86_64-linux
    /opt/perl-5.10.1/lib/5.10.1
    /opt/perl-5.10.1/lib/site_perl/5.10.1/x86_64-linux
    /opt/perl-5.10.1/lib/site_perl/5.10.1
    .