VANAMBURG-SEMPROG-SimpleGraph v0.010 Perl 5 v5.27.6 OpenBSD.amd64-openbsd

Status
Fail
From
Alceu Rodrigues de Freitas Junior
Dist
VANAMBURG-SEMPROG-SimpleGraph v0.010
Platform
Perl 5 v5.27.6 OpenBSD.amd64-openbsd
Date
2018-01-05 02:45:20
ID
787ccd0e-f1c2-11e7-b5ee-b4fde3a5e640
This distribution has been tested as part of the CPAN Testers
project, supporting the Perl programming language.  See
http://wiki.cpantesters.org/ for more information or email
questions to cpan-testers-discuss@perl.org


--
Dear Gordon Van Amburg,

This is a computer-generated report for VANAMBURG-SEMPROG-SimpleGraph-0.010
on perl 5.27.6, created by CPAN-Reporter-1.2018.

Thank you for uploading your work to CPAN.  However, there was a problem
testing your distribution.

If you think this report is invalid, please consult the CPAN Testers Wiki
for suggestions on how to avoid getting FAIL reports for missing library
or binary dependencies, unsupported operating systems, and so on:

http://wiki.cpantesters.org/wiki/CPANAuthorNotes

Sections of this report:

    * Tester comments
    * Program output
    * Prerequisites
    * Environment and other context

------------------------------
TESTER COMMENTS
------------------------------

Additional comments from tester:

this report is from an automated smoke testing program
and was not reviewed by a human for accuracy

------------------------------
PROGRAM OUTPUT
------------------------------

Output from '/usr/bin/make test':

PERL_DL_NONLAZY=1 "/home/vegeta/perl5/perlbrew/perls/perl-5.27.6/bin/perl5.27.6" "-MExtUtils::Command::MM" "-MTest::Harness" "-e" "undef *Test::Harness::Switches; test_harness(0, 'blib/lib', 'blib/arch')" t/*.t
# >>> t1 is gordon, add, triple1
# >>> gordon
# >>> gordon triples is 2
# >>> triple2 triples is 1
# >>> gordon triples is now 1
# >>> pot_belly_cost is cheap
t/00-load.t ......................... ok
t/pod-coverage.t .................... ok
# 
#    sub=San_Francisco_California
#    pred=name  obj=San Francisco
#    pred=population  obj=744042
#    pred=mayor  obj=Gavin Newsom
#    pred=inside  obj=California
#    pred=latitude  obj=37.775
#    pred=longitude  obj=-122.4183
#    sub=Detroit_Michigan  obj=Frank Murphy
#    sub=Chicago_Illinois  obj=Richard M. Daley
#    sub=Cleveland_Ohio  obj=Frank G. Jackson
#    sub=Fontana_California  obj=Mark Nuaimi
#    sub=Edmonton_Canada  obj=Bill Smith
#    sub=Aliso_Viejo_California  obj=William Phillips
#    sub=Fremont_California  obj=Bob Wasserman
#    sub=Half_Moon_Bay_California  obj=Bonnie McClung
#    sub=Fremont_California  obj=Bill Harrison
#    sub=New_York_New_York  obj=Michael Bloomberg
#    sub=Portsmouth_New_Hampshire  obj=Thomas G. Ferrini
#    sub=Chula_Vista_California  obj=Cheryl Cox
#    sub=Cincinnati_Ohio  obj=Jerry Springer
#    sub=Anaheim_California  obj=Curt Pringle
#    sub=Alameda_California  obj=Lena Tam
#    sub=Banning_California  obj=Debbie Franklin
#    sub=Glendale_California  obj=John Drayman
#    sub=Athens_Greece  obj=Dora Bakoyannis
#    sub=Hillsdale_Michigan  obj=Michael Sessions
#    sub=Adelanto_California  obj=Charley B. Glasper
#    sub=Corona_California  obj=Steve Nolan
#    sub=San_Jose_California  obj=Norman Mineta
#    sub=Portsmouth_New_Hampshire  obj=John Blalock
#    sub=Corona_California  obj=Jeff Miller
#    sub=Banning_California  obj=Brenda Salas
#    sub=Alameda_California  obj=Beverly Johnson
#    sub=Aliso_Viejo_California  obj=Donald Garcia
#    sub=Garden_Grove_California  obj=William Dalton
#    sub=Garden_Grove_California  obj=Mark Rosen
#    sub=Fontana_California  obj=Acquanetta Warren
#    sub=Adelanto_California  obj=Steven R. Baisden
#    sub=Cleveland_Ohio  obj=Dennis Kucinich
#    sub=Bakersfield_California  obj=Harvey Hall
#    sub=Philadelphia_Pennsylvania  obj=John F. Street
#    sub=Wasilla_Alaska  obj=Sarah Palin
#    sub=Stuttgart_Germany  obj=Manfred Rommel
#    sub=Cleveland_Ohio  obj=Newton D. Baker
#    sub=Half_Moon_Bay_California  obj=John Muller
#    sub=Fresno_California  obj=Alan Autry
#    sub=San_Francisco_California  obj=Gavin Newsom
# there are 30 cal cities
# mayor of Bakersfield_California is Harvey Hall
# mayor of San_Francisco_California is Gavin Newsom
# mayor of Banning_California is Debbie Franklin
# mayor of Banning_California is Brenda Salas
# mayor of Garden_Grove_California is Mark Rosen
# mayor of Garden_Grove_California is William Dalton
# mayor of Aliso_Viejo_California is William Phillips
# mayor of Aliso_Viejo_California is Donald Garcia
# mayor of Anaheim_California is Curt Pringle
# mayor of Alameda_California is Beverly Johnson
# mayor of Alameda_California is Lena Tam
# mayor of Fremont_California is Bill Harrison
# mayor of Fremont_California is Bob Wasserman
# mayor of Chula_Vista_California is Cheryl Cox
# mayor of Glendale_California is John Drayman
# mayor of Fontana_California is Mark Nuaimi
# mayor of Fontana_California is Acquanetta Warren
# mayor of Adelanto_California is Charley B. Glasper
# mayor of Adelanto_California is Steven R. Baisden
# mayor of San_Jose_California is Norman Mineta
# mayor of Fresno_California is Alan Autry
# mayor of Half_Moon_Bay_California is John Muller
# mayor of Half_Moon_Bay_California is Bonnie McClung
# mayor of Corona_California is Jeff Miller
# mayor of Corona_California is Steve Nolan
t/semprog_ch02_03_places.t .......... ok
# jt's partners
#     Cameron Diaz + Justin Timberlake
#     Britney Spears + Justin Timberlake
#     Jessica Biel + Justin Timberlake
#     Jenna Dewan + Justin Timberlake
#     Cameron Diaz + Justin Timberlake
#     Alyssa Milano + Justin Timberlake
#     Justin Timberlake + Jessica Biel
#     Alyssa Milano + Justin Timberlake
#     Justin Timberlake + Britney Spears
#     Jenna Dewan + Justin Timberlake
t/semprog_ch02_04_celebs.t .......... ok
# $VAR1 = 'GS';
# $VAR2 = 'WDR';
# $VAR3 = 'LAB';
# $VAR4 = 'BSC';
# $VAR5 = 'SCHW';
# $VAR6 = 'JEF';
# $VAR7 = 'CLMS';
# $VAR8 = 'OXPS';
# $VAR9 = 'COWN';
# $VAR10 = 'ITG';
# $VAR11 = 'LEH';
# $VAR12 = 'MER';
# $VAR13 = 'GBL';
# $VAR14 = 'PNSN';
# $VAR15 = 'LM';
# $VAR16 = 'NITE';
# $VAR17 = 'DHIL';
# $VAR18 = 'TWPG';
# $VAR19 = 'TRAD';
# $VAR20 = 'SF';
# $VAR21 = 'MKTX';
# $VAR22 = 'MS';
# $VAR23 = 'BLK';
t/semprog_ch02_05_business.t ........ ok
t/semprog_ch02_moviegraph.t ......... ok
# $VAR1 = {
#           'company' => 'BSC',
#           'dollars' => '30700.0',
#           'cont' => 'contrib285'
#         };
t/semprog_ch03_01_queries.t ......... ok
# triples before:
# $VAR1 = [
#           'White House',
#           'address',
#           '1600 Pennsylvania Avenue, Washington DC'
#         ];
Use of uninitialized value $geo_result in split at /mnt/cpan_build_dir/vegeta/VANAMBURG-SEMPROG-SimpleGraph-0.010-0/blib/lib/VANAMBURG/SEMPROG/GeocodeRule.pm line 24.
# triples after:
# $VAR1 = [
#           'White House',
#           'address',
#           '1600 Pennsylvania Avenue, Washington DC'
#         ];

#   Failed test 'there are three triples after inference'
#   at t/semprog_ch03_02_inference.t line 30.
# Looks like you failed 1 test of 2.
t/semprog_ch03_02_inference.t ....... 
Dubious, test returned 1 (wstat 256, 0x100)
Failed 1/2 subtests 
# getting geo code data from internet -- could take a while...
Use of uninitialized value $geo_result in split at /mnt/cpan_build_dir/vegeta/VANAMBURG-SEMPROG-SimpleGraph-0.010-0/blib/lib/VANAMBURG/SEMPROG/GeocodeRule.pm line 24.
Use of uninitialized value $geo_result in split at /mnt/cpan_build_dir/vegeta/VANAMBURG-SEMPROG-SimpleGraph-0.010-0/blib/lib/VANAMBURG/SEMPROG/GeocodeRule.pm line 24.
Use of uninitialized value $geo_result in split at /mnt/cpan_build_dir/vegeta/VANAMBURG-SEMPROG-SimpleGraph-0.010-0/blib/lib/VANAMBURG/SEMPROG/GeocodeRule.pm line 24.
Use of uninitialized value $geo_result in split at /mnt/cpan_build_dir/vegeta/VANAMBURG-SEMPROG-SimpleGraph-0.010-0/blib/lib/VANAMBURG/SEMPROG/GeocodeRule.pm line 24.
Use of uninitialized value $geo_result in split at /mnt/cpan_build_dir/vegeta/VANAMBURG-SEMPROG-SimpleGraph-0.010-0/blib/lib/VANAMBURG/SEMPROG/GeocodeRule.pm line 24.

#   Failed test '24 triples after first inference.'
#   at t/semprog_ch03_03_chain_of_rules.t line 22.
Attribute (latitude) does not pass the type constraint because: Validation failed for 'Num' with value "" at accessor VANAMBURG::SEMPROG::CloseToRule::latitude (defined at /mnt/cpan_build_dir/vegeta/VANAMBURG-SEMPROG-SimpleGraph-0.010-0/blib/lib/VANAMBURG/SEMPROG/CloseToRule.pm line 54) line 9
	VANAMBURG::SEMPROG::CloseToRule::latitude('VANAMBURG::SEMPROG::CloseToRule=HASH(0x154c3abbfa78)', '') called at /mnt/cpan_build_dir/vegeta/VANAMBURG-SEMPROG-SimpleGraph-0.010-0/blib/lib/VANAMBURG/SEMPROG/CloseToRule.pm line 40
	VANAMBURG::SEMPROG::CloseToRule::BUILD('VANAMBURG::SEMPROG::CloseToRule=HASH(0x154c3abbfa78)', 'HASH(0x154ca41d8850)') called at constructor VANAMBURG::SEMPROG::CloseToRule::new (defined at /mnt/cpan_build_dir/vegeta/VANAMBURG-SEMPROG-SimpleGraph-0.010-0/blib/lib/VANAMBURG/SEMPROG/CloseToRule.pm line 60) line 79
	VANAMBURG::SEMPROG::CloseToRule::new('VANAMBURG::SEMPROG::CloseToRule', 'place', 'White House', 'graph', 'VANAMBURG::SEMPROG::SimpleGraph=HASH(0x154c24c38880)') called at t/semprog_ch03_03_chain_of_rules.t line 25
# Looks like your test exited with 255 just after 2.
t/semprog_ch03_03_chain_of_rules.t .. 
Dubious, test returned 255 (wstat 65280, 0xff00)
Failed 3/4 subtests 
# loading movie data...
# load done.  finding path
# path=Kevin Bacon, JFK, Michael Rooker, Tombstone, Val Kilmer
# path=Kevin Bacon, National Lampoon's Animal House, Peter Riegert, King of the Corner, Rita Moreno, Marlowe, Bruce Lee
# path=Kevin Bacon, Mystic River, Laurence Fishburne, Apocalypse Now, Harrison Ford
t/semprog_ch03_04_shortest_path.t ... ok
t/semprog_ch03_05_join_graph.t ...... ok

Test Summary Report
-------------------
t/semprog_ch03_02_inference.t     (Wstat: 256 Tests: 2 Failed: 1)
  Failed test:  2
  Non-zero exit status: 1
t/semprog_ch03_03_chain_of_rules.t (Wstat: 65280 Tests: 2 Failed: 1)
  Failed test:  2
  Non-zero exit status: 255
  Parse errors: Bad plan.  You planned 4 tests but ran 2.
Files=11, Tests=40, 288 wallclock secs ( 0.04 usr  0.12 sys + 30.83 cusr  4.57 csys = 35.56 CPU)
Result: FAIL
Failed 2/11 test programs. 2/40 subtests failed.
*** Error 255 in /mnt/cpan_build_dir/vegeta/VANAMBURG-SEMPROG-SimpleGraph-0.010-0 (Makefile:867 'test_dynamic')

------------------------------
PREREQUISITES
------------------------------

Prerequisite modules loaded:

requires:

    Module              Need Have      
    ------------------- ---- ----------
    File::Slurp         0    9999.19   
    JSON                0    2.90      
    List::MoreUtils     0    0.428     
    LWP::Simple         0    6.26      
    Modern::Perl        1.03 1.20170117
    Moose               0.93 2.2009    
    Moose::Role         0    2.2009    
    Set::Scalar         0    1.29      
    Test::More          0    1.302120  
    Text::CSV_XS        0    1.34      
    URI::Escape         0    3.31      

build_requires:

    Module              Need Have      
    ------------------- ---- ----------
    ExtUtils::MakeMaker 0    7.31_05   

configure_requires:

    Module              Need Have      
    ------------------- ---- ----------
    ExtUtils::MakeMaker 0    7.31_05   


------------------------------
ENVIRONMENT AND OTHER CONTEXT
------------------------------

Environment variables:

    AUTOMATED_TESTING = 1
    DBD_MYSQL_TESTDB = test
    DBD_MYSQL_TESTHOST = localhost
    DBD_MYSQL_TESTPASSWORD = 
    DBD_MYSQL_TESTPORT = 3306
    DBD_MYSQL_TESTUSER = vegeta
    EXTENDED_TESTING = 1
    PATH = /home/vegeta/perl5/perlbrew/bin:/home/vegeta/perl5/perlbrew/perls/perl-5.27.6/bin:/home/vegeta/bin:/usr/bin:/bin:/usr/sbin:/sbin:/usr/X11R6/bin:/usr/local/bin:/usr/local/sbin
    PERL5LIB = 
    PERL5OPT = 
    PERL5_CPANPLUS_IS_RUNNING = 17018
    PERL5_CPAN_IS_RUNNING = 17018
    PERL5_CPAN_IS_RUNNING_IN_RECURSION = 88190,17018
    PERLBREW_HOME = /home/vegeta/.perlbrew
    PERLBREW_MANPATH = /home/vegeta/perl5/perlbrew/perls/perl-5.27.6/man
    PERLBREW_PATH = /home/vegeta/perl5/perlbrew/bin:/home/vegeta/perl5/perlbrew/perls/perl-5.27.6/bin
    PERLBREW_PERL = perl-5.27.6
    PERLBREW_ROOT = /home/vegeta/perl5/perlbrew
    PERLBREW_SHELLRC_VERSION = 0.82
    PERLBREW_VERSION = 0.82
    PERL_CR_SMOKER_CURRENT = VANAMBURG-SEMPROG-SimpleGraph-0.010
    PERL_EXTUTILS_AUTOINSTALL = --defaultdeps
    PERL_MM_USE_DEFAULT = 1
    PERL_USE_UNSAFE_INC = 1
    SHELL = /usr/local/bin/bash
    TERM = xterm

Perl special variables (and OS-specific diagnostics, for MSWin32):

    $^X = /home/vegeta/perl5/perlbrew/perls/perl-5.27.6/bin/perl5.27.6
    $UID/$EUID = 1002 / 1002
    $GID = 1002 1002 1001
    $EGID = 1002 1002 1001

Perl module toolchain versions installed:

    Module              Have    
    ------------------- --------
    CPAN                2.20    
    CPAN::Meta          2.150010
    Cwd                 3.62    
    ExtUtils::CBuilder  0.280230
    ExtUtils::Command   7.31_05 
    ExtUtils::Install   2.14    
    ExtUtils::MakeMaker 7.31_05 
    ExtUtils::Manifest  1.70    
    ExtUtils::ParseXS   3.35    
    File::Spec          3.62    
    JSON                2.90    
    JSON::PP            2.97001 
    Module::Build       0.4224  
    Module::Signature   n/a     
    Parse::CPAN::Meta   2.150010
    Test::Harness       3.39    
    Test::More          1.302120
    YAML                1.24    
    YAML::Syck          n/a     
    version             0.9918  


--

Summary of my perl5 (revision 5 version 27 subversion 6) configuration:
   
  Platform:
    osname=openbsd
    osvers=6.2
    archname=OpenBSD.amd64-openbsd
    uname='openbsd cpan-smoker-openbsd 6.2 generic.mp#134 amd64 '
    config_args='-de -Dprefix=/home/vegeta/perl5/perlbrew/perls/perl-5.27.6 -Dusedevel -Aeval:scriptdir=/home/vegeta/perl5/perlbrew/perls/perl-5.27.6/bin'
    hint=recommended
    useposix=true
    d_sigaction=define
    useithreads=undef
    usemultiplicity=undef
    use64bitint=define
    use64bitall=define
    uselongdouble=undef
    usemymalloc=n
    default_inc_excludes_dot=define
    bincompat5005=undef
  Compiler:
    cc='cc'
    ccflags ='-fno-strict-aliasing -pipe -fstack-protector-strong -I/usr/local/include -D_FORTIFY_SOURCE=2'
    optimize='-O2'
    cppflags='-fno-strict-aliasing -pipe -fstack-protector-strong -I/usr/local/include'
    ccversion=''
    gccversion='4.2.1 Compatible OpenBSD Clang 4.0.0 (tags/RELEASE_400/final)'
    gccosandvers=''
    intsize=4
    longsize=8
    ptrsize=8
    doublesize=8
    byteorder=12345678
    doublekind=3
    d_longlong=define
    longlongsize=8
    d_longdbl=define
    longdblsize=16
    longdblkind=3
    ivtype='long'
    ivsize=8
    nvtype='double'
    nvsize=8
    Off_t='off_t'
    lseeksize=8
    alignbytes=8
    prototype=define
  Linker and Libraries:
    ld='cc'
    ldflags ='-Wl,-E  -fstack-protector-strong -L/usr/local/lib'
    libpth=/usr/lib /usr/local/lib
    libs=-lpthread -lm -lutil -lc
    perllibs=-lpthread -lm -lutil -lc
    libc=/usr/lib/libc.so.90.0
    so=so
    useshrplib=false
    libperl=libperl.a
    gnulibc_version=''
  Dynamic Linking:
    dlsrc=dl_dlopen.xs
    dlext=so
    d_dlsymun=undef
    ccdlflags=' '
    cccdlflags='-DPIC -fPIC '
    lddlflags='-shared -fPIC  -L/usr/local/lib -fstack-protector-strong'


Characteristics of this binary (from libperl): 
  Compile-time options:
    HAS_TIMES
    PERLIO_LAYERS
    PERL_COPY_ON_WRITE
    PERL_DONT_CREATE_GVSV
    PERL_MALLOC_WRAP
    PERL_OP_PARENT
    PERL_PRESERVE_IVUV
    PERL_USE_DEVEL
    USE_64_BIT_ALL
    USE_64_BIT_INT
    USE_LARGE_FILES
    USE_LOCALE
    USE_LOCALE_COLLATE
    USE_LOCALE_CTYPE
    USE_LOCALE_NUMERIC
    USE_LOCALE_TIME
    USE_PERLIO
    USE_PERL_ATOF
  Locally applied patches:
    Devel::PatchPerl 1.48
  Built under openbsd
  Compiled at Dec 20 2017 19:39:07
  %ENV:
    PERL5LIB=""
    PERL5OPT=""
    PERL5_CPANPLUS_IS_RUNNING="17018"
    PERL5_CPAN_IS_RUNNING="17018"
    PERL5_CPAN_IS_RUNNING_IN_RECURSION="88190,17018"
    PERLBREW_HOME="/home/vegeta/.perlbrew"
    PERLBREW_MANPATH="/home/vegeta/perl5/perlbrew/perls/perl-5.27.6/man"
    PERLBREW_PATH="/home/vegeta/perl5/perlbrew/bin:/home/vegeta/perl5/perlbrew/perls/perl-5.27.6/bin"
    PERLBREW_PERL="perl-5.27.6"
    PERLBREW_ROOT="/home/vegeta/perl5/perlbrew"
    PERLBREW_SHELLRC_VERSION="0.82"
    PERLBREW_VERSION="0.82"
    PERL_CR_SMOKER_CURRENT="VANAMBURG-SEMPROG-SimpleGraph-0.010"
    PERL_EXTUTILS_AUTOINSTALL="--defaultdeps"
    PERL_MM_USE_DEFAULT="1"
    PERL_USE_UNSAFE_INC="1"
  @INC:
    /home/vegeta/perl5/perlbrew/perls/perl-5.27.6/lib/site_perl/5.27.6/OpenBSD.amd64-openbsd
    /home/vegeta/perl5/perlbrew/perls/perl-5.27.6/lib/site_perl/5.27.6
    /home/vegeta/perl5/perlbrew/perls/perl-5.27.6/lib/5.27.6/OpenBSD.amd64-openbsd
    /home/vegeta/perl5/perlbrew/perls/perl-5.27.6/lib/5.27.6
    .