HTTP-Engine v0.03005 Perl 5 v5.20.3 amd64-freebsd

Status
Fail
From
Slaven Rezić (SREZIC)
Dist
HTTP-Engine v0.03005
Platform
Perl 5 v5.20.3 amd64-freebsd
Date
2018-03-17 13:16:57
ID
77e514fe-29e5-11e8-b76e-a75b43e4e506
This distribution has been tested as part of the CPAN Testers
project, supporting the Perl programming language.  See
http://wiki.cpantesters.org/ for more information or email
questions to cpan-testers-discuss@perl.org


--
Dear Kazuhiro Osawa,

This is a computer-generated report for HTTP-Engine-0.03005
on perl 5.20.3, created by CPAN-Reporter-1.2018.

Thank you for uploading your work to CPAN.  However, there was a problem
testing your distribution.

If you think this report is invalid, please consult the CPAN Testers Wiki
for suggestions on how to avoid getting FAIL reports for missing library
or binary dependencies, unsupported operating systems, and so on:

http://wiki.cpantesters.org/wiki/CPANAuthorNotes

Sections of this report:

    * Tester comments
    * Program output
    * Prerequisites
    * Environment and other context

------------------------------
TESTER COMMENTS
------------------------------

Additional comments from tester:

none provided

------------------------------
PROGRAM OUTPUT
------------------------------

Output from '/usr/bin/make test':

PERL_DL_NONLAZY=1 "/usr/perl5.20.3p/bin/perl" "-MExtUtils::Command::MM" "-MTest::Harness" "-e" "undef *Test::Harness::Switches; test_harness(0, 'inc', 'blib/lib', 'blib/arch')" t/*.t t/*/*.t t/moose/*/*.t
Possible precedence issue with control flow operator at /home/cpansand/.cpan/build/2018031712/HTTP-Engine-0.03005-5/inc/Test/Builder.pm line 917.
Any::Moose is deprecated. Please use Moo instead at /home/cpansand/.cpan/build/2018031712/HTTP-Engine-0.03005-5/blib/lib/HTTP/Engine.pm line 3.
# Soft dependency versions:
#  Any::Moose 0.27
#  Mouse v2.5.2
#  MooseX::Types 0.50
t/00_compile.t .............................................. ok
Possible precedence issue with control flow operator at /home/cpansand/.cpan/build/2018031712/HTTP-Engine-0.03005-5/inc/Test/Builder.pm line 917.
Any::Moose is deprecated. Please use Moo instead at /home/cpansand/.cpan/build/2018031712/HTTP-Engine-0.03005-5/blib/lib/HTTP/Engine/Request.pm line 2.
t/010_core/builder_options-upload_tmp.t ..................... ok
Possible precedence issue with control flow operator at /home/cpansand/.cpan/build/2018031712/HTTP-Engine-0.03005-5/inc/Test/Builder.pm line 917.
Any::Moose is deprecated. Please use Moo instead at t/Utils.pm line 2.
t/010_core/interface-require.t .............................. ok
Possible precedence issue with control flow operator at /home/cpansand/.cpan/build/2018031712/HTTP-Engine-0.03005-5/inc/Test/Builder.pm line 917.
Any::Moose is deprecated. Please use Moo instead at t/Utils.pm line 2.
t/010_core/interface.t ...................................... ok
Possible precedence issue with control flow operator at /home/cpansand/.cpan/build/2018031712/HTTP-Engine-0.03005-5/inc/Test/Builder.pm line 917.
Any::Moose is deprecated. Please use Moo instead at /home/cpansand/.cpan/build/2018031712/HTTP-Engine-0.03005-5/blib/lib/HTTP/Engine/RequestBuilder/CGI.pm line 2.
t/010_core/load_requestbuilder_cgi.t ........................ ok
Possible precedence issue with control flow operator at /home/cpansand/.cpan/build/2018031712/HTTP-Engine-0.03005-5/inc/Test/Builder.pm line 917.
Any::Moose is deprecated. Please use Moo instead at t/Utils.pm line 2.
t/010_core/request-absolute_uri.t ........................... ok
Possible precedence issue with control flow operator at /home/cpansand/.cpan/build/2018031712/HTTP-Engine-0.03005-5/inc/Test/Builder.pm line 917.
Any::Moose is deprecated. Please use Moo instead at /home/cpansand/.cpan/build/2018031712/HTTP-Engine-0.03005-5/blib/lib/HTTP/Engine/Request.pm line 2.
t/010_core/request-as_http_request.t ........................ ok
Possible precedence issue with control flow operator at /home/cpansand/.cpan/build/2018031712/HTTP-Engine-0.03005-5/inc/Test/Builder.pm line 917.
Any::Moose is deprecated. Please use Moo instead at /home/cpansand/.cpan/build/2018031712/HTTP-Engine-0.03005-5/blib/lib/HTTP/Engine.pm line 3.
t/010_core/request-as_string.t .............................. ok
Possible precedence issue with control flow operator at /home/cpansand/.cpan/build/2018031712/HTTP-Engine-0.03005-5/inc/Test/Builder.pm line 917.
Any::Moose is deprecated. Please use Moo instead at t/Utils.pm line 2.
t/010_core/request-body.t ................................... ok
Possible precedence issue with control flow operator at /home/cpansand/.cpan/build/2018031712/HTTP-Engine-0.03005-5/inc/Test/Builder.pm line 917.
Any::Moose is deprecated. Please use Moo instead at /home/cpansand/.cpan/build/2018031712/HTTP-Engine-0.03005-5/blib/lib/HTTP/Engine/Request.pm line 2.
t/010_core/request-content.t ................................ ok
Possible precedence issue with control flow operator at /home/cpansand/.cpan/build/2018031712/HTTP-Engine-0.03005-5/inc/Test/Builder.pm line 917.
Any::Moose is deprecated. Please use Moo instead at t/Utils.pm line 2.
t/010_core/request-cookie.t ................................. ok
Possible precedence issue with control flow operator at /home/cpansand/.cpan/build/2018031712/HTTP-Engine-0.03005-5/inc/Test/Builder.pm line 917.
Any::Moose is deprecated. Please use Moo instead at /home/cpansand/.cpan/build/2018031712/HTTP-Engine-0.03005-5/blib/lib/HTTP/Engine/Request.pm line 2.
t/010_core/request-hostname.t ............................... ok
Any::Moose is deprecated. Please use Moo instead at t/Utils.pm line 2.
Possible precedence issue with control flow operator at /home/cpansand/.cpan/build/2018031712/HTTP-Engine-0.03005-5/inc/Test/Builder.pm line 917.
t/010_core/request-many_upload.t ............................ ok
Possible precedence issue with control flow operator at /home/cpansand/.cpan/build/2018031712/HTTP-Engine-0.03005-5/inc/Test/Builder.pm line 917.
Any::Moose is deprecated. Please use Moo instead at /home/cpansand/.cpan/build/2018031712/HTTP-Engine-0.03005-5/blib/lib/HTTP/Engine/Request.pm line 2.
t/010_core/request-parameters.t ............................. ok
Possible precedence issue with control flow operator at /home/cpansand/.cpan/build/2018031712/HTTP-Engine-0.03005-5/inc/Test/Builder.pm line 917.
Any::Moose is deprecated. Please use Moo instead at /home/cpansand/.cpan/build/2018031712/HTTP-Engine-0.03005-5/blib/lib/HTTP/Engine/Request.pm line 2.
t/010_core/request-params.t ................................. ok
Possible precedence issue with control flow operator at /home/cpansand/.cpan/build/2018031712/HTTP-Engine-0.03005-5/inc/Test/Builder.pm line 917.
Any::Moose is deprecated. Please use Moo instead at /home/cpansand/.cpan/build/2018031712/HTTP-Engine-0.03005-5/blib/lib/HTTP/Engine/Request.pm line 2.
t/010_core/request-parse.t .................................. ok
Possible precedence issue with control flow operator at /home/cpansand/.cpan/build/2018031712/HTTP-Engine-0.03005-5/inc/Test/Builder.pm line 917.
Any::Moose is deprecated. Please use Moo instead at /home/cpansand/.cpan/build/2018031712/HTTP-Engine-0.03005-5/blib/lib/HTTP/Engine/Request.pm line 2.
t/010_core/request-proxy_request.t .......................... ok
Possible precedence issue with control flow operator at /home/cpansand/.cpan/build/2018031712/HTTP-Engine-0.03005-5/inc/Test/Builder.pm line 917.
Any::Moose is deprecated. Please use Moo instead at /home/cpansand/.cpan/build/2018031712/HTTP-Engine-0.03005-5/blib/lib/HTTP/Engine/Request.pm line 2.
t/010_core/request-raw_body.t ............................... ok
Possible precedence issue with control flow operator at /home/cpansand/.cpan/build/2018031712/HTTP-Engine-0.03005-5/inc/Test/Builder.pm line 917.
Any::Moose is deprecated. Please use Moo instead at t/Utils.pm line 2.
t/010_core/request-readbody.t ............................... ok
Possible precedence issue with control flow operator at /home/cpansand/.cpan/build/2018031712/HTTP-Engine-0.03005-5/inc/Test/Builder.pm line 917.
Any::Moose is deprecated. Please use Moo instead at /home/cpansand/.cpan/build/2018031712/HTTP-Engine-0.03005-5/blib/lib/HTTP/Engine/Request.pm line 2.
t/010_core/request-secure.t ................................. ok
Possible precedence issue with control flow operator at /home/cpansand/.cpan/build/2018031712/HTTP-Engine-0.03005-5/inc/Test/Builder.pm line 917.
Any::Moose is deprecated. Please use Moo instead at /home/cpansand/.cpan/build/2018031712/HTTP-Engine-0.03005-5/blib/lib/HTTP/Engine/Request.pm line 2.
t/010_core/request-upload.t ................................. ok
Possible precedence issue with control flow operator at /home/cpansand/.cpan/build/2018031712/HTTP-Engine-0.03005-5/inc/Test/Builder.pm line 917.
Any::Moose is deprecated. Please use Moo instead at /home/cpansand/.cpan/build/2018031712/HTTP-Engine-0.03005-5/blib/lib/HTTP/Engine/Request.pm line 2.
t/010_core/request-uri.t .................................... ok
Possible precedence issue with control flow operator at /home/cpansand/.cpan/build/2018031712/HTTP-Engine-0.03005-5/inc/Test/Builder.pm line 917.
Any::Moose is deprecated. Please use Moo instead at /home/cpansand/.cpan/build/2018031712/HTTP-Engine-0.03005-5/blib/lib/HTTP/Engine/Request.pm line 2.
t/010_core/request.t ........................................ ok
Any::Moose is deprecated. Please use Moo instead at t/Utils.pm line 2.
Possible precedence issue with control flow operator at /home/cpansand/.cpan/build/2018031712/HTTP-Engine-0.03005-5/inc/Test/Builder.pm line 917.
t/010_core/request_builder-noenv.t .......................... ok
Possible precedence issue with control flow operator at /home/cpansand/.cpan/build/2018031712/HTTP-Engine-0.03005-5/inc/Test/Builder.pm line 917.
Any::Moose is deprecated. Please use Moo instead at t/Utils.pm line 2.
t/010_core/request_processor-catch_error.t .................. ok
Possible precedence issue with control flow operator at /home/cpansand/.cpan/build/2018031712/HTTP-Engine-0.03005-5/inc/Test/Builder.pm line 917.
Any::Moose is deprecated. Please use Moo instead at t/Utils.pm line 2.
t/010_core/request_processor-make_request.t ................. ok
Possible precedence issue with control flow operator at /home/cpansand/.cpan/build/2018031712/HTTP-Engine-0.03005-5/inc/Test/Builder.pm line 917.
Any::Moose is deprecated. Please use Moo instead at t/Utils.pm line 2.
t/010_core/request_processor-response_error.t ............... ok
Possible precedence issue with control flow operator at /home/cpansand/.cpan/build/2018031712/HTTP-Engine-0.03005-5/inc/Test/Builder.pm line 917.
Any::Moose is deprecated. Please use Moo instead at /home/cpansand/.cpan/build/2018031712/HTTP-Engine-0.03005-5/blib/lib/HTTP/Engine.pm line 3.
t/010_core/request_upload-basename.t ........................ ok
Possible precedence issue with control flow operator at /home/cpansand/.cpan/build/2018031712/HTTP-Engine-0.03005-5/inc/Test/Builder.pm line 917.
Any::Moose is deprecated. Please use Moo instead at /home/cpansand/.cpan/build/2018031712/HTTP-Engine-0.03005-5/blib/lib/HTTP/Engine/Response.pm line 2.
t/010_core/response-code.t .................................. ok
Possible precedence issue with control flow operator at /home/cpansand/.cpan/build/2018031712/HTTP-Engine-0.03005-5/inc/Test/Builder.pm line 917.
Any::Moose is deprecated. Please use Moo instead at /home/cpansand/.cpan/build/2018031712/HTTP-Engine-0.03005-5/blib/lib/HTTP/Engine/Response.pm line 2.
t/010_core/response-coerce_headers.t ........................ ok
Possible precedence issue with control flow operator at /home/cpansand/.cpan/build/2018031712/HTTP-Engine-0.03005-5/inc/Test/Builder.pm line 917.
Any::Moose is deprecated. Please use Moo instead at /home/cpansand/.cpan/build/2018031712/HTTP-Engine-0.03005-5/blib/lib/HTTP/Engine/Response.pm line 2.
t/010_core/response-content_length.t ........................ ok
Possible precedence issue with control flow operator at /home/cpansand/.cpan/build/2018031712/HTTP-Engine-0.03005-5/inc/Test/Builder.pm line 917.
Any::Moose is deprecated. Please use Moo instead at t/Utils.pm line 2.
t/010_core/response-cookie.t ................................ ok
Possible precedence issue with control flow operator at /home/cpansand/.cpan/build/2018031712/HTTP-Engine-0.03005-5/inc/Test/Builder.pm line 917.
Any::Moose is deprecated. Please use Moo instead at /home/cpansand/.cpan/build/2018031712/HTTP-Engine-0.03005-5/blib/lib/HTTP/Engine/Response.pm line 2.
t/010_core/response-new.t ................................... ok
Possible precedence issue with control flow operator at /home/cpansand/.cpan/build/2018031712/HTTP-Engine-0.03005-5/inc/Test/Builder.pm line 917.
Any::Moose is deprecated. Please use Moo instead at /home/cpansand/.cpan/build/2018031712/HTTP-Engine-0.03005-5/blib/lib/HTTP/Engine/Response.pm line 2.
t/010_core/response-set_http_response.t ..................... ok
Possible precedence issue with control flow operator at /home/cpansand/.cpan/build/2018031712/HTTP-Engine-0.03005-5/inc/Test/Builder.pm line 917.
Any::Moose is deprecated. Please use Moo instead at /home/cpansand/.cpan/build/2018031712/HTTP-Engine-0.03005-5/blib/lib/HTTP/Engine/Response.pm line 2.
t/010_core/response-status.t ................................ ok
Possible precedence issue with control flow operator at /home/cpansand/.cpan/build/2018031712/HTTP-Engine-0.03005-5/inc/Test/Builder.pm line 917.
Any::Moose is deprecated. Please use Moo instead at /home/cpansand/.cpan/build/2018031712/HTTP-Engine-0.03005-5/blib/lib/HTTP/Engine/Response.pm line 2.
t/010_core/response.t ....................................... ok
Possible precedence issue with control flow operator at /home/cpansand/.cpan/build/2018031712/HTTP-Engine-0.03005-5/inc/Test/Builder.pm line 917.
Any::Moose is deprecated. Please use Moo instead at /home/cpansand/.cpan/build/2018031712/HTTP-Engine-0.03005-5/blib/lib/HTTP/Engine.pm line 3.
t/010_core/response_finalizer.t ............................. ok
Possible precedence issue with control flow operator at /home/cpansand/.cpan/build/2018031712/HTTP-Engine-0.03005-5/inc/Test/Builder.pm line 917.
Any::Moose is deprecated. Please use Moo instead at /home/cpansand/.cpan/build/2018031712/HTTP-Engine-0.03005-5/blib/lib/HTTP/Engine/Request.pm line 2.
t/010_core/response_writer.t ................................ ok
Possible precedence issue with control flow operator at /home/cpansand/.cpan/build/2018031712/HTTP-Engine-0.03005-5/inc/Test/Builder.pm line 917.
Any::Moose is deprecated. Please use Moo instead at /home/cpansand/.cpan/build/2018031712/HTTP-Engine-0.03005-5/blib/lib/HTTP/Engine/Request.pm line 2.
t/010_core/responsewriter-broken_io.t ....................... ok
Any::Moose is deprecated. Please use Moo instead at t/010_core/responsewriter-with_io.t line 6.
Possible precedence issue with control flow operator at /home/cpansand/.cpan/build/2018031712/HTTP-Engine-0.03005-5/inc/Test/Builder.pm line 917.
t/010_core/responsewriter-with_io.t ......................... ok
Any::Moose is deprecated. Please use Moo instead at /home/cpansand/.cpan/build/2018031712/HTTP-Engine-0.03005-5/blib/lib/HTTP/Engine.pm line 3.
Possible precedence issue with control flow operator at /home/cpansand/.cpan/build/2018031712/HTTP-Engine-0.03005-5/inc/Test/Builder.pm line 917.
t/020_interface/cgi.t ....................................... ok
Possible precedence issue with control flow operator at /home/cpansand/.cpan/build/2018031712/HTTP-Engine-0.03005-5/inc/Test/Builder.pm line 917.
t/020_interface/lighty-fcgi.t ............................... skipped: set TEST_LIGHTTPD to enable this test
Any::Moose is deprecated. Please use Moo instead at t/Utils.pm line 2.
Possible precedence issue with control flow operator at /home/cpansand/.cpan/build/2018031712/HTTP-Engine-0.03005-5/inc/Test/Builder.pm line 917.
t/020_interface/modperl_wildcard_hostname.t ................. skipped: this test requires mod_perl 2
Possible precedence issue with control flow operator at /home/cpansand/.cpan/build/2018031712/HTTP-Engine-0.03005-5/inc/Test/Builder.pm line 917.
Any::Moose is deprecated. Please use Moo instead at /home/cpansand/.cpan/build/2018031712/HTTP-Engine-0.03005-5/blib/lib/HTTP/Engine.pm line 3.
=== 6000 === !!! Kernel has 1 child process(es).
=== 6000 === !!! Stopped child process (PID 6008) reaped when POE::Kernel->run() is ready to return.
=== 6000 === !!! Stopped child process (PID 6007) reaped when POE::Kernel->run() is ready to return.
=== 6000 === !!! Stopped child process (PID 6006) reaped when POE::Kernel->run() is ready to return.
=== 6000 === !!! Stopped child process (PID 6005) reaped when POE::Kernel->run() is ready to return.
=== 6000 === !!! Stopped child process (PID 6004) reaped when POE::Kernel->run() is ready to return.
=== 6000 === !!! Stopped child process (PID 6003) reaped when POE::Kernel->run() is ready to return.
=== 6000 === !!! Stopped child process (PID 6002) reaped when POE::Kernel->run() is ready to return.
=== 6000 === !!! Stopped child process (PID 6001) reaped when POE::Kernel->run() is ready to return.
=== 6000 === !!! Be sure to use sig_child() to reap child processes.
=== 6000 === !!! In extreme cases, failure to reap child processes has
=== 6000 === !!! resulted in a slow 'fork bomb' that has halted systems.
t/020_interface/poe-proxy.t ................................. ok
Possible precedence issue with control flow operator at /home/cpansand/.cpan/build/2018031712/HTTP-Engine-0.03005-5/inc/Test/Builder.pm line 917.
Any::Moose is deprecated. Please use Moo instead at /home/cpansand/.cpan/build/2018031712/HTTP-Engine-0.03005-5/blib/lib/HTTP/Engine.pm line 3.
=== 6009 === !!! Kernel has 1 child process(es).
=== 6009 === !!! Stopped child process (PID 6017) reaped when POE::Kernel->run() is ready to return.
=== 6009 === !!! Stopped child process (PID 6016) reaped when POE::Kernel->run() is ready to return.
=== 6009 === !!! Stopped child process (PID 6015) reaped when POE::Kernel->run() is ready to return.
=== 6009 === !!! Stopped child process (PID 6014) reaped when POE::Kernel->run() is ready to return.
=== 6009 === !!! Stopped child process (PID 6013) reaped when POE::Kernel->run() is ready to return.
=== 6009 === !!! Stopped child process (PID 6012) reaped when POE::Kernel->run() is ready to return.
=== 6009 === !!! Stopped child process (PID 6011) reaped when POE::Kernel->run() is ready to return.
=== 6009 === !!! Stopped child process (PID 6010) reaped when POE::Kernel->run() is ready to return.
=== 6009 === !!! Be sure to use sig_child() to reap child processes.
=== 6009 === !!! In extreme cases, failure to reap child processes has
=== 6009 === !!! resulted in a slow 'fork bomb' that has halted systems.
t/020_interface/poe-uri.t ................................... ok
Possible precedence issue with control flow operator at /home/cpansand/.cpan/build/2018031712/HTTP-Engine-0.03005-5/inc/Test/Builder.pm line 917.
Any::Moose is deprecated. Please use Moo instead at /home/cpansand/.cpan/build/2018031712/HTTP-Engine-0.03005-5/blib/lib/HTTP/Engine.pm line 3.
=== 6018 === !!! Kernel has 1 child process(es).
=== 6018 === !!! Stopped child process (PID 6026) reaped when POE::Kernel->run() is ready to return.
=== 6018 === !!! Stopped child process (PID 6025) reaped when POE::Kernel->run() is ready to return.
=== 6018 === !!! Stopped child process (PID 6024) reaped when POE::Kernel->run() is ready to return.
=== 6018 === !!! Stopped child process (PID 6023) reaped when POE::Kernel->run() is ready to return.
=== 6018 === !!! Stopped child process (PID 6022) reaped when POE::Kernel->run() is ready to return.
=== 6018 === !!! Stopped child process (PID 6021) reaped when POE::Kernel->run() is ready to return.
=== 6018 === !!! Stopped child process (PID 6020) reaped when POE::Kernel->run() is ready to return.
=== 6018 === !!! Stopped child process (PID 6019) reaped when POE::Kernel->run() is ready to return.
=== 6018 === !!! Be sure to use sig_child() to reap child processes.
=== 6018 === !!! In extreme cases, failure to reap child processes has
=== 6018 === !!! resulted in a slow 'fork bomb' that has halted systems.
t/020_interface/poe.t ....................................... ok
Any::Moose is deprecated. Please use Moo instead at t/Utils.pm line 2.
Possible precedence issue with control flow operator at /home/cpansand/.cpan/build/2018031712/HTTP-Engine-0.03005-5/inc/Test/Builder.pm line 917.
t/020_interface/psgi-with_plack.t ........................... ok
Any::Moose is deprecated. Please use Moo instead at t/Utils.pm line 2.
Possible precedence issue with control flow operator at /home/cpansand/.cpan/build/2018031712/HTTP-Engine-0.03005-5/inc/Test/Builder.pm line 917.
t/020_interface/psgi.t ...................................... ok
Any::Moose is deprecated. Please use Moo instead at t/Utils.pm line 2.
Possible precedence issue with control flow operator at /home/cpansand/.cpan/build/2018031712/HTTP-Engine-0.03005-5/inc/Test/Builder.pm line 917.
t/020_interface/server_simple-net_server_configure.t ........ ok
Possible precedence issue with control flow operator at /home/cpansand/.cpan/build/2018031712/HTTP-Engine-0.03005-5/inc/Test/Builder.pm line 917.
Any::Moose is deprecated. Please use Moo instead at /home/cpansand/.cpan/build/2018031712/HTTP-Engine-0.03005-5/blib/lib/HTTP/Engine.pm line 3.
t/020_interface/server_simple-not-send-header-bug.t ......... ok
Any::Moose is deprecated. Please use Moo instead at t/Utils.pm line 2.
Possible precedence issue with control flow operator at /home/cpansand/.cpan/build/2018031712/HTTP-Engine-0.03005-5/inc/Test/Builder.pm line 917.
t/020_interface/server_simple-print_banner.t ................ ok
Any::Moose is deprecated. Please use Moo instead at t/Utils.pm line 2.
Possible precedence issue with control flow operator at /home/cpansand/.cpan/build/2018031712/HTTP-Engine-0.03005-5/inc/Test/Builder.pm line 917.
t/020_interface/server_simple.t ............................. ok
Any::Moose is deprecated. Please use Moo instead at t/Utils.pm line 2.
Possible precedence issue with control flow operator at /home/cpansand/.cpan/build/2018031712/HTTP-Engine-0.03005-5/inc/Test/Builder.pm line 917.
t/020_interface/standalone-keep_alive.t ..................... skipped: Interface::Standalone will be removed
Any::Moose is deprecated. Please use Moo instead at t/Utils.pm line 2.
Possible precedence issue with control flow operator at /home/cpansand/.cpan/build/2018031712/HTTP-Engine-0.03005-5/inc/Test/Builder.pm line 917.
t/020_interface/standalone-restart.t ........................ skipped: Interface::Standalone will be removed
Any::Moose is deprecated. Please use Moo instead at t/Utils.pm line 2.
Possible precedence issue with control flow operator at /home/cpansand/.cpan/build/2018031712/HTTP-Engine-0.03005-5/inc/Test/Builder.pm line 917.
t/020_interface/streaming_response.t ........................ ok
Any::Moose is deprecated. Please use Moo instead at /home/cpansand/.cpan/build/2018031712/HTTP-Engine-0.03005-5/blib/lib/HTTP/Engine.pm line 3.
Possible precedence issue with control flow operator at /home/cpansand/.cpan/build/2018031712/HTTP-Engine-0.03005-5/inc/Test/Builder.pm line 917.
t/020_interface/test-validation.t ........................... ok
Possible precedence issue with control flow operator at /home/cpansand/.cpan/build/2018031712/HTTP-Engine-0.03005-5/inc/Test/Builder.pm line 917.
Any::Moose is deprecated. Please use Moo instead at /home/cpansand/.cpan/build/2018031712/HTTP-Engine-0.03005-5/blib/lib/HTTP/Engine.pm line 3.
t/020_interface/test-warn_at_utf8.t ......................... ok
Any::Moose is deprecated. Please use Moo instead at /home/cpansand/.cpan/build/2018031712/HTTP-Engine-0.03005-5/blib/lib/HTTP/Engine.pm line 3.
Possible precedence issue with control flow operator at /home/cpansand/.cpan/build/2018031712/HTTP-Engine-0.03005-5/inc/Test/Builder.pm line 917.
t/020_interface/test.t ...................................... ok
Possible precedence issue with control flow operator at /home/cpansand/.cpan/build/2018031712/HTTP-Engine-0.03005-5/inc/Test/Builder.pm line 917.
Any::Moose is deprecated. Please use Moo instead at /home/cpansand/.cpan/build/2018031712/HTTP-Engine-0.03005-5/blib/lib/HTTP/Engine.pm line 3.
t/020_interface/test_response-with_io.t ..................... ok
Any::Moose is deprecated. Please use Moo instead at t/Utils.pm line 2.
Possible precedence issue with control flow operator at /home/cpansand/.cpan/build/2018031712/HTTP-Engine-0.03005-5/inc/Test/Builder.pm line 917.
t/020_interface/test_upload.t ............................... ok
Any::Moose is deprecated. Please use Moo instead at t/Utils.pm line 2.
Possible precedence issue with control flow operator at /home/cpansand/.cpan/build/2018031712/HTTP-Engine-0.03005-5/inc/Test/Builder.pm line 917.
t/030_daemonize/connection_info.t ........................... ok
Any::Moose is deprecated. Please use Moo instead at t/Utils.pm line 2.
Possible precedence issue with control flow operator at /home/cpansand/.cpan/build/2018031712/HTTP-Engine-0.03005-5/inc/Test/Builder.pm line 917.
t/030_daemonize/headers.t ................................... ok
Any::Moose is deprecated. Please use Moo instead at t/Utils.pm line 2.
Possible precedence issue with control flow operator at /home/cpansand/.cpan/build/2018031712/HTTP-Engine-0.03005-5/inc/Test/Builder.pm line 917.

#   Failed test at /home/cpansand/.cpan/build/2018031712/HTTP-Engine-0.03005-5/inc/Test/More.pm line 376.
#          got: '/foo|'
#     expected: '/|http://example.com/foo?http=1'

#   Failed test at /home/cpansand/.cpan/build/2018031712/HTTP-Engine-0.03005-5/inc/Test/More.pm line 376.
#          got: '/foo|'
#     expected: '/|http://example.com:8080/foo?http=1'

#   Failed test at /home/cpansand/.cpan/build/2018031712/HTTP-Engine-0.03005-5/inc/Test/More.pm line 376.
#          got: '/foo|'
#     expected: '/|http://example.com/foo?http=1'

#   Failed test at /home/cpansand/.cpan/build/2018031712/HTTP-Engine-0.03005-5/inc/Test/More.pm line 376.
#          got: '/foo|'
#     expected: '/|http://example.com:8080/foo?http=1'
# Looks like you failed 4 tests of 16.
t/030_daemonize/proxy_path.t ................................ 
Dubious, test returned 4 (wstat 1024, 0x400)
Failed 4/16 subtests 
Any::Moose is deprecated. Please use Moo instead at t/Utils.pm line 2.
Possible precedence issue with control flow operator at /home/cpansand/.cpan/build/2018031712/HTTP-Engine-0.03005-5/inc/Test/Builder.pm line 917.
t/030_daemonize/raw_body.t .................................. ok
Any::Moose is deprecated. Please use Moo instead at t/Utils.pm line 2.
Possible precedence issue with control flow operator at /home/cpansand/.cpan/build/2018031712/HTTP-Engine-0.03005-5/inc/Test/Builder.pm line 917.
t/030_daemonize/request_independence.t ...................... ok
Any::Moose is deprecated. Please use Moo instead at t/Utils.pm line 2.
Possible precedence issue with control flow operator at /home/cpansand/.cpan/build/2018031712/HTTP-Engine-0.03005-5/inc/Test/Builder.pm line 917.
t/030_daemonize/responsewriter_io.t ......................... ok
Any::Moose is deprecated. Please use Moo instead at t/Utils.pm line 2.
Possible precedence issue with control flow operator at /home/cpansand/.cpan/build/2018031712/HTTP-Engine-0.03005-5/inc/Test/Builder.pm line 917.
t/030_daemonize/upload-methods.t ............................ ok
Any::Moose is deprecated. Please use Moo instead at t/Utils.pm line 2.
Possible precedence issue with control flow operator at /home/cpansand/.cpan/build/2018031712/HTTP-Engine-0.03005-5/inc/Test/Builder.pm line 917.
t/030_daemonize/upload.t .................................... ok
Any::Moose is deprecated. Please use Moo instead at t/Utils.pm line 2.
Possible precedence issue with control flow operator at /home/cpansand/.cpan/build/2018031712/HTTP-Engine-0.03005-5/inc/Test/Builder.pm line 917.
t/030_daemonize/uri.t ....................................... ok
Any::Moose is deprecated. Please use Moo instead at t/Utils.pm line 2.
Possible precedence issue with control flow operator at /home/cpansand/.cpan/build/2018031712/HTTP-Engine-0.03005-5/inc/Test/Builder.pm line 917.
t/030_daemonize/utf8flagged-uri.t ........................... ok
Possible precedence issue with control flow operator at /home/cpansand/.cpan/build/2018031712/HTTP-Engine-0.03005-5/inc/Test/Builder.pm line 917.
t/040_minimal/001_simple.t .................................. ok
Possible precedence issue with control flow operator at /home/cpansand/.cpan/build/2018031712/HTTP-Engine-0.03005-5/inc/Test/Builder.pm line 917.
Any::Moose is deprecated. Please use Moo instead at /home/cpansand/.cpan/build/2018031712/HTTP-Engine-0.03005-5/blib/lib/HTTP/Engine/Request.pm line 2.
t/050_tests/request.t ....................................... ok
Possible precedence issue with control flow operator at /home/cpansand/.cpan/build/2018031712/HTTP-Engine-0.03005-5/inc/Test/Builder.pm line 917.
Any::Moose is deprecated. Please use Moo instead at /home/cpansand/.cpan/build/2018031712/HTTP-Engine-0.03005-5/blib/lib/HTTP/Engine.pm line 3.
# Soft dependency versions:
#  Any::Moose 0.27
#  Mouse v2.5.2
#  MooseX::Types 0.50
t/moose/00_compile.t ........................................ ok
Possible precedence issue with control flow operator at /home/cpansand/.cpan/build/2018031712/HTTP-Engine-0.03005-5/inc/Test/Builder.pm line 917.
Any::Moose is deprecated. Please use Moo instead at /home/cpansand/.cpan/build/2018031712/HTTP-Engine-0.03005-5/blib/lib/HTTP/Engine/Request.pm line 2.
t/moose/010_core/builder_options-upload_tmp.t ............... ok
Possible precedence issue with control flow operator at /home/cpansand/.cpan/build/2018031712/HTTP-Engine-0.03005-5/inc/Test/Builder.pm line 917.
Any::Moose is deprecated. Please use Moo instead at t/Utils.pm line 2.
t/moose/010_core/interface-require.t ........................ ok
Possible precedence issue with control flow operator at /home/cpansand/.cpan/build/2018031712/HTTP-Engine-0.03005-5/inc/Test/Builder.pm line 917.
Any::Moose is deprecated. Please use Moo instead at t/Utils.pm line 2.
t/moose/010_core/interface.t ................................ ok
Possible precedence issue with control flow operator at /home/cpansand/.cpan/build/2018031712/HTTP-Engine-0.03005-5/inc/Test/Builder.pm line 917.
Any::Moose is deprecated. Please use Moo instead at /home/cpansand/.cpan/build/2018031712/HTTP-Engine-0.03005-5/blib/lib/HTTP/Engine/RequestBuilder/CGI.pm line 2.
t/moose/010_core/load_requestbuilder_cgi.t .................. ok
Possible precedence issue with control flow operator at /home/cpansand/.cpan/build/2018031712/HTTP-Engine-0.03005-5/inc/Test/Builder.pm line 917.
Any::Moose is deprecated. Please use Moo instead at t/Utils.pm line 2.
t/moose/010_core/request-absolute_uri.t ..................... ok
Possible precedence issue with control flow operator at /home/cpansand/.cpan/build/2018031712/HTTP-Engine-0.03005-5/inc/Test/Builder.pm line 917.
Any::Moose is deprecated. Please use Moo instead at /home/cpansand/.cpan/build/2018031712/HTTP-Engine-0.03005-5/blib/lib/HTTP/Engine/Request.pm line 2.
t/moose/010_core/request-as_http_request.t .................. ok
Possible precedence issue with control flow operator at /home/cpansand/.cpan/build/2018031712/HTTP-Engine-0.03005-5/inc/Test/Builder.pm line 917.
Any::Moose is deprecated. Please use Moo instead at /home/cpansand/.cpan/build/2018031712/HTTP-Engine-0.03005-5/blib/lib/HTTP/Engine.pm line 3.
t/moose/010_core/request-as_string.t ........................ ok
Possible precedence issue with control flow operator at /home/cpansand/.cpan/build/2018031712/HTTP-Engine-0.03005-5/inc/Test/Builder.pm line 917.
Any::Moose is deprecated. Please use Moo instead at t/Utils.pm line 2.
Class::MOP::load_class is deprecated at /usr/perl5.20.3p/lib/site_perl/5.20.3/amd64-freebsd/Class/MOP.pm line 69.
	Class::MOP::load_class("HTTP::Engine::Interface::Test") called at /home/cpansand/.cpan/build/2018031712/HTTP-Engine-0.03005-5/blib/lib/HTTP/Engine/Types/Core.pm line 26
	HTTP::Engine::Types::Core::__ANON__(HASH(0x41cb2750)) called at /usr/perl5.20.3p/lib/site_perl/5.20.3/amd64-freebsd/Moose/Meta/TypeCoercion.pm line 65
	Moose::Meta::TypeCoercion::__ANON__(HASH(0x41cb2750)) called at constructor HTTP::Engine::new (defined at /home/cpansand/.cpan/build/2018031712/HTTP-Engine-0.03005-5/blib/lib/HTTP/Engine.pm line 17) line 32
	HTTP::Engine::new("HTTP::Engine", "interface", HASH(0x41cb2750)) called at t/Utils.pm line 141
	t::Utils::run_engine(CODE(0x45f2ecd8), HTTP::Request=HASH(0x41cb2780)) called at t/moose/010_core/request-body.t line 27
t/moose/010_core/request-body.t ............................. ok
Possible precedence issue with control flow operator at /home/cpansand/.cpan/build/2018031712/HTTP-Engine-0.03005-5/inc/Test/Builder.pm line 917.
Any::Moose is deprecated. Please use Moo instead at /home/cpansand/.cpan/build/2018031712/HTTP-Engine-0.03005-5/blib/lib/HTTP/Engine/Request.pm line 2.
t/moose/010_core/request-content.t .......................... ok
Possible precedence issue with control flow operator at /home/cpansand/.cpan/build/2018031712/HTTP-Engine-0.03005-5/inc/Test/Builder.pm line 917.
Any::Moose is deprecated. Please use Moo instead at t/Utils.pm line 2.
Class::MOP::load_class is deprecated at /usr/perl5.20.3p/lib/site_perl/5.20.3/amd64-freebsd/Class/MOP.pm line 69.
	Class::MOP::load_class("HTTP::Engine::Interface::Test") called at /home/cpansand/.cpan/build/2018031712/HTTP-Engine-0.03005-5/blib/lib/HTTP/Engine/Types/Core.pm line 26
	HTTP::Engine::Types::Core::__ANON__(HASH(0x45f4fe58)) called at /usr/perl5.20.3p/lib/site_perl/5.20.3/amd64-freebsd/Moose/Meta/TypeCoercion.pm line 65
	Moose::Meta::TypeCoercion::__ANON__(HASH(0x45f4fe58)) called at constructor HTTP::Engine::new (defined at /home/cpansand/.cpan/build/2018031712/HTTP-Engine-0.03005-5/blib/lib/HTTP/Engine.pm line 17) line 32
	HTTP::Engine::new("HTTP::Engine", "interface", HASH(0x45f4fe58)) called at t/Utils.pm line 141
	t::Utils::run_engine(CODE(0x45f4f3f0), HTTP::Request=HASH(0x41cb2768)) called at t/moose/010_core/request-cookie.t line 32
t/moose/010_core/request-cookie.t ........................... ok
Possible precedence issue with control flow operator at /home/cpansand/.cpan/build/2018031712/HTTP-Engine-0.03005-5/inc/Test/Builder.pm line 917.
Any::Moose is deprecated. Please use Moo instead at /home/cpansand/.cpan/build/2018031712/HTTP-Engine-0.03005-5/blib/lib/HTTP/Engine/Request.pm line 2.
t/moose/010_core/request-hostname.t ......................... ok
Any::Moose is deprecated. Please use Moo instead at t/Utils.pm line 2.
Possible precedence issue with control flow operator at /home/cpansand/.cpan/build/2018031712/HTTP-Engine-0.03005-5/inc/Test/Builder.pm line 917.
Class::MOP::load_class is deprecated at /usr/perl5.20.3p/lib/site_perl/5.20.3/amd64-freebsd/Class/MOP.pm line 69.
	Class::MOP::load_class("HTTP::Engine::Interface::Test") called at /home/cpansand/.cpan/build/2018031712/HTTP-Engine-0.03005-5/blib/lib/HTTP/Engine/Types/Core.pm line 26
	HTTP::Engine::Types::Core::__ANON__(HASH(0x41cb27e0)) called at /usr/perl5.20.3p/lib/site_perl/5.20.3/amd64-freebsd/Moose/Meta/TypeCoercion.pm line 65
	Moose::Meta::TypeCoercion::__ANON__(HASH(0x41cb27e0)) called at constructor HTTP::Engine::new (defined at /home/cpansand/.cpan/build/2018031712/HTTP-Engine-0.03005-5/blib/lib/HTTP/Engine.pm line 17) line 32
	HTTP::Engine::new("HTTP::Engine", "interface", HASH(0x41cb27e0)) called at t/Utils.pm line 141
	t::Utils::run_engine(CODE(0x45f4cf00), HTTP::Request=HASH(0x41cb2858)) called at t/moose/010_core/request-many_upload.t line 91
t/moose/010_core/request-many_upload.t ...................... ok
Possible precedence issue with control flow operator at /home/cpansand/.cpan/build/2018031712/HTTP-Engine-0.03005-5/inc/Test/Builder.pm line 917.
Any::Moose is deprecated. Please use Moo instead at /home/cpansand/.cpan/build/2018031712/HTTP-Engine-0.03005-5/blib/lib/HTTP/Engine/Request.pm line 2.
t/moose/010_core/request-parameters.t ....................... ok
Possible precedence issue with control flow operator at /home/cpansand/.cpan/build/2018031712/HTTP-Engine-0.03005-5/inc/Test/Builder.pm line 917.
Any::Moose is deprecated. Please use Moo instead at /home/cpansand/.cpan/build/2018031712/HTTP-Engine-0.03005-5/blib/lib/HTTP/Engine/Request.pm line 2.
t/moose/010_core/request-params.t ........................... ok
Possible precedence issue with control flow operator at /home/cpansand/.cpan/build/2018031712/HTTP-Engine-0.03005-5/inc/Test/Builder.pm line 917.
Any::Moose is deprecated. Please use Moo instead at /home/cpansand/.cpan/build/2018031712/HTTP-Engine-0.03005-5/blib/lib/HTTP/Engine/Request.pm line 2.
t/moose/010_core/request-parse.t ............................ ok
Possible precedence issue with control flow operator at /home/cpansand/.cpan/build/2018031712/HTTP-Engine-0.03005-5/inc/Test/Builder.pm line 917.
Any::Moose is deprecated. Please use Moo instead at /home/cpansand/.cpan/build/2018031712/HTTP-Engine-0.03005-5/blib/lib/HTTP/Engine/Request.pm line 2.
t/moose/010_core/request-proxy_request.t .................... ok
Possible precedence issue with control flow operator at /home/cpansand/.cpan/build/2018031712/HTTP-Engine-0.03005-5/inc/Test/Builder.pm line 917.
Any::Moose is deprecated. Please use Moo instead at /home/cpansand/.cpan/build/2018031712/HTTP-Engine-0.03005-5/blib/lib/HTTP/Engine/Request.pm line 2.
t/moose/010_core/request-raw_body.t ......................... ok
Possible precedence issue with control flow operator at /home/cpansand/.cpan/build/2018031712/HTTP-Engine-0.03005-5/inc/Test/Builder.pm line 917.
Any::Moose is deprecated. Please use Moo instead at t/Utils.pm line 2.
t/moose/010_core/request-readbody.t ......................... ok
Possible precedence issue with control flow operator at /home/cpansand/.cpan/build/2018031712/HTTP-Engine-0.03005-5/inc/Test/Builder.pm line 917.
Any::Moose is deprecated. Please use Moo instead at /home/cpansand/.cpan/build/2018031712/HTTP-Engine-0.03005-5/blib/lib/HTTP/Engine/Request.pm line 2.
t/moose/010_core/request-secure.t ........................... ok
Possible precedence issue with control flow operator at /home/cpansand/.cpan/build/2018031712/HTTP-Engine-0.03005-5/inc/Test/Builder.pm line 917.
Any::Moose is deprecated. Please use Moo instead at /home/cpansand/.cpan/build/2018031712/HTTP-Engine-0.03005-5/blib/lib/HTTP/Engine/Request.pm line 2.
t/moose/010_core/request-upload.t ........................... ok
Possible precedence issue with control flow operator at /home/cpansand/.cpan/build/2018031712/HTTP-Engine-0.03005-5/inc/Test/Builder.pm line 917.
Any::Moose is deprecated. Please use Moo instead at /home/cpansand/.cpan/build/2018031712/HTTP-Engine-0.03005-5/blib/lib/HTTP/Engine/Request.pm line 2.
t/moose/010_core/request-uri.t .............................. ok
Possible precedence issue with control flow operator at /home/cpansand/.cpan/build/2018031712/HTTP-Engine-0.03005-5/inc/Test/Builder.pm line 917.
Any::Moose is deprecated. Please use Moo instead at /home/cpansand/.cpan/build/2018031712/HTTP-Engine-0.03005-5/blib/lib/HTTP/Engine/Request.pm line 2.
t/moose/010_core/request.t .................................. ok
Any::Moose is deprecated. Please use Moo instead at t/Utils.pm line 2.
Possible precedence issue with control flow operator at /home/cpansand/.cpan/build/2018031712/HTTP-Engine-0.03005-5/inc/Test/Builder.pm line 917.
t/moose/010_core/request_builder-noenv.t .................... ok
Possible precedence issue with control flow operator at /home/cpansand/.cpan/build/2018031712/HTTP-Engine-0.03005-5/inc/Test/Builder.pm line 917.
Any::Moose is deprecated. Please use Moo instead at t/Utils.pm line 2.

#   Failed test at /home/cpansand/.cpan/build/2018031712/HTTP-Engine-0.03005-5/inc/Test/More.pm line 420.
#                   'Class::MOP::load_class is deprecated at /usr/perl5.20.3p/lib/site_perl/5.20.3/amd64-freebsd/Class/MOP.pm line 69.
# 	Class::MOP::load_class("HTTP::Engine::Interface::Test") called at /home/cpansand/.cpan/build/2018031712/HTTP-Engine-0.03005-5/blib/lib/HTTP/Engine/Types/Core.pm line 26
# 	HTTP::Engine::Types::Core::__ANON__(HASH(0x45e23b28)) called at /usr/perl5.20.3p/lib/site_perl/5.20.3/amd64-freebsd/Moose/Meta/TypeCoercion.pm line 65
# 	Moose::Meta::TypeCoercion::__ANON__(HASH(0x45e23b28)) called at constructor HTTP::Engine::new (defined at /home/cpansand/.cpan/build/2018031712/HTTP-Engine-0.03005-5/blib/lib/HTTP/Engine.pm line 17) line 32
# 	HTTP::Engine::new("HTTP::Engine", "interface", HASH(0x45e23b28)) called at t/Utils.pm line 141
# 	t::Utils::run_engine(CODE(0x41cc11c8), HTTP::Request=HASH(0x44e3fb88)) called at t/moose/010_core/request_processor-catch_error.t line 15
# 	eval {...} called at t/moose/010_core/request_processor-catch_error.t line 12
# orz at t/moose/010_core/request_processor-catch_error.t line 14.
# '
#     doesn't match '(?^:^orz)'
# Looks like you failed 1 test of 3.
t/moose/010_core/request_processor-catch_error.t ............ 
Dubious, test returned 1 (wstat 256, 0x100)
Failed 1/3 subtests 
Possible precedence issue with control flow operator at /home/cpansand/.cpan/build/2018031712/HTTP-Engine-0.03005-5/inc/Test/Builder.pm line 917.
Any::Moose is deprecated. Please use Moo instead at t/Utils.pm line 2.
Class::MOP::load_class is deprecated at /usr/perl5.20.3p/lib/site_perl/5.20.3/amd64-freebsd/Class/MOP.pm line 69.
	Class::MOP::load_class("HTTP::Engine::Interface::Test") called at /home/cpansand/.cpan/build/2018031712/HTTP-Engine-0.03005-5/blib/lib/HTTP/Engine/Types/Core.pm line 26
	HTTP::Engine::Types::Core::__ANON__(HASH(0x41e78300)) called at /usr/perl5.20.3p/lib/site_perl/5.20.3/amd64-freebsd/Moose/Meta/TypeCoercion.pm line 65
	Moose::Meta::TypeCoercion::__ANON__(HASH(0x41e78300)) called at constructor HTTP::Engine::new (defined at /home/cpansand/.cpan/build/2018031712/HTTP-Engine-0.03005-5/blib/lib/HTTP/Engine.pm line 17) line 32
	HTTP::Engine::new("HTTP::Engine", "interface", HASH(0x41e78300)) called at t/Utils.pm line 141
	t::Utils::run_engine(CODE(0x41e42870), HTTP::Request=HASH(0x41cb2678), "method", "GET", "raw_body", "test") called at t/moose/010_core/request_processor-make_request.t line 15
t/moose/010_core/request_processor-make_request.t ........... ok
Possible precedence issue with control flow operator at /home/cpansand/.cpan/build/2018031712/HTTP-Engine-0.03005-5/inc/Test/Builder.pm line 917.
Any::Moose is deprecated. Please use Moo instead at t/Utils.pm line 2.
t/moose/010_core/request_processor-response_error.t ......... ok
Possible precedence issue with control flow operator at /home/cpansand/.cpan/build/2018031712/HTTP-Engine-0.03005-5/inc/Test/Builder.pm line 917.
Any::Moose is deprecated. Please use Moo instead at /home/cpansand/.cpan/build/2018031712/HTTP-Engine-0.03005-5/blib/lib/HTTP/Engine.pm line 3.
t/moose/010_core/request_upload-basename.t .................. ok
Possible precedence issue with control flow operator at /home/cpansand/.cpan/build/2018031712/HTTP-Engine-0.03005-5/inc/Test/Builder.pm line 917.
Any::Moose is deprecated. Please use Moo instead at /home/cpansand/.cpan/build/2018031712/HTTP-Engine-0.03005-5/blib/lib/HTTP/Engine/Response.pm line 2.
t/moose/010_core/response-code.t ............................ ok
Possible precedence issue with control flow operator at /home/cpansand/.cpan/build/2018031712/HTTP-Engine-0.03005-5/inc/Test/Builder.pm line 917.
Any::Moose is deprecated. Please use Moo instead at /home/cpansand/.cpan/build/2018031712/HTTP-Engine-0.03005-5/blib/lib/HTTP/Engine/Response.pm line 2.
t/moose/010_core/response-coerce_headers.t .................. ok
Possible precedence issue with control flow operator at /home/cpansand/.cpan/build/2018031712/HTTP-Engine-0.03005-5/inc/Test/Builder.pm line 917.
Any::Moose is deprecated. Please use Moo instead at /home/cpansand/.cpan/build/2018031712/HTTP-Engine-0.03005-5/blib/lib/HTTP/Engine/Response.pm line 2.
t/moose/010_core/response-content_length.t .................. ok
Possible precedence issue with control flow operator at /home/cpansand/.cpan/build/2018031712/HTTP-Engine-0.03005-5/inc/Test/Builder.pm line 917.
Any::Moose is deprecated. Please use Moo instead at t/Utils.pm line 2.
Class::MOP::load_class is deprecated at /usr/perl5.20.3p/lib/site_perl/5.20.3/amd64-freebsd/Class/MOP.pm line 69.
	Class::MOP::load_class("HTTP::Engine::Interface::Test") called at /home/cpansand/.cpan/build/2018031712/HTTP-Engine-0.03005-5/blib/lib/HTTP/Engine/Types/Core.pm line 26
	HTTP::Engine::Types::Core::__ANON__(HASH(0x41cb28e8)) called at /usr/perl5.20.3p/lib/site_perl/5.20.3/amd64-freebsd/Moose/Meta/TypeCoercion.pm line 65
	Moose::Meta::TypeCoercion::__ANON__(HASH(0x41cb28e8)) called at constructor HTTP::Engine::new (defined at /home/cpansand/.cpan/build/2018031712/HTTP-Engine-0.03005-5/blib/lib/HTTP/Engine.pm line 17) line 32
	HTTP::Engine::new("HTTP::Engine", "interface", HASH(0x41cb28e8)) called at t/Utils.pm line 141
	t::Utils::run_engine(CODE(0x41cc12d0), HTTP::Request=HASH(0x41cb2678)) called at t/moose/010_core/response-cookie.t line 45
t/moose/010_core/response-cookie.t .......................... ok
Possible precedence issue with control flow operator at /home/cpansand/.cpan/build/2018031712/HTTP-Engine-0.03005-5/inc/Test/Builder.pm line 917.
Any::Moose is deprecated. Please use Moo instead at /home/cpansand/.cpan/build/2018031712/HTTP-Engine-0.03005-5/blib/lib/HTTP/Engine/Response.pm line 2.
t/moose/010_core/response-new.t ............................. ok
Possible precedence issue with control flow operator at /home/cpansand/.cpan/build/2018031712/HTTP-Engine-0.03005-5/inc/Test/Builder.pm line 917.
Any::Moose is deprecated. Please use Moo instead at /home/cpansand/.cpan/build/2018031712/HTTP-Engine-0.03005-5/blib/lib/HTTP/Engine/Response.pm line 2.
t/moose/010_core/response-set_http_response.t ............... ok
Possible precedence issue with control flow operator at /home/cpansand/.cpan/build/2018031712/HTTP-Engine-0.03005-5/inc/Test/Builder.pm line 917.
Any::Moose is deprecated. Please use Moo instead at /home/cpansand/.cpan/build/2018031712/HTTP-Engine-0.03005-5/blib/lib/HTTP/Engine/Response.pm line 2.
t/moose/010_core/response-status.t .......................... ok
Possible precedence issue with control flow operator at /home/cpansand/.cpan/build/2018031712/HTTP-Engine-0.03005-5/inc/Test/Builder.pm line 917.
Any::Moose is deprecated. Please use Moo instead at /home/cpansand/.cpan/build/2018031712/HTTP-Engine-0.03005-5/blib/lib/HTTP/Engine/Response.pm line 2.
t/moose/010_core/response.t ................................. ok
Possible precedence issue with control flow operator at /home/cpansand/.cpan/build/2018031712/HTTP-Engine-0.03005-5/inc/Test/Builder.pm line 917.
Any::Moose is deprecated. Please use Moo instead at /home/cpansand/.cpan/build/2018031712/HTTP-Engine-0.03005-5/blib/lib/HTTP/Engine.pm line 3.
t/moose/010_core/response_finalizer.t ....................... ok
Possible precedence issue with control flow operator at /home/cpansand/.cpan/build/2018031712/HTTP-Engine-0.03005-5/inc/Test/Builder.pm line 917.
Any::Moose is deprecated. Please use Moo instead at /home/cpansand/.cpan/build/2018031712/HTTP-Engine-0.03005-5/blib/lib/HTTP/Engine/Request.pm line 2.
Class::MOP::load_class is deprecated at /usr/perl5.20.3p/lib/site_perl/5.20.3/amd64-freebsd/Class/MOP.pm line 69.
	Class::MOP::load_class("HTTP::Engine::RequestBuilder::CGI") called at /home/cpansand/.cpan/build/2018031712/HTTP-Engine-0.03005-5/blib/lib/HTTP/Engine/Interface.pm line 65
	HTTP::Engine::Interface::_setup_builder("HTTP::Engine::Interface::CGI", "CGI") called at /home/cpansand/.cpan/build/2018031712/HTTP-Engine-0.03005-5/blib/lib/HTTP/Engine/Interface.pm line 51
	HTTP::Engine::Interface::__INTERFACE__("HTTP::Engine::Interface::CGI") called at /home/cpansand/.cpan/build/2018031712/HTTP-Engine-0.03005-5/blib/lib/HTTP/Engine/Interface.pm line 31
	HTTP::Engine::Interface::__ANON__() called at /home/cpansand/.cpan/build/2018031712/HTTP-Engine-0.03005-5/blib/lib/HTTP/Engine/Interface/CGI.pm line 18
	require HTTP/Engine/Interface/CGI.pm called at t/moose/010_core/response_writer.t line 9
	main::BEGIN() called at /home/cpansand/.cpan/build/2018031712/HTTP-Engine-0.03005-5/blib/lib/HTTP/Engine/Interface/CGI.pm line 0
	eval {...} called at /home/cpansand/.cpan/build/2018031712/HTTP-Engine-0.03005-5/blib/lib/HTTP/Engine/Interface/CGI.pm line 0
t/moose/010_core/response_writer.t .......................... ok
Possible precedence issue with control flow operator at /home/cpansand/.cpan/build/2018031712/HTTP-Engine-0.03005-5/inc/Test/Builder.pm line 917.
Any::Moose is deprecated. Please use Moo instead at /home/cpansand/.cpan/build/2018031712/HTTP-Engine-0.03005-5/blib/lib/HTTP/Engine/Request.pm line 2.
t/moose/010_core/responsewriter-broken_io.t ................. ok
Any::Moose is deprecated. Please use Moo instead at t/moose/010_core/responsewriter-with_io.t line 7.
Possible precedence issue with control flow operator at /home/cpansand/.cpan/build/2018031712/HTTP-Engine-0.03005-5/inc/Test/Builder.pm line 917.
t/moose/010_core/responsewriter-with_io.t ................... ok
Any::Moose is deprecated. Please use Moo instead at /home/cpansand/.cpan/build/2018031712/HTTP-Engine-0.03005-5/blib/lib/HTTP/Engine.pm line 3.
Class::MOP::load_class is deprecated at /usr/perl5.20.3p/lib/site_perl/5.20.3/amd64-freebsd/Class/MOP.pm line 69.
	Class::MOP::load_class("HTTP::Engine::RequestBuilder::CGI") called at /home/cpansand/.cpan/build/2018031712/HTTP-Engine-0.03005-5/blib/lib/HTTP/Engine/Interface.pm line 65
	HTTP::Engine::Interface::_setup_builder("HTTP::Engine::Interface::CGI", "CGI") called at /home/cpansand/.cpan/build/2018031712/HTTP-Engine-0.03005-5/blib/lib/HTTP/Engine/Interface.pm line 51
	HTTP::Engine::Interface::__INTERFACE__("HTTP::Engine::Interface::CGI") called at /home/cpansand/.cpan/build/2018031712/HTTP-Engine-0.03005-5/blib/lib/HTTP/Engine/Interface.pm line 31
	HTTP::Engine::Interface::__ANON__() called at /home/cpansand/.cpan/build/2018031712/HTTP-Engine-0.03005-5/blib/lib/HTTP/Engine/Interface/CGI.pm line 18
	require HTTP/Engine/Interface/CGI.pm called at t/moose/020_interface/cgi.t line 5
	main::BEGIN() called at /home/cpansand/.cpan/build/2018031712/HTTP-Engine-0.03005-5/blib/lib/HTTP/Engine/Interface/CGI.pm line 0
	eval {...} called at /home/cpansand/.cpan/build/2018031712/HTTP-Engine-0.03005-5/blib/lib/HTTP/Engine/Interface/CGI.pm line 0
Possible precedence issue with control flow operator at /home/cpansand/.cpan/build/2018031712/HTTP-Engine-0.03005-5/inc/Test/Builder.pm line 917.
Class::MOP::load_class is deprecated at /usr/perl5.20.3p/lib/site_perl/5.20.3/amd64-freebsd/Class/MOP.pm line 69, <DATA> line 1.
	Class::MOP::load_class("HTTP::Engine::Interface::CGI") called at /home/cpansand/.cpan/build/2018031712/HTTP-Engine-0.03005-5/blib/lib/HTTP/Engine/Types/Core.pm line 26
	HTTP::Engine::Types::Core::__ANON__(HASH(0x45cc9258)) called at /usr/perl5.20.3p/lib/site_perl/5.20.3/amd64-freebsd/Moose/Meta/TypeCoercion.pm line 65
	Moose::Meta::TypeCoercion::__ANON__(HASH(0x45cc9258)) called at constructor HTTP::Engine::new (defined at /home/cpansand/.cpan/build/2018031712/HTTP-Engine-0.03005-5/blib/lib/HTTP/Engine.pm line 17) line 32
	HTTP::Engine::new("HTTP::Engine", "interface", HASH(0x45cc9258)) called at t/moose/020_interface/cgi.t line 36
	main::__ANON__(Test::Base::Block=HASH(0x45cc9660)) called at /home/cpansand/.cpan/build/2018031712/HTTP-Engine-0.03005-5/inc/Test/Base.pm line 269
	Test::Base::run(undef) called at t/moose/020_interface/cgi.t line 39
t/moose/020_interface/cgi.t ................................. ok
Possible precedence issue with control flow operator at /home/cpansand/.cpan/build/2018031712/HTTP-Engine-0.03005-5/inc/Test/Builder.pm line 917.
t/moose/020_interface/lighty-fcgi.t ......................... skipped: set TEST_LIGHTTPD to enable this test
Any::Moose is deprecated. Please use Moo instead at t/Utils.pm line 2.
Possible precedence issue with control flow operator at /home/cpansand/.cpan/build/2018031712/HTTP-Engine-0.03005-5/inc/Test/Builder.pm line 917.
t/moose/020_interface/modperl_wildcard_hostname.t ........... skipped: this test requires mod_perl 2
Possible precedence issue with control flow operator at /home/cpansand/.cpan/build/2018031712/HTTP-Engine-0.03005-5/inc/Test/Builder.pm line 917.
Any::Moose is deprecated. Please use Moo instead at /home/cpansand/.cpan/build/2018031712/HTTP-Engine-0.03005-5/blib/lib/HTTP/Engine.pm line 3.
Class::MOP::load_class is deprecated at /usr/perl5.20.3p/lib/site_perl/5.20.3/amd64-freebsd/Class/MOP.pm line 69.
	Class::MOP::load_class("HTTP::Engine::RequestBuilder::NoEnv") called at /home/cpansand/.cpan/build/2018031712/HTTP-Engine-0.03005-5/blib/lib/HTTP/Engine/Interface.pm line 65
	HTTP::Engine::Interface::_setup_builder("HTTP::Engine::Interface::POE", "NoEnv") called at /home/cpansand/.cpan/build/2018031712/HTTP-Engine-0.03005-5/blib/lib/HTTP/Engine/Interface.pm line 51
	HTTP::Engine::Interface::__INTERFACE__("HTTP::Engine::Interface::POE") called at /home/cpansand/.cpan/build/2018031712/HTTP-Engine-0.03005-5/blib/lib/HTTP/Engine/Interface.pm line 31
	HTTP::Engine::Interface::__ANON__() called at /home/cpansand/.cpan/build/2018031712/HTTP-Engine-0.03005-5/blib/lib/HTTP/Engine/Interface/POE.pm line 132
	require HTTP/Engine/Interface/POE.pm called at (eval 357) line 2
	main::BEGIN() called at /home/cpansand/.cpan/build/2018031712/HTTP-Engine-0.03005-5/blib/lib/HTTP/Engine/Interface/POE.pm line 0
	eval {...} called at /home/cpansand/.cpan/build/2018031712/HTTP-Engine-0.03005-5/blib/lib/HTTP/Engine/Interface/POE.pm line 0
	eval 'package main;
use HTTP::Engine::Interface::POE @{$args[0]};
1;
' called at /home/cpansand/.cpan/build/2018031712/HTTP-Engine-0.03005-5/inc/Test/More.pm line 884
	Test::More::_eval("package main;\x{a}use HTTP::Engine::Interface::POE \@{\$args[0]};\x{a}1;\x{a}", ARRAY(0x41e3c6a8)) called at /home/cpansand/.cpan/build/2018031712/HTTP-Engine-0.03005-5/inc/Test/More.pm line 859
	Test::More::use_ok("HTTP::Engine::Interface::POE") called at t/moose/020_interface/poe-proxy.t line 15
=== 6143 === !!! Kernel has 1 child process(es).
=== 6143 === !!! Stopped child process (PID 6151) reaped when POE::Kernel->run() is ready to return.
=== 6143 === !!! Stopped child process (PID 6150) reaped when POE::Kernel->run() is ready to return.
=== 6143 === !!! Stopped child process (PID 6149) reaped when POE::Kernel->run() is ready to return.
=== 6143 === !!! Stopped child process (PID 6148) reaped when POE::Kernel->run() is ready to return.
=== 6143 === !!! Stopped child process (PID 6147) reaped when POE::Kernel->run() is ready to return.
=== 6143 === !!! Stopped child process (PID 6146) reaped when POE::Kernel->run() is ready to return.
=== 6143 === !!! Stopped child process (PID 6145) reaped when POE::Kernel->run() is ready to return.
=== 6143 === !!! Stopped child process (PID 6144) reaped when POE::Kernel->run() is ready to return.
=== 6143 === !!! Be sure to use sig_child() to reap child processes.
=== 6143 === !!! In extreme cases, failure to reap child processes has
=== 6143 === !!! resulted in a slow 'fork bomb' that has halted systems.
t/moose/020_interface/poe-proxy.t ........................... ok
Possible precedence issue with control flow operator at /home/cpansand/.cpan/build/2018031712/HTTP-Engine-0.03005-5/inc/Test/Builder.pm line 917.
Any::Moose is deprecated. Please use Moo instead at /home/cpansand/.cpan/build/2018031712/HTTP-Engine-0.03005-5/blib/lib/HTTP/Engine.pm line 3.
Class::MOP::load_class is deprecated at /usr/perl5.20.3p/lib/site_perl/5.20.3/amd64-freebsd/Class/MOP.pm line 69.
	Class::MOP::load_class("HTTP::Engine::RequestBuilder::NoEnv") called at /home/cpansand/.cpan/build/2018031712/HTTP-Engine-0.03005-5/blib/lib/HTTP/Engine/Interface.pm line 65
	HTTP::Engine::Interface::_setup_builder("HTTP::Engine::Interface::POE", "NoEnv") called at /home/cpansand/.cpan/build/2018031712/HTTP-Engine-0.03005-5/blib/lib/HTTP/Engine/Interface.pm line 51
	HTTP::Engine::Interface::__INTERFACE__("HTTP::Engine::Interface::POE") called at /home/cpansand/.cpan/build/2018031712/HTTP-Engine-0.03005-5/blib/lib/HTTP/Engine/Interface.pm line 31
	HTTP::Engine::Interface::__ANON__() called at /home/cpansand/.cpan/build/2018031712/HTTP-Engine-0.03005-5/blib/lib/HTTP/Engine/Interface/POE.pm line 132
	require HTTP/Engine/Interface/POE.pm called at (eval 357) line 2
	main::BEGIN() called at /home/cpansand/.cpan/build/2018031712/HTTP-Engine-0.03005-5/blib/lib/HTTP/Engine/Interface/POE.pm line 0
	eval {...} called at /home/cpansand/.cpan/build/2018031712/HTTP-Engine-0.03005-5/blib/lib/HTTP/Engine/Interface/POE.pm line 0
	eval 'package main;
use HTTP::Engine::Interface::POE @{$args[0]};
1;
' called at /home/cpansand/.cpan/build/2018031712/HTTP-Engine-0.03005-5/inc/Test/More.pm line 884
	Test::More::_eval("package main;\x{a}use HTTP::Engine::Interface::POE \@{\$args[0]};\x{a}1;\x{a}", ARRAY(0x41e3c6a8)) called at /home/cpansand/.cpan/build/2018031712/HTTP-Engine-0.03005-5/inc/Test/More.pm line 859
	Test::More::use_ok("HTTP::Engine::Interface::POE") called at t/moose/020_interface/poe-uri.t line 16
=== 6152 === !!! Kernel has 1 child process(es).
=== 6152 === !!! Stopped child process (PID 6160) reaped when POE::Kernel->run() is ready to return.
=== 6152 === !!! Stopped child process (PID 6159) reaped when POE::Kernel->run() is ready to return.
=== 6152 === !!! Stopped child process (PID 6158) reaped when POE::Kernel->run() is ready to return.
=== 6152 === !!! Stopped child process (PID 6157) reaped when POE::Kernel->run() is ready to return.
=== 6152 === !!! Stopped child process (PID 6156) reaped when POE::Kernel->run() is ready to return.
=== 6152 === !!! Stopped child process (PID 6155) reaped when POE::Kernel->run() is ready to return.
=== 6152 === !!! Stopped child process (PID 6154) reaped when POE::Kernel->run() is ready to return.
=== 6152 === !!! Stopped child process (PID 6153) reaped when POE::Kernel->run() is ready to return.
=== 6152 === !!! Be sure to use sig_child() to reap child processes.
=== 6152 === !!! In extreme cases, failure to reap child processes has
=== 6152 === !!! resulted in a slow 'fork bomb' that has halted systems.
t/moose/020_interface/poe-uri.t ............................. ok
Possible precedence issue with control flow operator at /home/cpansand/.cpan/build/2018031712/HTTP-Engine-0.03005-5/inc/Test/Builder.pm line 917.
Any::Moose is deprecated. Please use Moo instead at /home/cpansand/.cpan/build/2018031712/HTTP-Engine-0.03005-5/blib/lib/HTTP/Engine.pm line 3.
Class::MOP::load_class is deprecated at /usr/perl5.20.3p/lib/site_perl/5.20.3/amd64-freebsd/Class/MOP.pm line 69.
	Class::MOP::load_class("HTTP::Engine::RequestBuilder::NoEnv") called at /home/cpansand/.cpan/build/2018031712/HTTP-Engine-0.03005-5/blib/lib/HTTP/Engine/Interface.pm line 65
	HTTP::Engine::Interface::_setup_builder("HTTP::Engine::Interface::POE", "NoEnv") called at /home/cpansand/.cpan/build/2018031712/HTTP-Engine-0.03005-5/blib/lib/HTTP/Engine/Interface.pm line 51
	HTTP::Engine::Interface::__INTERFACE__("HTTP::Engine::Interface::POE") called at /home/cpansand/.cpan/build/2018031712/HTTP-Engine-0.03005-5/blib/lib/HTTP/Engine/Interface.pm line 31
	HTTP::Engine::Interface::__ANON__() called at /home/cpansand/.cpan/build/2018031712/HTTP-Engine-0.03005-5/blib/lib/HTTP/Engine/Interface/POE.pm line 132
	require HTTP/Engine/Interface/POE.pm called at (eval 357) line 2
	main::BEGIN() called at /home/cpansand/.cpan/build/2018031712/HTTP-Engine-0.03005-5/blib/lib/HTTP/Engine/Interface/POE.pm line 0
	eval {...} called at /home/cpansand/.cpan/build/2018031712/HTTP-Engine-0.03005-5/blib/lib/HTTP/Engine/Interface/POE.pm line 0
	eval 'package main;
use HTTP::Engine::Interface::POE @{$args[0]};
1;
' called at /home/cpansand/.cpan/build/2018031712/HTTP-Engine-0.03005-5/inc/Test/More.pm line 884
	Test::More::_eval("package main;\x{a}use HTTP::Engine::Interface::POE \@{\$args[0]};\x{a}1;\x{a}", ARRAY(0x41e5d6a8)) called at /home/cpansand/.cpan/build/2018031712/HTTP-Engine-0.03005-5/inc/Test/More.pm line 859
	Test::More::use_ok("HTTP::Engine::Interface::POE") called at t/moose/020_interface/poe.t line 15
=== 6161 === !!! Kernel has 1 child process(es).
=== 6161 === !!! Stopped child process (PID 6169) reaped when POE::Kernel->run() is ready to return.
=== 6161 === !!! Stopped child process (PID 6168) reaped when POE::Kernel->run() is ready to return.
=== 6161 === !!! Stopped child process (PID 6167) reaped when POE::Kernel->run() is ready to return.
=== 6161 === !!! Stopped child process (PID 6166) reaped when POE::Kernel->run() is ready to return.
=== 6161 === !!! Stopped child process (PID 6165) reaped when POE::Kernel->run() is ready to return.
=== 6161 === !!! Stopped child process (PID 6164) reaped when POE::Kernel->run() is ready to return.
=== 6161 === !!! Stopped child process (PID 6163) reaped when POE::Kernel->run() is ready to return.
=== 6161 === !!! Stopped child process (PID 6162) reaped when POE::Kernel->run() is ready to return.
=== 6161 === !!! Be sure to use sig_child() to reap child processes.
=== 6161 === !!! In extreme cases, failure to reap child processes has
=== 6161 === !!! resulted in a slow 'fork bomb' that has halted systems.
t/moose/020_interface/poe.t ................................. ok
Any::Moose is deprecated. Please use Moo instead at t/Utils.pm line 2.
Possible precedence issue with control flow operator at /home/cpansand/.cpan/build/2018031712/HTTP-Engine-0.03005-5/inc/Test/Builder.pm line 917.
Class::MOP::load_class is deprecated at /usr/perl5.20.3p/lib/site_perl/5.20.3/amd64-freebsd/Class/MOP.pm line 69.
	Class::MOP::load_class("HTTP::Engine::Interface::PSGI") called at /home/cpansand/.cpan/build/2018031712/HTTP-Engine-0.03005-5/blib/lib/HTTP/Engine/Types/Core.pm line 26
	HTTP::Engine::Types::Core::__ANON__(HASH(0x45f11498)) called at /usr/perl5.20.3p/lib/site_perl/5.20.3/amd64-freebsd/Moose/Meta/TypeCoercion.pm line 65
	Moose::Meta::TypeCoercion::__ANON__(HASH(0x45f11498)) called at constructor HTTP::Engine::new (defined at /home/cpansand/.cpan/build/2018031712/HTTP-Engine-0.03005-5/blib/lib/HTTP/Engine.pm line 17) line 32
	HTTP::Engine::new("HTTP::Engine", "interface", HASH(0x45f11498)) called at t/moose/020_interface/psgi-with_plack.t line 33
	main::__ANON__(50418) called at /home/cpansand/.cpan/build/2018031712/HTTP-Engine-0.03005-5/inc/Test/TCP.pm line 118
	Test::TCP::start(Test::TCP=HASH(0x45e95678)) called at /home/cpansand/.cpan/build/2018031712/HTTP-Engine-0.03005-5/inc/Test/TCP.pm line 101
	Test::TCP::new("Test::TCP", "code", CODE(0x45f49b10), "port", 50418) called at /home/cpansand/.cpan/build/2018031712/HTTP-Engine-0.03005-5/inc/Test/TCP.pm line 52
	Test::TCP::test_tcp("client", CODE(0x45f34d20), "server", CODE(0x45f49b10)) called at t/moose/020_interface/psgi-with_plack.t line 37
t/moose/020_interface/psgi-with_plack.t ..................... ok
Any::Moose is deprecated. Please use Moo instead at t/Utils.pm line 2.
Possible precedence issue with control flow operator at /home/cpansand/.cpan/build/2018031712/HTTP-Engine-0.03005-5/inc/Test/Builder.pm line 917.
Class::MOP::load_class is deprecated at /usr/perl5.20.3p/lib/site_perl/5.20.3/amd64-freebsd/Class/MOP.pm line 69.
	Class::MOP::load_class("HTTP::Engine::Interface::PSGI") called at /home/cpansand/.cpan/build/2018031712/HTTP-Engine-0.03005-5/blib/lib/HTTP/Engine/Types/Core.pm line 26
	HTTP::Engine::Types::Core::__ANON__(HASH(0x41c3c510)) called at /usr/perl5.20.3p/lib/site_perl/5.20.3/amd64-freebsd/Moose/Meta/TypeCoercion.pm line 65
	Moose::Meta::TypeCoercion::__ANON__(HASH(0x41c3c510)) called at constructor HTTP::Engine::new (defined at /home/cpansand/.cpan/build/2018031712/HTTP-Engine-0.03005-5/blib/lib/HTTP/Engine.pm line 17) line 32
	HTTP::Engine::new("HTTP::Engine", "interface", HASH(0x41c3c510)) called at t/moose/020_interface/psgi.t line 24
t/moose/020_interface/psgi.t ................................ ok
Any::Moose is deprecated. Please use Moo instead at t/Utils.pm line 2.
Possible precedence issue with control flow operator at /home/cpansand/.cpan/build/2018031712/HTTP-Engine-0.03005-5/inc/Test/Builder.pm line 917.
Class::MOP::load_class is deprecated at /usr/perl5.20.3p/lib/site_perl/5.20.3/amd64-freebsd/Class/MOP.pm line 69, <DATA> line 11.
	Class::MOP::load_class("HTTP::Engine::Interface::ServerSimple") called at /home/cpansand/.cpan/build/2018031712/HTTP-Engine-0.03005-5/blib/lib/HTTP/Engine/Types/Core.pm line 26
	HTTP::Engine::Types::Core::__ANON__(HASH(0x46536d08)) called at /usr/perl5.20.3p/lib/site_perl/5.20.3/amd64-freebsd/Moose/Meta/TypeCoercion.pm line 65
	Moose::Meta::TypeCoercion::__ANON__(HASH(0x46536d08)) called at constructor HTTP::Engine::new (defined at /home/cpansand/.cpan/build/2018031712/HTTP-Engine-0.03005-5/blib/lib/HTTP/Engine.pm line 17) line 32
	HTTP::Engine::new("HTTP::Engine", "interface", HASH(0x46536d08)) called at t/moose/020_interface/server_simple-net_server_configure.t line 52
	main::__ANON__(50270) called at /home/cpansand/.cpan/build/2018031712/HTTP-Engine-0.03005-5/inc/Test/TCP.pm line 118
	Test::TCP::start(Test::TCP=HASH(0x464ae108)) called at /home/cpansand/.cpan/build/2018031712/HTTP-Engine-0.03005-5/inc/Test/TCP.pm line 101
	Test::TCP::new("Test::TCP", "code", CODE(0x41cb2738), "port", 50270) called at /home/cpansand/.cpan/build/2018031712/HTTP-Engine-0.03005-5/inc/Test/TCP.pm line 52
	Test::TCP::test_tcp("client", CODE(0x45f331f8), "server", CODE(0x41cb2738)) called at t/moose/020_interface/server_simple-net_server_configure.t line 54
t/moose/020_interface/server_simple-net_server_configure.t .. ok
Possible precedence issue with control flow operator at /home/cpansand/.cpan/build/2018031712/HTTP-Engine-0.03005-5/inc/Test/Builder.pm line 917.
Any::Moose is deprecated. Please use Moo instead at /home/cpansand/.cpan/build/2018031712/HTTP-Engine-0.03005-5/blib/lib/HTTP/Engine.pm line 3.
Class::MOP::load_class is deprecated at /usr/perl5.20.3p/lib/site_perl/5.20.3/amd64-freebsd/Class/MOP.pm line 69, <DATA> line 11.
	Class::MOP::load_class("HTTP::Engine::Interface::ServerSimple") called at /home/cpansand/.cpan/build/2018031712/HTTP-Engine-0.03005-5/blib/lib/HTTP/Engine/Types/Core.pm line 26
	HTTP::Engine::Types::Core::__ANON__(HASH(0x4600fd08)) called at /usr/perl5.20.3p/lib/site_perl/5.20.3/amd64-freebsd/Moose/Meta/TypeCoercion.pm line 65
	Moose::Meta::TypeCoercion::__ANON__(HASH(0x4600fd08)) called at constructor HTTP::Engine::new (defined at /home/cpansand/.cpan/build/2018031712/HTTP-Engine-0.03005-5/blib/lib/HTTP/Engine.pm line 17) line 32
	HTTP::Engine::new("HTTP::Engine", "interface", HASH(0x4600fd08)) called at t/moose/020_interface/server_simple-not-send-header-bug.t line 39
	main::__ANON__(50442) called at /home/cpansand/.cpan/build/2018031712/HTTP-Engine-0.03005-5/inc/Test/TCP.pm line 118
	Test::TCP::start(Test::TCP=HASH(0x41cb2738)) called at /home/cpansand/.cpan/build/2018031712/HTTP-Engine-0.03005-5/inc/Test/TCP.pm line 101
	Test::TCP::new("Test::TCP", "code", CODE(0x41fe42a0), "port", 50442) called at /home/cpansand/.cpan/build/2018031712/HTTP-Engine-0.03005-5/inc/Test/TCP.pm line 52
	Test::TCP::test_tcp("client", CODE(0x41fe8fc0), "server", CODE(0x41fe42a0)) called at t/moose/020_interface/server_simple-not-send-header-bug.t line 41
Class::MOP::load_class is deprecated at /usr/perl5.20.3p/lib/site_perl/5.20.3/amd64-freebsd/Class/MOP.pm line 69, <DATA> line 16.
	Class::MOP::load_class("HTTP::Engine::RequestBuilder::NoEnv") called at /home/cpansand/.cpan/build/2018031712/HTTP-Engine-0.03005-5/blib/lib/HTTP/Engine/Interface.pm line 65
	HTTP::Engine::Interface::_setup_builder("HTTP::Engine::Interface::ServerSimple", "NoEnv") called at /home/cpansand/.cpan/build/2018031712/HTTP-Engine-0.03005-5/blib/lib/HTTP/Engine/Interface.pm line 51
	HTTP::Engine::Interface::__INTERFACE__("HTTP::Engine::Interface::ServerSimple") called at /home/cpansand/.cpan/build/2018031712/HTTP-Engine-0.03005-5/blib/lib/HTTP/Engine/Interface.pm line 31
	HTTP::Engine::Interface::__ANON__() called at /home/cpansand/.cpan/build/2018031712/HTTP-Engine-0.03005-5/blib/lib/HTTP/Engine/Interface/ServerSimple.pm line 111
	require HTTP/Engine/Interface/ServerSimple.pm called at /usr/perl5.20.3p/lib/site_perl/5.20.3/Module/Runtime.pm line 314
	Module::Runtime::require_module("HTTP::Engine::Interface::ServerSimple") called at /usr/perl5.20.3p/lib/site_perl/5.20.3/Class/Load.pm line 174
	Class::Load::try {...} () called at /usr/perl5.20.3p/lib/site_perl/5.20.3/Try/Tiny.pm line 98
	eval {...} called at /usr/perl5.20.3p/lib/site_perl/5.20.3/Try/Tiny.pm line 93
	Try::Tiny::try(CODE(0x450cf3d8), Try::Tiny::Catch=REF(0x44f90738)) called at /usr/perl5.20.3p/lib/site_perl/5.20.3/Class/Load.pm line 180
	Class::Load::try_load_class("HTTP::Engine::Interface::ServerSimple", undef) called at /usr/perl5.20.3p/lib/site_perl/5.20.3/Class/Load.pm line 35
	Class::Load::load_class("HTTP::Engine::Interface::ServerSimple") called at /home/cpansand/.cpan/build/2018031712/HTTP-Engine-0.03005-5/blib/lib/HTTP/Engine/Types/Core.pm line 26
	HTTP::Engine::Types::Core::__ANON__(HASH(0x4600fd08)) called at /usr/perl5.20.3p/lib/site_perl/5.20.3/amd64-freebsd/Moose/Meta/TypeCoercion.pm line 65
	Moose::Meta::TypeCoercion::__ANON__(HASH(0x4600fd08)) called at constructor HTTP::Engine::new (defined at /home/cpansand/.cpan/build/2018031712/HTTP-Engine-0.03005-5/blib/lib/HTTP/Engine.pm line 17) line 32
	HTTP::Engine::new("HTTP::Engine", "interface", HASH(0x4600fd08)) called at t/moose/020_interface/server_simple-not-send-header-bug.t line 39
	main::__ANON__(50442) called at /home/cpansand/.cpan/build/2018031712/HTTP-Engine-0.03005-5/inc/Test/TCP.pm line 118
	Test::TCP::start(Test::TCP=HASH(0x41cb2738)) called at /home/cpansand/.cpan/build/2018031712/HTTP-Engine-0.03005-5/inc/Test/TCP.pm line 101
	Test::TCP::new("Test::TCP", "code", CODE(0x41fe42a0), "port", 50442) called at /home/cpansand/.cpan/build/2018031712/HTTP-Engine-0.03005-5/inc/Test/TCP.pm line 52
	Test::TCP::test_tcp("client", CODE(0x41fe8fc0), "server", CODE(0x41fe42a0)) called at t/moose/020_interface/server_simple-not-send-header-bug.t line 41
t/moose/020_interface/server_simple-not-send-header-bug.t ... ok
Any::Moose is deprecated. Please use Moo instead at t/Utils.pm line 2.
Possible precedence issue with control flow operator at /home/cpansand/.cpan/build/2018031712/HTTP-Engine-0.03005-5/inc/Test/Builder.pm line 917.
Class::MOP::load_class is deprecated at /usr/perl5.20.3p/lib/site_perl/5.20.3/amd64-freebsd/Class/MOP.pm line 69, <DATA> line 11.
	Class::MOP::load_class("HTTP::Engine::Interface::ServerSimple") called at /home/cpansand/.cpan/build/2018031712/HTTP-Engine-0.03005-5/blib/lib/HTTP/Engine/Types/Core.pm line 26
	HTTP::Engine::Types::Core::__ANON__(HASH(0x45f887e0)) called at /usr/perl5.20.3p/lib/site_perl/5.20.3/amd64-freebsd/Moose/Meta/TypeCoercion.pm line 65
	Moose::Meta::TypeCoercion::__ANON__(HASH(0x45f887e0)) called at constructor HTTP::Engine::new (defined at /home/cpansand/.cpan/build/2018031712/HTTP-Engine-0.03005-5/blib/lib/HTTP/Engine.pm line 17) line 32
	HTTP::Engine::new("HTTP::Engine", "interface", HASH(0x45f887e0)) called at t/moose/020_interface/server_simple-print_banner.t line 32
	main::__ANON__(50352) called at /home/cpansand/.cpan/build/2018031712/HTTP-Engine-0.03005-5/inc/Test/TCP.pm line 118
	Test::TCP::start(Test::TCP=HASH(0x45f46e28)) called at /home/cpansand/.cpan/build/2018031712/HTTP-Engine-0.03005-5/inc/Test/TCP.pm line 101
	Test::TCP::new("Test::TCP", "code", CODE(0x41c3c438), "port", 50352) called at /home/cpansand/.cpan/build/2018031712/HTTP-Engine-0.03005-5/inc/Test/TCP.pm line 52
	Test::TCP::test_tcp("client", CODE(0x41ce74c8), "server", CODE(0x41c3c438)) called at t/moose/020_interface/server_simple-print_banner.t line 34
t/moose/020_interface/server_simple-print_banner.t .......... ok
Any::Moose is deprecated. Please use Moo instead at t/Utils.pm line 2.
Possible precedence issue with control flow operator at /home/cpansand/.cpan/build/2018031712/HTTP-Engine-0.03005-5/inc/Test/Builder.pm line 917.
Class::MOP::load_class is deprecated at /usr/perl5.20.3p/lib/site_perl/5.20.3/amd64-freebsd/Class/MOP.pm line 69, <DATA> line 11.
	Class::MOP::load_class("HTTP::Engine::Interface::ServerSimple") called at /home/cpansand/.cpan/build/2018031712/HTTP-Engine-0.03005-5/blib/lib/HTTP/Engine/Types/Core.pm line 26
	HTTP::Engine::Types::Core::__ANON__(HASH(0x464af6c0)) called at /usr/perl5.20.3p/lib/site_perl/5.20.3/amd64-freebsd/Moose/Meta/TypeCoercion.pm line 65
	Moose::Meta::TypeCoercion::__ANON__(HASH(0x464af6c0)) called at constructor HTTP::Engine::new (defined at /home/cpansand/.cpan/build/2018031712/HTTP-Engine-0.03005-5/blib/lib/HTTP/Engine.pm line 17) line 32
	HTTP::Engine::new("HTTP::Engine", "interface", HASH(0x464af6c0)) called at t/moose/020_interface/server_simple.t line 36
	main::__ANON__(50847) called at /home/cpansand/.cpan/build/2018031712/HTTP-Engine-0.03005-5/inc/Test/TCP.pm line 118
	Test::TCP::start(Test::TCP=HASH(0x46466870)) called at /home/cpansand/.cpan/build/2018031712/HTTP-Engine-0.03005-5/inc/Test/TCP.pm line 101
	Test::TCP::new("Test::TCP", "code", CODE(0x46490dc8), "port", 50847) called at /home/cpansand/.cpan/build/2018031712/HTTP-Engine-0.03005-5/inc/Test/TCP.pm line 52
	Test::TCP::test_tcp("client", CODE(0x45f33ba0), "server", CODE(0x46490dc8)) called at t/moose/020_interface/server_simple.t line 38
t/moose/020_interface/server_simple.t ....................... ok
Any::Moose is deprecated. Please use Moo instead at t/Utils.pm line 2.
Possible precedence issue with control flow operator at /home/cpansand/.cpan/build/2018031712/HTTP-Engine-0.03005-5/inc/Test/Builder.pm line 917.
t/moose/020_interface/standalone-keep_alive.t ............... skipped: Interface::Standalone will be removed
Any::Moose is deprecated. Please use Moo instead at t/Utils.pm line 2.
Possible precedence issue with control flow operator at /home/cpansand/.cpan/build/2018031712/HTTP-Engine-0.03005-5/inc/Test/Builder.pm line 917.
t/moose/020_interface/standalone-restart.t .................. skipped: Interface::Standalone will be removed
Any::Moose is deprecated. Please use Moo instead at t/Utils.pm line 2.
Possible precedence issue with control flow operator at /home/cpansand/.cpan/build/2018031712/HTTP-Engine-0.03005-5/inc/Test/Builder.pm line 917.
Class::MOP::load_class is deprecated at /usr/perl5.20.3p/lib/site_perl/5.20.3/amd64-freebsd/Class/MOP.pm line 69.
	Class::MOP::load_class("HTTP::Engine::Interface::Test") called at /home/cpansand/.cpan/build/2018031712/HTTP-Engine-0.03005-5/blib/lib/HTTP/Engine/Types/Core.pm line 26
	HTTP::Engine::Types::Core::__ANON__(HASH(0x45f4ff78)) called at /usr/perl5.20.3p/lib/site_perl/5.20.3/amd64-freebsd/Moose/Meta/TypeCoercion.pm line 65
	Moose::Meta::TypeCoercion::__ANON__(HASH(0x45f4ff78)) called at constructor HTTP::Engine::new (defined at /home/cpansand/.cpan/build/2018031712/HTTP-Engine-0.03005-5/blib/lib/HTTP/Engine.pm line 17) line 32
	HTTP::Engine::new("HTTP::Engine", "interface", HASH(0x45f4ff78)) called at t/moose/020_interface/streaming_response.t line 30
	eval {...} called at t/moose/020_interface/streaming_response.t line 19
t/moose/020_interface/streaming_response.t .................. ok
Any::Moose is deprecated. Please use Moo instead at /home/cpansand/.cpan/build/2018031712/HTTP-Engine-0.03005-5/blib/lib/HTTP/Engine.pm line 3.
Possible precedence issue with control flow operator at /home/cpansand/.cpan/build/2018031712/HTTP-Engine-0.03005-5/inc/Test/Builder.pm line 917.

#   Failed test at t/moose/020_interface/test-validation.t line 23.
#          got: '1'
#     expected: '0'
# Looks like you failed 1 test of 10.
t/moose/020_interface/test-validation.t ..................... 
Dubious, test returned 1 (wstat 256, 0x100)
Failed 1/10 subtests 
Possible precedence issue with control flow operator at /home/cpansand/.cpan/build/2018031712/HTTP-Engine-0.03005-5/inc/Test/Builder.pm line 917.
Any::Moose is deprecated. Please use Moo instead at /home/cpansand/.cpan/build/2018031712/HTTP-Engine-0.03005-5/blib/lib/HTTP/Engine.pm line 3.
t/moose/020_interface/test-warn_at_utf8.t ................... ok
Any::Moose is deprecated. Please use Moo instead at /home/cpansand/.cpan/build/2018031712/HTTP-Engine-0.03005-5/blib/lib/HTTP/Engine.pm line 3.
Possible precedence issue with control flow operator at /home/cpansand/.cpan/build/2018031712/HTTP-Engine-0.03005-5/inc/Test/Builder.pm line 917.
Class::MOP::load_class is deprecated at /usr/perl5.20.3p/lib/site_perl/5.20.3/amd64-freebsd/Class/MOP.pm line 69, <DATA> line 1.
	Class::MOP::load_class("HTTP::Engine::Interface::Test") called at /home/cpansand/.cpan/build/2018031712/HTTP-Engine-0.03005-5/blib/lib/HTTP/Engine/Types/Core.pm line 26
	HTTP::Engine::Types::Core::__ANON__(HASH(0x45348d80)) called at /usr/perl5.20.3p/lib/site_perl/5.20.3/amd64-freebsd/Moose/Meta/TypeCoercion.pm line 65
	Moose::Meta::TypeCoercion::__ANON__(HASH(0x45348d80)) called at constructor HTTP::Engine::new (defined at /home/cpansand/.cpan/build/2018031712/HTTP-Engine-0.03005-5/blib/lib/HTTP/Engine.pm line 17) line 32
	HTTP::Engine::new("HTTP::Engine", "interface", HASH(0x45348d80)) called at t/moose/020_interface/test.t line 38
	main::__ANON__(Test::Base::Block=HASH(0x452b8078)) called at /home/cpansand/.cpan/build/2018031712/HTTP-Engine-0.03005-5/inc/Test/Base.pm line 269
	Test::Base::run(undef) called at t/moose/020_interface/test.t line 43
t/moose/020_interface/test.t ................................ ok
Possible precedence issue with control flow operator at /home/cpansand/.cpan/build/2018031712/HTTP-Engine-0.03005-5/inc/Test/Builder.pm line 917.
Any::Moose is deprecated. Please use Moo instead at /home/cpansand/.cpan/build/2018031712/HTTP-Engine-0.03005-5/blib/lib/HTTP/Engine.pm line 3.
Class::MOP::load_class is deprecated at /usr/perl5.20.3p/lib/site_perl/5.20.3/amd64-freebsd/Class/MOP.pm line 69.
	Class::MOP::load_class("HTTP::Engine::Interface::Test") called at /home/cpansand/.cpan/build/2018031712/HTTP-Engine-0.03005-5/blib/lib/HTTP/Engine/Types/Core.pm line 26
	HTTP::Engine::Types::Core::__ANON__(HASH(0x45eb6798)) called at /usr/perl5.20.3p/lib/site_perl/5.20.3/amd64-freebsd/Moose/Meta/TypeCoercion.pm line 65
	Moose::Meta::TypeCoercion::__ANON__(HASH(0x45eb6798)) called at constructor HTTP::Engine::new (defined at /home/cpansand/.cpan/build/2018031712/HTTP-Engine-0.03005-5/blib/lib/HTTP/Engine.pm line 17) line 32
	HTTP::Engine::new("HTTP::Engine", "interface", HASH(0x45eb6798)) called at t/moose/020_interface/test_response-with_io.t line 26
t/moose/020_interface/test_response-with_io.t ............... ok
Any::Moose is deprecated. Please use Moo instead at t/Utils.pm line 2.
Possible precedence issue with control flow operator at /home/cpansand/.cpan/build/2018031712/HTTP-Engine-0.03005-5/inc/Test/Builder.pm line 917.
Class::MOP::load_class is deprecated at /usr/perl5.20.3p/lib/site_perl/5.20.3/amd64-freebsd/Class/MOP.pm line 69, <DATA> line 1.
	Class::MOP::load_class("HTTP::Engine::Interface::Test") called at /home/cpansand/.cpan/build/2018031712/HTTP-Engine-0.03005-5/blib/lib/HTTP/Engine/Types/Core.pm line 26
	HTTP::Engine::Types::Core::__ANON__(HASH(0x46a326d8)) called at /usr/perl5.20.3p/lib/site_perl/5.20.3/amd64-freebsd/Moose/Meta/TypeCoercion.pm line 65
	Moose::Meta::TypeCoercion::__ANON__(HASH(0x46a326d8)) called at constructor HTTP::Engine::new (defined at /home/cpansand/.cpan/build/2018031712/HTTP-Engine-0.03005-5/blib/lib/HTTP/Engine.pm line 17) line 32
	HTTP::Engine::new("HTTP::Engine", "interface", HASH(0x46a326d8)) called at t/moose/020_interface/test_upload.t line 55
	main::__ANON__(Test::Base::Block=HASH(0x41cb28d0)) called at /home/cpansand/.cpan/build/2018031712/HTTP-Engine-0.03005-5/inc/Test/Base.pm line 269
	Test::Base::run(undef) called at t/moose/020_interface/test_upload.t line 91
t/moose/020_interface/test_upload.t ......................... ok
Any::Moose is deprecated. Please use Moo instead at t/Utils.pm line 2.
Possible precedence issue with control flow operator at /home/cpansand/.cpan/build/2018031712/HTTP-Engine-0.03005-5/inc/Test/Builder.pm line 917.
Class::MOP::load_class is deprecated at /usr/perl5.20.3p/lib/site_perl/5.20.3/amd64-freebsd/Class/MOP.pm line 69.
	Class::MOP::load_class("HTTP::Engine::Interface::Standalone") called at /home/cpansand/.cpan/build/2018031712/HTTP-Engine-0.03005-5/blib/lib/HTTP/Engine/Types/Core.pm line 26
	HTTP::Engine::Types::Core::__ANON__(HASH(0x464b12a0)) called at /usr/perl5.20.3p/lib/site_perl/5.20.3/amd64-freebsd/Moose/Meta/TypeCoercion.pm line 65
	Moose::Meta::TypeCoercion::__ANON__(HASH(0x464b12a0)) called at constructor HTTP::Engine::new (defined at /home/cpansand/.cpan/build/2018031712/HTTP-Engine-0.03005-5/blib/lib/HTTP/Engine.pm line 17) line 32
	HTTP::Engine::new("HTTP::Engine", "interface", HASH(0x464b12a0)) called at t/Utils.pm line 129
	t::Utils::__ANON__(50667) called at /home/cpansand/.cpan/build/2018031712/HTTP-Engine-0.03005-5/inc/Test/TCP.pm line 118
	Test::TCP::start(Test::TCP=HASH(0x4747bee8)) called at /home/cpansand/.cpan/build/2018031712/HTTP-Engine-0.03005-5/inc/Test/TCP.pm line 101
	Test::TCP::new("Test::TCP", "code", CODE(0x466473a8), "port", 50667) called at /home/cpansand/.cpan/build/2018031712/HTTP-Engine-0.03005-5/inc/Test/TCP.pm line 52
	Test::TCP::test_tcp("client", CODE(0x46647168), "server", CODE(0x466473a8), "port", 50667) called at t/Utils.pm line 132
	t::Utils::daemonize_all(CODE(0x45f05d68), "    sub {\x{a}        my \$port = shift;\x{a}        return (\x{a}        "...) called at t/moose/030_daemonize/connection_info.t line 47
Class::MOP::load_class is deprecated at /usr/perl5.20.3p/lib/site_perl/5.20.3/amd64-freebsd/Class/MOP.pm line 69.
	Class::MOP::load_class("HTTP::Engine::Interface::ServerSimple") called at /home/cpansand/.cpan/build/2018031712/HTTP-Engine-0.03005-5/blib/lib/HTTP/Engine/Types/Core.pm line 26
	HTTP::Engine::Types::Core::__ANON__(HASH(0x464b12a0)) called at /usr/perl5.20.3p/lib/site_perl/5.20.3/amd64-freebsd/Moose/Meta/TypeCoercion.pm line 65
	Moose::Meta::TypeCoercion::__ANON__(HASH(0x464b12a0)) called at constructor HTTP::Engine::new (defined at /home/cpansand/.cpan/build/2018031712/HTTP-Engine-0.03005-5/blib/lib/HTTP/Engine.pm line 17) line 32
	HTTP::Engine::new("HTTP::Engine", "interface", HASH(0x464b12a0)) called at t/Utils.pm line 129
	t::Utils::__ANON__(50667) called at /home/cpansand/.cpan/build/2018031712/HTTP-Engine-0.03005-5/inc/Test/TCP.pm line 118
	Test::TCP::start(Test::TCP=HASH(0x47481360)) called at /home/cpansand/.cpan/build/2018031712/HTTP-Engine-0.03005-5/inc/Test/TCP.pm line 101
	Test::TCP::new("Test::TCP", "code", CODE(0x466473a8), "port", 50667) called at /home/cpansand/.cpan/build/2018031712/HTTP-Engine-0.03005-5/inc/Test/TCP.pm line 52
	Test::TCP::test_tcp("client", CODE(0x46647168), "server", CODE(0x466473a8), "port", 50667) called at t/Utils.pm line 132
	t::Utils::daemonize_all(CODE(0x45f05d68), "    sub {\x{a}        my \$port = shift;\x{a}        return (\x{a}        "...) called at t/moose/030_daemonize/connection_info.t line 47
Class::MOP::load_class is deprecated at /usr/perl5.20.3p/lib/site_perl/5.20.3/amd64-freebsd/Class/MOP.pm line 69.
	Class::MOP::load_class("HTTP::Engine::Interface::POE") called at /home/cpansand/.cpan/build/2018031712/HTTP-Engine-0.03005-5/blib/lib/HTTP/Engine/Types/Core.pm line 26
	HTTP::Engine::Types::Core::__ANON__(HASH(0x464b12a0)) called at /usr/perl5.20.3p/lib/site_perl/5.20.3/amd64-freebsd/Moose/Meta/TypeCoercion.pm line 65
	Moose::Meta::TypeCoercion::__ANON__(HASH(0x464b12a0)) called at constructor HTTP::Engine::new (defined at /home/cpansand/.cpan/build/2018031712/HTTP-Engine-0.03005-5/blib/lib/HTTP/Engine.pm line 17) line 32
	HTTP::Engine::new("HTTP::Engine", "interface", HASH(0x464b12a0)) called at t/Utils.pm line 129
	t::Utils::__ANON__(50667) called at /home/cpansand/.cpan/build/2018031712/HTTP-Engine-0.03005-5/inc/Test/TCP.pm line 118
	Test::TCP::start(Test::TCP=HASH(0x41e62828)) called at /home/cpansand/.cpan/build/2018031712/HTTP-Engine-0.03005-5/inc/Test/TCP.pm line 101
	Test::TCP::new("Test::TCP", "code", CODE(0x466473a8), "port", 50667) called at /home/cpansand/.cpan/build/2018031712/HTTP-Engine-0.03005-5/inc/Test/TCP.pm line 52
	Test::TCP::test_tcp("client", CODE(0x46647168), "server", CODE(0x466473a8), "port", 50667) called at t/Utils.pm line 132
	t::Utils::daemonize_all(CODE(0x45f05d68), "    sub {\x{a}        my \$port = shift;\x{a}        return (\x{a}        "...) called at t/moose/030_daemonize/connection_info.t line 47
t/moose/030_daemonize/connection_info.t ..................... ok
Any::Moose is deprecated. Please use Moo instead at t/Utils.pm line 2.
Possible precedence issue with control flow operator at /home/cpansand/.cpan/build/2018031712/HTTP-Engine-0.03005-5/inc/Test/Builder.pm line 917.
Class::MOP::load_class is deprecated at /usr/perl5.20.3p/lib/site_perl/5.20.3/amd64-freebsd/Class/MOP.pm line 69.
	Class::MOP::load_class("HTTP::Engine::Interface::Standalone") called at /home/cpansand/.cpan/build/2018031712/HTTP-Engine-0.03005-5/blib/lib/HTTP/Engine/Types/Core.pm line 26
	HTTP::Engine::Types::Core::__ANON__(HASH(0x46585de0)) called at /usr/perl5.20.3p/lib/site_perl/5.20.3/amd64-freebsd/Moose/Meta/TypeCoercion.pm line 65
	Moose::Meta::TypeCoercion::__ANON__(HASH(0x46585de0)) called at constructor HTTP::Engine::new (defined at /home/cpansand/.cpan/build/2018031712/HTTP-Engine-0.03005-5/blib/lib/HTTP/Engine.pm line 17) line 32
	HTTP::Engine::new("HTTP::Engine", "interface", HASH(0x46585de0)) called at t/Utils.pm line 129
	t::Utils::__ANON__(50860) called at /home/cpansand/.cpan/build/2018031712/HTTP-Engine-0.03005-5/inc/Test/TCP.pm line 118
	Test::TCP::start(Test::TCP=HASH(0x47475a50)) called at /home/cpansand/.cpan/build/2018031712/HTTP-Engine-0.03005-5/inc/Test/TCP.pm line 101
	Test::TCP::new("Test::TCP", "code", CODE(0x46642030), "port", 50860) called at /home/cpansand/.cpan/build/2018031712/HTTP-Engine-0.03005-5/inc/Test/TCP.pm line 52
	Test::TCP::test_tcp("client", CODE(0x47414dc8), "server", CODE(0x46642030), "port", 50860) called at t/Utils.pm line 132
	t::Utils::daemonize_all(CODE(0x45f06f18), "    sub {\x{a}        my \$port = shift;\x{a}        return (\x{a}        "...) called at t/moose/030_daemonize/headers.t line 40
Class::MOP::load_class is deprecated at /usr/perl5.20.3p/lib/site_perl/5.20.3/amd64-freebsd/Class/MOP.pm line 69.
	Class::MOP::load_class("HTTP::Engine::Interface::ServerSimple") called at /home/cpansand/.cpan/build/2018031712/HTTP-Engine-0.03005-5/blib/lib/HTTP/Engine/Types/Core.pm line 26
	HTTP::Engine::Types::Core::__ANON__(HASH(0x46585de0)) called at /usr/perl5.20.3p/lib/site_perl/5.20.3/amd64-freebsd/Moose/Meta/TypeCoercion.pm line 65
	Moose::Meta::TypeCoercion::__ANON__(HASH(0x46585de0)) called at constructor HTTP::Engine::new (defined at /home/cpansand/.cpan/build/2018031712/HTTP-Engine-0.03005-5/blib/lib/HTTP/Engine.pm line 17) line 32
	HTTP::Engine::new("HTTP::Engine", "interface", HASH(0x46585de0)) called at t/Utils.pm line 129
	t::Utils::__ANON__(50860) called at /home/cpansand/.cpan/build/2018031712/HTTP-Engine-0.03005-5/inc/Test/TCP.pm line 118
	Test::TCP::start(Test::TCP=HASH(0x47475fc0)) called at /home/cpansand/.cpan/build/2018031712/HTTP-Engine-0.03005-5/inc/Test/TCP.pm line 101
	Test::TCP::new("Test::TCP", "code", CODE(0x46642030), "port", 50860) called at /home/cpansand/.cpan/build/2018031712/HTTP-Engine-0.03005-5/inc/Test/TCP.pm line 52
	Test::TCP::test_tcp("client", CODE(0x47414dc8), "server", CODE(0x46642030), "port", 50860) called at t/Utils.pm line 132
	t::Utils::daemonize_all(CODE(0x45f06f18), "    sub {\x{a}        my \$port = shift;\x{a}        return (\x{a}        "...) called at t/moose/030_daemonize/headers.t line 40
Class::MOP::load_class is deprecated at /usr/perl5.20.3p/lib/site_perl/5.20.3/amd64-freebsd/Class/MOP.pm line 69.
	Class::MOP::load_class("HTTP::Engine::Interface::POE") called at /home/cpansand/.cpan/build/2018031712/HTTP-Engine-0.03005-5/blib/lib/HTTP/Engine/Types/Core.pm line 26
	HTTP::Engine::Types::Core::__ANON__(HASH(0x46585de0)) called at /usr/perl5.20.3p/lib/site_perl/5.20.3/amd64-freebsd/Moose/Meta/TypeCoercion.pm line 65
	Moose::Meta::TypeCoercion::__ANON__(HASH(0x46585de0)) called at constructor HTTP::Engine::new (defined at /home/cpansand/.cpan/build/2018031712/HTTP-Engine-0.03005-5/blib/lib/HTTP/Engine.pm line 17) line 32
	HTTP::Engine::new("HTTP::Engine", "interface", HASH(0x46585de0)) called at t/Utils.pm line 129
	t::Utils::__ANON__(50860) called at /home/cpansand/.cpan/build/2018031712/HTTP-Engine-0.03005-5/inc/Test/TCP.pm line 118
	Test::TCP::start(Test::TCP=HASH(0x41e62828)) called at /home/cpansand/.cpan/build/2018031712/HTTP-Engine-0.03005-5/inc/Test/TCP.pm line 101
	Test::TCP::new("Test::TCP", "code", CODE(0x46642030), "port", 50860) called at /home/cpansand/.cpan/build/2018031712/HTTP-Engine-0.03005-5/inc/Test/TCP.pm line 52
	Test::TCP::test_tcp("client", CODE(0x47414dc8), "server", CODE(0x46642030), "port", 50860) called at t/Utils.pm line 132
	t::Utils::daemonize_all(CODE(0x45f06f18), "    sub {\x{a}        my \$port = shift;\x{a}        return (\x{a}        "...) called at t/moose/030_daemonize/headers.t line 40
t/moose/030_daemonize/headers.t ............................. ok
Any::Moose is deprecated. Please use Moo instead at t/Utils.pm line 2.
Possible precedence issue with control flow operator at /home/cpansand/.cpan/build/2018031712/HTTP-Engine-0.03005-5/inc/Test/Builder.pm line 917.

#   Failed test at /home/cpansand/.cpan/build/2018031712/HTTP-Engine-0.03005-5/inc/Test/More.pm line 376.
#          got: '/foo|'
#     expected: '/|http://example.com/foo?http=1'

#   Failed test at /home/cpansand/.cpan/build/2018031712/HTTP-Engine-0.03005-5/inc/Test/More.pm line 376.
#          got: '/foo|'
#     expected: '/|http://example.com:8080/foo?http=1'
Class::MOP::load_class is deprecated at /usr/perl5.20.3p/lib/site_perl/5.20.3/amd64-freebsd/Class/MOP.pm line 69.
	Class::MOP::load_class("HTTP::Engine::Interface::Standalone") called at /home/cpansand/.cpan/build/2018031712/HTTP-Engine-0.03005-5/blib/lib/HTTP/Engine/Types/Core.pm line 26
	HTTP::Engine::Types::Core::__ANON__(HASH(0x41cb2780)) called at /usr/perl5.20.3p/lib/site_perl/5.20.3/amd64-freebsd/Moose/Meta/TypeCoercion.pm line 65
	Moose::Meta::TypeCoercion::__ANON__(HASH(0x41cb2780)) called at constructor HTTP::Engine::new (defined at /home/cpansand/.cpan/build/2018031712/HTTP-Engine-0.03005-5/blib/lib/HTTP/Engine.pm line 17) line 32
	HTTP::Engine::new("HTTP::Engine", "interface", HASH(0x41cb2780)) called at t/Utils.pm line 129
	t::Utils::__ANON__(50458) called at /home/cpansand/.cpan/build/2018031712/HTTP-Engine-0.03005-5/inc/Test/TCP.pm line 118
	Test::TCP::start(Test::TCP=HASH(0x47453c00)) called at /home/cpansand/.cpan/build/2018031712/HTTP-Engine-0.03005-5/inc/Test/TCP.pm line 101
	Test::TCP::new("Test::TCP", "code", CODE(0x4656f1c8), "port", 50458) called at /home/cpansand/.cpan/build/2018031712/HTTP-Engine-0.03005-5/inc/Test/TCP.pm line 52
	Test::TCP::test_tcp("client", CODE(0x467dff60), "server", CODE(0x4656f1c8), "port", 50458) called at t/Utils.pm line 132
	t::Utils::daemonize_all(CODE(0x45f359d8), "    sub {\x{a}        my \$port = shift;\x{a}        return (\x{a}        "...) called at t/moose/030_daemonize/proxy_path.t line 25
Class::MOP::load_class is deprecated at /usr/perl5.20.3p/lib/site_perl/5.20.3/amd64-freebsd/Class/MOP.pm line 69.
	Class::MOP::load_class("HTTP::Engine::Interface::ServerSimple") called at /home/cpansand/.cpan/build/2018031712/HTTP-Engine-0.03005-5/blib/lib/HTTP/Engine/Types/Core.pm line 26
	HTTP::Engine::Types::Core::__ANON__(HASH(0x41cb2780)) called at /usr/perl5.20.3p/lib/site_perl/5.20.3/amd64-freebsd/Moose/Meta/TypeCoercion.pm line 65
	Moose::Meta::TypeCoercion::__ANON__(HASH(0x41cb2780)) called at constructor HTTP::Engine::new (defined at /home/cpansand/.cpan/build/2018031712/HTTP-Engine-0.03005-5/blib/lib/HTTP/Engine.pm line 17) line 32
	HTTP::Engine::new("HTTP::Engine", "interface", HASH(0x41cb2780)) called at t/Utils.pm line 129
	t::Utils::__ANON__(50458) called at /home/cpansand/.cpan/build/2018031712/HTTP-Engine-0.03005-5/inc/Test/TCP.pm line 118
	Test::TCP::start(Test::TCP=HASH(0x47453ee8)) called at /home/cpansand/.cpan/build/2018031712/HTTP-Engine-0.03005-5/inc/Test/TCP.pm line 101
	Test::TCP::new("Test::TCP", "code", CODE(0x4656f1c8), "port", 50458) called at /home/cpansand/.cpan/build/2018031712/HTTP-Engine-0.03005-5/inc/Test/TCP.pm line 52
	Test::TCP::test_tcp("client", CODE(0x467dff60), "server", CODE(0x4656f1c8), "port", 50458) called at t/Utils.pm line 132
	t::Utils::daemonize_all(CODE(0x45f359d8), "    sub {\x{a}        my \$port = shift;\x{a}        return (\x{a}        "...) called at t/moose/030_daemonize/proxy_path.t line 25

#   Failed test at /home/cpansand/.cpan/build/2018031712/HTTP-Engine-0.03005-5/inc/Test/More.pm line 376.
#          got: '/foo|'
#     expected: '/|http://example.com/foo?http=1'

#   Failed test at /home/cpansand/.cpan/build/2018031712/HTTP-Engine-0.03005-5/inc/Test/More.pm line 376.
#          got: '/foo|'
#     expected: '/|http://example.com:8080/foo?http=1'
Class::MOP::load_class is deprecated at /usr/perl5.20.3p/lib/site_perl/5.20.3/amd64-freebsd/Class/MOP.pm line 69.
	Class::MOP::load_class("HTTP::Engine::Interface::POE") called at /home/cpansand/.cpan/build/2018031712/HTTP-Engine-0.03005-5/blib/lib/HTTP/Engine/Types/Core.pm line 26
	HTTP::Engine::Types::Core::__ANON__(HASH(0x41cb2780)) called at /usr/perl5.20.3p/lib/site_perl/5.20.3/amd64-freebsd/Moose/Meta/TypeCoercion.pm line 65
	Moose::Meta::TypeCoercion::__ANON__(HASH(0x41cb2780)) called at constructor HTTP::Engine::new (defined at /home/cpansand/.cpan/build/2018031712/HTTP-Engine-0.03005-5/blib/lib/HTTP/Engine.pm line 17) line 32
	HTTP::Engine::new("HTTP::Engine", "interface", HASH(0x41cb2780)) called at t/Utils.pm line 129
	t::Utils::__ANON__(50458) called at /home/cpansand/.cpan/build/2018031712/HTTP-Engine-0.03005-5/inc/Test/TCP.pm line 118
	Test::TCP::start(Test::TCP=HASH(0x47c428d0)) called at /home/cpansand/.cpan/build/2018031712/HTTP-Engine-0.03005-5/inc/Test/TCP.pm line 101
	Test::TCP::new("Test::TCP", "code", CODE(0x4656f1c8), "port", 50458) called at /home/cpansand/.cpan/build/2018031712/HTTP-Engine-0.03005-5/inc/Test/TCP.pm line 52
	Test::TCP::test_tcp("client", CODE(0x467dff60), "server", CODE(0x4656f1c8), "port", 50458) called at t/Utils.pm line 132
	t::Utils::daemonize_all(CODE(0x45f359d8), "    sub {\x{a}        my \$port = shift;\x{a}        return (\x{a}        "...) called at t/moose/030_daemonize/proxy_path.t line 25
# Looks like you failed 4 tests of 16.
t/moose/030_daemonize/proxy_path.t .......................... 
Dubious, test returned 4 (wstat 1024, 0x400)
Failed 4/16 subtests 
Any::Moose is deprecated. Please use Moo instead at t/Utils.pm line 2.
Possible precedence issue with control flow operator at /home/cpansand/.cpan/build/2018031712/HTTP-Engine-0.03005-5/inc/Test/Builder.pm line 917.
Class::MOP::load_class is deprecated at /usr/perl5.20.3p/lib/site_perl/5.20.3/amd64-freebsd/Class/MOP.pm line 69.
	Class::MOP::load_class("HTTP::Engine::Interface::Standalone") called at /home/cpansand/.cpan/build/2018031712/HTTP-Engine-0.03005-5/blib/lib/HTTP/Engine/Types/Core.pm line 26
	HTTP::Engine::Types::Core::__ANON__(HASH(0x41cb2870)) called at /usr/perl5.20.3p/lib/site_perl/5.20.3/amd64-freebsd/Moose/Meta/TypeCoercion.pm line 65
	Moose::Meta::TypeCoercion::__ANON__(HASH(0x41cb2870)) called at constructor HTTP::Engine::new (defined at /home/cpansand/.cpan/build/2018031712/HTTP-Engine-0.03005-5/blib/lib/HTTP/Engine.pm line 17) line 32
	HTTP::Engine::new("HTTP::Engine", "interface", HASH(0x41cb2870)) called at t/Utils.pm line 129
	t::Utils::__ANON__(50738) called at /home/cpansand/.cpan/build/2018031712/HTTP-Engine-0.03005-5/inc/Test/TCP.pm line 118
	Test::TCP::start(Test::TCP=HASH(0x47475c90)) called at /home/cpansand/.cpan/build/2018031712/HTTP-Engine-0.03005-5/inc/Test/TCP.pm line 101
	Test::TCP::new("Test::TCP", "code", CODE(0x4660d168), "port", 50738) called at /home/cpansand/.cpan/build/2018031712/HTTP-Engine-0.03005-5/inc/Test/TCP.pm line 52
	Test::TCP::test_tcp("client", CODE(0x47412f00), "server", CODE(0x4660d168), "port", 50738) called at t/Utils.pm line 132
	t::Utils::daemonize_all(CODE(0x45f17048), "    sub {\x{a}        my \$port = shift;\x{a}        return (\x{a}        "...) called at t/moose/030_daemonize/raw_body.t line 41
Class::MOP::load_class is deprecated at /usr/perl5.20.3p/lib/site_perl/5.20.3/amd64-freebsd/Class/MOP.pm line 69.
	Class::MOP::load_class("HTTP::Engine::Interface::ServerSimple") called at /home/cpansand/.cpan/build/2018031712/HTTP-Engine-0.03005-5/blib/lib/HTTP/Engine/Types/Core.pm line 26
	HTTP::Engine::Types::Core::__ANON__(HASH(0x41cb2870)) called at /usr/perl5.20.3p/lib/site_perl/5.20.3/amd64-freebsd/Moose/Meta/TypeCoercion.pm line 65
	Moose::Meta::TypeCoercion::__ANON__(HASH(0x41cb2870)) called at constructor HTTP::Engine::new (defined at /home/cpansand/.cpan/build/2018031712/HTTP-Engine-0.03005-5/blib/lib/HTTP/Engine.pm line 17) line 32
	HTTP::Engine::new("HTTP::Engine", "interface", HASH(0x41cb2870)) called at t/Utils.pm line 129
	t::Utils::__ANON__(50738) called at /home/cpansand/.cpan/build/2018031712/HTTP-Engine-0.03005-5/inc/Test/TCP.pm line 118
	Test::TCP::start(Test::TCP=HASH(0x474501b0)) called at /home/cpansand/.cpan/build/2018031712/HTTP-Engine-0.03005-5/inc/Test/TCP.pm line 101
	Test::TCP::new("Test::TCP", "code", CODE(0x4660d168), "port", 50738) called at /home/cpansand/.cpan/build/2018031712/HTTP-Engine-0.03005-5/inc/Test/TCP.pm line 52
	Test::TCP::test_tcp("client", CODE(0x47412f00), "server", CODE(0x4660d168), "port", 50738) called at t/Utils.pm line 132
	t::Utils::daemonize_all(CODE(0x45f17048), "    sub {\x{a}        my \$port = shift;\x{a}        return (\x{a}        "...) called at t/moose/030_daemonize/raw_body.t line 41
Class::MOP::load_class is deprecated at /usr/perl5.20.3p/lib/site_perl/5.20.3/amd64-freebsd/Class/MOP.pm line 69.
	Class::MOP::load_class("HTTP::Engine::Interface::POE") called at /home/cpansand/.cpan/build/2018031712/HTTP-Engine-0.03005-5/blib/lib/HTTP/Engine/Types/Core.pm line 26
	HTTP::Engine::Types::Core::__ANON__(HASH(0x41cb2870)) called at /usr/perl5.20.3p/lib/site_perl/5.20.3/amd64-freebsd/Moose/Meta/TypeCoercion.pm line 65
	Moose::Meta::TypeCoercion::__ANON__(HASH(0x41cb2870)) called at constructor HTTP::Engine::new (defined at /home/cpansand/.cpan/build/2018031712/HTTP-Engine-0.03005-5/blib/lib/HTTP/Engine.pm line 17) line 32
	HTTP::Engine::new("HTTP::Engine", "interface", HASH(0x41cb2870)) called at t/Utils.pm line 129
	t::Utils::__ANON__(50738) called at /home/cpansand/.cpan/build/2018031712/HTTP-Engine-0.03005-5/inc/Test/TCP.pm line 118
	Test::TCP::start(Test::TCP=HASH(0x47475948)) called at /home/cpansand/.cpan/build/2018031712/HTTP-Engine-0.03005-5/inc/Test/TCP.pm line 101
	Test::TCP::new("Test::TCP", "code", CODE(0x4660d168), "port", 50738) called at /home/cpansand/.cpan/build/2018031712/HTTP-Engine-0.03005-5/inc/Test/TCP.pm line 52
	Test::TCP::test_tcp("client", CODE(0x47412f00), "server", CODE(0x4660d168), "port", 50738) called at t/Utils.pm line 132
	t::Utils::daemonize_all(CODE(0x45f17048), "    sub {\x{a}        my \$port = shift;\x{a}        return (\x{a}        "...) called at t/moose/030_daemonize/raw_body.t line 41
t/moose/030_daemonize/raw_body.t ............................ ok
Any::Moose is deprecated. Please use Moo instead at t/Utils.pm line 2.
Possible precedence issue with control flow operator at /home/cpansand/.cpan/build/2018031712/HTTP-Engine-0.03005-5/inc/Test/Builder.pm line 917.
Class::MOP::load_class is deprecated at /usr/perl5.20.3p/lib/site_perl/5.20.3/amd64-freebsd/Class/MOP.pm line 69.
	Class::MOP::load_class("HTTP::Engine::Interface::Standalone") called at /home/cpansand/.cpan/build/2018031712/HTTP-Engine-0.03005-5/blib/lib/HTTP/Engine/Types/Core.pm line 26
	HTTP::Engine::Types::Core::__ANON__(HASH(0x464b8060)) called at /usr/perl5.20.3p/lib/site_perl/5.20.3/amd64-freebsd/Moose/Meta/TypeCoercion.pm line 65
	Moose::Meta::TypeCoercion::__ANON__(HASH(0x464b8060)) called at constructor HTTP::Engine::new (defined at /home/cpansand/.cpan/build/2018031712/HTTP-Engine-0.03005-5/blib/lib/HTTP/Engine.pm line 17) line 32
	HTTP::Engine::new("HTTP::Engine", "interface", HASH(0x464b8060)) called at t/Utils.pm line 129
	t::Utils::__ANON__(50935) called at /home/cpansand/.cpan/build/2018031712/HTTP-Engine-0.03005-5/inc/Test/TCP.pm line 118
	Test::TCP::start(Test::TCP=HASH(0x47477cd8)) called at /home/cpansand/.cpan/build/2018031712/HTTP-Engine-0.03005-5/inc/Test/TCP.pm line 101
	Test::TCP::new("Test::TCP", "code", CODE(0x46570198), "port", 50935) called at /home/cpansand/.cpan/build/2018031712/HTTP-Engine-0.03005-5/inc/Test/TCP.pm line 52
	Test::TCP::test_tcp("client", CODE(0x47412f30), "server", CODE(0x46570198), "port", 50935) called at t/Utils.pm line 132
	t::Utils::daemonize_all(CODE(0x45f06d68), "    sub {\x{a}        my \$port = shift;\x{a}        return (\x{a}        "...) called at t/moose/030_daemonize/request_independence.t line 51
Class::MOP::load_class is deprecated at /usr/perl5.20.3p/lib/site_perl/5.20.3/amd64-freebsd/Class/MOP.pm line 69.
	Class::MOP::load_class("HTTP::Engine::Interface::ServerSimple") called at /home/cpansand/.cpan/build/2018031712/HTTP-Engine-0.03005-5/blib/lib/HTTP/Engine/Types/Core.pm line 26
	HTTP::Engine::Types::Core::__ANON__(HASH(0x464b8060)) called at /usr/perl5.20.3p/lib/site_perl/5.20.3/amd64-freebsd/Moose/Meta/TypeCoercion.pm line 65
	Moose::Meta::TypeCoercion::__ANON__(HASH(0x464b8060)) called at constructor HTTP::Engine::new (defined at /home/cpansand/.cpan/build/2018031712/HTTP-Engine-0.03005-5/blib/lib/HTTP/Engine.pm line 17) line 32
	HTTP::Engine::new("HTTP::Engine", "interface", HASH(0x464b8060)) called at t/Utils.pm line 129
	t::Utils::__ANON__(50935) called at /home/cpansand/.cpan/build/2018031712/HTTP-Engine-0.03005-5/inc/Test/TCP.pm line 118
	Test::TCP::start(Test::TCP=HASH(0x47477a08)) called at /home/cpansand/.cpan/build/2018031712/HTTP-Engine-0.03005-5/inc/Test/TCP.pm line 101
	Test::TCP::new("Test::TCP", "code", CODE(0x46570198), "port", 50935) called at /home/cpansand/.cpan/build/2018031712/HTTP-Engine-0.03005-5/inc/Test/TCP.pm line 52
	Test::TCP::test_tcp("client", CODE(0x47412f30), "server", CODE(0x46570198), "port", 50935) called at t/Utils.pm line 132
	t::Utils::daemonize_all(CODE(0x45f06d68), "    sub {\x{a}        my \$port = shift;\x{a}        return (\x{a}        "...) called at t/moose/030_daemonize/request_independence.t line 51
Class::MOP::load_class is deprecated at /usr/perl5.20.3p/lib/site_perl/5.20.3/amd64-freebsd/Class/MOP.pm line 69.
	Class::MOP::load_class("HTTP::Engine::Interface::POE") called at /home/cpansand/.cpan/build/2018031712/HTTP-Engine-0.03005-5/blib/lib/HTTP/Engine/Types/Core.pm line 26
	HTTP::Engine::Types::Core::__ANON__(HASH(0x464b8060)) called at /usr/perl5.20.3p/lib/site_perl/5.20.3/amd64-freebsd/Moose/Meta/TypeCoercion.pm line 65
	Moose::Meta::TypeCoercion::__ANON__(HASH(0x464b8060)) called at constructor HTTP::Engine::new (defined at /home/cpansand/.cpan/build/2018031712/HTTP-Engine-0.03005-5/blib/lib/HTTP/Engine.pm line 17) line 32
	HTTP::Engine::new("HTTP::Engine", "interface", HASH(0x464b8060)) called at t/Utils.pm line 129
	t::Utils::__ANON__(50935) called at /home/cpansand/.cpan/build/2018031712/HTTP-Engine-0.03005-5/inc/Test/TCP.pm line 118
	Test::TCP::start(Test::TCP=HASH(0x47477cd8)) called at /home/cpansand/.cpan/build/2018031712/HTTP-Engine-0.03005-5/inc/Test/TCP.pm line 101
	Test::TCP::new("Test::TCP", "code", CODE(0x46570198), "port", 50935) called at /home/cpansand/.cpan/build/2018031712/HTTP-Engine-0.03005-5/inc/Test/TCP.pm line 52
	Test::TCP::test_tcp("client", CODE(0x47412f30), "server", CODE(0x46570198), "port", 50935) called at t/Utils.pm line 132
	t::Utils::daemonize_all(CODE(0x45f06d68), "    sub {\x{a}        my \$port = shift;\x{a}        return (\x{a}        "...) called at t/moose/030_daemonize/request_independence.t line 51
t/moose/030_daemonize/request_independence.t ................ ok
Any::Moose is deprecated. Please use Moo instead at t/Utils.pm line 2.
Possible precedence issue with control flow operator at /home/cpansand/.cpan/build/2018031712/HTTP-Engine-0.03005-5/inc/Test/Builder.pm line 917.
Class::MOP::load_class is deprecated at /usr/perl5.20.3p/lib/site_perl/5.20.3/amd64-freebsd/Class/MOP.pm line 69.
	Class::MOP::load_class("HTTP::Engine::Interface::Standalone") called at /home/cpansand/.cpan/build/2018031712/HTTP-Engine-0.03005-5/blib/lib/HTTP/Engine/Types/Core.pm line 26
	HTTP::Engine::Types::Core::__ANON__(HASH(0x47467228)) called at /usr/perl5.20.3p/lib/site_perl/5.20.3/amd64-freebsd/Moose/Meta/TypeCoercion.pm line 65
	Moose::Meta::TypeCoercion::__ANON__(HASH(0x47467228)) called at constructor HTTP::Engine::new (defined at /home/cpansand/.cpan/build/2018031712/HTTP-Engine-0.03005-5/blib/lib/HTTP/Engine.pm line 17) line 32
	HTTP::Engine::new("HTTP::Engine", "interface", HASH(0x47467228)) called at t/Utils.pm line 129
	t::Utils::__ANON__(50468) called at /home/cpansand/.cpan/build/2018031712/HTTP-Engine-0.03005-5/inc/Test/TCP.pm line 118
	Test::TCP::start(Test::TCP=HASH(0x47510288)) called at /home/cpansand/.cpan/build/2018031712/HTTP-Engine-0.03005-5/inc/Test/TCP.pm line 101
	Test::TCP::new("Test::TCP", "code", CODE(0x47467840), "port", 50468) called at /home/cpansand/.cpan/build/2018031712/HTTP-Engine-0.03005-5/inc/Test/TCP.pm line 52
	Test::TCP::test_tcp("client", CODE(0x47467600), "server", CODE(0x47467840), "port", 50468) called at t/Utils.pm line 132
	t::Utils::daemonize_all(CODE(0x45f46c48), "    sub {\x{a}        require File::Temp;\x{a}        my \$port = shif"...) called at t/moose/030_daemonize/responsewriter_io.t line 50
Class::MOP::load_class is deprecated at /usr/perl5.20.3p/lib/site_perl/5.20.3/amd64-freebsd/Class/MOP.pm line 69.
	Class::MOP::load_class("HTTP::Engine::Interface::ServerSimple") called at /home/cpansand/.cpan/build/2018031712/HTTP-Engine-0.03005-5/blib/lib/HTTP/Engine/Types/Core.pm line 26
	HTTP::Engine::Types::Core::__ANON__(HASH(0x47467228)) called at /usr/perl5.20.3p/lib/site_perl/5.20.3/amd64-freebsd/Moose/Meta/TypeCoercion.pm line 65
	Moose::Meta::TypeCoercion::__ANON__(HASH(0x47467228)) called at constructor HTTP::Engine::new (defined at /home/cpansand/.cpan/build/2018031712/HTTP-Engine-0.03005-5/blib/lib/HTTP/Engine.pm line 17) line 32
	HTTP::Engine::new("HTTP::Engine", "interface", HASH(0x47467228)) called at t/Utils.pm line 129
	t::Utils::__ANON__(50468) called at /home/cpansand/.cpan/build/2018031712/HTTP-Engine-0.03005-5/inc/Test/TCP.pm line 118
	Test::TCP::start(Test::TCP=HASH(0x475105a0)) called at /home/cpansand/.cpan/build/2018031712/HTTP-Engine-0.03005-5/inc/Test/TCP.pm line 101
	Test::TCP::new("Test::TCP", "code", CODE(0x47467840), "port", 50468) called at /home/cpansand/.cpan/build/2018031712/HTTP-Engine-0.03005-5/inc/Test/TCP.pm line 52
	Test::TCP::test_tcp("client", CODE(0x47467600), "server", CODE(0x47467840), "port", 50468) called at t/Utils.pm line 132
	t::Utils::daemonize_all(CODE(0x45f46c48), "    sub {\x{a}        require File::Temp;\x{a}        my \$port = shif"...) called at t/moose/030_daemonize/responsewriter_io.t line 50
Class::MOP::load_class is deprecated at /usr/perl5.20.3p/lib/site_perl/5.20.3/amd64-freebsd/Class/MOP.pm line 69.
	Class::MOP::load_class("HTTP::Engine::Interface::POE") called at /home/cpansand/.cpan/build/2018031712/HTTP-Engine-0.03005-5/blib/lib/HTTP/Engine/Types/Core.pm line 26
	HTTP::Engine::Types::Core::__ANON__(HASH(0x47467228)) called at /usr/perl5.20.3p/lib/site_perl/5.20.3/amd64-freebsd/Moose/Meta/TypeCoercion.pm line 65
	Moose::Meta::TypeCoercion::__ANON__(HASH(0x47467228)) called at constructor HTTP::Engine::new (defined at /home/cpansand/.cpan/build/2018031712/HTTP-Engine-0.03005-5/blib/lib/HTTP/Engine.pm line 17) line 32
	HTTP::Engine::new("HTTP::Engine", "interface", HASH(0x47467228)) called at t/Utils.pm line 129
	t::Utils::__ANON__(50468) called at /home/cpansand/.cpan/build/2018031712/HTTP-Engine-0.03005-5/inc/Test/TCP.pm line 118
	Test::TCP::start(Test::TCP=HASH(0x47510288)) called at /home/cpansand/.cpan/build/2018031712/HTTP-Engine-0.03005-5/inc/Test/TCP.pm line 101
	Test::TCP::new("Test::TCP", "code", CODE(0x47467840), "port", 50468) called at /home/cpansand/.cpan/build/2018031712/HTTP-Engine-0.03005-5/inc/Test/TCP.pm line 52
	Test::TCP::test_tcp("client", CODE(0x47467600), "server", CODE(0x47467840), "port", 50468) called at t/Utils.pm line 132
	t::Utils::daemonize_all(CODE(0x45f46c48), "    sub {\x{a}        require File::Temp;\x{a}        my \$port = shif"...) called at t/moose/030_daemonize/responsewriter_io.t line 50
t/moose/030_daemonize/responsewriter_io.t ................... ok
Any::Moose is deprecated. Please use Moo instead at t/Utils.pm line 2.
Possible precedence issue with control flow operator at /home/cpansand/.cpan/build/2018031712/HTTP-Engine-0.03005-5/inc/Test/Builder.pm line 917.
Class::MOP::load_class is deprecated at /usr/perl5.20.3p/lib/site_perl/5.20.3/amd64-freebsd/Class/MOP.pm line 69.
	Class::MOP::load_class("HTTP::Engine::Interface::Standalone") called at /home/cpansand/.cpan/build/2018031712/HTTP-Engine-0.03005-5/blib/lib/HTTP/Engine/Types/Core.pm line 26
	HTTP::Engine::Types::Core::__ANON__(HASH(0x467fff78)) called at /usr/perl5.20.3p/lib/site_perl/5.20.3/amd64-freebsd/Moose/Meta/TypeCoercion.pm line 65
	Moose::Meta::TypeCoercion::__ANON__(HASH(0x467fff78)) called at constructor HTTP::Engine::new (defined at /home/cpansand/.cpan/build/2018031712/HTTP-Engine-0.03005-5/blib/lib/HTTP/Engine.pm line 17) line 32
	HTTP::Engine::new("HTTP::Engine", "interface", HASH(0x467fff78)) called at t/Utils.pm line 129
	t::Utils::__ANON__(50533) called at /home/cpansand/.cpan/build/2018031712/HTTP-Engine-0.03005-5/inc/Test/TCP.pm line 118
	Test::TCP::start(Test::TCP=HASH(0x47475dc8)) called at /home/cpansand/.cpan/build/2018031712/HTTP-Engine-0.03005-5/inc/Test/TCP.pm line 101
	Test::TCP::new("Test::TCP", "code", CODE(0x46642288), "port", 50533) called at /home/cpansand/.cpan/build/2018031712/HTTP-Engine-0.03005-5/inc/Test/TCP.pm line 52
	Test::TCP::test_tcp("client", CODE(0x46642048), "server", CODE(0x46642288), "port", 50533) called at t/Utils.pm line 132
	t::Utils::daemonize_all(CODE(0x41c3c438), "    sub {\x{a}        my \$port = shift;\x{a}        return (\x{a}        "...) called at t/moose/030_daemonize/upload-methods.t line 42
Class::MOP::load_class is deprecated at /usr/perl5.20.3p/lib/site_perl/5.20.3/amd64-freebsd/Class/MOP.pm line 69.
	Class::MOP::load_class("HTTP::Engine::Interface::ServerSimple") called at /home/cpansand/.cpan/build/2018031712/HTTP-Engine-0.03005-5/blib/lib/HTTP/Engine/Types/Core.pm line 26
	HTTP::Engine::Types::Core::__ANON__(HASH(0x467fff78)) called at /usr/perl5.20.3p/lib/site_perl/5.20.3/amd64-freebsd/Moose/Meta/TypeCoercion.pm line 65
	Moose::Meta::TypeCoercion::__ANON__(HASH(0x467fff78)) called at constructor HTTP::Engine::new (defined at /home/cpansand/.cpan/build/2018031712/HTTP-Engine-0.03005-5/blib/lib/HTTP/Engine.pm line 17) line 32
	HTTP::Engine::new("HTTP::Engine", "interface", HASH(0x467fff78)) called at t/Utils.pm line 129
	t::Utils::__ANON__(50533) called at /home/cpansand/.cpan/build/2018031712/HTTP-Engine-0.03005-5/inc/Test/TCP.pm line 118
	Test::TCP::start(Test::TCP=HASH(0x47475ed0)) called at /home/cpansand/.cpan/build/2018031712/HTTP-Engine-0.03005-5/inc/Test/TCP.pm line 101
	Test::TCP::new("Test::TCP", "code", CODE(0x46642288), "port", 50533) called at /home/cpansand/.cpan/build/2018031712/HTTP-Engine-0.03005-5/inc/Test/TCP.pm line 52
	Test::TCP::test_tcp("client", CODE(0x46642048), "server", CODE(0x46642288), "port", 50533) called at t/Utils.pm line 132
	t::Utils::daemonize_all(CODE(0x41c3c438), "    sub {\x{a}        my \$port = shift;\x{a}        return (\x{a}        "...) called at t/moose/030_daemonize/upload-methods.t line 42
Class::MOP::load_class is deprecated at /usr/perl5.20.3p/lib/site_perl/5.20.3/amd64-freebsd/Class/MOP.pm line 69.
	Class::MOP::load_class("HTTP::Engine::Interface::POE") called at /home/cpansand/.cpan/build/2018031712/HTTP-Engine-0.03005-5/blib/lib/HTTP/Engine/Types/Core.pm line 26
	HTTP::Engine::Types::Core::__ANON__(HASH(0x467fff78)) called at /usr/perl5.20.3p/lib/site_perl/5.20.3/amd64-freebsd/Moose/Meta/TypeCoercion.pm line 65
	Moose::Meta::TypeCoercion::__ANON__(HASH(0x467fff78)) called at constructor HTTP::Engine::new (defined at /home/cpansand/.cpan/build/2018031712/HTTP-Engine-0.03005-5/blib/lib/HTTP/Engine.pm line 17) line 32
	HTTP::Engine::new("HTTP::Engine", "interface", HASH(0x467fff78)) called at t/Utils.pm line 129
	t::Utils::__ANON__(50533) called at /home/cpansand/.cpan/build/2018031712/HTTP-Engine-0.03005-5/inc/Test/TCP.pm line 118
	Test::TCP::start(Test::TCP=HASH(0x47475dc8)) called at /home/cpansand/.cpan/build/2018031712/HTTP-Engine-0.03005-5/inc/Test/TCP.pm line 101
	Test::TCP::new("Test::TCP", "code", CODE(0x46642288), "port", 50533) called at /home/cpansand/.cpan/build/2018031712/HTTP-Engine-0.03005-5/inc/Test/TCP.pm line 52
	Test::TCP::test_tcp("client", CODE(0x46642048), "server", CODE(0x46642288), "port", 50533) called at t/Utils.pm line 132
	t::Utils::daemonize_all(CODE(0x41c3c438), "    sub {\x{a}        my \$port = shift;\x{a}        return (\x{a}        "...) called at t/moose/030_daemonize/upload-methods.t line 42
t/moose/030_daemonize/upload-methods.t ...................... ok
Any::Moose is deprecated. Please use Moo instead at t/Utils.pm line 2.
Possible precedence issue with control flow operator at /home/cpansand/.cpan/build/2018031712/HTTP-Engine-0.03005-5/inc/Test/Builder.pm line 917.
Class::MOP::load_class is deprecated at /usr/perl5.20.3p/lib/site_perl/5.20.3/amd64-freebsd/Class/MOP.pm line 69.
	Class::MOP::load_class("HTTP::Engine::Interface::Standalone") called at /home/cpansand/.cpan/build/2018031712/HTTP-Engine-0.03005-5/blib/lib/HTTP/Engine/Types/Core.pm line 26
	HTTP::Engine::Types::Core::__ANON__(HASH(0x467fff78)) called at /usr/perl5.20.3p/lib/site_perl/5.20.3/amd64-freebsd/Moose/Meta/TypeCoercion.pm line 65
	Moose::Meta::TypeCoercion::__ANON__(HASH(0x467fff78)) called at constructor HTTP::Engine::new (defined at /home/cpansand/.cpan/build/2018031712/HTTP-Engine-0.03005-5/blib/lib/HTTP/Engine.pm line 17) line 32
	HTTP::Engine::new("HTTP::Engine", "interface", HASH(0x467fff78)) called at t/Utils.pm line 129
	t::Utils::__ANON__(50208) called at /home/cpansand/.cpan/build/2018031712/HTTP-Engine-0.03005-5/inc/Test/TCP.pm line 118
	Test::TCP::start(Test::TCP=HASH(0x47474dc8)) called at /home/cpansand/.cpan/build/2018031712/HTTP-Engine-0.03005-5/inc/Test/TCP.pm line 101
	Test::TCP::new("Test::TCP", "code", CODE(0x4663f288), "port", 50208) called at /home/cpansand/.cpan/build/2018031712/HTTP-Engine-0.03005-5/inc/Test/TCP.pm line 52
	Test::TCP::test_tcp("client", CODE(0x4663f048), "server", CODE(0x4663f288), "port", 50208) called at t/Utils.pm line 132
	t::Utils::daemonize_all(CODE(0x41c3c438), "    sub {\x{a}        my \$port = shift;\x{a}        return (\x{a}        "...) called at t/moose/030_daemonize/upload.t line 42
Class::MOP::load_class is deprecated at /usr/perl5.20.3p/lib/site_perl/5.20.3/amd64-freebsd/Class/MOP.pm line 69.
	Class::MOP::load_class("HTTP::Engine::Interface::ServerSimple") called at /home/cpansand/.cpan/build/2018031712/HTTP-Engine-0.03005-5/blib/lib/HTTP/Engine/Types/Core.pm line 26
	HTTP::Engine::Types::Core::__ANON__(HASH(0x467fff78)) called at /usr/perl5.20.3p/lib/site_perl/5.20.3/amd64-freebsd/Moose/Meta/TypeCoercion.pm line 65
	Moose::Meta::TypeCoercion::__ANON__(HASH(0x467fff78)) called at constructor HTTP::Engine::new (defined at /home/cpansand/.cpan/build/2018031712/HTTP-Engine-0.03005-5/blib/lib/HTTP/Engine.pm line 17) line 32
	HTTP::Engine::new("HTTP::Engine", "interface", HASH(0x467fff78)) called at t/Utils.pm line 129
	t::Utils::__ANON__(50208) called at /home/cpansand/.cpan/build/2018031712/HTTP-Engine-0.03005-5/inc/Test/TCP.pm line 118
	Test::TCP::start(Test::TCP=HASH(0x47450228)) called at /home/cpansand/.cpan/build/2018031712/HTTP-Engine-0.03005-5/inc/Test/TCP.pm line 101
	Test::TCP::new("Test::TCP", "code", CODE(0x4663f288), "port", 50208) called at /home/cpansand/.cpan/build/2018031712/HTTP-Engine-0.03005-5/inc/Test/TCP.pm line 52
	Test::TCP::test_tcp("client", CODE(0x4663f048), "server", CODE(0x4663f288), "port", 50208) called at t/Utils.pm line 132
	t::Utils::daemonize_all(CODE(0x41c3c438), "    sub {\x{a}        my \$port = shift;\x{a}        return (\x{a}        "...) called at t/moose/030_daemonize/upload.t line 42
Class::MOP::load_class is deprecated at /usr/perl5.20.3p/lib/site_perl/5.20.3/amd64-freebsd/Class/MOP.pm line 69.
	Class::MOP::load_class("HTTP::Engine::Interface::POE") called at /home/cpansand/.cpan/build/2018031712/HTTP-Engine-0.03005-5/blib/lib/HTTP/Engine/Types/Core.pm line 26
	HTTP::Engine::Types::Core::__ANON__(HASH(0x467fff78)) called at /usr/perl5.20.3p/lib/site_perl/5.20.3/amd64-freebsd/Moose/Meta/TypeCoercion.pm line 65
	Moose::Meta::TypeCoercion::__ANON__(HASH(0x467fff78)) called at constructor HTTP::Engine::new (defined at /home/cpansand/.cpan/build/2018031712/HTTP-Engine-0.03005-5/blib/lib/HTTP/Engine.pm line 17) line 32
	HTTP::Engine::new("HTTP::Engine", "interface", HASH(0x467fff78)) called at t/Utils.pm line 129
	t::Utils::__ANON__(50208) called at /home/cpansand/.cpan/build/2018031712/HTTP-Engine-0.03005-5/inc/Test/TCP.pm line 118
	Test::TCP::start(Test::TCP=HASH(0x47474dc8)) called at /home/cpansand/.cpan/build/2018031712/HTTP-Engine-0.03005-5/inc/Test/TCP.pm line 101
	Test::TCP::new("Test::TCP", "code", CODE(0x4663f288), "port", 50208) called at /home/cpansand/.cpan/build/2018031712/HTTP-Engine-0.03005-5/inc/Test/TCP.pm line 52
	Test::TCP::test_tcp("client", CODE(0x4663f048), "server", CODE(0x4663f288), "port", 50208) called at t/Utils.pm line 132
	t::Utils::daemonize_all(CODE(0x41c3c438), "    sub {\x{a}        my \$port = shift;\x{a}        return (\x{a}        "...) called at t/moose/030_daemonize/upload.t line 42
t/moose/030_daemonize/upload.t .............................. ok
Any::Moose is deprecated. Please use Moo instead at t/Utils.pm line 2.
Possible precedence issue with control flow operator at /home/cpansand/.cpan/build/2018031712/HTTP-Engine-0.03005-5/inc/Test/Builder.pm line 917.
Class::MOP::load_class is deprecated at /usr/perl5.20.3p/lib/site_perl/5.20.3/amd64-freebsd/Class/MOP.pm line 69.
	Class::MOP::load_class("HTTP::Engine::Interface::Standalone") called at /home/cpansand/.cpan/build/2018031712/HTTP-Engine-0.03005-5/blib/lib/HTTP/Engine/Types/Core.pm line 26
	HTTP::Engine::Types::Core::__ANON__(HASH(0x4649bfc0)) called at /usr/perl5.20.3p/lib/site_perl/5.20.3/amd64-freebsd/Moose/Meta/TypeCoercion.pm line 65
	Moose::Meta::TypeCoercion::__ANON__(HASH(0x4649bfc0)) called at constructor HTTP::Engine::new (defined at /home/cpansand/.cpan/build/2018031712/HTTP-Engine-0.03005-5/blib/lib/HTTP/Engine.pm line 17) line 32
	HTTP::Engine::new("HTTP::Engine", "interface", HASH(0x4649bfc0)) called at t/Utils.pm line 129
	t::Utils::__ANON__(50052) called at /home/cpansand/.cpan/build/2018031712/HTTP-Engine-0.03005-5/inc/Test/TCP.pm line 118
	Test::TCP::start(Test::TCP=HASH(0x47477a98)) called at /home/cpansand/.cpan/build/2018031712/HTTP-Engine-0.03005-5/inc/Test/TCP.pm line 101
	Test::TCP::new("Test::TCP", "code", CODE(0x46768078), "port", 50052) called at /home/cpansand/.cpan/build/2018031712/HTTP-Engine-0.03005-5/inc/Test/TCP.pm line 52
	Test::TCP::test_tcp("client", CODE(0x47414e10), "server", CODE(0x46768078), "port", 50052) called at t/Utils.pm line 132
	t::Utils::daemonize_all(CODE(0x45f11ed0), "    sub {\x{a}        my \$port = shift;\x{a}        return (\x{a}        "...) called at t/moose/030_daemonize/uri.t line 20
Class::MOP::load_class is deprecated at /usr/perl5.20.3p/lib/site_perl/5.20.3/amd64-freebsd/Class/MOP.pm line 69.
	Class::MOP::load_class("HTTP::Engine::Interface::ServerSimple") called at /home/cpansand/.cpan/build/2018031712/HTTP-Engine-0.03005-5/blib/lib/HTTP/Engine/Types/Core.pm line 26
	HTTP::Engine::Types::Core::__ANON__(HASH(0x4649bfc0)) called at /usr/perl5.20.3p/lib/site_perl/5.20.3/amd64-freebsd/Moose/Meta/TypeCoercion.pm line 65
	Moose::Meta::TypeCoercion::__ANON__(HASH(0x4649bfc0)) called at constructor HTTP::Engine::new (defined at /home/cpansand/.cpan/build/2018031712/HTTP-Engine-0.03005-5/blib/lib/HTTP/Engine.pm line 17) line 32
	HTTP::Engine::new("HTTP::Engine", "interface", HASH(0x4649bfc0)) called at t/Utils.pm line 129
	t::Utils::__ANON__(50052) called at /home/cpansand/.cpan/build/2018031712/HTTP-Engine-0.03005-5/inc/Test/TCP.pm line 118
	Test::TCP::start(Test::TCP=HASH(0x474710a8)) called at /home/cpansand/.cpan/build/2018031712/HTTP-Engine-0.03005-5/inc/Test/TCP.pm line 101
	Test::TCP::new("Test::TCP", "code", CODE(0x46768078), "port", 50052) called at /home/cpansand/.cpan/build/2018031712/HTTP-Engine-0.03005-5/inc/Test/TCP.pm line 52
	Test::TCP::test_tcp("client", CODE(0x47414e10), "server", CODE(0x46768078), "port", 50052) called at t/Utils.pm line 132
	t::Utils::daemonize_all(CODE(0x45f11ed0), "    sub {\x{a}        my \$port = shift;\x{a}        return (\x{a}        "...) called at t/moose/030_daemonize/uri.t line 20
Class::MOP::load_class is deprecated at /usr/perl5.20.3p/lib/site_perl/5.20.3/amd64-freebsd/Class/MOP.pm line 69.
	Class::MOP::load_class("HTTP::Engine::Interface::POE") called at /home/cpansand/.cpan/build/2018031712/HTTP-Engine-0.03005-5/blib/lib/HTTP/Engine/Types/Core.pm line 26
	HTTP::Engine::Types::Core::__ANON__(HASH(0x4649bfc0)) called at /usr/perl5.20.3p/lib/site_perl/5.20.3/amd64-freebsd/Moose/Meta/TypeCoercion.pm line 65
	Moose::Meta::TypeCoercion::__ANON__(HASH(0x4649bfc0)) called at constructor HTTP::Engine::new (defined at /home/cpansand/.cpan/build/2018031712/HTTP-Engine-0.03005-5/blib/lib/HTTP/Engine.pm line 17) line 32
	HTTP::Engine::new("HTTP::Engine", "interface", HASH(0x4649bfc0)) called at t/Utils.pm line 129
	t::Utils::__ANON__(50052) called at /home/cpansand/.cpan/build/2018031712/HTTP-Engine-0.03005-5/inc/Test/TCP.pm line 118
	Test::TCP::start(Test::TCP=HASH(0x47c5c4e0)) called at /home/cpansand/.cpan/build/2018031712/HTTP-Engine-0.03005-5/inc/Test/TCP.pm line 101
	Test::TCP::new("Test::TCP", "code", CODE(0x46768078), "port", 50052) called at /home/cpansand/.cpan/build/2018031712/HTTP-Engine-0.03005-5/inc/Test/TCP.pm line 52
	Test::TCP::test_tcp("client", CODE(0x47414e10), "server", CODE(0x46768078), "port", 50052) called at t/Utils.pm line 132
	t::Utils::daemonize_all(CODE(0x45f11ed0), "    sub {\x{a}        my \$port = shift;\x{a}        return (\x{a}        "...) called at t/moose/030_daemonize/uri.t line 20
t/moose/030_daemonize/uri.t ................................. ok
Any::Moose is deprecated. Please use Moo instead at t/Utils.pm line 2.
Possible precedence issue with control flow operator at /home/cpansand/.cpan/build/2018031712/HTTP-Engine-0.03005-5/inc/Test/Builder.pm line 917.
Class::MOP::load_class is deprecated at /usr/perl5.20.3p/lib/site_perl/5.20.3/amd64-freebsd/Class/MOP.pm line 69.
	Class::MOP::load_class("HTTP::Engine::Interface::Standalone") called at /home/cpansand/.cpan/build/2018031712/HTTP-Engine-0.03005-5/blib/lib/HTTP/Engine/Types/Core.pm line 26
	HTTP::Engine::Types::Core::__ANON__(HASH(0x46946b10)) called at /usr/perl5.20.3p/lib/site_perl/5.20.3/amd64-freebsd/Moose/Meta/TypeCoercion.pm line 65
	Moose::Meta::TypeCoercion::__ANON__(HASH(0x46946b10)) called at constructor HTTP::Engine::new (defined at /home/cpansand/.cpan/build/2018031712/HTTP-Engine-0.03005-5/blib/lib/HTTP/Engine.pm line 17) line 32
	HTTP::Engine::new("HTTP::Engine", "interface", HASH(0x46946b10)) called at t/Utils.pm line 129
	t::Utils::__ANON__(50477) called at /home/cpansand/.cpan/build/2018031712/HTTP-Engine-0.03005-5/inc/Test/TCP.pm line 118
	Test::TCP::start(Test::TCP=HASH(0x474ccaf8)) called at /home/cpansand/.cpan/build/2018031712/HTTP-Engine-0.03005-5/inc/Test/TCP.pm line 101
	Test::TCP::new("Test::TCP", "code", CODE(0x469320f0), "port", 50477) called at /home/cpansand/.cpan/build/2018031712/HTTP-Engine-0.03005-5/inc/Test/TCP.pm line 52
	Test::TCP::test_tcp("client", CODE(0x47457e88), "server", CODE(0x469320f0), "port", 50477) called at t/Utils.pm line 132
	t::Utils::daemonize_all(CODE(0x44836978), "    sub {\x{a}        my \$port = Encode::decode_utf8(shift);\x{a}    "...) called at t/moose/030_daemonize/utf8flagged-uri.t line 23
Class::MOP::load_class is deprecated at /usr/perl5.20.3p/lib/site_perl/5.20.3/amd64-freebsd/Class/MOP.pm line 69.
	Class::MOP::load_class("HTTP::Engine::Interface::ServerSimple") called at /home/cpansand/.cpan/build/2018031712/HTTP-Engine-0.03005-5/blib/lib/HTTP/Engine/Types/Core.pm line 26
	HTTP::Engine::Types::Core::__ANON__(HASH(0x46946b10)) called at /usr/perl5.20.3p/lib/site_perl/5.20.3/amd64-freebsd/Moose/Meta/TypeCoercion.pm line 65
	Moose::Meta::TypeCoercion::__ANON__(HASH(0x46946b10)) called at constructor HTTP::Engine::new (defined at /home/cpansand/.cpan/build/2018031712/HTTP-Engine-0.03005-5/blib/lib/HTTP/Engine.pm line 17) line 32
	HTTP::Engine::new("HTTP::Engine", "interface", HASH(0x46946b10)) called at t/Utils.pm line 129
	t::Utils::__ANON__(50477) called at /home/cpansand/.cpan/build/2018031712/HTTP-Engine-0.03005-5/inc/Test/TCP.pm line 118
	Test::TCP::start(Test::TCP=HASH(0x474d10f0)) called at /home/cpansand/.cpan/build/2018031712/HTTP-Engine-0.03005-5/inc/Test/TCP.pm line 101
	Test::TCP::new("Test::TCP", "code", CODE(0x469320f0), "port", 50477) called at /home/cpansand/.cpan/build/2018031712/HTTP-Engine-0.03005-5/inc/Test/TCP.pm line 52
	Test::TCP::test_tcp("client", CODE(0x47457e88), "server", CODE(0x469320f0), "port", 50477) called at t/Utils.pm line 132
	t::Utils::daemonize_all(CODE(0x44836978), "    sub {\x{a}        my \$port = Encode::decode_utf8(shift);\x{a}    "...) called at t/moose/030_daemonize/utf8flagged-uri.t line 23
Class::MOP::load_class is deprecated at /usr/perl5.20.3p/lib/site_perl/5.20.3/amd64-freebsd/Class/MOP.pm line 69.
	Class::MOP::load_class("HTTP::Engine::Interface::POE") called at /home/cpansand/.cpan/build/2018031712/HTTP-Engine-0.03005-5/blib/lib/HTTP/Engine/Types/Core.pm line 26
	HTTP::Engine::Types::Core::__ANON__(HASH(0x46946b10)) called at /usr/perl5.20.3p/lib/site_perl/5.20.3/amd64-freebsd/Moose/Meta/TypeCoercion.pm line 65
	Moose::Meta::TypeCoercion::__ANON__(HASH(0x46946b10)) called at constructor HTTP::Engine::new (defined at /home/cpansand/.cpan/build/2018031712/HTTP-Engine-0.03005-5/blib/lib/HTTP/Engine.pm line 17) line 32
	HTTP::Engine::new("HTTP::Engine", "interface", HASH(0x46946b10)) called at t/Utils.pm line 129
	t::Utils::__ANON__(50477) called at /home/cpansand/.cpan/build/2018031712/HTTP-Engine-0.03005-5/inc/Test/TCP.pm line 118
	Test::TCP::start(Test::TCP=HASH(0x474ccaf8)) called at /home/cpansand/.cpan/build/2018031712/HTTP-Engine-0.03005-5/inc/Test/TCP.pm line 101
	Test::TCP::new("Test::TCP", "code", CODE(0x469320f0), "port", 50477) called at /home/cpansand/.cpan/build/2018031712/HTTP-Engine-0.03005-5/inc/Test/TCP.pm line 52
	Test::TCP::test_tcp("client", CODE(0x47457e88), "server", CODE(0x469320f0), "port", 50477) called at t/Utils.pm line 132
	t::Utils::daemonize_all(CODE(0x44836978), "    sub {\x{a}        my \$port = Encode::decode_utf8(shift);\x{a}    "...) called at t/moose/030_daemonize/utf8flagged-uri.t line 23
t/moose/030_daemonize/utf8flagged-uri.t ..................... ok
Possible precedence issue with control flow operator at /home/cpansand/.cpan/build/2018031712/HTTP-Engine-0.03005-5/inc/Test/Builder.pm line 917.
t/moose/040_minimal/001_simple.t ............................ ok
Possible precedence issue with control flow operator at /home/cpansand/.cpan/build/2018031712/HTTP-Engine-0.03005-5/inc/Test/Builder.pm line 917.
Any::Moose is deprecated. Please use Moo instead at /home/cpansand/.cpan/build/2018031712/HTTP-Engine-0.03005-5/blib/lib/HTTP/Engine/Request.pm line 2.
t/moose/050_tests/request.t ................................. ok

Test Summary Report
-------------------
t/030_daemonize/proxy_path.t                              (Wstat: 1024 Tests: 16 Failed: 4)
  Failed tests:  2, 4, 10, 12
  Non-zero exit status: 4
t/moose/010_core/request_processor-catch_error.t          (Wstat: 256 Tests: 3 Failed: 1)
  Failed test:  3
  Non-zero exit status: 1
t/moose/020_interface/test-validation.t                   (Wstat: 256 Tests: 10 Failed: 1)
  Failed test:  2
  Non-zero exit status: 1
t/moose/030_daemonize/proxy_path.t                        (Wstat: 1024 Tests: 16 Failed: 4)
  Failed tests:  2, 4, 10, 12
  Non-zero exit status: 4
Files=144, Tests=1382, 53 wallclock secs ( 0.05 usr  1.15 sys +  8.19 cusr 31.95 csys = 41.34 CPU)
Result: FAIL
Failed 4/144 test programs. 10/1382 subtests failed.
*** Error code 255

Stop.
make: stopped in /home/cpansand/.cpan/build/2018031712/HTTP-Engine-0.03005-5

------------------------------
PREREQUISITES
------------------------------

Prerequisite modules loaded:

requires:

    Module               Need   Have    
    -------------------- ------ --------
    Any::Moose           0.13   0.27    
    CGI::Simple::Cookie  1.103  1.14    
    File::Copy           0      2.30    
    File::Spec::Unix     3.2701 3.74    
    Filter::Util::Call   0      1.58    
    HTTP::Body           1.05   1.22    
    HTTP::Headers::Fast  0.11   0.21    
    HTTP::Server::Simple 0.35   0.52    
    Mouse                0.62   v2.5.2  
    MouseX::Types        0.05   0.06    
    perl                 5.008  5.020003
    Scalar::Util         1.19   1.49    
    URI                  1.36   1.73    

build_requires:

    Module               Need   Have    
    -------------------- ------ --------
    ExtUtils::MakeMaker  6.42   7.32    
    File::Temp           0.20   0.2304  
    HTTP::Request::AsCGI 0      1.2     
    IO::File             1.14   1.16    
    IO::Scalar           0      2.111   
    IO::Socket           1.3    1.38    
    IO::Socket::INET     0      1.35    
    Test::More           0      1.302133
    Test::SharedFork     0.11   0.34    
    Test::TCP            0.16   2.19    
    YAML                 0      1.24    

configure_requires:

    Module               Need   Have    
    -------------------- ------ --------
    ExtUtils::MakeMaker  6.42   7.32    


------------------------------
ENVIRONMENT AND OTHER CONTEXT
------------------------------

Environment variables:

    LC_ALL = de_DE.ISO8859-1
    PATH = /usr/local/bin:/usr/bin:/bin:/usr/local/sbin:/usr/sbin:/sbin:/home/cpansand/bin/freebsd10.3:/home/cpansand/bin/sh:/home/cpansand/bin:/usr/games:/home/cpansand/devel:/home/eserte/src/srezic-misc/scripts
    PERL5LIB = 
    PERL5OPT = 
    PERL5_CPANPLUS_IS_RUNNING = 5770
    PERL5_CPAN_IS_RUNNING = 5770
    PERL5_CPAN_IS_RUNNING_IN_RECURSION = 95914,5770
    PERLDOC = -MPod::Perldoc::ToTextOverstrike
    PERL_BATCH = yes
    PERL_CANARY_STABILITY_NOPROMPT = 1
    PERL_CPAN_REPORTER_CONFIG = /var/tmp/cpansmoker-1023/2018031712/cpanreporter_000_config.ini
    PERL_EXTUTILS_AUTOINSTALL = --defaultdeps
    SHELL = /usr/local/bin/zsh
    TERM = screen
    TMPDIR = /var/tmp/cpansmoker-1023/2018031712

Perl special variables (and OS-specific diagnostics, for MSWin32):

    $^X = /usr/perl5.20.3p/bin/perl
    $UID/$EUID = 1023 / 1023
    $GID = 1023 1023
    $EGID = 1023 1023

Perl module toolchain versions installed:

    Module              Have    
    ------------------- --------
    CPAN                2.16    
    CPAN::Meta          2.150010
    Cwd                 3.74    
    ExtUtils::CBuilder  0.280226
    ExtUtils::Command   7.32    
    ExtUtils::Install   2.14    
    ExtUtils::MakeMaker 7.32    
    ExtUtils::Manifest  1.70    
    ExtUtils::ParseXS   3.30    
    File::Spec          3.74    
    JSON                2.97001 
    JSON::PP            2.94    
    Module::Build       0.4224  
    Module::Signature   0.81    
    Parse::CPAN::Meta   2.150010
    Test::Harness       3.39    
    Test::More          1.302133
    YAML                1.24    
    YAML::Syck          1.30    
    version             0.9917  


--

Summary of my perl5 (revision 5 version 20 subversion 3) configuration:
   
  Platform:
    osname=freebsd, osvers=10.1-release, archname=amd64-freebsd
    uname='freebsd cvrsnica-freebsd-101.herceg.de 10.1-release freebsd 10.1-release #0 r274401: tue nov 11 21:02:49 utc 2014 root@releng1.nyi.freebsd.org:usrobjusrsrcsysgeneric amd64 '
    config_args='-ds -e -Dprefix=/usr/perl5.20.3p -Dcf_email=srezic@cpan.org'
    hint=recommended, useposix=true, d_sigaction=define
    useithreads=undef, usemultiplicity=undef
    use64bitint=define, use64bitall=define, uselongdouble=undef
    usemymalloc=n, bincompat5005=undef
  Compiler:
    cc='cc', ccflags ='-DHAS_FPSETMASK -DHAS_FLOATINGPOINT_H -fno-strict-aliasing -pipe -fstack-protector -I/usr/local/include',
    optimize='-O',
    cppflags='-DHAS_FPSETMASK -DHAS_FLOATINGPOINT_H -fno-strict-aliasing -pipe -fstack-protector -I/usr/local/include'
    ccversion='', gccversion='4.2.1 Compatible FreeBSD Clang 3.4.1 (tags/RELEASE_34/dot1-final 208032)', gccosandvers=''
    intsize=4, longsize=8, ptrsize=8, doublesize=8, byteorder=12345678
    d_longlong=define, longlongsize=8, d_longdbl=define, longdblsize=16
    ivtype='long', ivsize=8, nvtype='double', nvsize=8, Off_t='off_t', lseeksize=8
    alignbytes=8, prototype=define
  Linker and Libraries:
    ld='cc', ldflags ='-pthread -Wl,-E  -fstack-protector -L/usr/local/lib'
    libpth=/usr/lib /usr/local/lib /usr/include/clang/3.4.1 /usr/lib
    libs=-lpthread -lgdbm -lm -lcrypt -lutil -lc
    perllibs=-lpthread -lm -lcrypt -lutil -lc
    libc=, so=so, useshrplib=false, libperl=libperl.a
    gnulibc_version=''
  Dynamic Linking:
    dlsrc=dl_dlopen.xs, dlext=so, d_dlsymun=undef, ccdlflags=' '
    cccdlflags='-DPIC -fPIC', lddlflags='-shared  -L/usr/local/lib -fstack-protector'


Characteristics of this binary (from libperl): 
  Compile-time options: HAS_TIMES PERLIO_LAYERS PERL_DONT_CREATE_GVSV
                        PERL_HASH_FUNC_ONE_AT_A_TIME_HARD PERL_MALLOC_WRAP
                        PERL_NEW_COPY_ON_WRITE PERL_PRESERVE_IVUV
                        USE_64_BIT_ALL USE_64_BIT_INT USE_LARGE_FILES
                        USE_LOCALE USE_LOCALE_COLLATE USE_LOCALE_CTYPE
                        USE_LOCALE_NUMERIC USE_PERLIO USE_PERL_ATOF
  Built under freebsd
  Compiled at Sep 12 2015 22:44:25
  %ENV:
    PERL5LIB=""
    PERL5OPT=""
    PERL5_CPANPLUS_IS_RUNNING="5770"
    PERL5_CPAN_IS_RUNNING="5770"
    PERL5_CPAN_IS_RUNNING_IN_RECURSION="95914,5770"
    PERLDOC="-MPod::Perldoc::ToTextOverstrike"
    PERL_BATCH="yes"
    PERL_CANARY_STABILITY_NOPROMPT="1"
    PERL_CPAN_REPORTER_CONFIG="/var/tmp/cpansmoker-1023/2018031712/cpanreporter_000_config.ini"
    PERL_EXTUTILS_AUTOINSTALL="--defaultdeps"
  @INC:
    /usr/perl5.20.3p/lib/site_perl/5.20.3/amd64-freebsd
    /usr/perl5.20.3p/lib/site_perl/5.20.3
    /usr/perl5.20.3p/lib/5.20.3/amd64-freebsd
    /usr/perl5.20.3p/lib/5.20.3
    .