Report for AnyEvent-SIP-0.002

Back
From: metabase:user:314402c4-2aae-11df-837a-5e0a49663a4f
Subject: FAIL AnyEvent-SIP-0.002 v5.25.8 FreeBSD
Date: 2016-12-27T20:10:09Z

This distribution has been tested as part of the CPAN Testers
project, supporting the Perl programming language.  See
http://wiki.cpantesters.org/ for more information or email
questions to cpan-testers-discuss@perl.org


--
Dear Sawyer X,

This is a computer-generated report for AnyEvent-SIP-0.002
on perl 5.25.8, created by CPAN-Reporter-1.2018.

Thank you for uploading your work to CPAN.  However, there was a problem
testing your distribution.

If you think this report is invalid, please consult the CPAN Testers Wiki
for suggestions on how to avoid getting FAIL reports for missing library
or binary dependencies, unsupported operating systems, and so on:

http://wiki.cpantesters.org/wiki/CPANAuthorNotes

Sections of this report:

    * Tester comments
    * Program output
    * Prerequisites
    * Environment and other context

------------------------------
TESTER COMMENTS
------------------------------

Additional comments from tester:

none provided

------------------------------
PROGRAM OUTPUT
------------------------------

Output from './Build test':

t/00-compile.t .......................... ok

#   Failed test 'died'
#   at t/02_listen_and_invite-anyevent.t line 48.

#   Failed test 'got ringing'
#   at t/02_listen_and_invite-anyevent.t line 83.

#   Failed test 'UAS down'
#   at t/02_listen_and_invite-anyevent.t line 92.
# Looks like you planned 10 tests but ran 11.
# Looks like you failed 3 tests of 11 run.
t/02_listen_and_invite-anyevent.t ....... 
Dubious, test returned 3 (wstat 768, 0x300)
Failed 3/10 subtests 

#   Failed test 'died'
#   at t/02_listen_and_invite.t line 48.

#   Failed test 'got ringing'
#   at t/02_listen_and_invite.t line 82.

#   Failed test 'UAS down'
#   at t/02_listen_and_invite.t line 96.
# Looks like you planned 11 tests but ran 12.
# Looks like you failed 3 tests of 12 run.
t/02_listen_and_invite.t ................ 
Dubious, test returned 3 (wstat 768, 0x300)
Failed 3/11 subtests 
t/03_forward_stateless.t ................ ok
# UAS on 127.0.0.1:39334
# UAC on 127.0.0.1:5060
# received 0/100 packets

#   Failed test 'died'
#   at t/04_call_with_rtp.t line 41.

#   Failed test 'Done sending RTP'
#   at t/04_call_with_rtp.t line 87.

#   Failed test 'UAS down'
#   at t/04_call_with_rtp.t line 92.
# Looks like you planned 8 tests but ran 9.
# Looks like you failed 3 tests of 9 run.
t/04_call_with_rtp.t .................... 
Dubious, test returned 3 (wstat 768, 0x300)
Failed 3/8 subtests 
# UAS on 127.0.0.1:40891 
# UAC on 127.0.0.1:55553 
# PROXY on 127.0.0.1:28567 127.0.0.1:62238 
# proxy >> OK
# <<
# uas >> OK
# <<
# proxy >> ready
# <<
# uas >> ready
# <<
# uac >> OK
# <<
# uac >> ready
# <<
# uac >> O> HASH(0x44dc07e0) REQ(INVITE) SDP: audio=127.0.0.1:11376/2
# <<

#   Failed test '[proxy] (?^:I<.*REQ\(INVITE\) SDP: audio=\S+)'
#   at ./t/testlib.pl line 156.

#   Failed test 'Died at t/05_call_with_stateless_proxy.t line 79.
# '
#   at ./t/testlib.pl line 26.
# Looks like your test exited with 1 just after 9.
t/05_call_with_stateless_proxy.t ........ 
Dubious, test returned 1 (wstat 256, 0x100)
Failed 56/63 subtests 
# uas >> OK
# <<
# uas >> Listening
# <<
# uac >> OK
# <<
# uac >> Started
# <<

#   Failed test '[uas] Call accepted'
#   at ./t/testlib.pl line 156.

#   Failed test 'fatal error at ./t/testlib.pl line 157.
# '
#   at ./t/testlib.pl line 26.
# Looks like your test exited with 1 just after 6.
t/06_call_with_reinvite.t ............... 
Dubious, test returned 1 (wstat 256, 0x100)
Failed 13/17 subtests 
# uas >> OK
# <<
# uas >> Listening
# <<
# uac >> OK
# <<
# uac >> Started
# <<

#   Failed test '[uas] Call accepted'
#   at ./t/testlib.pl line 156.

#   Failed test 'fatal error at ./t/testlib.pl line 157.
# '
#   at ./t/testlib.pl line 26.
# Looks like your test exited with 1 just after 6.
t/07_call_on_hold.t ..................... 
Dubious, test returned 1 (wstat 256, 0x100)
Failed 12/16 subtests 
# registrar >> OK
# <<
# registrar >> Listening
# <<
# uac >> OK
# <<
# uac >> Started
# <<

#   Failed test '[uac] Registered wolf (REALM.example.com)'
#   at ./t/testlib.pl line 156.

#   Failed test 'fatal error at ./t/testlib.pl line 157.
# '
#   at ./t/testlib.pl line 26.
# Looks like your test exited with 1 just after 6.
t/08_register_with_auth.t ............... 
Dubious, test returned 1 (wstat 256, 0x100)
Failed 3/7 subtests 
Use of uninitialized value $end_code in numeric eq (==) at t/11_invite_timeout.t line 85, <$read> line 2.

#   Failed test 'got 487 (request canceled)'
#   at t/11_invite_timeout.t line 85.
# Looks like you failed 1 test of 8.
t/11_invite_timeout.t ................... 
Dubious, test returned 1 (wstat 256, 0x100)
Failed 1/8 subtests 

#   Failed test 'died'
#   at t/12_maddr.t line 45.

#   Failed test 'UAS down'
#   at t/12_maddr.t line 79.
# Looks like you planned 8 tests but ran 9.
# Looks like you failed 2 tests of 9 run.
t/12_maddr.t ............................ 
Dubious, test returned 2 (wstat 512, 0x200)
Failed 2/8 subtests 
Can't locate object method "socktype" via package "IO::File" at /home/cpansand/.cpan/build/2016122709/Net-SIP-0.808-0/blib/lib/Net/SIP/Leg.pm line 159.
# Looks like your test exited with 255 before it could output anything.
t/13_maddr_proxy.t ...................... 
Dubious, test returned 255 (wstat 65280, 0xff00)
Failed 1/1 subtests 
# UAS   on 127.0.0.1:5062 
# UAC   on 127.0.0.1:5060 
# PROXY on 127.0.0.1:5063 
# proxy >> OK
# <<
# proxy >> Listening
# <<
# uas >> OK
# <<

#   Failed test '[uas] Listening'
#   at ./t/testlib.pl line 156.

#   Failed test 'fatal error at ./t/testlib.pl line 157.
# '
#   at ./t/testlib.pl line 26.
# Looks like your test exited with 1 just after 5.
t/14_bugfix_0.51.t ...................... 
Dubious, test returned 1 (wstat 256, 0x100)
Failed 9/12 subtests 

#   Failed test 'UAC got block 405 and finished'
#   at t/15_block_invite.t line 86.
# Looks like you failed 1 test of 8.
t/15_block_invite.t ..................... 
Dubious, test returned 1 (wstat 256, 0x100)
Failed 1/8 subtests 

#   Failed test 'died'
#   at t/16_drop_invite.t line 64.
Attempt to access disallowed key 'port' in a restricted hash at t/16_drop_invite.t line 101, <$read> line 2.
# Looks like your test exited with 255 just after 8.
t/16_drop_invite.t ...................... 
Dubious, test returned 255 (wstat 65280, 0xff00)
Failed 2/9 subtests 
# uas >> OK
# <<
# uas >> Listening
# <<
# uac >> OK
# <<
# uac >> Started
# <<

#   Failed test '[uas] Call accepted'
#   at ./t/testlib.pl line 156.

#   Failed test 'fatal error at ./t/testlib.pl line 157.
# '
#   at ./t/testlib.pl line 26.
# Looks like your test exited with 1 just after 6.
t/17_call_with_reinvite_and_auth.t ...... 
Dubious, test returned 1 (wstat 256, 0x100)
Failed 7/11 subtests 
# registrar >> OK
# <<
# registrar >> Listening
# <<
# uac >> OK
# <<
# uac >> Started
# <<

#   Failed test '[uac] got 401 response'
#   at ./t/testlib.pl line 156.

#   Failed test 'fatal error at ./t/testlib.pl line 157.
# '
#   at ./t/testlib.pl line 26.
# Looks like your test exited with 1 just after 6.
t/18_register_with_auth_step_by_step.t .. 
Dubious, test returned 1 (wstat 256, 0x100)
Failed 4/8 subtests 
# UAS on 127.0.0.1:18565
# UAC on 127.0.0.1:5060
# received 0/100 packets events=

#   Failed test 'died'
#   at t/19_call_with_dtmf.t line 41.

#   Failed test 'died'
#   at t/19_call_with_dtmf.t line 41.
no usable DTMF method found at t/19_call_with_dtmf.t line 86.
# Looks like your test exited with 255 just after 6.
t/19_call_with_dtmf.t ................... 
Dubious, test returned 255 (wstat 65280, 0xff00)
Failed 4/8 subtests 

#   Failed test 'died'
#   at t/anyevent.t line 49.
t/anyevent.t ............................ 
Failed 5/10 subtests 
t/release-pod-syntax.t .................. skipped: these tests are for release candidate testing

Test Summary Report
-------------------
t/02_listen_and_invite-anyevent.t     (Wstat: 768 Tests: 11 Failed: 4)
  Failed tests:  6-7, 10-11
  Non-zero exit status: 3
  Parse errors: Bad plan.  You planned 10 tests but ran 11.
t/02_listen_and_invite.t              (Wstat: 768 Tests: 12 Failed: 4)
  Failed tests:  6-7, 11-12
  Non-zero exit status: 3
  Parse errors: Bad plan.  You planned 11 tests but ran 12.
t/04_call_with_rtp.t                  (Wstat: 768 Tests: 9 Failed: 4)
  Failed tests:  3, 6-7, 9
  Non-zero exit status: 3
  Parse errors: Bad plan.  You planned 8 tests but ran 9.
t/05_call_with_stateless_proxy.t      (Wstat: 256 Tests: 9 Failed: 2)
  Failed tests:  8-9
  Non-zero exit status: 1
  Parse errors: Bad plan.  You planned 63 tests but ran 9.
t/06_call_with_reinvite.t             (Wstat: 256 Tests: 6 Failed: 2)
  Failed tests:  5-6
  Non-zero exit status: 1
  Parse errors: Bad plan.  You planned 17 tests but ran 6.
t/07_call_on_hold.t                   (Wstat: 256 Tests: 6 Failed: 2)
  Failed tests:  5-6
  Non-zero exit status: 1
  Parse errors: Bad plan.  You planned 16 tests but ran 6.
t/08_register_with_auth.t             (Wstat: 256 Tests: 6 Failed: 2)
  Failed tests:  5-6
  Non-zero exit status: 1
  Parse errors: Bad plan.  You planned 7 tests but ran 6.
t/11_invite_timeout.t                 (Wstat: 256 Tests: 8 Failed: 1)
  Failed test:  7
  Non-zero exit status: 1
t/12_maddr.t                          (Wstat: 512 Tests: 9 Failed: 3)
  Failed tests:  6, 8-9
  Non-zero exit status: 2
  Parse errors: Bad plan.  You planned 8 tests but ran 9.
t/13_maddr_proxy.t                    (Wstat: 65280 Tests: 0 Failed: 0)
  Non-zero exit status: 255
  Parse errors: Bad plan.  You planned 1 tests but ran 0.
t/14_bugfix_0.51.t                    (Wstat: 256 Tests: 5 Failed: 2)
  Failed tests:  4-5
  Non-zero exit status: 1
  Parse errors: Bad plan.  You planned 12 tests but ran 5.
t/15_block_invite.t                   (Wstat: 256 Tests: 8 Failed: 1)
  Failed test:  7
  Non-zero exit status: 1
t/16_drop_invite.t                    (Wstat: 65280 Tests: 8 Failed: 1)
  Failed test:  8
  Non-zero exit status: 255
  Parse errors: Bad plan.  You planned 9 tests but ran 8.
t/17_call_with_reinvite_and_auth.t    (Wstat: 256 Tests: 6 Failed: 2)
  Failed tests:  5-6
  Non-zero exit status: 1
  Parse errors: Bad plan.  You planned 11 tests but ran 6.
t/18_register_with_auth_step_by_step.t (Wstat: 256 Tests: 6 Failed: 2)
  Failed tests:  5-6
  Non-zero exit status: 1
  Parse errors: Bad plan.  You planned 8 tests but ran 6.
t/19_call_with_dtmf.t                 (Wstat: 65280 Tests: 6 Failed: 2)
  Failed tests:  3, 6
  Non-zero exit status: 255
  Parse errors: Bad plan.  You planned 8 tests but ran 6.
t/anyevent.t                          (Wstat: 9 Tests: 6 Failed: 1)
  Failed test:  6
  Non-zero wait status: 9
  Parse errors: Bad plan.  You planned 10 tests but ran 6.
Files=20, Tests=130, 34116 wallclock secs ( 0.03 usr  0.08 sys +  5.41 cusr 44.59 csys = 50.11 CPU)
Result: FAIL
Failed 17/20 test programs. 35/130 subtests failed.

------------------------------
PREREQUISITES
------------------------------

Prerequisite modules loaded:

requires:

    Module                          Need   Have    
    ------------------------------- ------ --------
    AnyEvent                        0      7.13    
    AnyEvent::AggressiveIdle        0      0.04    
    Net::SIP::Dispatcher::Eventloop 0      0       
    Net::SIP::Util                  0      0       
    strict                          0      1.11    
    warnings                        0      1.37    

build_requires:

    Module                          Need   Have    
    ------------------------------- ------ --------
    base                            0      2.24    
    Cwd                             0      3.66    
    Data::Dumper                    0      2.166   
    Digest::MD5                     0      2.55    
    fields                          0      2.23    
    File::Find                      0      1.34    
    File::Temp                      0      0.2304  
    IO::Socket                      0      1.38    
    List::Util                      0      1.46_02 
    Module::Build                   0.3601 0.4220  
    Net::SIP                        0      0.808   
    Net::SIP::Blocker               0      0       
    Net::SIP::Debug                 0      0       
    Net::SIP::Dropper               0      0       
    Net::SIP::Dropper::ByField      0      0       
    Net::SIP::Dropper::ByIPPort     0      0       
    Net::SIP::Leg                   0      0       
    Net::SIP::NATHelper::Client     0      0       
    Net::SIP::NATHelper::Local      0      0       
    Net::SIP::NATHelper::Server     0      0       
    Net::SIP::ReceiveChain          0      0       
    Net::SIP::SDP                   0      0       
    Test::More                      0      1.302073

configure_requires:

    Module                          Need   Have    
    ------------------------------- ------ --------
    ExtUtils::MakeMaker             6.30   7.24    
    Module::Build                   0.3601 0.4220  


------------------------------
ENVIRONMENT AND OTHER CONTEXT
------------------------------

Environment variables:

    LC_ALL = de_DE.ISO8859-1
    PATH = /usr/local/bin:/usr/bin:/bin:/usr/local/sbin:/usr/sbin:/sbin:/home/cpansand/bin/freebsd10.1:/home/cpansand/bin/sh:/home/cpansand/bin:/usr/games:/home/cpansand/devel:/home/eserte/src/srezic-misc/scripts
    PERL5LIB = /home/cpansand/.cpan/build/2016122709/Net-SIP-0.808-0/blib/arch:/home/cpansand/.cpan/build/2016122709/Net-SIP-0.808-0/blib/lib:/home/cpansand/.cpan/build/2016122709/AnyEvent-AggressiveIdle-0.04-0/blib/arch:/home/cpansand/.cpan/build/2016122709/AnyEvent-AggressiveIdle-0.04-0/blib/lib:/home/cpansand/.cpan/build/2016122709/AnyEvent-7.13-0/blib/arch:/home/cpansand/.cpan/build/2016122709/AnyEvent-7.13-0/blib/lib
    PERL5OPT = 
    PERL5_CPANPLUS_IS_RUNNING = 5956
    PERL5_CPAN_IS_RUNNING = 5956
    PERL5_CPAN_IS_RUNNING_IN_RECURSION = 5925,5956
    PERLDOC = -MPod::Perldoc::ToTextOverstrike
    PERL_BATCH = yes
    PERL_CANARY_STABILITY_NOPROMPT = 1
    PERL_CPAN_REPORTER_CONFIG = /var/tmp/cpansmoker-1023/2016122709/cpanreporter_003_config.ini
    PERL_EXTUTILS_AUTOINSTALL = --defaultdeps
    SHELL = /usr/local/bin/zsh
    TERM = screen
    TMPDIR = /var/tmp/cpansmoker-1023/2016122709

Perl special variables (and OS-specific diagnostics, for MSWin32):

    $^X = /usr/perl5.25.8p/bin/perl5.25.8
    $UID/$EUID = 1023 / 1023
    $GID = 1023 1023
    $EGID = 1023 1023

Perl module toolchain versions installed:

    Module              Have      
    ------------------- ----------
    CPAN                2.14_01   
    CPAN::Meta          2.150010  
    Cwd                 3.66      
    ExtUtils::CBuilder  0.280225  
    ExtUtils::Command   7.24      
    ExtUtils::Install   2.04      
    ExtUtils::MakeMaker 7.24      
    ExtUtils::Manifest  1.70      
    ExtUtils::ParseXS   3.33      
    File::Spec          3.66      
    JSON                2.90      
    JSON::PP            2.27400_02
    Module::Build       0.4220    
    Module::Signature   n/a       
    Parse::CPAN::Meta   2.150010  
    Test::Harness       3.36_01   
    Test::More          1.302073  
    YAML                1.20      
    YAML::Syck          1.29      
    version             0.9917    


--

Summary of my perl5 (revision 5 version 25 subversion 8) configuration:
   
  Platform:
    osname=freebsd
    osvers=10.1-release
    archname=amd64-freebsd
    uname='freebsd cvrsnica-freebsd-101.herceg.de 10.1-release freebsd 10.1-release #0 r274401: tue nov 11 21:02:49 utc 2014 root@releng1.nyi.freebsd.org:usrobjusrsrcsysgeneric amd64 '
    config_args='-ds -e -Dprefix=/usr/perl5.25.8p -Dusedevel -Dusemallocwrap=no -Dcf_email=srezic@cpan.org -Doptimize=-O2 -pipe'
    hint=recommended
    useposix=true
    d_sigaction=define
    useithreads=undef
    usemultiplicity=undef
    use64bitint=define
    use64bitall=define
    uselongdouble=undef
    usemymalloc=n
    bincompat5005=undef
  Compiler:
    cc='cc'
    ccflags ='-DHAS_FPSETMASK -DHAS_FLOATINGPOINT_H -fno-strict-aliasing -pipe -fstack-protector -I/usr/local/include -D_FORTIFY_SOURCE=2'
    optimize='-O2 -pipe'
    cppflags='-DHAS_FPSETMASK -DHAS_FLOATINGPOINT_H -fno-strict-aliasing -pipe -fstack-protector -I/usr/local/include'
    ccversion=''
    gccversion='4.2.1 Compatible FreeBSD Clang 3.4.1 (tags/RELEASE_34/dot1-final 208032)'
    gccosandvers=''
    intsize=4
    longsize=8
    ptrsize=8
    doublesize=8
    byteorder=12345678
    doublekind=3
    d_longlong=define
    longlongsize=8
    d_longdbl=define
    longdblsize=16
    longdblkind=3
    ivtype='long'
    ivsize=8
    nvtype='double'
    nvsize=8
    Off_t='off_t'
    lseeksize=8
    alignbytes=8
    prototype=define
  Linker and Libraries:
    ld='cc'
    ldflags ='-pthread -Wl,-E  -fstack-protector -L/usr/local/lib'
    libpth=/usr/lib /usr/local/lib /usr/include/clang/3.4.1 /usr/lib
    libs=-lpthread -lgdbm -lm -lcrypt -lutil -lc
    perllibs=-lpthread -lm -lcrypt -lutil -lc
    libc=
    so=so
    useshrplib=false
    libperl=libperl.a
    gnulibc_version=''
  Dynamic Linking:
    dlsrc=dl_dlopen.xs
    dlext=so
    d_dlsymun=undef
    ccdlflags=' '
    cccdlflags='-DPIC -fPIC'
    lddlflags='-shared  -L/usr/local/lib -fstack-protector'


Characteristics of this binary (from libperl): 
  Compile-time options:
    HAS_TIMES
    PERLIO_LAYERS
    PERL_COPY_ON_WRITE
    PERL_DONT_CREATE_GVSV
    PERL_OP_PARENT
    PERL_PRESERVE_IVUV
    PERL_USE_DEVEL
    USE_64_BIT_ALL
    USE_64_BIT_INT
    USE_LARGE_FILES
    USE_LOCALE
    USE_LOCALE_COLLATE
    USE_LOCALE_CTYPE
    USE_LOCALE_NUMERIC
    USE_LOCALE_TIME
    USE_PERLIO
    USE_PERL_ATOF
  Built under freebsd
  Compiled at Dec 22 2016 00:19:16
  %ENV:
    PERL5LIB="/home/cpansand/.cpan/build/2016122709/Net-SIP-0.808-0/blib/arch:/home/cpansand/.cpan/build/2016122709/Net-SIP-0.808-0/blib/lib:/home/cpansand/.cpan/build/2016122709/AnyEvent-AggressiveIdle-0.04-0/blib/arch:/home/cpansand/.cpan/build/2016122709/AnyEvent-AggressiveIdle-0.04-0/blib/lib:/home/cpansand/.cpan/build/2016122709/AnyEvent-7.13-0/blib/arch:/home/cpansand/.cpan/build/2016122709/AnyEvent-7.13-0/blib/lib"
    PERL5OPT=""
    PERL5_CPANPLUS_IS_RUNNING="5956"
    PERL5_CPAN_IS_RUNNING="5956"
    PERL5_CPAN_IS_RUNNING_IN_RECURSION="5925,5956"
    PERLDOC="-MPod::Perldoc::ToTextOverstrike"
    PERL_BATCH="yes"
    PERL_CANARY_STABILITY_NOPROMPT="1"
    PERL_CPAN_REPORTER_CONFIG="/var/tmp/cpansmoker-1023/2016122709/cpanreporter_003_config.ini"
    PERL_EXTUTILS_AUTOINSTALL="--defaultdeps"
  @INC:
    /home/cpansand/.cpan/build/2016122709/Net-SIP-0.808-0/blib/arch
    /home/cpansand/.cpan/build/2016122709/Net-SIP-0.808-0/blib/lib
    /home/cpansand/.cpan/build/2016122709/AnyEvent-AggressiveIdle-0.04-0/blib/arch
    /home/cpansand/.cpan/build/2016122709/AnyEvent-AggressiveIdle-0.04-0/blib/lib
    /home/cpansand/.cpan/build/2016122709/AnyEvent-7.13-0/blib/arch
    /home/cpansand/.cpan/build/2016122709/AnyEvent-7.13-0/blib/lib
    /usr/perl5.25.8p/lib/site_perl/5.25.8/amd64-freebsd
    /usr/perl5.25.8p/lib/site_perl/5.25.8
    /usr/perl5.25.8p/lib/5.25.8/amd64-freebsd
    /usr/perl5.25.8p/lib/5.25.8
    .