CodeGen-Cpppp v0.001_02 Perl 5 v5.14.4 x86_64-linux

Status
Fail
From
David Cantrell (DCANTRELL)
Dist
CodeGen-Cpppp v0.001_02
Platform
Perl 5 v5.14.4 x86_64-linux
Date
2023-09-15 23:27:40
ID
76a4dc7c-541f-11ee-8d77-1a9cd6551d7a
This distribution has been tested as part of the CPAN Testers
project, supporting the Perl programming language.  See
http://wiki.cpantesters.org/ for more information or email
questions to cpan-testers-discuss@perl.org


--
Dear Michael Conrad,

This is a computer-generated report for CodeGen-Cpppp-0.001_02
on perl 5.14.4, created by CPAN-Reporter-1.2019.

Thank you for uploading your work to CPAN.  However, there was a problem
testing your distribution.

If you think this report is invalid, please consult the CPAN Testers Wiki
for suggestions on how to avoid getting FAIL reports for missing library
or binary dependencies, unsupported operating systems, and so on:

http://wiki.cpantesters.org/wiki/CPANAuthorNotes

Sections of this report:

    * Tester comments
    * Program output
    * Prerequisites
    * Environment and other context

------------------------------
TESTER COMMENTS
------------------------------

Additional comments from tester:

this report is from an automated smoke testing program
and was not reviewed by a human for accuracy

------------------------------
PROGRAM OUTPUT
------------------------------

Output from '/usr/bin/make test':

PERL_DL_NONLAZY=1 "/home/david/cpantesting/perl-5.14.4/bin/perl" "-MExtUtils::Command::MM" "-MTest::Harness" "-e" "undef *Test::Harness::Switches; test_harness(0, 'blib/lib', 'blib/arch')" t/*.t
Use of bare << to mean <<"" is deprecated at t/10-parse-code-block.t line 10.
"my" variable $cpppp masks earlier declaration in same scope at t/10-parse-code-block.t line 38.
"my" variable $parsed masks earlier declaration in same statement at t/10-parse-code-block.t line 39.
"my" variable $_ masks earlier declaration in same statement at t/10-parse-code-block.t line 39.
"my" variable $_ masks earlier declaration in same statement at t/10-parse-code-block.t line 39.
"my" variable $parsed masks earlier declaration in same statement at t/10-parse-code-block.t line 40.
Global symbol "$foo" requires explicit package name at t/10-parse-code-block.t line 10.
Global symbol "$el_t" requires explicit package name at t/10-parse-code-block.t line 10.
syntax error at t/10-parse-code-block.t line 36, near "~"
  (Might be a runaway multi-line << string starting on line 10)
Global symbol "@tests" requires explicit package name at t/10-parse-code-block.t line 37.
syntax error at t/10-parse-code-block.t line 41, near "}"
Missing right curly or square bracket at t/10-parse-code-block.t line 43, at end of line
Execution of t/10-parse-code-block.t aborted due to compilation errors.
t/10-parse-code-block.t .. 
Dubious, test returned 255 (wstat 65280, 0xff00)
No subtests run 
Use of bare << to mean <<"" is deprecated at t/20-translate-cpppp.t line 10.
Possible unintended interpolation of @expr_subs in string at t/20-translate-cpppp.t line 10.
Possible unintended interpolation of @expr_subs in string at t/20-translate-cpppp.t line 10.
Global symbol "$x" requires explicit package name at t/20-translate-cpppp.t line 10.
Global symbol "$x" requires explicit package name at t/20-translate-cpppp.t line 10.
Global symbol "$x" requires explicit package name at t/20-translate-cpppp.t line 10.
Global symbol "$x" requires explicit package name at t/20-translate-cpppp.t line 10.
Global symbol "$self" requires explicit package name at t/20-translate-cpppp.t line 10.
Global symbol "@expr_subs" requires explicit package name at t/20-translate-cpppp.t line 10.
Global symbol "$self" requires explicit package name at t/20-translate-cpppp.t line 10.
Global symbol "$self" requires explicit package name at t/20-translate-cpppp.t line 10.
Global symbol "@expr_subs" requires explicit package name at t/20-translate-cpppp.t line 10.
Global symbol "@expr_subs" requires explicit package name at t/20-translate-cpppp.t line 10.
Global symbol "$self" requires explicit package name at t/20-translate-cpppp.t line 10.
Global symbol "@expr_subs" requires explicit package name at t/20-translate-cpppp.t line 10.
Global symbol "$self" requires explicit package name at t/20-translate-cpppp.t line 10.
Global symbol "$self" requires explicit package name at t/20-translate-cpppp.t line 10.
syntax error at t/20-translate-cpppp.t line 59, near "~"
  (Might be a runaway multi-line << string starting on line 10)
t/20-translate-cpppp.t has too many errors.
t/20-translate-cpppp.t ... 
Dubious, test returned 2 (wstat 512, 0x200)
No subtests run 
Use of bare << to mean <<"" is deprecated at t/30-render.t line 10.
"my" variable @tests masks earlier declaration in same statement at t/30-render.t line 39.
"my" variable $cpppp masks earlier declaration in same scope at t/30-render.t line 40.
"my" variable $t masks earlier declaration in same statement at t/30-render.t line 40.
"my" variable $t masks earlier declaration in same statement at t/30-render.t line 40.
"my" variable $t masks earlier declaration in same statement at t/30-render.t line 40.
"my" variable $c masks earlier declaration in same statement at t/30-render.t line 41.
"my" variable $t masks earlier declaration in same statement at t/30-render.t line 41.
"my" variable $t masks earlier declaration in same statement at t/30-render.t line 41.
"my" variable $c masks earlier declaration in same statement at t/30-render.t line 42.
Global symbol "$bits" requires explicit package name at t/30-render.t line 10.
Global symbol "$bits" requires explicit package name at t/30-render.t line 10.
Global symbol "$bits" requires explicit package name at t/30-render.t line 10.
Global symbol "$bits" requires explicit package name at t/30-render.t line 10.
Global symbol "$bits" requires explicit package name at t/30-render.t line 10.
Global symbol "$bits" requires explicit package name at t/30-render.t line 10.
Global symbol "$bits" requires explicit package name at t/30-render.t line 10.
syntax error at t/30-render.t line 38, near "~"
  (Might be a runaway multi-line << string starting on line 10)
syntax error at t/30-render.t line 43, near "}"
Missing right curly or square bracket at t/30-render.t line 45, at end of line
t/30-render.t has too many errors.
t/30-render.t ............ 
Dubious, test returned 255 (wstat 65280, 0xff00)
No subtests run 

Test Summary Report
-------------------
t/10-parse-code-block.t (Wstat: 65280 (exited 255) Tests: 0 Failed: 0)
  Non-zero exit status: 255
  Parse errors: No plan found in TAP output
t/20-translate-cpppp.t (Wstat: 512 (exited 2) Tests: 0 Failed: 0)
  Non-zero exit status: 2
  Parse errors: No plan found in TAP output
t/30-render.t          (Wstat: 65280 (exited 255) Tests: 0 Failed: 0)
  Non-zero exit status: 255
  Parse errors: No plan found in TAP output
Files=3, Tests=0,  3 wallclock secs ( 0.03 usr  0.00 sys +  0.36 cusr  0.06 csys =  0.45 CPU)
Result: FAIL
Failed 3/3 test programs. 0/0 subtests failed.
make: *** [Makefile:882: test_dynamic] Error 255

------------------------------
PREREQUISITES
------------------------------

Prerequisite modules loaded:

requires:

    Module              Need     Have    
    ------------------- -------- --------
    autouse             0        1.06    
    Carp                0        1.50    
    Getopt::Long        0        2.54    
    strict              0        1.04    
    warnings            0        1.12    

build_requires:

    Module              Need     Have    
    ------------------- -------- --------
    Data::Printer       0        1.001001
    ExtUtils::MakeMaker 0        7.70    
    Test2::Suite        0.000139 0.000155
    Test2::V0           0        0.000155

configure_requires:

    Module              Need     Have    
    ------------------- -------- --------
    ExtUtils::MakeMaker 0        7.70    


------------------------------
ENVIRONMENT AND OTHER CONTEXT
------------------------------

Environment variables:

    AUTOMATED_TESTING = 1
    LANG = en_GB.UTF-8
    LANGUAGE = en_GB:en
    LC_TERMINAL = iTerm2
    LC_TERMINAL_VERSION = 3.4.20
    NONINTERACTIVE_TESTING = 1
    PATH = /home/david/.nvm/versions/node/v18.17.1/bin:/home/david/.cargo/bin:/home/david/perl5/perlbrew/bin:/home/david/perl5/perlbrew/perls/perl-5.30.2/bin:/home/david/bin:/usr/local/bin:/usr/bin:/bin:/usr/local/games:/usr/games
    PERL = 5.14.4
    PERL5LIB = 
    PERL5OPT = 
    PERL5_CPANPLUS_IS_RUNNING = 3588130
    PERL5_CPAN_IS_RUNNING = 3588130
    PERLBREW_HOME = /home/david/.perlbrew
    PERLBREW_MANPATH = /home/david/perl5/perlbrew/perls/perl-5.30.2/man
    PERLBREW_PATH = /home/david/perl5/perlbrew/bin:/home/david/perl5/perlbrew/perls/perl-5.30.2/bin
    PERLBREW_PERL = perl-5.30.2
    PERLBREW_ROOT = /home/david/perl5/perlbrew
    PERLBREW_SHELLRC_VERSION = 0.89
    PERLBREW_VERSION = 0.89
    PERLVER = 5.14.4
    PERL_INLINE_DIRECTORY = /home/david/.Inline-5.14.4
    PERL_MM_USE_DEFAULT = 1
    PERL_USE_UNSAFE_INC = 0
    SHELL = /bin/bash
    TERM = screen

Perl special variables (and OS-specific diagnostics, for MSWin32):

    $^X = /home/david/cpantesting/perl-5.14.4/bin/perl
    $UID/$EUID = 1000 / 1000
    $GID = 1000 24 25 27 29 30 44 46 109 1000
    $EGID = 1000 24 25 27 29 30 44 46 109 1000

Perl module toolchain versions installed:

    Module              Have     
    ------------------- ---------
    CPAN                1.9600_01
    CPAN::Meta          2.150010 
    Cwd                 3.75     
    ExtUtils::CBuilder  0.280236 
    ExtUtils::Command   7.70     
    ExtUtils::Install   2.22     
    ExtUtils::MakeMaker 7.70     
    ExtUtils::Manifest  1.75     
    ExtUtils::ParseXS   3.44     
    File::Spec          3.75     
    JSON                4.10     
    JSON::PP            4.16     
    Module::Build       0.4234   
    Module::Signature   n/a      
    Parse::CPAN::Meta   2.150010 
    Test2               1.302195 
    Test::Harness       3.44     
    Test::More          1.302195 
    YAML                1.30     
    YAML::Syck          n/a      
    version             0.9929   


--

Summary of my perl5 (revision 5 version 14 subversion 4) configuration:
   
  Platform:
    osname=linux, osvers=5.10.0-11-amd64, archname=x86_64-linux
    uname='linux cpantesting-linux 5.10.0-11-amd64 #1 smp debian 5.10.92-1 (2022-01-18) x86_64 gnulinux '
    config_args='-de -Dprefix=/home/david/cpantesting/perl-5.14.4'
    hint=recommended, useposix=true, d_sigaction=define
    useithreads=undef, usemultiplicity=undef
    useperlio=define, d_sfio=undef, uselargefiles=define, usesocks=undef
    use64bitint=define, use64bitall=define, uselongdouble=undef
    usemymalloc=n, bincompat5005=undef
  Compiler:
    cc='cc', ccflags ='-fwrapv -fno-strict-aliasing -pipe -fstack-protector -I/usr/local/include -D_LARGEFILE_SOURCE -D_FILE_OFFSET_BITS=64',
    optimize='-O2',
    cppflags='-fwrapv -fno-strict-aliasing -pipe -fstack-protector -I/usr/local/include'
    ccversion='', gccversion='10.2.1 20210110', gccosandvers=''
    intsize=4, longsize=8, ptrsize=8, doublesize=8, byteorder=12345678
    d_longlong=define, longlongsize=8, d_longdbl=define, longdblsize=16
    ivtype='long', ivsize=8, nvtype='double', nvsize=8, Off_t='off_t', lseeksize=8
    alignbytes=8, prototype=define
  Linker and Libraries:
    ld='cc', ldflags =' -fstack-protector -L/usr/local/lib'
    libpth=/usr/local/lib /lib/x86_64-linux-gnu /lib/../lib /usr/lib/x86_64-linux-gnu /usr/lib/../lib /lib /usr/lib /lib64 /usr/lib64
    libs=-lnsl -ldl -lm -lcrypt -lutil -lc
    perllibs=-lnsl -ldl -lm -lcrypt -lutil -lc
    libc=libc-2.31.so, so=so, useshrplib=false, libperl=libperl.a
    gnulibc_version='2.31'
  Dynamic Linking:
    dlsrc=dl_dlopen.xs, dlext=so, d_dlsymun=undef, ccdlflags='-Wl,-E'
    cccdlflags='-fPIC', lddlflags='-shared -O2 -L/usr/local/lib -fstack-protector'


Characteristics of this binary (from libperl): 
  Compile-time options: PERL_DONT_CREATE_GVSV PERL_MALLOC_WRAP
                        PERL_PRESERVE_IVUV USE_64_BIT_ALL USE_64_BIT_INT
                        USE_LARGE_FILES USE_PERLIO USE_PERL_ATOF
  Locally applied patches:
	Devel::PatchPerl 2.08
  Built under linux
  Compiled at Jul  5 2023 22:40:55
  %ENV:
    PERL="5.14.4"
    PERL5LIB=""
    PERL5OPT=""
    PERL5_CPANPLUS_IS_RUNNING="3588130"
    PERL5_CPAN_IS_RUNNING="3588130"
    PERLBREW_HOME="/home/david/.perlbrew"
    PERLBREW_MANPATH="/home/david/perl5/perlbrew/perls/perl-5.30.2/man"
    PERLBREW_PATH="/home/david/perl5/perlbrew/bin:/home/david/perl5/perlbrew/perls/perl-5.30.2/bin"
    PERLBREW_PERL="perl-5.30.2"
    PERLBREW_ROOT="/home/david/perl5/perlbrew"
    PERLBREW_SHELLRC_VERSION="0.89"
    PERLBREW_VERSION="0.89"
    PERLVER="5.14.4"
    PERL_INLINE_DIRECTORY="/home/david/.Inline-5.14.4"
    PERL_MM_USE_DEFAULT="1"
    PERL_USE_UNSAFE_INC="0"
  @INC:
    /home/david/cpantesting/perl-5.14.4/lib/site_perl/5.14.4/x86_64-linux
    /home/david/cpantesting/perl-5.14.4/lib/site_perl/5.14.4
    /home/david/cpantesting/perl-5.14.4/lib/5.14.4/x86_64-linux
    /home/david/cpantesting/perl-5.14.4/lib/5.14.4
    .