Crypt-PKCS10 v2.005 Perl 5 v5.37.7 x86_64-linux-multi

Status
Fail
From
Andreas J. König (ANDK)
Dist
Crypt-PKCS10 v2.005
Platform
Perl 5 v5.37.7 x86_64-linux-multi
Date
2023-01-16 01:45:31
ID
7634e268-953f-11ed-904c-6360133f339d
This distribution has been tested as part of the CPAN Testers
project, supporting the Perl programming language.  See
http://wiki.cpantesters.org/ for more information or email
questions to cpan-testers-discuss@perl.org


--
Dear Scott T. Hardin,

This is a computer-generated report for Crypt-PKCS10-2.005
on perl 5.37.7, created by CPAN-Reporter-1.2018.

Thank you for uploading your work to CPAN.  However, there was a problem
testing your distribution.

If you think this report is invalid, please consult the CPAN Testers Wiki
for suggestions on how to avoid getting FAIL reports for missing library
or binary dependencies, unsupported operating systems, and so on:

http://wiki.cpantesters.org/wiki/CPANAuthorNotes

Sections of this report:

    * Tester comments
    * Program output
    * Prerequisites
    * Environment and other context

------------------------------
TESTER COMMENTS
------------------------------

Additional comments from tester:

this report is from an automated smoke testing program
and was not reviewed by a human for accuracy

------------------------------
PROGRAM OUTPUT
------------------------------

Output from './Build test':

t/0-signature.t ..... skipped: Set the environment variable TEST_SIGNATURE to enable this test.
# Perl /home/sand/src/perl/repoperls/installed-perls/host/k93msid/v5.37.7/4da5/bin/perl version 5.37.7
# OpenSSL 3.0.7 1 Nov 2022 (Library: OpenSSL 3.0.7 1 Nov 2022)
# built on: Tue Nov  1 20:39:01 2022 UTC
# platform: debian-amd64
# options:  bn(64,64)
# compiler: gcc -fPIC -pthread -m64 -Wa,--noexecstack -Wall
# 		    -fzero-call-used-regs=used-gpr
# 		    -DOPENSSL_TLS_SECURITY_LEVEL=2 -Wa,--noexecstack -g -O2
# 		    -ffile-prefix-map=/build/openssl-vMVw8q/openssl-3.0.7=.
# 		    -fstack-protector-strong -Wformat
# 		    -Werror=format-security -DOPENSSL_USE_NODELETE
# 		    -DL_ENDIAN -DOPENSSL_PIC -DOPENSSL_BUILDING_OPENSSL
# 		    -DNDEBUG -Wdate-time -D_FORTIFY_SOURCE=2
# OPENSSLDIR: "/usr/lib/ssl"
# ENGINESDIR: "/usr/lib/x86_64-linux-gnu/engines-3"
# MODULESDIR: "/usr/lib/x86_64-linux-gnu/ossl-modules"
# Seeding source: os-specific
# CPUINFO: OPENSSL_ia32cap=0xfffab2234f8bffff:0x4009c4fbb
# ciphers:          AES128-GCM-SHA256 AES128-SHA AES128-SHA256 AES256-GCM-SHA384 AES256-SHA
# 		    AES256-SHA256 DHE-PSK-AES128-CBC-SHA
# 		    DHE-PSK-AES128-CBC-SHA256 DHE-PSK-AES128-GCM-SHA256
# 		    DHE-PSK-AES256-CBC-SHA DHE-PSK-AES256-CBC-SHA384
# 		    DHE-PSK-AES256-GCM-SHA384 DHE-PSK-CHACHA20-POLY1305
# 		    DHE-RSA-AES128-GCM-SHA256 DHE-RSA-AES128-SHA
# 		    DHE-RSA-AES128-SHA256 DHE-RSA-AES256-GCM-SHA384
# 		    DHE-RSA-AES256-SHA DHE-RSA-AES256-SHA256
# 		    DHE-RSA-CHACHA20-POLY1305 ECDHE-ECDSA-AES128-GCM-SHA256
# 		    ECDHE-ECDSA-AES128-SHA ECDHE-ECDSA-AES128-SHA256
# 		    ECDHE-ECDSA-AES256-GCM-SHA384 ECDHE-ECDSA-AES256-SHA
# 		    ECDHE-ECDSA-AES256-SHA384 ECDHE-ECDSA-CHACHA20-POLY1305
# 		    ECDHE-PSK-AES128-CBC-SHA ECDHE-PSK-AES128-CBC-SHA256
# 		    ECDHE-PSK-AES256-CBC-SHA ECDHE-PSK-AES256-CBC-SHA384
# 		    ECDHE-PSK-CHACHA20-POLY1305 ECDHE-RSA-AES128-GCM-SHA256
# 		    ECDHE-RSA-AES128-SHA ECDHE-RSA-AES128-SHA256
# 		    ECDHE-RSA-AES256-GCM-SHA384 ECDHE-RSA-AES256-SHA
# 		    ECDHE-RSA-AES256-SHA384 ECDHE-RSA-CHACHA20-POLY1305
# 		    PSK-AES128-CBC-SHA PSK-AES128-CBC-SHA256
# 		    PSK-AES128-GCM-SHA256 PSK-AES256-CBC-SHA
# 		    PSK-AES256-CBC-SHA384 PSK-AES256-GCM-SHA384
# 		    PSK-CHACHA20-POLY1305 RSA-PSK-AES128-CBC-SHA
# 		    RSA-PSK-AES128-CBC-SHA256 RSA-PSK-AES128-GCM-SHA256
# 		    RSA-PSK-AES256-CBC-SHA RSA-PSK-AES256-CBC-SHA384
# 		    RSA-PSK-AES256-GCM-SHA384 RSA-PSK-CHACHA20-POLY1305
# 		    SRP-AES-128-CBC-SHA SRP-AES-256-CBC-SHA
# 		    SRP-RSA-AES-128-CBC-SHA SRP-RSA-AES-256-CBC-SHA
# 		    TLS_AES_128_GCM_SHA256 TLS_AES_256_GCM_SHA384
# 		    TLS_CHACHA20_POLY1305_SHA256
# Skipping DSA, RSA tests: no support
t/02_base.t ......... ok
t/03_ecc.t .......... skipped: Crypt::PK::ECC is not installed, skipping ECC tests
Can't call method "subject" on an undefined value at t/04_complex_rdn.t line 33.
# Looks like your test exited with 2 before it could output anything.
t/04_complex_rdn.t .. 
Dubious, test returned 2 (wstat 512, 0x200)
Failed 2/2 subtests 

Test Summary Report
-------------------
t/04_complex_rdn.t (Wstat: 512 (exited 2) Tests: 0 Failed: 0)
  Non-zero exit status: 2
  Parse errors: Bad plan.  You planned 2 tests but ran 0.
Files=4, Tests=12,  2 wallclock secs ( 0.04 usr  0.04 sys +  0.68 cusr  0.16 csys =  0.92 CPU)
Result: FAIL

------------------------------
PREREQUISITES
------------------------------

Prerequisite modules loaded:

requires:

    Module              Need     Have    
    ------------------- -------- --------
    Convert::ASN1       0        0.33    
    Encode              0        3.19    
    MIME::Base64        0        3.16    
    perl                5.008001 5.037007
    Scalar::Util        0        1.63    

build_requires:

    Module              Need     Have    
    ------------------- -------- --------
    Test::More          0.98     1.302191

configure_requires:

    Module              Need     Have    
    ------------------- -------- --------
    Module::Build::Tiny 0.035    0.039   


------------------------------
ENVIRONMENT AND OTHER CONTEXT
------------------------------

Environment variables:

    AUTOMATED_TESTING = 1
    LANG = en_US.UTF-8
    LANGUAGE = en_US:en
    PATH = /home/sand/bin:/usr/local/bin:/usr/bin:/bin:/usr/games:/usr/local/perl/bin:/usr/X11/bin:/sbin:/usr/sbin
    PERL5LIB = 
    PERL5OPT = 
    PERL5_CPANPLUS_IS_RUNNING = 259639
    PERL5_CPAN_IS_RUNNING = 259639
    PERL_CANARY_STABILITY_NOPROMPT = 1
    PERL_MM_USE_DEFAULT = 1
    PERL_USE_UNSAFE_INC = 1
    SHELL = /usr/bin/zsh
    TERM = screen

Perl special variables (and OS-specific diagnostics, for MSWin32):

    $^X = /home/sand/src/perl/repoperls/installed-perls/host/k93msid/v5.37.7/4da5/bin/perl
    $UID/$EUID = 1005 / 1005
    $GID = 1005 1005
    $EGID = 1005 1005

Perl module toolchain versions installed:

    Module              Have    
    ------------------- --------
    CPAN                2.34    
    CPAN::Meta          2.150010
    Cwd                 3.88    
    ExtUtils::CBuilder  0.280238
    ExtUtils::Command   7.64    
    ExtUtils::Install   2.20    
    ExtUtils::MakeMaker 7.64    
    ExtUtils::Manifest  1.73    
    ExtUtils::ParseXS   3.49    
    File::Spec          3.88    
    JSON                4.10    
    JSON::PP            4.12    
    Module::Build       0.4232  
    Module::Signature   0.88    
    Parse::CPAN::Meta   2.150010
    Test::Harness       3.44    
    Test::More          1.302191
    YAML                1.30    
    YAML::Syck          1.34    
    version             0.9929  


--

Summary of my perl5 (revision 5 version 37 subversion 7) configuration:
  Commit id: b1163c2ae562670f2bf4c7700087f0c9d0ad8fe5
  Platform:
    osname=linux
    osvers=6.0.0-5-amd64
    archname=x86_64-linux-multi
    uname='linux k93msid 6.0.0-5-amd64 #1 smp preempt_dynamic debian 6.0.10-2 (2022-12-01) x86_64 gnulinux '
    config_args='-Dprefix=/home/sand/src/perl/repoperls/installed-perls/host/k93msid/v5.37.7/4da5 -Dmyhostname=k93msid -Dinstallusrbinperl=n -Uversiononly -Dusedevel -des -Ui_db -Dlibswanted=cl pthread socket inet nsl gdbm dbm malloc dl ld sun m crypt sec util c cposix posix ucb BSD gdbm_compat -Uuseithreads -Uuselongdouble -DEBUGGING=both -Dusemultiplicity'
    hint=recommended
    useposix=true
    d_sigaction=define
    useithreads=undef
    usemultiplicity=define
    use64bitint=define
    use64bitall=define
    uselongdouble=undef
    usemymalloc=n
    default_inc_excludes_dot=define
  Compiler:
    cc='cc'
    ccflags ='-fwrapv -DDEBUGGING -fno-strict-aliasing -pipe -fstack-protector-strong -I/usr/local/include -D_LARGEFILE_SOURCE -D_FILE_OFFSET_BITS=64 -D_FORTIFY_SOURCE=2'
    optimize='-O2 -g'
    cppflags='-fwrapv -DDEBUGGING -fno-strict-aliasing -pipe -fstack-protector-strong -I/usr/local/include'
    ccversion=''
    gccversion='12.2.0'
    gccosandvers=''
    intsize=4
    longsize=8
    ptrsize=8
    doublesize=8
    byteorder=12345678
    doublekind=3
    d_longlong=define
    longlongsize=8
    d_longdbl=define
    longdblsize=16
    longdblkind=3
    ivtype='long'
    ivsize=8
    nvtype='double'
    nvsize=8
    Off_t='off_t'
    lseeksize=8
    alignbytes=8
    prototype=define
  Linker and Libraries:
    ld='cc'
    ldflags =' -fstack-protector-strong -L/usr/local/lib'
    libpth=/usr/local/lib /usr/lib/x86_64-linux-gnu /usr/lib /usr/lib64
    libs=-lpthread -lnsl -ldl -lm -lcrypt -lutil -lc
    perllibs=-lpthread -lnsl -ldl -lm -lcrypt -lutil -lc
    libc=/lib/x86_64-linux-gnu/libc.so.6
    so=so
    useshrplib=false
    libperl=libperl.a
    gnulibc_version='2.36'
  Dynamic Linking:
    dlsrc=dl_dlopen.xs
    dlext=so
    d_dlsymun=undef
    ccdlflags='-Wl,-E'
    cccdlflags='-fPIC'
    lddlflags='-shared -O2 -g -L/usr/local/lib -fstack-protector-strong'


Characteristics of this binary (from libperl): 
  Compile-time options:
    DEBUGGING
    HAS_TIMES
    MULTIPLICITY
    PERLIO_LAYERS
    PERL_COPY_ON_WRITE
    PERL_DONT_CREATE_GVSV
    PERL_HASH_FUNC_SIPHASH13
    PERL_HASH_USE_SBOX32
    PERL_MALLOC_WRAP
    PERL_OP_PARENT
    PERL_PRESERVE_IVUV
    PERL_TRACK_MEMPOOL
    PERL_USE_DEVEL
    PERL_USE_SAFE_PUTENV
    USE_64_BIT_ALL
    USE_64_BIT_INT
    USE_LARGE_FILES
    USE_LOCALE
    USE_LOCALE_COLLATE
    USE_LOCALE_CTYPE
    USE_LOCALE_NUMERIC
    USE_LOCALE_TIME
    USE_PERLIO
    USE_PERL_ATOF
  Built under linux
  Compiled at Dec 20 2022 22:48:51
  %ENV:
    PERL5LIB=""
    PERL5OPT=""
    PERL5_CPANPLUS_IS_RUNNING="259639"
    PERL5_CPAN_IS_RUNNING="259639"
    PERL_CANARY_STABILITY_NOPROMPT="1"
    PERL_MM_USE_DEFAULT="1"
    PERL_USE_UNSAFE_INC="1"
  @INC:
    /home/sand/src/perl/repoperls/installed-perls/host/k93msid/v5.37.7/4da5/lib/site_perl/5.37.7/x86_64-linux-multi
    /home/sand/src/perl/repoperls/installed-perls/host/k93msid/v5.37.7/4da5/lib/site_perl/5.37.7
    /home/sand/src/perl/repoperls/installed-perls/host/k93msid/v5.37.7/4da5/lib/5.37.7/x86_64-linux-multi
    /home/sand/src/perl/repoperls/installed-perls/host/k93msid/v5.37.7/4da5/lib/5.37.7
    .