Crypt-SSLeay v0.72 Perl 5 v5.14.4 x86_64-linux

Status
Fail
From
Slaven Rezić
Dist
Crypt-SSLeay v0.72
Platform
Perl 5 v5.14.4 x86_64-linux
Date
2022-01-29 18:29:57
ID
76062dc4-8131-11ec-864b-34451f24ea8f
This distribution has been tested as part of the CPAN Testers
project, supporting the Perl programming language.  See
http://wiki.cpantesters.org/ for more information or email
questions to cpan-testers-discuss@perl.org


--
Dear A. Sinan Unur,

This is a computer-generated report for Crypt-SSLeay-0.72
on perl 5.14.4, created by CPAN-Reporter-1.2018.

Thank you for uploading your work to CPAN.  However, there was a problem
testing your distribution.

If you think this report is invalid, please consult the CPAN Testers Wiki
for suggestions on how to avoid getting FAIL reports for missing library
or binary dependencies, unsupported operating systems, and so on:

http://wiki.cpantesters.org/wiki/CPANAuthorNotes

Sections of this report:

    * Tester comments
    * Program output
    * Prerequisites
    * Environment and other context

------------------------------
TESTER COMMENTS
------------------------------

Additional comments from tester:

none provided

------------------------------
PROGRAM OUTPUT
------------------------------

Output from '/usr/bin/make test':

"/opt/perl-5.14.4/bin/perl" -MExtUtils::Command::MM -e 'cp_nonempty' -- SSLeay.bs blib/arch/auto/Crypt/SSLeay/SSLeay.bs 644
PERL_DL_NONLAZY=1 "/opt/perl-5.14.4/bin/perl" "-MExtUtils::Command::MM" "-MTest::Harness" "-e" "undef *Test::Harness::Switches; test_harness(0, 'blib/lib', 'blib/arch')" t/*.t

#   Failed test 'use Crypt::SSLeay;'
#   at t/00-basic.t line 6.
#     Tried to use 'Crypt::SSLeay'.
#     Error:  Can't load '/home/cpansand/.cpan/build/2022012918/Crypt-SSLeay-0.72-R6qQoM/blib/arch/auto/Crypt/SSLeay/SSLeay.so' for module Crypt::SSLeay: /home/cpansand/.cpan/build/2022012918/Crypt-SSLeay-0.72-R6qQoM/blib/arch/auto/Crypt/SSLeay/SSLeay.so: undefined symbol: SSLv2_client_method at /opt/perl-5.14.4/lib/5.14.4/x86_64-linux/DynaLoader.pm line 190.
#  at t/00-basic.t line 6.
# Compilation failed in require at t/00-basic.t line 6.
# BEGIN failed--compilation aborted at t/00-basic.t line 6.

#   Failed test 'use Crypt::SSLeay::CTX;'
#   at t/00-basic.t line 7.
#     Tried to use 'Crypt::SSLeay::CTX'.
#     Error:  Attempt to reload Crypt/SSLeay.pm aborted.
# Compilation failed in require at /home/cpansand/.cpan/build/2022012918/Crypt-SSLeay-0.72-R6qQoM/blib/lib/Crypt/SSLeay/CTX.pm line 2.
# Compilation failed in require at t/00-basic.t line 7.
# BEGIN failed--compilation aborted at t/00-basic.t line 7.

#   Failed test 'use Crypt::SSLeay::Conn;'
#   at t/00-basic.t line 8.
#     Tried to use 'Crypt::SSLeay::Conn'.
#     Error:  Attempt to reload Crypt/SSLeay.pm aborted.
# Compilation failed in require at /home/cpansand/.cpan/build/2022012918/Crypt-SSLeay-0.72-R6qQoM/blib/lib/Crypt/SSLeay/Conn.pm line 2.
# Compilation failed in require at t/00-basic.t line 8.
# BEGIN failed--compilation aborted at t/00-basic.t line 8.

#   Failed test 'use Crypt::SSLeay::Err;'
#   at t/00-basic.t line 9.
#     Tried to use 'Crypt::SSLeay::Err'.
#     Error:  Attempt to reload Crypt/SSLeay.pm aborted.
# Compilation failed in require at /home/cpansand/.cpan/build/2022012918/Crypt-SSLeay-0.72-R6qQoM/blib/lib/Crypt/SSLeay/Err.pm line 2.
# Compilation failed in require at t/00-basic.t line 9.
# BEGIN failed--compilation aborted at t/00-basic.t line 9.

#   Failed test 'use Crypt::SSLeay::MainContext;'
#   at t/00-basic.t line 10.
#     Tried to use 'Crypt::SSLeay::MainContext'.
#     Error:  Attempt to reload Crypt/SSLeay/CTX.pm aborted.
# Compilation failed in require at /home/cpansand/.cpan/build/2022012918/Crypt-SSLeay-0.72-R6qQoM/blib/lib/Crypt/SSLeay/MainContext.pm line 8.
# Compilation failed in require at t/00-basic.t line 10.
# BEGIN failed--compilation aborted at t/00-basic.t line 10.

#   Failed test 'use Crypt::SSLeay::Version;'
#   at t/00-basic.t line 12.
#     Tried to use 'Crypt::SSLeay::Version'.
#     Error:  Attempt to reload Crypt/SSLeay.pm aborted.
# Compilation failed in require at /home/cpansand/.cpan/build/2022012918/Crypt-SSLeay-0.72-R6qQoM/blib/lib/Crypt/SSLeay/Version.pm line 2.
# Compilation failed in require at t/00-basic.t line 12.
# BEGIN failed--compilation aborted at t/00-basic.t line 12.

#   Failed test 'use Net::SSL;'
#   at t/00-basic.t line 23.
#     Tried to use 'Net::SSL'.
#     Error:  Attempt to reload Crypt/SSLeay.pm aborted.
# Compilation failed in require at /home/cpansand/.cpan/build/2022012918/Crypt-SSLeay-0.72-R6qQoM/blib/lib/Net/SSL.pm line 20.
# Compilation failed in require at t/00-basic.t line 23.
# BEGIN failed--compilation aborted at t/00-basic.t line 23.

#   Failed test 'Crypt::SSLeay POD coverage'
#   at t/00-basic.t line 45.
# Crypt::SSLeay: requiring 'Crypt::SSLeay' failed

#   Failed test 'Crypt::SSLeay::Version POD coverage'
#   at t/00-basic.t line 45.
# Crypt::SSLeay::Version: requiring 'Crypt::SSLeay::Version' failed

#   Failed test 'Net::SSL POD coverage'
#   at t/00-basic.t line 45.
# Net::SSL: requiring 'Net::SSL' failed
Undefined subroutine &main::main_ctx called at t/00-basic.t line 49.
# Tests were run but no plan was declared and done_testing() was not seen.
# Looks like your test exited with 255 just after 13.
t/00-basic.t ..... 
Dubious, test returned 255 (wstat 65280, 0xff00)
Failed 10/13 subtests 
Can't load '/home/cpansand/.cpan/build/2022012918/Crypt-SSLeay-0.72-R6qQoM/blib/arch/auto/Crypt/SSLeay/SSLeay.so' for module Crypt::SSLeay: /home/cpansand/.cpan/build/2022012918/Crypt-SSLeay-0.72-R6qQoM/blib/arch/auto/Crypt/SSLeay/SSLeay.so: undefined symbol: SSLv2_client_method at /opt/perl-5.14.4/lib/5.14.4/x86_64-linux/DynaLoader.pm line 190.
 at /home/cpansand/.cpan/build/2022012918/Crypt-SSLeay-0.72-R6qQoM/blib/lib/Net/SSL.pm line 20.
Compilation failed in require at /home/cpansand/.cpan/build/2022012918/Crypt-SSLeay-0.72-R6qQoM/blib/lib/Net/SSL.pm line 20.
Compilation failed in require at t/01-connect.t line 6.
BEGIN failed--compilation aborted at t/01-connect.t line 6.
# Looks like your test exited with 2 before it could output anything.
t/01-connect.t ... 
Dubious, test returned 2 (wstat 512, 0x200)
Failed 8/8 subtests 
# Reading configuration from 'test.config' on linux
# network_tests : 0
t/02-live.t ...... skipped: Network tests disabled
Can't load '/home/cpansand/.cpan/build/2022012918/Crypt-SSLeay-0.72-R6qQoM/blib/arch/auto/Crypt/SSLeay/SSLeay.so' for module Crypt::SSLeay: /home/cpansand/.cpan/build/2022012918/Crypt-SSLeay-0.72-R6qQoM/blib/arch/auto/Crypt/SSLeay/SSLeay.so: undefined symbol: SSLv2_client_method at /opt/perl-5.14.4/lib/5.14.4/x86_64-linux/DynaLoader.pm line 190.
 at /home/cpansand/.cpan/build/2022012918/Crypt-SSLeay-0.72-R6qQoM/blib/lib/Crypt/SSLeay/Version.pm line 2.
Compilation failed in require at /home/cpansand/.cpan/build/2022012918/Crypt-SSLeay-0.72-R6qQoM/blib/lib/Crypt/SSLeay/Version.pm line 2.
Compilation failed in require at t/03-version.t line 14.
BEGIN failed--compilation aborted at t/03-version.t line 14.
t/03-version.t ... 
Dubious, test returned 2 (wstat 512, 0x200)
No subtests run 
t/boilerplate.t .. ok
t/manifest.t ..... skipped: Author tests not required for installation

Test Summary Report
-------------------
t/00-basic.t   (Wstat: 65280 Tests: 13 Failed: 10)
  Failed tests:  1-5, 7-8, 11-13
  Non-zero exit status: 255
  Parse errors: No plan found in TAP output
t/01-connect.t (Wstat: 512 Tests: 0 Failed: 0)
  Non-zero exit status: 2
  Parse errors: Bad plan.  You planned 8 tests but ran 0.
t/03-version.t (Wstat: 512 Tests: 0 Failed: 0)
  Non-zero exit status: 2
  Parse errors: No plan found in TAP output
Files=6, Tests=22,  0 wallclock secs ( 0.03 usr  0.00 sys +  0.28 cusr  0.04 csys =  0.35 CPU)
Result: FAIL
Failed 3/6 test programs. 10/22 subtests failed.
Makefile:1082: recipe for target 'test_dynamic' failed
make: *** [test_dynamic] Error 255

------------------------------
PREREQUISITES
------------------------------

Prerequisite modules loaded:

requires:

    Module               Need     Have    
    -------------------- -------- --------
    LWP::Protocol::https 6.02     6.10    
    MIME::Base64         0        3.16    
    perl                 5.006    5.014004

build_requires:

    Module               Need     Have    
    -------------------- -------- --------
    ExtUtils::MakeMaker  0        7.62    
    Test::More           0.19     1.302188
    Try::Tiny            0.19     0.31    

configure_requires:

    Module               Need     Have    
    -------------------- -------- --------
    ExtUtils::CBuilder   0.280205 0.280236
    Getopt::Long         0        2.52    
    Path::Class          0.26     0.37    
    Try::Tiny            0.19     0.31    


------------------------------
ENVIRONMENT AND OTHER CONTEXT
------------------------------

Environment variables:

    LANG = en_US.UTF-8
    PATH = /usr/local/bin:/usr/bin:/bin:/usr/local/sbin:/usr/sbin:/sbin:/home/cpansand/bin/linux-gnu:/home/cpansand/bin/sh:/home/cpansand/bin:/usr/games:/home/cpansand/devel:/home/eserte/src/srezic-misc/scripts
    PERL5LIB = 
    PERL5OPT = 
    PERL5_CPANPLUS_IS_RUNNING = 17028
    PERL5_CPAN_IS_RUNNING = 17028
    PERL5_CPAN_IS_RUNNING_IN_RECURSION = 17009,17028
    PERLDOC = -MPod::Perldoc::ToTextOverstrike
    PERL_BATCH = yes
    PERL_CANARY_STABILITY_NOPROMPT = 1
    PERL_CPAN_REPORTER_CONFIG = /var/tmp/cpansmoker-1023/2022012918/cpanreporter_000_config.ini
    PERL_EXTUTILS_AUTOINSTALL = --defaultdeps
    SHELL = /usr/bin/zsh
    TERM = screen
    TMPDIR = /var/tmp/cpansmoker-1023/2022012918

Perl special variables (and OS-specific diagnostics, for MSWin32):

    $^X = /opt/perl-5.14.4/bin/perl
    $UID/$EUID = 1023 / 1023
    $GID = 1023 1023
    $EGID = 1023 1023

Perl module toolchain versions installed:

    Module              Have     
    ------------------- ---------
    CPAN                1.9600_01
    CPAN::Meta          2.150010 
    Cwd                 3.75     
    ExtUtils::CBuilder  0.280236 
    ExtUtils::Command   7.62     
    ExtUtils::Install   2.06     
    ExtUtils::MakeMaker 7.62     
    ExtUtils::Manifest  1.70     
    ExtUtils::ParseXS   3.35     
    File::Spec          3.75     
    JSON                4.05     
    JSON::PP            4.06     
    Module::Build       0.4231   
    Module::Signature   n/a      
    Parse::CPAN::Meta   2.150010 
    Test::Harness       3.42     
    Test::More          1.302188 
    YAML                1.30     
    YAML::Syck          1.34     
    version             0.9929   


--

Summary of my perl5 (revision 5 version 14 subversion 4) configuration:
   
  Platform:
    osname=linux, osvers=4.15.0-154-generic, archname=x86_64-linux
    uname='linux cloud6.bbbike.org 4.15.0-154-generic #161-ubuntu smp fri jul 30 13:04:17 utc 2021 x86_64 x86_64 x86_64 gnulinux '
    config_args='-ds -e -Dprefix=/opt/perl-5.14.4 -Dcf_email=srezic@cpan.org'
    hint=recommended, useposix=true, d_sigaction=define
    useithreads=undef, usemultiplicity=undef
    useperlio=define, d_sfio=undef, uselargefiles=define, usesocks=undef
    use64bitint=define, use64bitall=define, uselongdouble=undef
    usemymalloc=n, bincompat5005=undef
  Compiler:
    cc='cc', ccflags ='-fwrapv -fno-strict-aliasing -pipe -fstack-protector -I/usr/local/include -D_LARGEFILE_SOURCE -D_FILE_OFFSET_BITS=64',
    optimize='-O2',
    cppflags='-fwrapv -fno-strict-aliasing -pipe -fstack-protector -I/usr/local/include'
    ccversion='', gccversion='7.5.0', gccosandvers=''
    intsize=4, longsize=8, ptrsize=8, doublesize=8, byteorder=12345678
    d_longlong=define, longlongsize=8, d_longdbl=define, longdblsize=16
    ivtype='long', ivsize=8, nvtype='double', nvsize=8, Off_t='off_t', lseeksize=8
    alignbytes=8, prototype=define
  Linker and Libraries:
    ld='cc', ldflags =' -fstack-protector -L/usr/local/lib'
    libpth=/usr/local/lib /lib/x86_64-linux-gnu /lib/../lib /usr/lib/x86_64-linux-gnu /usr/lib/../lib /lib /usr/lib
    libs=-lnsl -lgdbm -ldb -ldl -lm -lcrypt -lutil -lc
    perllibs=-lnsl -ldl -lm -lcrypt -lutil -lc
    libc=libc-2.27.so, so=so, useshrplib=false, libperl=libperl.a
    gnulibc_version='2.27'
  Dynamic Linking:
    dlsrc=dl_dlopen.xs, dlext=so, d_dlsymun=undef, ccdlflags='-Wl,-E'
    cccdlflags='-fPIC', lddlflags='-shared -O2 -L/usr/local/lib -fstack-protector'


Characteristics of this binary (from libperl): 
  Compile-time options: PERL_DONT_CREATE_GVSV PERL_MALLOC_WRAP
                        PERL_PRESERVE_IVUV USE_64_BIT_ALL USE_64_BIT_INT
                        USE_LARGE_FILES USE_PERLIO USE_PERL_ATOF
  Locally applied patches:
	Devel::PatchPerl 2.08
  Built under linux
  Compiled at Sep  5 2021 12:34:24
  %ENV:
    PERL5LIB=""
    PERL5OPT=""
    PERL5_CPANPLUS_IS_RUNNING="17028"
    PERL5_CPAN_IS_RUNNING="17028"
    PERL5_CPAN_IS_RUNNING_IN_RECURSION="17009,17028"
    PERLDOC="-MPod::Perldoc::ToTextOverstrike"
    PERL_BATCH="yes"
    PERL_CANARY_STABILITY_NOPROMPT="1"
    PERL_CPAN_REPORTER_CONFIG="/var/tmp/cpansmoker-1023/2022012918/cpanreporter_000_config.ini"
    PERL_EXTUTILS_AUTOINSTALL="--defaultdeps"
  @INC:
    /opt/perl-5.14.4/lib/site_perl/5.14.4/x86_64-linux
    /opt/perl-5.14.4/lib/site_perl/5.14.4
    /opt/perl-5.14.4/lib/5.14.4/x86_64-linux
    /opt/perl-5.14.4/lib/5.14.4
    .