Report for Text-Xslate-Syntax-HTMLTemplate-0.1001

Back
From: metabase:user:30977d10-2aae-11df-837a-5e0a49663a4f
Subject: FAIL Text-Xslate-Syntax-HTMLTemplate-0.1001 v5.14.0 
Date: 2011-07-01T08:41:55Z

This distribution has been tested as part of the CPAN Testers
project, supporting the Perl programming language.  See
http://wiki.cpantesters.org/ for more information or email
questions to cpan-testers-discuss@perl.org


--
Dear Shigeki Morimoto,

This is a computer-generated report for Text-Xslate-Syntax-HTMLTemplate-0.1001
on perl 5.14.0, created by CPAN-Reporter-1.1902.

Thank you for uploading your work to CPAN.  However, there was a problem
testing your distribution.

If you think this report is invalid, please consult the CPAN Testers Wiki
for suggestions on how to avoid getting FAIL reports for missing library
or binary dependencies, unsupported operating systems, and so on:

http://wiki.cpantesters.org/wiki/CPANAuthorNotes

Sections of this report:

    * Tester comments
    * Program output
    * Prerequisites
    * Environment and other context

------------------------------
TESTER COMMENTS
------------------------------

Additional comments from tester:

this report is from an automated smoke testing program
and was not reviewed by a human for accuracy

------------------------------
PROGRAM OUTPUT
------------------------------

Output from 'C:\bin\dev\psdk\2003\Bin\nmake.EXE test':


Microsoft (R) Program Maintenance Utility   Version 7.00.8882
Copyright (C) Microsoft Corp 1988-2000. All rights reserved.

	C:\home\stro\perl\perl5140\bin\perl5.14.0.exe "-MExtUtils::Command::MM" "-e" "test_harness(0, 'inc', 'blib\lib', 'blib\arch')" t/*.t t/010_ast/*.t t/020_render/*.t t/900_bug/*.t
t/000_load.t .......................... ok
t/010_ast/001_plain_text.t ............ ok
t/010_ast/002_variable.t .............. ok
t/010_ast/003_expr.t .................. ok
t/010_ast/004_if.t .................... ok
t/010_ast/005_for.t ................... ok
t/010_ast/006_include.t ............... ok
t/020_render/001_plain_text.t ......... ok
t/020_render/002_variable.t ........... ok
t/020_render/003_expr.t ............... ok
t/020_render/004_if.t ................. ok
t/020_render/005_for.t ................ ok

#   Failed test 'tx == expected'
#   at t/lib/Util.pm line 96.
#          got: 'global[global]
# include[global]
# include[global]
# include[global]
# include[global]
# global[global]
# '
#     expected: 'global[global]
# include[0]
# include[]
# include[ ]
# include[x]
# global[global]
# '

#   Failed test 'tx == htp'
#   at t/lib/Util.pm line 98.
#          got: 'global[global]
# include[global]
# include[global]
# include[global]
# include[global]
# global[global]
# '
#     expected: 'global[global]
# include[0]
# include[]
# include[ ]
# include[x]
# global[global]
# '
# Looks like you failed 2 tests of 6.
t/020_render/006_include.t ............ 
Dubious, test returned 2 (wstat 512, 0x200)
Failed 2/6 subtests 
Text::Xslate: You cannot redefine builtin function 'html', because it is embeded in the engine at t/lib/Util.pm line 89
Text::Xslate: You cannot redefine builtin function 'html', because it is embeded in the engine at t/lib/Util.pm line 89

#   Failed test 'tx == expected'
#   at t/lib/Util.pm line 96.
#          got: '<tag>&amp;</tag>'
#     expected: '<tag>&</tag>'

#   Failed test 'tx == htp'
#   at t/lib/Util.pm line 98.
#          got: '<tag>&amp;</tag>'
#     expected: '<tag>&</tag>'
# Looks like you failed 2 tests of 11.
t/020_render/007_esape.t .............. 
Dubious, test returned 2 (wstat 512, 0x200)
Failed 2/11 subtests 
t/020_render/008_global_vars.t ........ ok
t/020_render/009_has_value.t .......... ok
t/020_render/010_loop_context_vars.t .. ok
t/900_bug/001_loop_and_include.t ...... ok

Test Summary Report
-------------------
t/020_render/006_include.t          (Wstat: 512 Tests: 6 Failed: 2)
  Failed tests:  5-6
  Non-zero exit status: 2
t/020_render/007_esape.t            (Wstat: 512 Tests: 11 Failed: 2)
  Failed tests:  5-6
  Non-zero exit status: 2
Files=18, Tests=189, 22 wallclock secs ( 0.19 usr +  0.11 sys =  0.30 CPU)
Result: FAIL
Failed 2/18 test programs. 4/189 subtests failed.
NMAKE : fatal error U1077: 'C:\home\stro\perl\perl5140\bin\perl5.14.0.exe' : return code '0xff'
Stop.

------------------------------
PREREQUISITES
------------------------------

Prerequisite modules loaded:

requires:

    Module                 Need     Have    
    ---------------------- -------- --------
    HTML::Template::Parser 0        0.1004  
    HTML::Template::Pro    0        0.9504  
    perl                   5.008001 5.014000
    Text::Xslate           0        1.0012  
    YAML                   0        0.73    

build_requires:

    Module                 Need     Have    
    ---------------------- -------- --------
    ExtUtils::MakeMaker    6.42     6.57_11 

configure_requires:

    Module                 Need     Have    
    ---------------------- -------- --------
    ExtUtils::MakeMaker    6.42     6.57_11 


------------------------------
ENVIRONMENT AND OTHER CONTEXT
------------------------------

Environment variables:

    AUTOMATED_TESTING = 1
    COMSPEC = C:\Windows\system32\cmd.exe
    INCLUDE = C:\bin\dev\psdk\2003\Include\.;C:\bin\dev\vc\VC98\atl\include;C:\bin\dev\vc\VC98\mfc\include;C:\bin\dev\vc\VC98\include
    LIB = C:\bin\dev\psdk\2003\Lib\.;C:\bin\dev\vc\VC98\mfc\lib;C:\bin\dev\vc\VC98\lib
    NUMBER_OF_PROCESSORS = 2
    PATH = C:\bin\apps\far\;C:\Program Files\Common Files\Microsoft Shared\Windows Live;C:\bin\sys\msys\bin\;c:\bin\graph\imagemagick-6.5.1-q16;C:\bin\dev\tortoiseSVN;C:\bin\dev\perl\site\bin;C:\bin\dev\perl\bin;c:\bin\run;C:\Windows\system32;C:\Windows;C:\Windows\System32\Wbem;C:\bin\sys\unixutils;C:\bin\dev\tortoiseSVN\bin;C:\bin\sys\sysinternals;C:\bin\db\oracle\instantclient_11_1;C:\Program Files\Intel\WiFi\bin\;C:\Program Files\Common Files\Intel\WirelessCommon\;\;C:\usr\bin;C:\bin\dev\psdk\2003\Bin\.;C:\bin\dev\psdk\2003\Bin\WinNT\.;C:\Windows\System32\WindowsPowerShell\v1.0\;C:\Program Files\Windows Live\Shared;C:\bin\dev\vc\Common\Tools\WinNT;C:\bin\dev\vc\Common\MSDev98\Bin;C:\bin\dev\vc\Common\Tools;C:\bin\dev\vc\VC98\bin;C:\bin\db\postgresql\bin\;C:\bin\dev\psdk\2003\Bin\.;C:\bin\graph\ImageConverterPlus;C:\bin\graph\ImageConverterPlus\Microsoft.VC90.CRT;C:\bin\graph\ImageConverterPlus\Microsoft.VC90.MFC;C:\bin\sys\smartmontools\bin;C:\bin\comm\Nmap
    PERL5LIB = 
    PERL5OPT = 
    PERL5_CPANPLUS_IS_RUNNING = 1068
    PERL5_CPAN_IS_RUNNING = 1068
    PERL5_CPAN_IS_RUNNING_IN_RECURSION = 3356,1068
    PERL_CR_SMOKER_CURRENT = Text-Xslate-Syntax-HTMLTemplate-0.1001
    PERL_EXTUTILS_AUTOINSTALL = --defaultdeps
    PERL_MM_USE_DEFAULT = 1
    PROCESSOR_IDENTIFIER = x86 Family 6 Model 15 Stepping 11, GenuineIntel
    TEMP = C:\Windows\Temp
    TMPDIR = C:\Windows\Temp

Perl special variables (and OS-specific diagnostics, for MSWin32):

    $^X = C:\home\stro\perl\perl5140\bin\perl5.14.0.exe
    $UID/$EUID = 0 / 0
    $GID = 0
    $EGID = 0
    Win32::GetOSName = WinVista
    Win32::GetOSVersion = Service Pack 2, 6, 0, 6002, 2, 2, 0, 768, 1
    Win32::FsType = NTFS
    Win32::IsAdminUser = 1

Perl module toolchain versions installed:

    Module              Have    
    ------------------- --------
    CPAN                1.9600  
    Cwd                 3.33    
    ExtUtils::CBuilder  0.280202
    ExtUtils::Command   1.17    
    ExtUtils::Install   1.56    
    ExtUtils::MakeMaker 6.57_11 
    ExtUtils::Manifest  1.58    
    ExtUtils::ParseXS   2.2206  
    File::Spec          3.33    
    Module::Build       0.3800  
    Module::Signature   n/a     
    Test::Harness       3.23    
    Test::More          0.98    
    YAML                0.73    
    YAML::Syck          1.17    
    version             0.88    


--

Summary of my perl5 (revision 5 version 14 subversion 0) configuration:
   
  Platform:
    osname=MSWin32, osvers=6.0, archname=MSWin32-x86-multi-thread
    uname=''
    config_args='undef'
    hint=recommended, useposix=true, d_sigaction=undef
    useithreads=define, usemultiplicity=define
    useperlio=define, d_sfio=undef, uselargefiles=define, usesocks=undef
    use64bitint=undef, use64bitall=undef, uselongdouble=undef
    usemymalloc=n, bincompat5005=undef
  Compiler:
    cc='cl', ccflags ='-nologo -GF -W3 -MD -Zi -DNDEBUG -O1 -DWIN32 -D_CONSOLE -DNO_STRICT  -DPERL_TEXTMODE_SCRIPTS -DPERL_IMPLICIT_CONTEXT -DPERL_IMPLICIT_SYS -DUSE_PERLIO -D_USE_32BIT_TIME_T',
    optimize='-MD -Zi -DNDEBUG -O1',
    cppflags='-DWIN32'
    ccversion='12.00.8804', gccversion='', gccosandvers=''
    intsize=4, longsize=4, ptrsize=4, doublesize=8, byteorder=1234
    d_longlong=undef, longlongsize=8, d_longdbl=define, longdblsize=8
    ivtype='long', ivsize=4, nvtype='double', nvsize=8, Off_t='__int64', lseeksize=8
    alignbytes=8, prototype=define
  Linker and Libraries:
    ld='link', ldflags ='-nologo -nodefaultlib -debug -opt:ref,icf  -libpath:"c:\home\stro\perl\perl5140\lib\CORE"  -machine:x86'
    libpth=\lib
    libs=oldnames.lib kernel32.lib user32.lib gdi32.lib winspool.lib  comdlg32.lib advapi32.lib shell32.lib ole32.lib oleaut32.lib  netapi32.lib uuid.lib ws2_32.lib mpr.lib winmm.lib  version.lib odbc32.lib odbccp32.lib comctl32.lib msvcrt.lib
    perllibs=oldnames.lib kernel32.lib user32.lib gdi32.lib winspool.lib  comdlg32.lib advapi32.lib shell32.lib ole32.lib oleaut32.lib  netapi32.lib uuid.lib ws2_32.lib mpr.lib winmm.lib  version.lib odbc32.lib odbccp32.lib comctl32.lib msvcrt.lib
    libc=msvcrt.lib, so=dll, useshrplib=true, libperl=perl514.lib
    gnulibc_version=''
  Dynamic Linking:
    dlsrc=dl_win32.xs, dlext=dll, d_dlsymun=undef, ccdlflags=' '
    cccdlflags=' ', lddlflags='-dll -nologo -nodefaultlib -debug -opt:ref,icf  -libpath:"c:\home\stro\perl\perl5140\lib\CORE"  -machine:x86'


Characteristics of this binary (from libperl): 
  Compile-time options: MULTIPLICITY PERL_DONT_CREATE_GVSV
                        PERL_IMPLICIT_CONTEXT PERL_IMPLICIT_SYS
                        PERL_MALLOC_WRAP PERL_PRESERVE_IVUV PL_OP_SLAB_ALLOC
                        USE_ITHREADS USE_LARGE_FILES USE_PERLIO
                        USE_PERL_ATOF
  Built under MSWin32
  Compiled at May 23 2011 23:55:49
  %ENV:
    PERL5_CPANPLUS_IS_RUNNING="1068"
    PERL5_CPAN_IS_RUNNING="1068"
    PERL5_CPAN_IS_RUNNING_IN_RECURSION="3356,1068"
    PERL_CR_SMOKER_CURRENT="Text-Xslate-Syntax-HTMLTemplate-0.1001"
    PERL_EXTUTILS_AUTOINSTALL="--defaultdeps"
    PERL_MM_USE_DEFAULT="1"
  @INC:
    C:/home/stro/perl/perl5140/site/lib
    C:/home/stro/perl/perl5140/lib
    .