Report for Data-CTable-1.03_02

Back
From: metabase:user:00e8548a-0e72-11e3-8ee3-df0a9c418065
Subject: FAIL Data-CTable-1.03_02 v5.14.4 Windows (Cygwin)
Date: 2013-09-08T19:20:29Z

This distribution has been tested as part of the CPAN Testers
project, supporting the Perl programming language.  See
http://wiki.cpantesters.org/ for more information or email
questions to cpan-testers-discuss@perl.org


--
Dear Jay Hannah,

This is a computer-generated report for Data-CTable-1.03_02
on perl 5.14.4, created by CPAN-Reporter-1.2010.

Thank you for uploading your work to CPAN.  However, there was a problem
testing your distribution.

If you think this report is invalid, please consult the CPAN Testers Wiki
for suggestions on how to avoid getting FAIL reports for missing library
or binary dependencies, unsupported operating systems, and so on:

http://wiki.cpantesters.org/wiki/CPANAuthorNotes

Sections of this report:

    * Tester comments
    * Program output
    * Prerequisites
    * Environment and other context

------------------------------
TESTER COMMENTS
------------------------------

Additional comments from tester:

this report is from an automated smoke testing program
and was not reviewed by a human for accuracy

------------------------------
PROGRAM OUTPUT
------------------------------

Output from '/usr/bin/make test':

PERL_DL_NONLAZY=1 /usr/bin/perl.exe "-MExtUtils::Command::MM" "-e" "test_harness(0, 'blib/lib', 'blib/arch')" t/*.t
t/append.t ............ ok
t/cache.t ............. ok
t/cache_abs.t ......... skipped: tests require Unix
t/calc.t .............. ok

#   Failed test at t/clean.t line 45.
#          got: '‚a fait dix ans.'
#     expected: '‚a fait dix ans.'

#   Failed test at t/clean.t line 46.
#          got: 'CrŽŽe par Se–or †berpfeffer.'
#     expected: 'CrŽŽe par Se–or †berpfeffer.'

#   Failed test at t/clean.t line 47.
#          got: 'Crme glaŽe en crožte.'
#     expected: 'Crme glaŽe en crožte.'

#   Failed test at t/clean.t line 50.
#          got: 'Ça fait dix ans.'
#     expected: 'Ça fait dix ans.'

#   Failed test at t/clean.t line 51.
#          got: 'Créée par Señor Überpfeffer.'
#     expected: 'Créée par Señor Überpfeffer.'

#   Failed test at t/clean.t line 52.
#          got: 'Crème glaçée en croûte.'
#     expected: 'Crème glaçée en croûte.'

#   Failed test at t/clean.t line 58.
#          got: 'Crème glaçée en croûte.'
#     expected: 'Crème glaçée en croûte.'

#   Failed test at t/clean.t line 62.
#          got: 'Ça fait dix ans.'
#     expected: 'Ça fait dix ans.'

#   Failed test at t/clean.t line 63.
#          got: 'Créée par Señor Überpfeffer.'
#     expected: 'Créée par Señor Überpfeffer.'

#   Failed test at t/clean.t line 64.
#          got: 'Crème glaçée en croûte.'
#     expected: 'Crème glaçée en croûte.'
# Looks like you failed 10 tests of 25.
t/clean.t ............. 
Dubious, test returned 10 (wstat 2560, 0xa00)
Failed 10/25 subtests 
t/col.t ............... ok
t/combine.t ........... ok
t/cull.t .............. ok
t/fieldlist.t ......... ok
# No tests run!
t/format.t ............ skipped: (no reason given)
t/formats.t ........... ok
t/indexes.t ........... ok
t/join.t .............. ok
t/join2.t ............. ok
t/progress.t .......... ok
t/read.t .............. ok

#   Failed test at t/row.t line 44.
#     Structures begin differing at:
#          $got->{Last} = undef
#     $expected->{Last} = ''

#   Failed test at t/row.t line 51.
#     Structures begin differing at:
#          $got->{Last} = undef
#     $expected->{Last} = ''

#   Failed test at t/row.t line 58.
#     Structures begin differing at:
#          $got->{Last} = undef
#     $expected->{Last} = ''

#   Failed test at t/row.t line 78.
#     Structures begin differing at:
#          $got->{Last} = undef
#     $expected->{Last} = ''

#   Failed test at t/row.t line 84.
#     Structures begin differing at:
#          $got->{Last} = undef
#     $expected->{Last} = ''

#   Failed test at t/row.t line 90.
#     Structures begin differing at:
#          $got->{Last} = undef
#     $expected->{Last} = ''

#   Failed test at t/row.t line 95.
#     Structures begin differing at:
#          $got->{Last} = undef
#     $expected->{Last} = ''
# Looks like you failed 7 tests of 46.
t/row.t ............... 
Dubious, test returned 7 (wstat 1792, 0x700)
Failed 7/46 subtests 

#   Failed test at t/row_misc.t line 12.
#     Structures begin differing at:
#          $got->{Last} = undef
#     $expected->{Last} = ''
# Looks like you failed 1 test of 35.
t/row_misc.t .......... 
Dubious, test returned 1 (wstat 256, 0x100)
Failed 1/35 subtests 
t/row_move.t .......... ok
t/sel.t ............... ok
t/select.t ............ ok
t/selection.t ......... ok
t/snapshot.t .......... ok
t/sort.t .............. ok
t/subclasses.t ........ ok
t/subroutines.t ....... ok

#   Failed test 'First message must NOT appear...'
#   at t/timedprog.t line 52.
#                   'Testing delayed timed progress... 2 (50%)'
#     doesn't match '(?^: 0 \( 0%\))'
# Looks like you failed 1 test of 6.
t/timedprog.t ......... 
Dubious, test returned 1 (wstat 256, 0x100)
Failed 1/6 subtests 
t/unbalanced_quote.t .. ok
t/write.t ............. ok

Test Summary Report
-------------------
t/clean.t           (Wstat: 2560 Tests: 25 Failed: 10)
  Failed tests:  15-24
  Non-zero exit status: 10
t/format.t          (Wstat: 65280 Tests: 0 Failed: 0)
  Non-zero exit status: 255
t/row.t             (Wstat: 1792 Tests: 46 Failed: 7)
  Failed tests:  18, 22, 26, 37, 40, 43, 45
  Non-zero exit status: 7
t/row_misc.t        (Wstat: 256 Tests: 35 Failed: 1)
  Failed test:  1
  Non-zero exit status: 1
t/timedprog.t       (Wstat: 256 Tests: 6 Failed: 1)
  Failed test:  5
  Non-zero exit status: 1
Files=29, Tests=529, 12 wallclock secs ( 0.11 usr  0.08 sys +  9.82 cusr  1.46 csys = 11.46 CPU)
Result: FAIL
Failed 5/29 test programs. 19/529 subtests failed.
Makefile:908: recipe for target `test_dynamic' failed
make: *** [test_dynamic] Error 255

------------------------------
PREREQUISITES
------------------------------

Prerequisite modules loaded:

requires:

    Module              Need Have   
    ------------------- ---- -------
    FindBin             0    1.50   
    Test::More          0    0.98_05

build_requires:

    Module              Need Have   
    ------------------- ---- -------
    ExtUtils::MakeMaker 0    6.76   

configure_requires:

    Module              Need Have   
    ------------------- ---- -------
    ExtUtils::MakeMaker 0    6.76   


------------------------------
ENVIRONMENT AND OTHER CONTEXT
------------------------------

Environment variables:

    AUTOMATED_TESTING = 1
    COMSPEC = C:\Windows\system32\cmd.exe
    LANG = en_US.UTF-8
    NUMBER_OF_PROCESSORS = 4
    PATH = /usr/local/bin:/usr/bin:/cygdrive/c/Program Files/Common Files/Microsoft Shared/Windows Live:/cygdrive/c/Program Files (x86)/Common Files/Microsoft Shared/Windows Live:/cygdrive/c/Program Files (x86)/AMD APP/bin/x86_64:/cygdrive/c/Program Files (x86)/AMD APP/bin/x86:/cygdrive/c/Windows/system32:/cygdrive/c/Windows:/cygdrive/c/Windows/System32/Wbem:/cygdrive/c/Windows/System32/WindowsPowerShell/v1.0:/cygdrive/c/Program Files (x86)/ATI Technologies/ATI.ACE/Core-Static:/cygdrive/c/Program Files (x86)/Security Innovation/SI TSS/bin:/cygdrive/c/Program Files (x86)/Windows Live/Shared
    PERL5LIB = 
    PERL5OPT = 
    PERL5_CPANPLUS_IS_RUNNING = 9728
    PERL5_CPAN_IS_RUNNING = 9728
    PERL5_CPAN_IS_RUNNING_IN_RECURSION = 8004,9728
    PERL_CR_SMOKER_CURRENT = Data-CTable-1.03_02
    PERL_EXTUTILS_AUTOINSTALL = --defaultdeps
    PERL_MM_USE_DEFAULT = 1
    PROCESSOR_IDENTIFIER = Intel64 Family 6 Model 58 Stepping 9, GenuineIntel
    SHELL = /bin/bash
    TEMP = /tmp
    TERM = xterm

Perl special variables (and OS-specific diagnostics, for MSWin32):

    $^X = /usr/bin/perl
    $UID/$EUID = 2855161 / 2855161
    $GID = 10513 0 544 545 1005 1003 10513
    $EGID = 10513 0 544 545 1005 1003 10513

Perl module toolchain versions installed:

    Module              Have    
    ------------------- --------
    CPAN                2.00    
    CPAN::Meta          2.132140
    Cwd                 3.40    
    ExtUtils::CBuilder  0.280210
    ExtUtils::Command   1.17    
    ExtUtils::Install   1.56    
    ExtUtils::MakeMaker 6.76    
    ExtUtils::Manifest  1.61    
    ExtUtils::ParseXS   3.21    
    File::Spec          3.40    
    JSON                2.59    
    JSON::PP            2.27202 
    Module::Build       0.4007  
    Module::Signature   n/a     
    Parse::CPAN::Meta   1.4405  
    Test::Harness       3.26    
    Test::More          0.98_05 
    YAML                0.84    
    YAML::Syck          1.27    
    version             0.9903  


--

Summary of my perl5 (revision 5 version 14 subversion 4) configuration:
   
  Platform:
    osname=cygwin, osvers=1.7.18(0.26353), archname=cygwin-thread-multi
    uname='cygwin_nt-6.1 yaakov04 1.7.18(0.26353) 2013-03-07 19:25 x86_64 cygwin '
    config_args='-d -e -Dprefix=/usr -Dmksymlinks -Dusethreads -Darchname=x86_64-cygwin-threads -Dlibperl=cygperl5_14.dll -Dcc=gcc -Dld=g++'
    hint=recommended, useposix=true, d_sigaction=define
    useithreads=define, usemultiplicity=define
    useperlio=define, d_sfio=undef, uselargefiles=define, usesocks=undef
    use64bitint=define, use64bitall=define, uselongdouble=undef
    usemymalloc=n, bincompat5005=undef
  Compiler:
    cc='gcc', ccflags ='-DPERL_USE_SAFE_PUTENV -U__STRICT_ANSI__ -fno-strict-aliasing -pipe -fstack-protector',
    optimize='-O3',
    cppflags='-DPERL_USE_SAFE_PUTENV -U__STRICT_ANSI__ -fno-strict-aliasing -pipe -fstack-protector'
    ccversion='', gccversion='4.8.0 20130307 (experimental)', gccosandvers=''
    intsize=4, longsize=8, ptrsize=8, doublesize=8, byteorder=12345678
    d_longlong=define, longlongsize=8, d_longdbl=define, longdblsize=16
    ivtype='long', ivsize=8, nvtype='double', nvsize=8, Off_t='off_t', lseeksize=8
    alignbytes=8, prototype=define
  Linker and Libraries:
    ld='g++', ldflags =' -Wl,--enable-auto-import -Wl,--export-all-symbols -Wl,--enable-auto-image-base -fstack-protector'
    libpth=/usr/lib /lib
    libs=-lgdbm -ldb -ldl -lcrypt -lgdbm_compat
    perllibs=-ldl -lcrypt
    libc=/usr/lib/libc.a, so=dll, useshrplib=true, libperl=cygperl5_14.dll
    gnulibc_version=''
  Dynamic Linking:
    dlsrc=dl_dlopen.xs, dlext=dll, d_dlsymun=undef, ccdlflags=' '
    cccdlflags=' ', lddlflags=' --shared  -Wl,--enable-auto-import -Wl,--export-all-symbols -Wl,--enable-auto-image-base -fstack-protector'


Characteristics of this binary (from libperl): 
  Compile-time options: MULTIPLICITY PERL_DONT_CREATE_GVSV
                        PERL_IMPLICIT_CONTEXT PERL_PRESERVE_IVUV
                        PERL_USE_SAFE_PUTENV USE_64_BIT_ALL USE_64_BIT_INT
                        USE_ITHREADS USE_LARGE_FILES USE_PERLIO USE_PERL_ATOF
                        USE_REENTRANT_API
  Locally applied patches:
	Bug#55162 File::Spec::case_tolerant performance
	CYG07 $vendorarch/auto/.rebase
	CYG15 static Win32CORE
	CYG17 cyg-1.7 paths-utf8
	0c612ce82 Fix building static extensions on cygwin, -UUSEIMPORTLIB
	1bac5ecc1 Fix 64-bit threading sv.c: S_anonymise_cv_maybe
	Cygwin::sync_winenv added
  Built under cygwin
  Compiled at Mar 11 2013 18:25:23
  %ENV:
    PERL5LIB=""
    PERL5OPT=""
    PERL5_CPANPLUS_IS_RUNNING="9728"
    PERL5_CPAN_IS_RUNNING="9728"
    PERL5_CPAN_IS_RUNNING_IN_RECURSION="8004,9728"
    PERL_CR_SMOKER_CURRENT="Data-CTable-1.03_02"
    PERL_EXTUTILS_AUTOINSTALL="--defaultdeps"
    PERL_MM_USE_DEFAULT="1"
  @INC:
    /usr/lib/perl5/site_perl/5.14/x86_64-cygwin-threads
    /usr/lib/perl5/site_perl/5.14
    /usr/lib/perl5/vendor_perl/5.14/x86_64-cygwin-threads
    /usr/lib/perl5/vendor_perl/5.14
    /usr/lib/perl5/5.14/x86_64-cygwin-threads
    /usr/lib/perl5/5.14
    .