Back
From: metabase:user:30ae4450-2aae-11df-837a-5e0a49663a4f
Subject: FAIL PDF-TableX-0.012 v5.16.2 GNU/Linux
Date: 2013-05-18T19:59:32Z
This distribution has been tested as part of the CPAN Testers
project, supporting the Perl programming language. See
http://wiki.cpantesters.org/ for more information or email
questions to cpan-testers-discuss@perl.org
--
Dear Grzegorz Papkala,
This is a computer-generated report for PDF-TableX-0.012
on perl 5.16.2, created by CPAN-Reporter-1.2009.
Thank you for uploading your work to CPAN. However, there was a problem
testing your distribution.
If you think this report is invalid, please consult the CPAN Testers Wiki
for suggestions on how to avoid getting FAIL reports for missing library
or binary dependencies, unsupported operating systems, and so on:
http://wiki.cpantesters.org/wiki/CPANAuthorNotes
Sections of this report:
* Tester comments
* Program output
* Prerequisites
* Environment and other context
------------------------------
TESTER COMMENTS
------------------------------
Additional comments from tester:
this report is from an automated smoke testing program
and was not reviewed by a human for accuracy
------------------------------
PROGRAM OUTPUT
------------------------------
Output from '/usr/bin/make test':
PERL_DL_NONLAZY=1 /home/c/perl5/perlbrew/perls/perl-5.16.2/bin/perl "-MExtUtils::Command::MM" "-e" "test_harness(0, 'inc', 'blib/lib', 'blib/arch')" t/00-load.t t/01-simple-mesh.t t/02-place-text.t t/03-cycled-styles.t t/04-auto-width.t t/05-auto-page-break.t t/06-extend-role-functionality.t t/boilerplate.t t/pod-coverage.t t/pod.t
Use of qw(...) as parentheses is deprecated at /home/c/.cpan/build/PDF-TableX-0.012-gcp07k/blib/lib/PDF/TableX.pm line 33.
# Testing PDF::TableX 0.012, Perl 5.016002, /home/c/perl5/perlbrew/perls/perl-5.16.2/bin/perl
t/00-load.t ....................... ok
Use of qw(...) as parentheses is deprecated at /home/c/.cpan/build/PDF-TableX-0.012-gcp07k/blib/lib/PDF/TableX.pm line 33.
# Testing PDF::TableX 0.012, Perl 5.016002, /home/c/perl5/perlbrew/perls/perl-5.16.2/bin/perl
t/01-simple-mesh.t ................ ok
Use of qw(...) as parentheses is deprecated at /home/c/.cpan/build/PDF-TableX-0.012-gcp07k/blib/lib/PDF/TableX.pm line 33.
# Testing PDF::TableX 0.012, Perl 5.016002, /home/c/perl5/perlbrew/perls/perl-5.16.2/bin/perl
t/02-place-text.t ................. ok
Use of qw(...) as parentheses is deprecated at /home/c/.cpan/build/PDF-TableX-0.012-gcp07k/blib/lib/PDF/TableX.pm line 33.
# Testing PDF::TableX 0.012, Perl 5.016002, /home/c/perl5/perlbrew/perls/perl-5.16.2/bin/perl
t/03-cycled-styles.t .............. ok
Use of qw(...) as parentheses is deprecated at /home/c/.cpan/build/PDF-TableX-0.012-gcp07k/blib/lib/PDF/TableX.pm line 33.
# Testing PDF::TableX 0.012, Perl 5.016002, /home/c/perl5/perlbrew/perls/perl-5.16.2/bin/perl
# No tests run!
t/04-auto-width.t ................. skipped: (no reason given)
Use of qw(...) as parentheses is deprecated at /home/c/.cpan/build/PDF-TableX-0.012-gcp07k/blib/lib/PDF/TableX.pm line 33.
# Testing PDF::TableX 0.012, Perl 5.016002, /home/c/perl5/perlbrew/perls/perl-5.16.2/bin/perl
# No tests run!
t/05-auto-page-break.t ............ skipped: (no reason given)
Use of qw(...) as parentheses is deprecated at /home/c/.cpan/build/PDF-TableX-0.012-gcp07k/blib/lib/PDF/TableX.pm line 33.
# Testing PDF::TableX 0.012, Perl 5.016002, /home/c/perl5/perlbrew/perls/perl-5.16.2/bin/perl
# No tests run!
t/06-extend-role-functionality.t .. skipped: (no reason given)
t/boilerplate.t ................... ok
Use of qw(...) as parentheses is deprecated at /home/c/.cpan/build/PDF-TableX-0.012-gcp07k/blib/lib/PDF/TableX.pm line 33.
# Failed test 'Pod coverage on PDF::TableX'
# at /home/c/perl5/perlbrew/perls/perl-5.16.2/lib/site_perl/5.16.2/Test/Pod/Coverage.pm line 126.
# Coverage for PDF::TableX is 12.5%, with 7 naked subroutines:
# BUILD
# add_row
# col
# draw
# is_last_in_col
# is_last_in_row
# properties
# Failed test 'Pod coverage on PDF::TableX::Drawable'
# at /home/c/perl5/perlbrew/perls/perl-5.16.2/lib/site_perl/5.16.2/Test/Pod/Coverage.pm line 126.
# PDF::TableX::Drawable: couldn't find pod
# Failed test 'Pod coverage on PDF::TableX::Types'
# at /home/c/perl5/perlbrew/perls/perl-5.16.2/lib/site_perl/5.16.2/Test/Pod/Coverage.pm line 126.
# PDF::TableX::Types: couldn't find pod
# Failed test 'Pod coverage on PDF::TableX::Column'
# at /home/c/perl5/perlbrew/perls/perl-5.16.2/lib/site_perl/5.16.2/Test/Pod/Coverage.pm line 126.
# Coverage for PDF::TableX::Column is 0.0%, with 3 naked subroutines:
# add_cell
# get_min_width
# get_reg_width
# Failed test 'Pod coverage on PDF::TableX::Stylable'
# at /home/c/perl5/perlbrew/perls/perl-5.16.2/lib/site_perl/5.16.2/Test/Pod/Coverage.pm line 126.
# PDF::TableX::Stylable: couldn't find pod
# Failed test 'Pod coverage on PDF::TableX::Cell'
# at /home/c/perl5/perlbrew/perls/perl-5.16.2/lib/site_perl/5.16.2/Test/Pod/Coverage.pm line 126.
# Coverage for PDF::TableX::Cell is 0.0%, with 5 naked subroutines:
# draw_background
# draw_borders
# draw_content
# get_text_width
# reset_content
# Failed test 'Pod coverage on PDF::TableX::Row'
# at /home/c/perl5/perlbrew/perls/perl-5.16.2/lib/site_perl/5.16.2/Test/Pod/Coverage.pm line 126.
# Coverage for PDF::TableX::Row is 0.0%, with 8 naked subroutines:
# BUILD
# add_cell
# draw_background
# draw_borders
# draw_content
# is_last_in_col
# is_last_in_row
# properties
# Looks like you failed 7 tests of 7.
t/pod-coverage.t ..................
Dubious, test returned 7 (wstat 1792, 0x700)
Failed 7/7 subtests
t/pod.t ........................... ok
Test Summary Report
-------------------
t/04-auto-width.t (Wstat: 65280 Tests: 0 Failed: 0)
Non-zero exit status: 255
t/05-auto-page-break.t (Wstat: 65280 Tests: 0 Failed: 0)
Non-zero exit status: 255
t/06-extend-role-functionality.t (Wstat: 65280 Tests: 0 Failed: 0)
Non-zero exit status: 255
t/boilerplate.t (Wstat: 0 Tests: 3 Failed: 0)
TODO passed: 2-3
t/pod-coverage.t (Wstat: 1792 Tests: 7 Failed: 7)
Failed tests: 1-7
Non-zero exit status: 7
Files=10, Tests=39, 12 wallclock secs ( 0.03 usr 0.06 sys + 9.52 cusr 0.61 csys = 10.22 CPU)
Result: FAIL
Failed 4/10 test programs. 7/39 subtests failed.
make: *** [test_dynamic] ÐÑибка 255
------------------------------
PREREQUISITES
------------------------------
Prerequisite modules loaded:
requires:
Module Need Have
-------------------- ---- -------
Moose 0 2.0604
Moose::Role 0 2.0604
MooseX::Types 0 0.35
MooseX::Types::Moose 0 0.35
PDF::API2 0 2.020
Test::More 0 0.98
build_requires:
Module Need Have
-------------------- ---- -------
ExtUtils::MakeMaker 6.36 6.63_02
Test::More 0 0.98
configure_requires:
Module Need Have
-------------------- ---- -------
ExtUtils::MakeMaker 6.36 6.63_02
------------------------------
ENVIRONMENT AND OTHER CONTEXT
------------------------------
Environment variables:
AUTOMATED_TESTING = 1
LANG = ru_RU.utf8
PATH = /home/c/perl5/perlbrew/bin:/home/c/perl5/perlbrew/perls/perl-5.16.2/bin:/usr/local/bin:/usr/bin:/bin:/usr/local/games:/usr/games
PERL5LIB = /home/c/.cpan/build/PDF-API2-2.020-0IK4xO/blib/arch:/home/c/.cpan/build/PDF-API2-2.020-0IK4xO/blib/lib:/home/c/.cpan/build/Font-TTF-1.02-nos2DS/blib/arch:/home/c/.cpan/build/Font-TTF-1.02-nos2DS/blib/lib
PERL5OPT =
PERL5_CPANPLUS_IS_RUNNING = 2814
PERL5_CPAN_IS_RUNNING = 2814
PERL5_CPAN_IS_RUNNING_IN_RECURSION = 17463,2814
PERLBREW_MANPATH = /home/c/perl5/perlbrew/perls/perl-5.16.2/man
PERLBREW_PATH = /home/c/perl5/perlbrew/bin:/home/c/perl5/perlbrew/perls/perl-5.16.2/bin
PERLBREW_PERL = perl-5.16.2
PERLBREW_ROOT = /home/c/perl5/perlbrew
PERLBREW_SKIP_INIT = 1
PERLBREW_VERSION = 0.58
PERL_CR_SMOKER_CURRENT = PDF-TableX-0.012
PERL_EXTUTILS_AUTOINSTALL = --defaultdeps
PERL_MM_USE_DEFAULT = 1
SHELL = /bin/bash
TERM = xterm
Perl special variables (and OS-specific diagnostics, for MSWin32):
$^X = /home/c/perl5/perlbrew/perls/perl-5.16.2/bin/perl
$UID/$EUID = 1000 / 1000
$GID = 1000 24 25 27 29 30 44 46 108 109 115 1000 1001
$EGID = 1000 24 25 27 29 30 44 46 108 109 115 1000 1001
Perl module toolchain versions installed:
Module Have
------------------- --------
CPAN 1.9800
CPAN::Meta 2.120921
Cwd 3.39_02
ExtUtils::CBuilder 0.280206
ExtUtils::Command 1.17
ExtUtils::Install 1.58
ExtUtils::MakeMaker 6.63_02
ExtUtils::Manifest 1.61
ExtUtils::ParseXS 3.16
File::Spec 3.39_02
JSON 2.53
JSON::PP 2.27200
Module::Build 0.4004
Module::Signature 0.70
Parse::CPAN::Meta 1.4404
Test::Harness 3.23
Test::More 0.98
YAML 0.84
YAML::Syck 1.22
version 0.9901
--
Summary of my perl5 (revision 5 version 16 subversion 2) configuration:
Platform:
osname=linux, osvers=2.6.32-5-686, archname=i686-linux
uname='linux deb1 2.6.32-5-686 #1 smp sun sep 23 09:49:36 utc 2012 i686 gnulinux '
config_args='-de -Dprefix=/home/c/perl5/perlbrew/perls/perl-5.16.2 -Aeval:scriptdir=/home/c/perl5/perlbrew/perls/perl-5.16.2/bin'
hint=recommended, useposix=true, d_sigaction=define
useithreads=undef, usemultiplicity=undef
useperlio=define, d_sfio=undef, uselargefiles=define, usesocks=undef
use64bitint=undef, use64bitall=undef, uselongdouble=undef
usemymalloc=n, bincompat5005=undef
Compiler:
cc='cc', ccflags ='-fno-strict-aliasing -pipe -fstack-protector -I/usr/local/include -D_LARGEFILE_SOURCE -D_FILE_OFFSET_BITS=64',
optimize='-O2',
cppflags='-fno-strict-aliasing -pipe -fstack-protector -I/usr/local/include'
ccversion='', gccversion='4.4.5', gccosandvers=''
intsize=4, longsize=4, ptrsize=4, doublesize=8, byteorder=1234
d_longlong=define, longlongsize=8, d_longdbl=define, longdblsize=12
ivtype='long', ivsize=4, nvtype='double', nvsize=8, Off_t='off_t', lseeksize=8
alignbytes=4, prototype=define
Linker and Libraries:
ld='cc', ldflags =' -fstack-protector -L/usr/local/lib'
libpth=/usr/local/lib /lib/../lib /usr/lib/../lib /lib /usr/lib /usr/lib/i486-linux-gnu /usr/lib64
libs=-lnsl -ldl -lm -lcrypt -lutil -lc
perllibs=-lnsl -ldl -lm -lcrypt -lutil -lc
libc=/lib/libc-2.11.3.so, so=so, useshrplib=false, libperl=libperl.a
gnulibc_version='2.11.3'
Dynamic Linking:
dlsrc=dl_dlopen.xs, dlext=so, d_dlsymun=undef, ccdlflags='-Wl,-E'
cccdlflags='-fPIC', lddlflags='-shared -O2 -L/usr/local/lib -fstack-protector'
Characteristics of this binary (from libperl):
Compile-time options: HAS_TIMES PERLIO_LAYERS PERL_DONT_CREATE_GVSV
PERL_MALLOC_WRAP PERL_PRESERVE_IVUV USE_LARGE_FILES
USE_LOCALE USE_LOCALE_COLLATE USE_LOCALE_CTYPE
USE_LOCALE_NUMERIC USE_PERLIO USE_PERL_ATOF
Built under linux
Compiled at Jan 4 2013 21:20:12
%ENV:
PERL5LIB="/home/c/.cpan/build/PDF-API2-2.020-0IK4xO/blib/arch:/home/c/.cpan/build/PDF-API2-2.020-0IK4xO/blib/lib:/home/c/.cpan/build/Font-TTF-1.02-nos2DS/blib/arch:/home/c/.cpan/build/Font-TTF-1.02-nos2DS/blib/lib"
PERL5OPT=""
PERL5_CPANPLUS_IS_RUNNING="2814"
PERL5_CPAN_IS_RUNNING="2814"
PERL5_CPAN_IS_RUNNING_IN_RECURSION="17463,2814"
PERLBREW_MANPATH="/home/c/perl5/perlbrew/perls/perl-5.16.2/man"
PERLBREW_PATH="/home/c/perl5/perlbrew/bin:/home/c/perl5/perlbrew/perls/perl-5.16.2/bin"
PERLBREW_PERL="perl-5.16.2"
PERLBREW_ROOT="/home/c/perl5/perlbrew"
PERLBREW_SKIP_INIT="1"
PERLBREW_VERSION="0.58"
PERL_CR_SMOKER_CURRENT="PDF-TableX-0.012"
PERL_EXTUTILS_AUTOINSTALL="--defaultdeps"
PERL_MM_USE_DEFAULT="1"
@INC:
/home/c/.cpan/build/PDF-API2-2.020-0IK4xO/blib/arch
/home/c/.cpan/build/PDF-API2-2.020-0IK4xO/blib/lib
/home/c/.cpan/build/Font-TTF-1.02-nos2DS/blib/arch
/home/c/.cpan/build/Font-TTF-1.02-nos2DS/blib/lib
/home/c/perl5/perlbrew/perls/perl-5.16.2/lib/site_perl/5.16.2/i686-linux
/home/c/perl5/perlbrew/perls/perl-5.16.2/lib/site_perl/5.16.2
/home/c/perl5/perlbrew/perls/perl-5.16.2/lib/5.16.2/i686-linux
/home/c/perl5/perlbrew/perls/perl-5.16.2/lib/5.16.2
.