Back
From: metabase:user:320bfe00-2aae-11df-837a-5e0a49663a4f
Subject: FAIL PDF-TableX-0.011 v5.17.11 GNU/Linux
Date: 2013-05-15T09:04:31Z
This distribution has been tested as part of the CPAN Testers
project, supporting the Perl programming language. See
http://wiki.cpantesters.org/ for more information or email
questions to cpan-testers-discuss@perl.org
--
Dear Grzegorz Papkala,
This is a computer-generated report for PDF-TableX-0.011
on perl 5.17.11, created by CPAN-Reporter-1.2010.
Thank you for uploading your work to CPAN. However, there was a problem
testing your distribution.
If you think this report is invalid, please consult the CPAN Testers Wiki
for suggestions on how to avoid getting FAIL reports for missing library
or binary dependencies, unsupported operating systems, and so on:
http://wiki.cpantesters.org/wiki/CPANAuthorNotes
Sections of this report:
* Tester comments
* Program output
* Prerequisites
* Environment and other context
------------------------------
TESTER COMMENTS
------------------------------
Additional comments from tester:
this report is from an automated smoke testing program
and was not reviewed by a human for accuracy
------------------------------
PROGRAM OUTPUT
------------------------------
Output from '/usr/bin/make test':
PERL_DL_NONLAZY=1 /home/sand/src/perl/repoperls/installed-perls/perl/v5.17.11/165a/bin/perl "-MExtUtils::Command::MM" "-e" "test_harness(0, 'inc', 'blib/lib', 'blib/arch')" t/00-load.t t/01-simple-mesh.t t/02-place-text.t t/03-cycled-styles.t t/04-auto-width.t t/05-auto-page-break.t t/06-extend-role-functionality.t t/boilerplate.t t/pod-coverage.t t/pod.t
# Failed test 'use PDF::TableX;'
# at t/00-load.t line 8.
# Tried to use 'PDF::TableX'.
# Error: syntax error at /tmp/loop_over_bdir-21849-rkuBLq/PDF-TableX-0.011-sMNgPf/blib/lib/PDF/TableX.pm line 33, near "$attr qw/width repeat_header/"
# Global symbol "$attr" requires explicit package name at /tmp/loop_over_bdir-21849-rkuBLq/PDF-TableX-0.011-sMNgPf/blib/lib/PDF/TableX.pm line 34.
# syntax error at /tmp/loop_over_bdir-21849-rkuBLq/PDF-TableX-0.011-sMNgPf/blib/lib/PDF/TableX.pm line 40, near "}"
# Can't use global @_ in "my" at /tmp/loop_over_bdir-21849-rkuBLq/PDF-TableX-0.011-sMNgPf/blib/lib/PDF/TableX.pm line 46, near "(@_ "
# syntax error at /tmp/loop_over_bdir-21849-rkuBLq/PDF-TableX-0.011-sMNgPf/blib/lib/PDF/TableX.pm line 56, near "}"
# Compilation failed in require at (eval 250) line 2.
# BEGIN failed--compilation aborted at (eval 250) line 2.
# Testing PDF::TableX , Perl 5.017011, /home/sand/src/perl/repoperls/installed-perls/perl/v5.17.11/165a/bin/perl
# Looks like you failed 1 test of 6.
t/00-load.t .......................
Dubious, test returned 1 (wstat 256, 0x100)
Failed 1/6 subtests
syntax error at /tmp/loop_over_bdir-21849-rkuBLq/PDF-TableX-0.011-sMNgPf/blib/lib/PDF/TableX.pm line 33, near "$attr qw/width repeat_header/"
Global symbol "$attr" requires explicit package name at /tmp/loop_over_bdir-21849-rkuBLq/PDF-TableX-0.011-sMNgPf/blib/lib/PDF/TableX.pm line 34.
syntax error at /tmp/loop_over_bdir-21849-rkuBLq/PDF-TableX-0.011-sMNgPf/blib/lib/PDF/TableX.pm line 40, near "}"
Can't use global @_ in "my" at /tmp/loop_over_bdir-21849-rkuBLq/PDF-TableX-0.011-sMNgPf/blib/lib/PDF/TableX.pm line 46, near "(@_ "
syntax error at /tmp/loop_over_bdir-21849-rkuBLq/PDF-TableX-0.011-sMNgPf/blib/lib/PDF/TableX.pm line 56, near "}"
Compilation failed in require at t/01-simple-mesh.t line 5.
BEGIN failed--compilation aborted at t/01-simple-mesh.t line 5.
t/01-simple-mesh.t ................
Dubious, test returned 255 (wstat 65280, 0xff00)
No subtests run
syntax error at /tmp/loop_over_bdir-21849-rkuBLq/PDF-TableX-0.011-sMNgPf/blib/lib/PDF/TableX.pm line 33, near "$attr qw/width repeat_header/"
Global symbol "$attr" requires explicit package name at /tmp/loop_over_bdir-21849-rkuBLq/PDF-TableX-0.011-sMNgPf/blib/lib/PDF/TableX.pm line 34.
syntax error at /tmp/loop_over_bdir-21849-rkuBLq/PDF-TableX-0.011-sMNgPf/blib/lib/PDF/TableX.pm line 40, near "}"
Can't use global @_ in "my" at /tmp/loop_over_bdir-21849-rkuBLq/PDF-TableX-0.011-sMNgPf/blib/lib/PDF/TableX.pm line 46, near "(@_ "
syntax error at /tmp/loop_over_bdir-21849-rkuBLq/PDF-TableX-0.011-sMNgPf/blib/lib/PDF/TableX.pm line 56, near "}"
Compilation failed in require at t/02-place-text.t line 5.
BEGIN failed--compilation aborted at t/02-place-text.t line 5.
t/02-place-text.t .................
Dubious, test returned 255 (wstat 65280, 0xff00)
No subtests run
syntax error at /tmp/loop_over_bdir-21849-rkuBLq/PDF-TableX-0.011-sMNgPf/blib/lib/PDF/TableX.pm line 33, near "$attr qw/width repeat_header/"
Global symbol "$attr" requires explicit package name at /tmp/loop_over_bdir-21849-rkuBLq/PDF-TableX-0.011-sMNgPf/blib/lib/PDF/TableX.pm line 34.
syntax error at /tmp/loop_over_bdir-21849-rkuBLq/PDF-TableX-0.011-sMNgPf/blib/lib/PDF/TableX.pm line 40, near "}"
Can't use global @_ in "my" at /tmp/loop_over_bdir-21849-rkuBLq/PDF-TableX-0.011-sMNgPf/blib/lib/PDF/TableX.pm line 46, near "(@_ "
syntax error at /tmp/loop_over_bdir-21849-rkuBLq/PDF-TableX-0.011-sMNgPf/blib/lib/PDF/TableX.pm line 56, near "}"
Compilation failed in require at t/03-cycled-styles.t line 5.
BEGIN failed--compilation aborted at t/03-cycled-styles.t line 5.
t/03-cycled-styles.t ..............
Dubious, test returned 255 (wstat 65280, 0xff00)
No subtests run
syntax error at /tmp/loop_over_bdir-21849-rkuBLq/PDF-TableX-0.011-sMNgPf/blib/lib/PDF/TableX.pm line 33, near "$attr qw/width repeat_header/"
Global symbol "$attr" requires explicit package name at /tmp/loop_over_bdir-21849-rkuBLq/PDF-TableX-0.011-sMNgPf/blib/lib/PDF/TableX.pm line 34.
syntax error at /tmp/loop_over_bdir-21849-rkuBLq/PDF-TableX-0.011-sMNgPf/blib/lib/PDF/TableX.pm line 40, near "}"
Can't use global @_ in "my" at /tmp/loop_over_bdir-21849-rkuBLq/PDF-TableX-0.011-sMNgPf/blib/lib/PDF/TableX.pm line 46, near "(@_ "
syntax error at /tmp/loop_over_bdir-21849-rkuBLq/PDF-TableX-0.011-sMNgPf/blib/lib/PDF/TableX.pm line 56, near "}"
Compilation failed in require at t/04-auto-width.t line 5.
BEGIN failed--compilation aborted at t/04-auto-width.t line 5.
t/04-auto-width.t .................
Dubious, test returned 255 (wstat 65280, 0xff00)
No subtests run
syntax error at /tmp/loop_over_bdir-21849-rkuBLq/PDF-TableX-0.011-sMNgPf/blib/lib/PDF/TableX.pm line 33, near "$attr qw/width repeat_header/"
Global symbol "$attr" requires explicit package name at /tmp/loop_over_bdir-21849-rkuBLq/PDF-TableX-0.011-sMNgPf/blib/lib/PDF/TableX.pm line 34.
syntax error at /tmp/loop_over_bdir-21849-rkuBLq/PDF-TableX-0.011-sMNgPf/blib/lib/PDF/TableX.pm line 40, near "}"
Can't use global @_ in "my" at /tmp/loop_over_bdir-21849-rkuBLq/PDF-TableX-0.011-sMNgPf/blib/lib/PDF/TableX.pm line 46, near "(@_ "
syntax error at /tmp/loop_over_bdir-21849-rkuBLq/PDF-TableX-0.011-sMNgPf/blib/lib/PDF/TableX.pm line 56, near "}"
Compilation failed in require at t/05-auto-page-break.t line 5.
BEGIN failed--compilation aborted at t/05-auto-page-break.t line 5.
t/05-auto-page-break.t ............
Dubious, test returned 255 (wstat 65280, 0xff00)
No subtests run
syntax error at /tmp/loop_over_bdir-21849-rkuBLq/PDF-TableX-0.011-sMNgPf/blib/lib/PDF/TableX.pm line 33, near "$attr qw/width repeat_header/"
Global symbol "$attr" requires explicit package name at /tmp/loop_over_bdir-21849-rkuBLq/PDF-TableX-0.011-sMNgPf/blib/lib/PDF/TableX.pm line 34.
syntax error at /tmp/loop_over_bdir-21849-rkuBLq/PDF-TableX-0.011-sMNgPf/blib/lib/PDF/TableX.pm line 40, near "}"
Can't use global @_ in "my" at /tmp/loop_over_bdir-21849-rkuBLq/PDF-TableX-0.011-sMNgPf/blib/lib/PDF/TableX.pm line 46, near "(@_ "
syntax error at /tmp/loop_over_bdir-21849-rkuBLq/PDF-TableX-0.011-sMNgPf/blib/lib/PDF/TableX.pm line 56, near "}"
Compilation failed in require at t/06-extend-role-functionality.t line 37.
BEGIN failed--compilation aborted at t/06-extend-role-functionality.t line 37.
t/06-extend-role-functionality.t ..
Dubious, test returned 255 (wstat 65280, 0xff00)
No subtests run
t/boilerplate.t ................... ok
# Failed test 'Pod coverage on PDF::TableX'
# at /home/src/perl/repoperls/installed-perls/perl/v5.17.11/165a/lib/site_perl/5.17.11/Test/Pod/Coverage.pm line 126.
# PDF::TableX: requiring 'PDF::TableX' failed
# Failed test 'Pod coverage on PDF::TableX::Column'
# at /home/src/perl/repoperls/installed-perls/perl/v5.17.11/165a/lib/site_perl/5.17.11/Test/Pod/Coverage.pm line 126.
# Coverage for PDF::TableX::Column is 0.0%, with 3 naked subroutines:
# add_cell
# get_min_width
# get_reg_width
# Failed test 'Pod coverage on PDF::TableX::Drawable'
# at /home/src/perl/repoperls/installed-perls/perl/v5.17.11/165a/lib/site_perl/5.17.11/Test/Pod/Coverage.pm line 126.
# PDF::TableX::Drawable: couldn't find pod
# Failed test 'Pod coverage on PDF::TableX::Cell'
# at /home/src/perl/repoperls/installed-perls/perl/v5.17.11/165a/lib/site_perl/5.17.11/Test/Pod/Coverage.pm line 126.
# Coverage for PDF::TableX::Cell is 0.0%, with 5 naked subroutines:
# draw_background
# draw_borders
# draw_content
# get_text_width
# reset_content
# Failed test 'Pod coverage on PDF::TableX::Row'
# at /home/src/perl/repoperls/installed-perls/perl/v5.17.11/165a/lib/site_perl/5.17.11/Test/Pod/Coverage.pm line 126.
# Coverage for PDF::TableX::Row is 0.0%, with 8 naked subroutines:
# BUILD
# add_cell
# draw_background
# draw_borders
# draw_content
# is_last_in_col
# is_last_in_row
# properties
# Failed test 'Pod coverage on PDF::TableX::Types'
# at /home/src/perl/repoperls/installed-perls/perl/v5.17.11/165a/lib/site_perl/5.17.11/Test/Pod/Coverage.pm line 126.
# PDF::TableX::Types: couldn't find pod
# Failed test 'Pod coverage on PDF::TableX::Stylable'
# at /home/src/perl/repoperls/installed-perls/perl/v5.17.11/165a/lib/site_perl/5.17.11/Test/Pod/Coverage.pm line 126.
# PDF::TableX::Stylable: couldn't find pod
# Looks like you failed 7 tests of 7.
t/pod-coverage.t ..................
Dubious, test returned 7 (wstat 1792, 0x700)
Failed 7/7 subtests
t/pod.t ........................... ok
Test Summary Report
-------------------
t/00-load.t (Wstat: 256 Tests: 6 Failed: 1)
Failed test: 3
Non-zero exit status: 1
t/01-simple-mesh.t (Wstat: 65280 Tests: 0 Failed: 0)
Non-zero exit status: 255
Parse errors: No plan found in TAP output
t/02-place-text.t (Wstat: 65280 Tests: 0 Failed: 0)
Non-zero exit status: 255
Parse errors: No plan found in TAP output
t/03-cycled-styles.t (Wstat: 65280 Tests: 0 Failed: 0)
Non-zero exit status: 255
Parse errors: No plan found in TAP output
t/04-auto-width.t (Wstat: 65280 Tests: 0 Failed: 0)
Non-zero exit status: 255
Parse errors: No plan found in TAP output
t/05-auto-page-break.t (Wstat: 65280 Tests: 0 Failed: 0)
Non-zero exit status: 255
Parse errors: No plan found in TAP output
t/06-extend-role-functionality.t (Wstat: 65280 Tests: 0 Failed: 0)
Non-zero exit status: 255
Parse errors: No plan found in TAP output
t/boilerplate.t (Wstat: 0 Tests: 3 Failed: 0)
TODO passed: 2-3
t/pod-coverage.t (Wstat: 1792 Tests: 7 Failed: 7)
Failed tests: 1-7
Non-zero exit status: 7
Files=10, Tests=23, 7 wallclock secs ( 0.03 usr 0.03 sys + 3.71 cusr 0.38 csys = 4.15 CPU)
Result: FAIL
Failed 8/10 test programs. 8/23 subtests failed.
make: *** [test_dynamic] Error 255
------------------------------
PREREQUISITES
------------------------------
Prerequisite modules loaded:
requires:
Module Need Have
-------------------- ---- ------
Moose 0 2.0802
Moose::Role 0 2.0802
MooseX::Types 0 0.35
MooseX::Types::Moose 0 0.35
PDF::API2 0 2.020
Test::More 0 0.98
build_requires:
Module Need Have
-------------------- ---- ------
ExtUtils::MakeMaker 6.36 6.66
Test::More 0 0.98
configure_requires:
Module Need Have
-------------------- ---- ------
ExtUtils::MakeMaker 6.36 6.66
------------------------------
ENVIRONMENT AND OTHER CONTEXT
------------------------------
Environment variables:
AUTOMATED_TESTING = 1
LANG = en_US.UTF-8
LANGUAGE = en_US:en
PATH = /usr/lib/ccache:/home/sand/bin:/usr/local/bin:/usr/bin:/bin:/usr/bin/X11:/usr/games:/usr/local/perl/bin:/usr/X11/bin:/sbin:/usr/sbin
PERL5LIB =
PERL5OPT =
PERL5_CPANPLUS_IS_RUNNING = 21850
PERL5_CPAN_IS_RUNNING = 21850
PERL_MM_USE_DEFAULT = 1
SHELL = /usr/bin/zsh
TERM = screen
Perl special variables (and OS-specific diagnostics, for MSWin32):
$^X = /home/sand/src/perl/repoperls/installed-perls/perl/v5.17.11/165a/bin/perl
$UID/$EUID = 1005 / 1005
$GID = 1005 1005
$EGID = 1005 1005
Perl module toolchain versions installed:
Module Have
------------------- --------
CPAN 2.00
CPAN::Meta 2.120921
Cwd 3.40
ExtUtils::CBuilder 0.280210
ExtUtils::Command 1.17
ExtUtils::Install 1.59
ExtUtils::MakeMaker 6.66
ExtUtils::Manifest 1.63
ExtUtils::ParseXS 3.18
File::Spec 3.40
JSON 2.57
JSON::PP 2.27202
Module::Build 0.4005
Module::Signature 0.70
Parse::CPAN::Meta 1.4404
Test::Harness 3.26
Test::More 0.98
YAML 0.84
YAML::Syck 1.25
version 0.9902
--
Summary of my perl5 (revision 5 version 17 subversion 11) configuration:
Commit id: 1993add8b861c9c97325e9609081aa752091b45a
Platform:
osname=linux, osvers=3.2.0-4-amd64, archname=x86_64-linux
uname='linux k83 3.2.0-4-amd64 #1 smp debian 3.2.41-2 x86_64 gnulinux '
config_args='-Dprefix=/home/src/perl/repoperls/installed-perls/perl/v5.17.11/165a -Dmyhostname=k83 -Dinstallusrbinperl=n -Uversiononly -Dusedevel -des -Ui_db -Uuseithreads -Uuselongdouble -DDEBUGGING=-g'
hint=recommended, useposix=true, d_sigaction=define
useithreads=undef, usemultiplicity=undef
useperlio=define, d_sfio=undef, uselargefiles=define, usesocks=undef
use64bitint=define, use64bitall=define, uselongdouble=undef
usemymalloc=n, bincompat5005=undef
Compiler:
cc='cc', ccflags ='-fno-strict-aliasing -pipe -fstack-protector -I/usr/local/include -D_LARGEFILE_SOURCE -D_FILE_OFFSET_BITS=64',
optimize='-O2 -g',
cppflags='-fno-strict-aliasing -pipe -fstack-protector -I/usr/local/include'
ccversion='', gccversion='4.7.2', gccosandvers=''
intsize=4, longsize=8, ptrsize=8, doublesize=8, byteorder=12345678
d_longlong=define, longlongsize=8, d_longdbl=define, longdblsize=16
ivtype='long', ivsize=8, nvtype='double', nvsize=8, Off_t='off_t', lseeksize=8
alignbytes=8, prototype=define
Linker and Libraries:
ld='cc', ldflags =' -fstack-protector -L/usr/local/lib'
libpth=/usr/local/lib /lib/x86_64-linux-gnu /lib/../lib /usr/lib/x86_64-linux-gnu /usr/lib/../lib /lib /usr/lib
libs=-lnsl -lgdbm -ldb -ldl -lm -lcrypt -lutil -lc -lgdbm_compat
perllibs=-lnsl -ldl -lm -lcrypt -lutil -lc
libc=, so=so, useshrplib=false, libperl=libperl.a
gnulibc_version='2.13'
Dynamic Linking:
dlsrc=dl_dlopen.xs, dlext=so, d_dlsymun=undef, ccdlflags='-Wl,-E'
cccdlflags='-fPIC', lddlflags='-shared -O2 -g -L/usr/local/lib -fstack-protector'
Characteristics of this binary (from libperl):
Compile-time options: HAS_TIMES PERLIO_LAYERS PERL_DONT_CREATE_GVSV
PERL_MALLOC_WRAP PERL_PRESERVE_IVUV PERL_SAWAMPERSAND
PERL_USE_DEVEL USE_64_BIT_ALL USE_64_BIT_INT
USE_LARGE_FILES USE_LOCALE USE_LOCALE_COLLATE
USE_LOCALE_CTYPE USE_LOCALE_NUMERIC USE_PERLIO
USE_PERL_ATOF
Built under linux
Compiled at Apr 29 2013 08:04:00
%ENV:
PERL5LIB=""
PERL5OPT=""
PERL5_CPANPLUS_IS_RUNNING="21850"
PERL5_CPAN_IS_RUNNING="21850"
PERL_MM_USE_DEFAULT="1"
@INC:
/home/src/perl/repoperls/installed-perls/perl/v5.17.11/165a/lib/site_perl/5.17.11/x86_64-linux
/home/src/perl/repoperls/installed-perls/perl/v5.17.11/165a/lib/site_perl/5.17.11
/home/src/perl/repoperls/installed-perls/perl/v5.17.11/165a/lib/5.17.11/x86_64-linux
/home/src/perl/repoperls/installed-perls/perl/v5.17.11/165a/lib/5.17.11
.