Report for CSS-Prepare-v0.9.2.4

Back
From: metabase:user:31dd1d2e-2aae-11df-837a-5e0a49663a4f
Subject: FAIL CSS-Prepare-v0.9.2.4 v5.16.0 
Date: 2013-05-08T19:22:28Z

This distribution has been tested as part of the CPAN Testers
project, supporting the Perl programming language.  See
http://wiki.cpantesters.org/ for more information or email
questions to cpan-testers-discuss@perl.org


--
Dear Mark Norman Francis,

This is a computer-generated report for CSS-Prepare-v0.9.2.4
on perl 5.16.0, created by CPAN-Reporter-1.2006.

Thank you for uploading your work to CPAN.  However, there was a problem
testing your distribution.

If you think this report is invalid, please consult the CPAN Testers Wiki
for suggestions on how to avoid getting FAIL reports for missing library
or binary dependencies, unsupported operating systems, and so on:

http://wiki.cpantesters.org/wiki/CPANAuthorNotes

Sections of this report:

    * Tester comments
    * Program output
    * Prerequisites
    * Environment and other context

------------------------------
TESTER COMMENTS
------------------------------

Additional comments from tester:

this report is from an automated smoke testing program
and was not reviewed by a human for accuracy

------------------------------
PROGRAM OUTPUT
------------------------------

Output from 'C:\Perl16\site\bin\dmake.exe test':

C:\Perl16\bin\perl.exe "-MExtUtils::Command::MM" "-e" "test_harness(0, 'blib\lib', 'blib\arch')" t/*.t
Use of qw(...) as parentheses is deprecated at C:\Perl16\cpan\build\CSS-Prepare-v0.9.2.4-wBeHyW\blib\lib/CSS/Prepare/Property/Expansions.pm line 34.
Use of qw(...) as parentheses is deprecated at C:\Perl16\cpan\build\CSS-Prepare-v0.9.2.4-wBeHyW\blib\lib/CSS/Prepare/Property/Expansions.pm line 41.
Use of qw(...) as parentheses is deprecated at C:\Perl16\cpan\build\CSS-Prepare-v0.9.2.4-wBeHyW\blib\lib/CSS/Prepare/Property/Expansions.pm line 45.
Use of qw(...) as parentheses is deprecated at C:\Perl16\cpan\build\CSS-Prepare-v0.9.2.4-wBeHyW\blib\lib/CSS/Prepare/Property/Expansions.pm line 54.
Use of qw(...) as parentheses is deprecated at C:\Perl16\cpan\build\CSS-Prepare-v0.9.2.4-wBeHyW\blib\lib/CSS/Prepare/Property/Expansions.pm line 81.
Use of qw(...) as parentheses is deprecated at C:\Perl16\cpan\build\CSS-Prepare-v0.9.2.4-wBeHyW\blib\lib/CSS/Prepare/Property/Border.pm line 42.
Use of qw(...) as parentheses is deprecated at C:\Perl16\cpan\build\CSS-Prepare-v0.9.2.4-wBeHyW\blib\lib/CSS/Prepare/Property/Border.pm line 194.
Use of qw(...) as parentheses is deprecated at C:\Perl16\cpan\build\CSS-Prepare-v0.9.2.4-wBeHyW\blib\lib/CSS/Prepare/Property/Border.pm line 273.
Use of qw(...) as parentheses is deprecated at C:\Perl16\cpan\build\CSS-Prepare-v0.9.2.4-wBeHyW\blib\lib/CSS/Prepare/Property/Border.pm line 298.
Use of qw(...) as parentheses is deprecated at C:\Perl16\cpan\build\CSS-Prepare-v0.9.2.4-wBeHyW\blib\lib/CSS/Prepare/Property/Border.pm line 333.
Use of qw(...) as parentheses is deprecated at C:\Perl16\cpan\build\CSS-Prepare-v0.9.2.4-wBeHyW\blib\lib/CSS/Prepare/Property/Border.pm line 368.
Use of qw(...) as parentheses is deprecated at C:\Perl16\cpan\build\CSS-Prepare-v0.9.2.4-wBeHyW\blib\lib/CSS/Prepare/Property/Effects.pm line 42.
Use of qw(...) as parentheses is deprecated at C:\Perl16\cpan\build\CSS-Prepare-v0.9.2.4-wBeHyW\blib\lib/CSS/Prepare/Property/Formatting.pm line 41.
Use of qw(...) as parentheses is deprecated at C:\Perl16\cpan\build\CSS-Prepare-v0.9.2.4-wBeHyW\blib\lib/CSS/Prepare/Property/Formatting.pm line 79.
Use of qw(...) as parentheses is deprecated at C:\Perl16\cpan\build\CSS-Prepare-v0.9.2.4-wBeHyW\blib\lib/CSS/Prepare/Property/Generated.pm line 43.
Use of qw(...) as parentheses is deprecated at C:\Perl16\cpan\build\CSS-Prepare-v0.9.2.4-wBeHyW\blib\lib/CSS/Prepare/Property/Margin.pm line 42.
Use of qw(...) as parentheses is deprecated at C:\Perl16\cpan\build\CSS-Prepare-v0.9.2.4-wBeHyW\blib\lib/CSS/Prepare/Property/Margin.pm line 78.
Use of qw(...) as parentheses is deprecated at C:\Perl16\cpan\build\CSS-Prepare-v0.9.2.4-wBeHyW\blib\lib/CSS/Prepare/Property/Padding.pm line 42.
Use of qw(...) as parentheses is deprecated at C:\Perl16\cpan\build\CSS-Prepare-v0.9.2.4-wBeHyW\blib\lib/CSS/Prepare/Property/Padding.pm line 78.
defined(@array) is deprecated at C:\Perl16\cpan\build\CSS-Prepare-v0.9.2.4-wBeHyW\blib\lib/CSS/Prepare.pm line 726.
	(Maybe you should just omit the defined()?)
t/00.load.t ............. ok
Use of qw(...) as parentheses is deprecated at C:\Perl16\cpan\build\CSS-Prepare-v0.9.2.4-wBeHyW\blib\lib/CSS/Prepare/Property/Expansions.pm line 34.
Use of qw(...) as parentheses is deprecated at C:\Perl16\cpan\build\CSS-Prepare-v0.9.2.4-wBeHyW\blib\lib/CSS/Prepare/Property/Expansions.pm line 41.
Use of qw(...) as parentheses is deprecated at C:\Perl16\cpan\build\CSS-Prepare-v0.9.2.4-wBeHyW\blib\lib/CSS/Prepare/Property/Expansions.pm line 45.
Use of qw(...) as parentheses is deprecated at C:\Perl16\cpan\build\CSS-Prepare-v0.9.2.4-wBeHyW\blib\lib/CSS/Prepare/Property/Expansions.pm line 54.
Use of qw(...) as parentheses is deprecated at C:\Perl16\cpan\build\CSS-Prepare-v0.9.2.4-wBeHyW\blib\lib/CSS/Prepare/Property/Expansions.pm line 81.
t/01.expansion.t ........ ok
Use of qw(...) as parentheses is deprecated at C:\Perl16\cpan\build\CSS-Prepare-v0.9.2.4-wBeHyW\blib\lib/CSS/Prepare/Property/Expansions.pm line 34.
Use of qw(...) as parentheses is deprecated at C:\Perl16\cpan\build\CSS-Prepare-v0.9.2.4-wBeHyW\blib\lib/CSS/Prepare/Property/Expansions.pm line 41.
Use of qw(...) as parentheses is deprecated at C:\Perl16\cpan\build\CSS-Prepare-v0.9.2.4-wBeHyW\blib\lib/CSS/Prepare/Property/Expansions.pm line 45.
Use of qw(...) as parentheses is deprecated at C:\Perl16\cpan\build\CSS-Prepare-v0.9.2.4-wBeHyW\blib\lib/CSS/Prepare/Property/Expansions.pm line 54.
Use of qw(...) as parentheses is deprecated at C:\Perl16\cpan\build\CSS-Prepare-v0.9.2.4-wBeHyW\blib\lib/CSS/Prepare/Property/Expansions.pm line 81.
Use of qw(...) as parentheses is deprecated at C:\Perl16\cpan\build\CSS-Prepare-v0.9.2.4-wBeHyW\blib\lib/CSS/Prepare/Property/Border.pm line 42.
Use of qw(...) as parentheses is deprecated at C:\Perl16\cpan\build\CSS-Prepare-v0.9.2.4-wBeHyW\blib\lib/CSS/Prepare/Property/Border.pm line 194.
Use of qw(...) as parentheses is deprecated at C:\Perl16\cpan\build\CSS-Prepare-v0.9.2.4-wBeHyW\blib\lib/CSS/Prepare/Property/Border.pm line 273.
Use of qw(...) as parentheses is deprecated at C:\Perl16\cpan\build\CSS-Prepare-v0.9.2.4-wBeHyW\blib\lib/CSS/Prepare/Property/Border.pm line 298.
Use of qw(...) as parentheses is deprecated at C:\Perl16\cpan\build\CSS-Prepare-v0.9.2.4-wBeHyW\blib\lib/CSS/Prepare/Property/Border.pm line 333.
Use of qw(...) as parentheses is deprecated at C:\Perl16\cpan\build\CSS-Prepare-v0.9.2.4-wBeHyW\blib\lib/CSS/Prepare/Property/Border.pm line 368.
Use of qw(...) as parentheses is deprecated at C:\Perl16\cpan\build\CSS-Prepare-v0.9.2.4-wBeHyW\blib\lib/CSS/Prepare/Property/Effects.pm line 42.
Use of qw(...) as parentheses is deprecated at C:\Perl16\cpan\build\CSS-Prepare-v0.9.2.4-wBeHyW\blib\lib/CSS/Prepare/Property/Formatting.pm line 41.
Use of qw(...) as parentheses is deprecated at C:\Perl16\cpan\build\CSS-Prepare-v0.9.2.4-wBeHyW\blib\lib/CSS/Prepare/Property/Formatting.pm line 79.
Use of qw(...) as parentheses is deprecated at C:\Perl16\cpan\build\CSS-Prepare-v0.9.2.4-wBeHyW\blib\lib/CSS/Prepare/Property/Generated.pm line 43.
Use of qw(...) as parentheses is deprecated at C:\Perl16\cpan\build\CSS-Prepare-v0.9.2.4-wBeHyW\blib\lib/CSS/Prepare/Property/Margin.pm line 42.
Use of qw(...) as parentheses is deprecated at C:\Perl16\cpan\build\CSS-Prepare-v0.9.2.4-wBeHyW\blib\lib/CSS/Prepare/Property/Margin.pm line 78.
Use of qw(...) as parentheses is deprecated at C:\Perl16\cpan\build\CSS-Prepare-v0.9.2.4-wBeHyW\blib\lib/CSS/Prepare/Property/Padding.pm line 42.
Use of qw(...) as parentheses is deprecated at C:\Perl16\cpan\build\CSS-Prepare-v0.9.2.4-wBeHyW\blib\lib/CSS/Prepare/Property/Padding.pm line 78.
defined(@array) is deprecated at C:\Perl16\cpan\build\CSS-Prepare-v0.9.2.4-wBeHyW\blib\lib/CSS/Prepare.pm line 726.
	(Maybe you should just omit the defined()?)
t/01.parse.t ............ ok
Use of qw(...) as parentheses is deprecated at C:\Perl16\cpan\build\CSS-Prepare-v0.9.2.4-wBeHyW\blib\lib/CSS/Prepare/Property/Expansions.pm line 34.
Use of qw(...) as parentheses is deprecated at C:\Perl16\cpan\build\CSS-Prepare-v0.9.2.4-wBeHyW\blib\lib/CSS/Prepare/Property/Expansions.pm line 41.
Use of qw(...) as parentheses is deprecated at C:\Perl16\cpan\build\CSS-Prepare-v0.9.2.4-wBeHyW\blib\lib/CSS/Prepare/Property/Expansions.pm line 45.
Use of qw(...) as parentheses is deprecated at C:\Perl16\cpan\build\CSS-Prepare-v0.9.2.4-wBeHyW\blib\lib/CSS/Prepare/Property/Expansions.pm line 54.
Use of qw(...) as parentheses is deprecated at C:\Perl16\cpan\build\CSS-Prepare-v0.9.2.4-wBeHyW\blib\lib/CSS/Prepare/Property/Expansions.pm line 81.
Use of qw(...) as parentheses is deprecated at C:\Perl16\cpan\build\CSS-Prepare-v0.9.2.4-wBeHyW\blib\lib/CSS/Prepare/Property/Border.pm line 42.
Use of qw(...) as parentheses is deprecated at C:\Perl16\cpan\build\CSS-Prepare-v0.9.2.4-wBeHyW\blib\lib/CSS/Prepare/Property/Border.pm line 194.
Use of qw(...) as parentheses is deprecated at C:\Perl16\cpan\build\CSS-Prepare-v0.9.2.4-wBeHyW\blib\lib/CSS/Prepare/Property/Border.pm line 273.
Use of qw(...) as parentheses is deprecated at C:\Perl16\cpan\build\CSS-Prepare-v0.9.2.4-wBeHyW\blib\lib/CSS/Prepare/Property/Border.pm line 298.
Use of qw(...) as parentheses is deprecated at C:\Perl16\cpan\build\CSS-Prepare-v0.9.2.4-wBeHyW\blib\lib/CSS/Prepare/Property/Border.pm line 333.
Use of qw(...) as parentheses is deprecated at C:\Perl16\cpan\build\CSS-Prepare-v0.9.2.4-wBeHyW\blib\lib/CSS/Prepare/Property/Border.pm line 368.
Use of qw(...) as parentheses is deprecated at C:\Perl16\cpan\build\CSS-Prepare-v0.9.2.4-wBeHyW\blib\lib/CSS/Prepare/Property/Effects.pm line 42.
Use of qw(...) as parentheses is deprecated at C:\Perl16\cpan\build\CSS-Prepare-v0.9.2.4-wBeHyW\blib\lib/CSS/Prepare/Property/Formatting.pm line 41.
Use of qw(...) as parentheses is deprecated at C:\Perl16\cpan\build\CSS-Prepare-v0.9.2.4-wBeHyW\blib\lib/CSS/Prepare/Property/Formatting.pm line 79.
Use of qw(...) as parentheses is deprecated at C:\Perl16\cpan\build\CSS-Prepare-v0.9.2.4-wBeHyW\blib\lib/CSS/Prepare/Property/Generated.pm line 43.
Use of qw(...) as parentheses is deprecated at C:\Perl16\cpan\build\CSS-Prepare-v0.9.2.4-wBeHyW\blib\lib/CSS/Prepare/Property/Margin.pm line 42.
Use of qw(...) as parentheses is deprecated at C:\Perl16\cpan\build\CSS-Prepare-v0.9.2.4-wBeHyW\blib\lib/CSS/Prepare/Property/Margin.pm line 78.
Use of qw(...) as parentheses is deprecated at C:\Perl16\cpan\build\CSS-Prepare-v0.9.2.4-wBeHyW\blib\lib/CSS/Prepare/Property/Padding.pm line 42.
Use of qw(...) as parentheses is deprecated at C:\Perl16\cpan\build\CSS-Prepare-v0.9.2.4-wBeHyW\blib\lib/CSS/Prepare/Property/Padding.pm line 78.
defined(@array) is deprecated at C:\Perl16\cpan\build\CSS-Prepare-v0.9.2.4-wBeHyW\blib\lib/CSS/Prepare.pm line 726.
	(Maybe you should just omit the defined()?)
t/01.plugins.t .......... ok
Use of qw(...) as parentheses is deprecated at C:\Perl16\cpan\build\CSS-Prepare-v0.9.2.4-wBeHyW\blib\lib/CSS/Prepare/Property/Expansions.pm line 34.
Use of qw(...) as parentheses is deprecated at C:\Perl16\cpan\build\CSS-Prepare-v0.9.2.4-wBeHyW\blib\lib/CSS/Prepare/Property/Expansions.pm line 41.
Use of qw(...) as parentheses is deprecated at C:\Perl16\cpan\build\CSS-Prepare-v0.9.2.4-wBeHyW\blib\lib/CSS/Prepare/Property/Expansions.pm line 45.
Use of qw(...) as parentheses is deprecated at C:\Perl16\cpan\build\CSS-Prepare-v0.9.2.4-wBeHyW\blib\lib/CSS/Prepare/Property/Expansions.pm line 54.
Use of qw(...) as parentheses is deprecated at C:\Perl16\cpan\build\CSS-Prepare-v0.9.2.4-wBeHyW\blib\lib/CSS/Prepare/Property/Expansions.pm line 81.
Use of qw(...) as parentheses is deprecated at C:\Perl16\cpan\build\CSS-Prepare-v0.9.2.4-wBeHyW\blib\lib/CSS/Prepare/Property/Border.pm line 42.
Use of qw(...) as parentheses is deprecated at C:\Perl16\cpan\build\CSS-Prepare-v0.9.2.4-wBeHyW\blib\lib/CSS/Prepare/Property/Border.pm line 194.
Use of qw(...) as parentheses is deprecated at C:\Perl16\cpan\build\CSS-Prepare-v0.9.2.4-wBeHyW\blib\lib/CSS/Prepare/Property/Border.pm line 273.
Use of qw(...) as parentheses is deprecated at C:\Perl16\cpan\build\CSS-Prepare-v0.9.2.4-wBeHyW\blib\lib/CSS/Prepare/Property/Border.pm line 298.
Use of qw(...) as parentheses is deprecated at C:\Perl16\cpan\build\CSS-Prepare-v0.9.2.4-wBeHyW\blib\lib/CSS/Prepare/Property/Border.pm line 333.
Use of qw(...) as parentheses is deprecated at C:\Perl16\cpan\build\CSS-Prepare-v0.9.2.4-wBeHyW\blib\lib/CSS/Prepare/Property/Border.pm line 368.
Use of qw(...) as parentheses is deprecated at C:\Perl16\cpan\build\CSS-Prepare-v0.9.2.4-wBeHyW\blib\lib/CSS/Prepare/Property/Effects.pm line 42.
Use of qw(...) as parentheses is deprecated at C:\Perl16\cpan\build\CSS-Prepare-v0.9.2.4-wBeHyW\blib\lib/CSS/Prepare/Property/Formatting.pm line 41.
Use of qw(...) as parentheses is deprecated at C:\Perl16\cpan\build\CSS-Prepare-v0.9.2.4-wBeHyW\blib\lib/CSS/Prepare/Property/Formatting.pm line 79.
Use of qw(...) as parentheses is deprecated at C:\Perl16\cpan\build\CSS-Prepare-v0.9.2.4-wBeHyW\blib\lib/CSS/Prepare/Property/Generated.pm line 43.
Use of qw(...) as parentheses is deprecated at C:\Perl16\cpan\build\CSS-Prepare-v0.9.2.4-wBeHyW\blib\lib/CSS/Prepare/Property/Margin.pm line 42.
Use of qw(...) as parentheses is deprecated at C:\Perl16\cpan\build\CSS-Prepare-v0.9.2.4-wBeHyW\blib\lib/CSS/Prepare/Property/Margin.pm line 78.
Use of qw(...) as parentheses is deprecated at C:\Perl16\cpan\build\CSS-Prepare-v0.9.2.4-wBeHyW\blib\lib/CSS/Prepare/Property/Padding.pm line 42.
Use of qw(...) as parentheses is deprecated at C:\Perl16\cpan\build\CSS-Prepare-v0.9.2.4-wBeHyW\blib\lib/CSS/Prepare/Property/Padding.pm line 78.
defined(@array) is deprecated at C:\Perl16\cpan\build\CSS-Prepare-v0.9.2.4-wBeHyW\blib\lib/CSS/Prepare.pm line 726.
	(Maybe you should just omit the defined()?)
t/01.selectors.t ........ ok
Use of qw(...) as parentheses is deprecated at t/01.values.t line 86.
Use of qw(...) as parentheses is deprecated at t/01.values.t line 105.
Use of qw(...) as parentheses is deprecated at t/01.values.t line 113.
Use of qw(...) as parentheses is deprecated at t/01.values.t line 154.
Use of qw(...) as parentheses is deprecated at t/01.values.t line 239.
Use of qw(...) as parentheses is deprecated at t/01.values.t line 249.
Use of qw(...) as parentheses is deprecated at t/01.values.t line 257.
Use of qw(...) as parentheses is deprecated at t/01.values.t line 265.
Use of qw(...) as parentheses is deprecated at t/01.values.t line 273.
Use of qw(...) as parentheses is deprecated at t/01.values.t line 281.
Use of qw(...) as parentheses is deprecated at t/01.values.t line 289.
Use of qw(...) as parentheses is deprecated at t/01.values.t line 314.
Use of qw(...) as parentheses is deprecated at t/01.values.t line 433.
Use of qw(...) as parentheses is deprecated at t/01.values.t line 441.
Use of qw(...) as parentheses is deprecated at t/01.values.t line 470.
Use of qw(...) as parentheses is deprecated at t/01.values.t line 478.
Use of qw(...) as parentheses is deprecated at t/01.values.t line 521.
Use of qw(...) as parentheses is deprecated at t/01.values.t line 529.
Use of qw(...) as parentheses is deprecated at t/01.values.t line 547.
Use of qw(...) as parentheses is deprecated at t/01.values.t line 559.
Use of qw(...) as parentheses is deprecated at t/01.values.t line 567.
Use of qw(...) as parentheses is deprecated at t/01.values.t line 577.
Use of qw(...) as parentheses is deprecated at t/01.values.t line 585.
Use of qw(...) as parentheses is deprecated at t/01.values.t line 593.
Use of qw(...) as parentheses is deprecated at t/01.values.t line 610.
Use of qw(...) as parentheses is deprecated at t/01.values.t line 620.
Use of qw(...) as parentheses is deprecated at t/01.values.t line 640.
Use of qw(...) as parentheses is deprecated at t/01.values.t line 681.
t/01.values.t ........... ok
Use of qw(...) as parentheses is deprecated at C:\Perl16\cpan\build\CSS-Prepare-v0.9.2.4-wBeHyW\blib\lib/CSS/Prepare/Property/Expansions.pm line 34.
Use of qw(...) as parentheses is deprecated at C:\Perl16\cpan\build\CSS-Prepare-v0.9.2.4-wBeHyW\blib\lib/CSS/Prepare/Property/Expansions.pm line 41.
Use of qw(...) as parentheses is deprecated at C:\Perl16\cpan\build\CSS-Prepare-v0.9.2.4-wBeHyW\blib\lib/CSS/Prepare/Property/Expansions.pm line 45.
Use of qw(...) as parentheses is deprecated at C:\Perl16\cpan\build\CSS-Prepare-v0.9.2.4-wBeHyW\blib\lib/CSS/Prepare/Property/Expansions.pm line 54.
Use of qw(...) as parentheses is deprecated at C:\Perl16\cpan\build\CSS-Prepare-v0.9.2.4-wBeHyW\blib\lib/CSS/Prepare/Property/Expansions.pm line 81.
Use of qw(...) as parentheses is deprecated at C:\Perl16\cpan\build\CSS-Prepare-v0.9.2.4-wBeHyW\blib\lib/CSS/Prepare/Property/Border.pm line 42.
Use of qw(...) as parentheses is deprecated at C:\Perl16\cpan\build\CSS-Prepare-v0.9.2.4-wBeHyW\blib\lib/CSS/Prepare/Property/Border.pm line 194.
Use of qw(...) as parentheses is deprecated at C:\Perl16\cpan\build\CSS-Prepare-v0.9.2.4-wBeHyW\blib\lib/CSS/Prepare/Property/Border.pm line 273.
Use of qw(...) as parentheses is deprecated at C:\Perl16\cpan\build\CSS-Prepare-v0.9.2.4-wBeHyW\blib\lib/CSS/Prepare/Property/Border.pm line 298.
Use of qw(...) as parentheses is deprecated at C:\Perl16\cpan\build\CSS-Prepare-v0.9.2.4-wBeHyW\blib\lib/CSS/Prepare/Property/Border.pm line 333.
Use of qw(...) as parentheses is deprecated at C:\Perl16\cpan\build\CSS-Prepare-v0.9.2.4-wBeHyW\blib\lib/CSS/Prepare/Property/Border.pm line 368.
Use of qw(...) as parentheses is deprecated at C:\Perl16\cpan\build\CSS-Prepare-v0.9.2.4-wBeHyW\blib\lib/CSS/Prepare/Property/Effects.pm line 42.
Use of qw(...) as parentheses is deprecated at C:\Perl16\cpan\build\CSS-Prepare-v0.9.2.4-wBeHyW\blib\lib/CSS/Prepare/Property/Formatting.pm line 41.
Use of qw(...) as parentheses is deprecated at C:\Perl16\cpan\build\CSS-Prepare-v0.9.2.4-wBeHyW\blib\lib/CSS/Prepare/Property/Formatting.pm line 79.
Use of qw(...) as parentheses is deprecated at C:\Perl16\cpan\build\CSS-Prepare-v0.9.2.4-wBeHyW\blib\lib/CSS/Prepare/Property/Generated.pm line 43.
Use of qw(...) as parentheses is deprecated at C:\Perl16\cpan\build\CSS-Prepare-v0.9.2.4-wBeHyW\blib\lib/CSS/Prepare/Property/Margin.pm line 42.
Use of qw(...) as parentheses is deprecated at C:\Perl16\cpan\build\CSS-Prepare-v0.9.2.4-wBeHyW\blib\lib/CSS/Prepare/Property/Margin.pm line 78.
Use of qw(...) as parentheses is deprecated at C:\Perl16\cpan\build\CSS-Prepare-v0.9.2.4-wBeHyW\blib\lib/CSS/Prepare/Property/Padding.pm line 42.
Use of qw(...) as parentheses is deprecated at C:\Perl16\cpan\build\CSS-Prepare-v0.9.2.4-wBeHyW\blib\lib/CSS/Prepare/Property/Padding.pm line 78.
defined(@array) is deprecated at C:\Perl16\cpan\build\CSS-Prepare-v0.9.2.4-wBeHyW\blib\lib/CSS/Prepare.pm line 726.
	(Maybe you should just omit the defined()?)
t/02.background.t ....... ok
Use of qw(...) as parentheses is deprecated at C:\Perl16\cpan\build\CSS-Prepare-v0.9.2.4-wBeHyW\blib\lib/CSS/Prepare/Property/Expansions.pm line 34.
Use of qw(...) as parentheses is deprecated at C:\Perl16\cpan\build\CSS-Prepare-v0.9.2.4-wBeHyW\blib\lib/CSS/Prepare/Property/Expansions.pm line 41.
Use of qw(...) as parentheses is deprecated at C:\Perl16\cpan\build\CSS-Prepare-v0.9.2.4-wBeHyW\blib\lib/CSS/Prepare/Property/Expansions.pm line 45.
Use of qw(...) as parentheses is deprecated at C:\Perl16\cpan\build\CSS-Prepare-v0.9.2.4-wBeHyW\blib\lib/CSS/Prepare/Property/Expansions.pm line 54.
Use of qw(...) as parentheses is deprecated at C:\Perl16\cpan\build\CSS-Prepare-v0.9.2.4-wBeHyW\blib\lib/CSS/Prepare/Property/Expansions.pm line 81.
Use of qw(...) as parentheses is deprecated at C:\Perl16\cpan\build\CSS-Prepare-v0.9.2.4-wBeHyW\blib\lib/CSS/Prepare/Property/Border.pm line 42.
Use of qw(...) as parentheses is deprecated at C:\Perl16\cpan\build\CSS-Prepare-v0.9.2.4-wBeHyW\blib\lib/CSS/Prepare/Property/Border.pm line 194.
Use of qw(...) as parentheses is deprecated at C:\Perl16\cpan\build\CSS-Prepare-v0.9.2.4-wBeHyW\blib\lib/CSS/Prepare/Property/Border.pm line 273.
Use of qw(...) as parentheses is deprecated at C:\Perl16\cpan\build\CSS-Prepare-v0.9.2.4-wBeHyW\blib\lib/CSS/Prepare/Property/Border.pm line 298.
Use of qw(...) as parentheses is deprecated at C:\Perl16\cpan\build\CSS-Prepare-v0.9.2.4-wBeHyW\blib\lib/CSS/Prepare/Property/Border.pm line 333.
Use of qw(...) as parentheses is deprecated at C:\Perl16\cpan\build\CSS-Prepare-v0.9.2.4-wBeHyW\blib\lib/CSS/Prepare/Property/Border.pm line 368.
Use of qw(...) as parentheses is deprecated at C:\Perl16\cpan\build\CSS-Prepare-v0.9.2.4-wBeHyW\blib\lib/CSS/Prepare/Property/Effects.pm line 42.
Use of qw(...) as parentheses is deprecated at C:\Perl16\cpan\build\CSS-Prepare-v0.9.2.4-wBeHyW\blib\lib/CSS/Prepare/Property/Formatting.pm line 41.
Use of qw(...) as parentheses is deprecated at C:\Perl16\cpan\build\CSS-Prepare-v0.9.2.4-wBeHyW\blib\lib/CSS/Prepare/Property/Formatting.pm line 79.
Use of qw(...) as parentheses is deprecated at C:\Perl16\cpan\build\CSS-Prepare-v0.9.2.4-wBeHyW\blib\lib/CSS/Prepare/Property/Generated.pm line 43.
Use of qw(...) as parentheses is deprecated at C:\Perl16\cpan\build\CSS-Prepare-v0.9.2.4-wBeHyW\blib\lib/CSS/Prepare/Property/Margin.pm line 42.
Use of qw(...) as parentheses is deprecated at C:\Perl16\cpan\build\CSS-Prepare-v0.9.2.4-wBeHyW\blib\lib/CSS/Prepare/Property/Margin.pm line 78.
Use of qw(...) as parentheses is deprecated at C:\Perl16\cpan\build\CSS-Prepare-v0.9.2.4-wBeHyW\blib\lib/CSS/Prepare/Property/Padding.pm line 42.
Use of qw(...) as parentheses is deprecated at C:\Perl16\cpan\build\CSS-Prepare-v0.9.2.4-wBeHyW\blib\lib/CSS/Prepare/Property/Padding.pm line 78.
defined(@array) is deprecated at C:\Perl16\cpan\build\CSS-Prepare-v0.9.2.4-wBeHyW\blib\lib/CSS/Prepare.pm line 726.
	(Maybe you should just omit the defined()?)
t/02.border.t ........... ok
Use of qw(...) as parentheses is deprecated at C:\Perl16\cpan\build\CSS-Prepare-v0.9.2.4-wBeHyW\blib\lib/CSS/Prepare/Property/Expansions.pm line 34.
Use of qw(...) as parentheses is deprecated at C:\Perl16\cpan\build\CSS-Prepare-v0.9.2.4-wBeHyW\blib\lib/CSS/Prepare/Property/Expansions.pm line 41.
Use of qw(...) as parentheses is deprecated at C:\Perl16\cpan\build\CSS-Prepare-v0.9.2.4-wBeHyW\blib\lib/CSS/Prepare/Property/Expansions.pm line 45.
Use of qw(...) as parentheses is deprecated at C:\Perl16\cpan\build\CSS-Prepare-v0.9.2.4-wBeHyW\blib\lib/CSS/Prepare/Property/Expansions.pm line 54.
Use of qw(...) as parentheses is deprecated at C:\Perl16\cpan\build\CSS-Prepare-v0.9.2.4-wBeHyW\blib\lib/CSS/Prepare/Property/Expansions.pm line 81.
Use of qw(...) as parentheses is deprecated at C:\Perl16\cpan\build\CSS-Prepare-v0.9.2.4-wBeHyW\blib\lib/CSS/Prepare/Property/Border.pm line 42.
Use of qw(...) as parentheses is deprecated at C:\Perl16\cpan\build\CSS-Prepare-v0.9.2.4-wBeHyW\blib\lib/CSS/Prepare/Property/Border.pm line 194.
Use of qw(...) as parentheses is deprecated at C:\Perl16\cpan\build\CSS-Prepare-v0.9.2.4-wBeHyW\blib\lib/CSS/Prepare/Property/Border.pm line 273.
Use of qw(...) as parentheses is deprecated at C:\Perl16\cpan\build\CSS-Prepare-v0.9.2.4-wBeHyW\blib\lib/CSS/Prepare/Property/Border.pm line 298.
Use of qw(...) as parentheses is deprecated at C:\Perl16\cpan\build\CSS-Prepare-v0.9.2.4-wBeHyW\blib\lib/CSS/Prepare/Property/Border.pm line 333.
Use of qw(...) as parentheses is deprecated at C:\Perl16\cpan\build\CSS-Prepare-v0.9.2.4-wBeHyW\blib\lib/CSS/Prepare/Property/Border.pm line 368.
Use of qw(...) as parentheses is deprecated at C:\Perl16\cpan\build\CSS-Prepare-v0.9.2.4-wBeHyW\blib\lib/CSS/Prepare/Property/Effects.pm line 42.
Use of qw(...) as parentheses is deprecated at C:\Perl16\cpan\build\CSS-Prepare-v0.9.2.4-wBeHyW\blib\lib/CSS/Prepare/Property/Formatting.pm line 41.
Use of qw(...) as parentheses is deprecated at C:\Perl16\cpan\build\CSS-Prepare-v0.9.2.4-wBeHyW\blib\lib/CSS/Prepare/Property/Formatting.pm line 79.
Use of qw(...) as parentheses is deprecated at C:\Perl16\cpan\build\CSS-Prepare-v0.9.2.4-wBeHyW\blib\lib/CSS/Prepare/Property/Generated.pm line 43.
Use of qw(...) as parentheses is deprecated at C:\Perl16\cpan\build\CSS-Prepare-v0.9.2.4-wBeHyW\blib\lib/CSS/Prepare/Property/Margin.pm line 42.
Use of qw(...) as parentheses is deprecated at C:\Perl16\cpan\build\CSS-Prepare-v0.9.2.4-wBeHyW\blib\lib/CSS/Prepare/Property/Margin.pm line 78.
Use of qw(...) as parentheses is deprecated at C:\Perl16\cpan\build\CSS-Prepare-v0.9.2.4-wBeHyW\blib\lib/CSS/Prepare/Property/Padding.pm line 42.
Use of qw(...) as parentheses is deprecated at C:\Perl16\cpan\build\CSS-Prepare-v0.9.2.4-wBeHyW\blib\lib/CSS/Prepare/Property/Padding.pm line 78.
defined(@array) is deprecated at C:\Perl16\cpan\build\CSS-Prepare-v0.9.2.4-wBeHyW\blib\lib/CSS/Prepare.pm line 726.
	(Maybe you should just omit the defined()?)
t/02.borderradius.t ..... ok
Use of qw(...) as parentheses is deprecated at C:\Perl16\cpan\build\CSS-Prepare-v0.9.2.4-wBeHyW\blib\lib/CSS/Prepare/Property/Expansions.pm line 34.
Use of qw(...) as parentheses is deprecated at C:\Perl16\cpan\build\CSS-Prepare-v0.9.2.4-wBeHyW\blib\lib/CSS/Prepare/Property/Expansions.pm line 41.
Use of qw(...) as parentheses is deprecated at C:\Perl16\cpan\build\CSS-Prepare-v0.9.2.4-wBeHyW\blib\lib/CSS/Prepare/Property/Expansions.pm line 45.
Use of qw(...) as parentheses is deprecated at C:\Perl16\cpan\build\CSS-Prepare-v0.9.2.4-wBeHyW\blib\lib/CSS/Prepare/Property/Expansions.pm line 54.
Use of qw(...) as parentheses is deprecated at C:\Perl16\cpan\build\CSS-Prepare-v0.9.2.4-wBeHyW\blib\lib/CSS/Prepare/Property/Expansions.pm line 81.
Use of qw(...) as parentheses is deprecated at C:\Perl16\cpan\build\CSS-Prepare-v0.9.2.4-wBeHyW\blib\lib/CSS/Prepare/Property/Border.pm line 42.
Use of qw(...) as parentheses is deprecated at C:\Perl16\cpan\build\CSS-Prepare-v0.9.2.4-wBeHyW\blib\lib/CSS/Prepare/Property/Border.pm line 194.
Use of qw(...) as parentheses is deprecated at C:\Perl16\cpan\build\CSS-Prepare-v0.9.2.4-wBeHyW\blib\lib/CSS/Prepare/Property/Border.pm line 273.
Use of qw(...) as parentheses is deprecated at C:\Perl16\cpan\build\CSS-Prepare-v0.9.2.4-wBeHyW\blib\lib/CSS/Prepare/Property/Border.pm line 298.
Use of qw(...) as parentheses is deprecated at C:\Perl16\cpan\build\CSS-Prepare-v0.9.2.4-wBeHyW\blib\lib/CSS/Prepare/Property/Border.pm line 333.
Use of qw(...) as parentheses is deprecated at C:\Perl16\cpan\build\CSS-Prepare-v0.9.2.4-wBeHyW\blib\lib/CSS/Prepare/Property/Border.pm line 368.
Use of qw(...) as parentheses is deprecated at C:\Perl16\cpan\build\CSS-Prepare-v0.9.2.4-wBeHyW\blib\lib/CSS/Prepare/Property/Effects.pm line 42.
Use of qw(...) as parentheses is deprecated at C:\Perl16\cpan\build\CSS-Prepare-v0.9.2.4-wBeHyW\blib\lib/CSS/Prepare/Property/Formatting.pm line 41.
Use of qw(...) as parentheses is deprecated at C:\Perl16\cpan\build\CSS-Prepare-v0.9.2.4-wBeHyW\blib\lib/CSS/Prepare/Property/Formatting.pm line 79.
Use of qw(...) as parentheses is deprecated at C:\Perl16\cpan\build\CSS-Prepare-v0.9.2.4-wBeHyW\blib\lib/CSS/Prepare/Property/Generated.pm line 43.
Use of qw(...) as parentheses is deprecated at C:\Perl16\cpan\build\CSS-Prepare-v0.9.2.4-wBeHyW\blib\lib/CSS/Prepare/Property/Margin.pm line 42.
Use of qw(...) as parentheses is deprecated at C:\Perl16\cpan\build\CSS-Prepare-v0.9.2.4-wBeHyW\blib\lib/CSS/Prepare/Property/Margin.pm line 78.
Use of qw(...) as parentheses is deprecated at C:\Perl16\cpan\build\CSS-Prepare-v0.9.2.4-wBeHyW\blib\lib/CSS/Prepare/Property/Padding.pm line 42.
Use of qw(...) as parentheses is deprecated at C:\Perl16\cpan\build\CSS-Prepare-v0.9.2.4-wBeHyW\blib\lib/CSS/Prepare/Property/Padding.pm line 78.
defined(@array) is deprecated at C:\Perl16\cpan\build\CSS-Prepare-v0.9.2.4-wBeHyW\blib\lib/CSS/Prepare.pm line 726.
	(Maybe you should just omit the defined()?)
t/02.color.t ............ ok
Use of qw(...) as parentheses is deprecated at C:\Perl16\cpan\build\CSS-Prepare-v0.9.2.4-wBeHyW\blib\lib/CSS/Prepare/Property/Expansions.pm line 34.
Use of qw(...) as parentheses is deprecated at C:\Perl16\cpan\build\CSS-Prepare-v0.9.2.4-wBeHyW\blib\lib/CSS/Prepare/Property/Expansions.pm line 41.
Use of qw(...) as parentheses is deprecated at C:\Perl16\cpan\build\CSS-Prepare-v0.9.2.4-wBeHyW\blib\lib/CSS/Prepare/Property/Expansions.pm line 45.
Use of qw(...) as parentheses is deprecated at C:\Perl16\cpan\build\CSS-Prepare-v0.9.2.4-wBeHyW\blib\lib/CSS/Prepare/Property/Expansions.pm line 54.
Use of qw(...) as parentheses is deprecated at C:\Perl16\cpan\build\CSS-Prepare-v0.9.2.4-wBeHyW\blib\lib/CSS/Prepare/Property/Expansions.pm line 81.
Use of qw(...) as parentheses is deprecated at C:\Perl16\cpan\build\CSS-Prepare-v0.9.2.4-wBeHyW\blib\lib/CSS/Prepare/Property/Border.pm line 42.
Use of qw(...) as parentheses is deprecated at C:\Perl16\cpan\build\CSS-Prepare-v0.9.2.4-wBeHyW\blib\lib/CSS/Prepare/Property/Border.pm line 194.
Use of qw(...) as parentheses is deprecated at C:\Perl16\cpan\build\CSS-Prepare-v0.9.2.4-wBeHyW\blib\lib/CSS/Prepare/Property/Border.pm line 273.
Use of qw(...) as parentheses is deprecated at C:\Perl16\cpan\build\CSS-Prepare-v0.9.2.4-wBeHyW\blib\lib/CSS/Prepare/Property/Border.pm line 298.
Use of qw(...) as parentheses is deprecated at C:\Perl16\cpan\build\CSS-Prepare-v0.9.2.4-wBeHyW\blib\lib/CSS/Prepare/Property/Border.pm line 333.
Use of qw(...) as parentheses is deprecated at C:\Perl16\cpan\build\CSS-Prepare-v0.9.2.4-wBeHyW\blib\lib/CSS/Prepare/Property/Border.pm line 368.
Use of qw(...) as parentheses is deprecated at C:\Perl16\cpan\build\CSS-Prepare-v0.9.2.4-wBeHyW\blib\lib/CSS/Prepare/Property/Effects.pm line 42.
Use of qw(...) as parentheses is deprecated at C:\Perl16\cpan\build\CSS-Prepare-v0.9.2.4-wBeHyW\blib\lib/CSS/Prepare/Property/Formatting.pm line 41.
Use of qw(...) as parentheses is deprecated at C:\Perl16\cpan\build\CSS-Prepare-v0.9.2.4-wBeHyW\blib\lib/CSS/Prepare/Property/Formatting.pm line 79.
Use of qw(...) as parentheses is deprecated at C:\Perl16\cpan\build\CSS-Prepare-v0.9.2.4-wBeHyW\blib\lib/CSS/Prepare/Property/Generated.pm line 43.
Use of qw(...) as parentheses is deprecated at C:\Perl16\cpan\build\CSS-Prepare-v0.9.2.4-wBeHyW\blib\lib/CSS/Prepare/Property/Margin.pm line 42.
Use of qw(...) as parentheses is deprecated at C:\Perl16\cpan\build\CSS-Prepare-v0.9.2.4-wBeHyW\blib\lib/CSS/Prepare/Property/Margin.pm line 78.
Use of qw(...) as parentheses is deprecated at C:\Perl16\cpan\build\CSS-Prepare-v0.9.2.4-wBeHyW\blib\lib/CSS/Prepare/Property/Padding.pm line 42.
Use of qw(...) as parentheses is deprecated at C:\Perl16\cpan\build\CSS-Prepare-v0.9.2.4-wBeHyW\blib\lib/CSS/Prepare/Property/Padding.pm line 78.
defined(@array) is deprecated at C:\Perl16\cpan\build\CSS-Prepare-v0.9.2.4-wBeHyW\blib\lib/CSS/Prepare.pm line 726.
	(Maybe you should just omit the defined()?)
t/02.cp-borderradius.t .. ok
Use of qw(...) as parentheses is deprecated at C:\Perl16\cpan\build\CSS-Prepare-v0.9.2.4-wBeHyW\blib\lib/CSS/Prepare/Property/Expansions.pm line 34.
Use of qw(...) as parentheses is deprecated at C:\Perl16\cpan\build\CSS-Prepare-v0.9.2.4-wBeHyW\blib\lib/CSS/Prepare/Property/Expansions.pm line 41.
Use of qw(...) as parentheses is deprecated at C:\Perl16\cpan\build\CSS-Prepare-v0.9.2.4-wBeHyW\blib\lib/CSS/Prepare/Property/Expansions.pm line 45.
Use of qw(...) as parentheses is deprecated at C:\Perl16\cpan\build\CSS-Prepare-v0.9.2.4-wBeHyW\blib\lib/CSS/Prepare/Property/Expansions.pm line 54.
Use of qw(...) as parentheses is deprecated at C:\Perl16\cpan\build\CSS-Prepare-v0.9.2.4-wBeHyW\blib\lib/CSS/Prepare/Property/Expansions.pm line 81.
Use of qw(...) as parentheses is deprecated at C:\Perl16\cpan\build\CSS-Prepare-v0.9.2.4-wBeHyW\blib\lib/CSS/Prepare/Property/Border.pm line 42.
Use of qw(...) as parentheses is deprecated at C:\Perl16\cpan\build\CSS-Prepare-v0.9.2.4-wBeHyW\blib\lib/CSS/Prepare/Property/Border.pm line 194.
Use of qw(...) as parentheses is deprecated at C:\Perl16\cpan\build\CSS-Prepare-v0.9.2.4-wBeHyW\blib\lib/CSS/Prepare/Property/Border.pm line 273.
Use of qw(...) as parentheses is deprecated at C:\Perl16\cpan\build\CSS-Prepare-v0.9.2.4-wBeHyW\blib\lib/CSS/Prepare/Property/Border.pm line 298.
Use of qw(...) as parentheses is deprecated at C:\Perl16\cpan\build\CSS-Prepare-v0.9.2.4-wBeHyW\blib\lib/CSS/Prepare/Property/Border.pm line 333.
Use of qw(...) as parentheses is deprecated at C:\Perl16\cpan\build\CSS-Prepare-v0.9.2.4-wBeHyW\blib\lib/CSS/Prepare/Property/Border.pm line 368.
Use of qw(...) as parentheses is deprecated at C:\Perl16\cpan\build\CSS-Prepare-v0.9.2.4-wBeHyW\blib\lib/CSS/Prepare/Property/Effects.pm line 42.
Use of qw(...) as parentheses is deprecated at C:\Perl16\cpan\build\CSS-Prepare-v0.9.2.4-wBeHyW\blib\lib/CSS/Prepare/Property/Formatting.pm line 41.
Use of qw(...) as parentheses is deprecated at C:\Perl16\cpan\build\CSS-Prepare-v0.9.2.4-wBeHyW\blib\lib/CSS/Prepare/Property/Formatting.pm line 79.
Use of qw(...) as parentheses is deprecated at C:\Perl16\cpan\build\CSS-Prepare-v0.9.2.4-wBeHyW\blib\lib/CSS/Prepare/Property/Generated.pm line 43.
Use of qw(...) as parentheses is deprecated at C:\Perl16\cpan\build\CSS-Prepare-v0.9.2.4-wBeHyW\blib\lib/CSS/Prepare/Property/Margin.pm line 42.
Use of qw(...) as parentheses is deprecated at C:\Perl16\cpan\build\CSS-Prepare-v0.9.2.4-wBeHyW\blib\lib/CSS/Prepare/Property/Margin.pm line 78.
Use of qw(...) as parentheses is deprecated at C:\Perl16\cpan\build\CSS-Prepare-v0.9.2.4-wBeHyW\blib\lib/CSS/Prepare/Property/Padding.pm line 42.
Use of qw(...) as parentheses is deprecated at C:\Perl16\cpan\build\CSS-Prepare-v0.9.2.4-wBeHyW\blib\lib/CSS/Prepare/Property/Padding.pm line 78.
defined(@array) is deprecated at C:\Perl16\cpan\build\CSS-Prepare-v0.9.2.4-wBeHyW\blib\lib/CSS/Prepare.pm line 726.
	(Maybe you should just omit the defined()?)
t/02.cp-contain.t ....... ok
Use of qw(...) as parentheses is deprecated at C:\Perl16\cpan\build\CSS-Prepare-v0.9.2.4-wBeHyW\blib\lib/CSS/Prepare/Property/Expansions.pm line 34.
Use of qw(...) as parentheses is deprecated at C:\Perl16\cpan\build\CSS-Prepare-v0.9.2.4-wBeHyW\blib\lib/CSS/Prepare/Property/Expansions.pm line 41.
Use of qw(...) as parentheses is deprecated at C:\Perl16\cpan\build\CSS-Prepare-v0.9.2.4-wBeHyW\blib\lib/CSS/Prepare/Property/Expansions.pm line 45.
Use of qw(...) as parentheses is deprecated at C:\Perl16\cpan\build\CSS-Prepare-v0.9.2.4-wBeHyW\blib\lib/CSS/Prepare/Property/Expansions.pm line 54.
Use of qw(...) as parentheses is deprecated at C:\Perl16\cpan\build\CSS-Prepare-v0.9.2.4-wBeHyW\blib\lib/CSS/Prepare/Property/Expansions.pm line 81.
Use of qw(...) as parentheses is deprecated at C:\Perl16\cpan\build\CSS-Prepare-v0.9.2.4-wBeHyW\blib\lib/CSS/Prepare/Property/Border.pm line 42.
Use of qw(...) as parentheses is deprecated at C:\Perl16\cpan\build\CSS-Prepare-v0.9.2.4-wBeHyW\blib\lib/CSS/Prepare/Property/Border.pm line 194.
Use of qw(...) as parentheses is deprecated at C:\Perl16\cpan\build\CSS-Prepare-v0.9.2.4-wBeHyW\blib\lib/CSS/Prepare/Property/Border.pm line 273.
Use of qw(...) as parentheses is deprecated at C:\Perl16\cpan\build\CSS-Prepare-v0.9.2.4-wBeHyW\blib\lib/CSS/Prepare/Property/Border.pm line 298.
Use of qw(...) as parentheses is deprecated at C:\Perl16\cpan\build\CSS-Prepare-v0.9.2.4-wBeHyW\blib\lib/CSS/Prepare/Property/Border.pm line 333.
Use of qw(...) as parentheses is deprecated at C:\Perl16\cpan\build\CSS-Prepare-v0.9.2.4-wBeHyW\blib\lib/CSS/Prepare/Property/Border.pm line 368.
Use of qw(...) as parentheses is deprecated at C:\Perl16\cpan\build\CSS-Prepare-v0.9.2.4-wBeHyW\blib\lib/CSS/Prepare/Property/Effects.pm line 42.
Use of qw(...) as parentheses is deprecated at C:\Perl16\cpan\build\CSS-Prepare-v0.9.2.4-wBeHyW\blib\lib/CSS/Prepare/Property/Formatting.pm line 41.
Use of qw(...) as parentheses is deprecated at C:\Perl16\cpan\build\CSS-Prepare-v0.9.2.4-wBeHyW\blib\lib/CSS/Prepare/Property/Formatting.pm line 79.
Use of qw(...) as parentheses is deprecated at C:\Perl16\cpan\build\CSS-Prepare-v0.9.2.4-wBeHyW\blib\lib/CSS/Prepare/Property/Generated.pm line 43.
Use of qw(...) as parentheses is deprecated at C:\Perl16\cpan\build\CSS-Prepare-v0.9.2.4-wBeHyW\blib\lib/CSS/Prepare/Property/Margin.pm line 42.
Use of qw(...) as parentheses is deprecated at C:\Perl16\cpan\build\CSS-Prepare-v0.9.2.4-wBeHyW\blib\lib/CSS/Prepare/Property/Margin.pm line 78.
Use of qw(...) as parentheses is deprecated at C:\Perl16\cpan\build\CSS-Prepare-v0.9.2.4-wBeHyW\blib\lib/CSS/Prepare/Property/Padding.pm line 42.
Use of qw(...) as parentheses is deprecated at C:\Perl16\cpan\build\CSS-Prepare-v0.9.2.4-wBeHyW\blib\lib/CSS/Prepare/Property/Padding.pm line 78.
defined(@array) is deprecated at C:\Perl16\cpan\build\CSS-Prepare-v0.9.2.4-wBeHyW\blib\lib/CSS/Prepare.pm line 726.
	(Maybe you should just omit the defined()?)
t/02.cp-opacity.t ....... ok
Use of qw(...) as parentheses is deprecated at C:\Perl16\cpan\build\CSS-Prepare-v0.9.2.4-wBeHyW\blib\lib/CSS/Prepare/Property/Expansions.pm line 34.
Use of qw(...) as parentheses is deprecated at C:\Perl16\cpan\build\CSS-Prepare-v0.9.2.4-wBeHyW\blib\lib/CSS/Prepare/Property/Expansions.pm line 41.
Use of qw(...) as parentheses is deprecated at C:\Perl16\cpan\build\CSS-Prepare-v0.9.2.4-wBeHyW\blib\lib/CSS/Prepare/Property/Expansions.pm line 45.
Use of qw(...) as parentheses is deprecated at C:\Perl16\cpan\build\CSS-Prepare-v0.9.2.4-wBeHyW\blib\lib/CSS/Prepare/Property/Expansions.pm line 54.
Use of qw(...) as parentheses is deprecated at C:\Perl16\cpan\build\CSS-Prepare-v0.9.2.4-wBeHyW\blib\lib/CSS/Prepare/Property/Expansions.pm line 81.
Use of qw(...) as parentheses is deprecated at C:\Perl16\cpan\build\CSS-Prepare-v0.9.2.4-wBeHyW\blib\lib/CSS/Prepare/Property/Border.pm line 42.
Use of qw(...) as parentheses is deprecated at C:\Perl16\cpan\build\CSS-Prepare-v0.9.2.4-wBeHyW\blib\lib/CSS/Prepare/Property/Border.pm line 194.
Use of qw(...) as parentheses is deprecated at C:\Perl16\cpan\build\CSS-Prepare-v0.9.2.4-wBeHyW\blib\lib/CSS/Prepare/Property/Border.pm line 273.
Use of qw(...) as parentheses is deprecated at C:\Perl16\cpan\build\CSS-Prepare-v0.9.2.4-wBeHyW\blib\lib/CSS/Prepare/Property/Border.pm line 298.
Use of qw(...) as parentheses is deprecated at C:\Perl16\cpan\build\CSS-Prepare-v0.9.2.4-wBeHyW\blib\lib/CSS/Prepare/Property/Border.pm line 333.
Use of qw(...) as parentheses is deprecated at C:\Perl16\cpan\build\CSS-Prepare-v0.9.2.4-wBeHyW\blib\lib/CSS/Prepare/Property/Border.pm line 368.
Use of qw(...) as parentheses is deprecated at C:\Perl16\cpan\build\CSS-Prepare-v0.9.2.4-wBeHyW\blib\lib/CSS/Prepare/Property/Effects.pm line 42.
Use of qw(...) as parentheses is deprecated at C:\Perl16\cpan\build\CSS-Prepare-v0.9.2.4-wBeHyW\blib\lib/CSS/Prepare/Property/Formatting.pm line 41.
Use of qw(...) as parentheses is deprecated at C:\Perl16\cpan\build\CSS-Prepare-v0.9.2.4-wBeHyW\blib\lib/CSS/Prepare/Property/Formatting.pm line 79.
Use of qw(...) as parentheses is deprecated at C:\Perl16\cpan\build\CSS-Prepare-v0.9.2.4-wBeHyW\blib\lib/CSS/Prepare/Property/Generated.pm line 43.
Use of qw(...) as parentheses is deprecated at C:\Perl16\cpan\build\CSS-Prepare-v0.9.2.4-wBeHyW\blib\lib/CSS/Prepare/Property/Margin.pm line 42.
Use of qw(...) as parentheses is deprecated at C:\Perl16\cpan\build\CSS-Prepare-v0.9.2.4-wBeHyW\blib\lib/CSS/Prepare/Property/Margin.pm line 78.
Use of qw(...) as parentheses is deprecated at C:\Perl16\cpan\build\CSS-Prepare-v0.9.2.4-wBeHyW\blib\lib/CSS/Prepare/Property/Padding.pm line 42.
Use of qw(...) as parentheses is deprecated at C:\Perl16\cpan\build\CSS-Prepare-v0.9.2.4-wBeHyW\blib\lib/CSS/Prepare/Property/Padding.pm line 78.
defined(@array) is deprecated at C:\Perl16\cpan\build\CSS-Prepare-v0.9.2.4-wBeHyW\blib\lib/CSS/Prepare.pm line 726.
	(Maybe you should just omit the defined()?)
t/02.effects.t .......... ok
Use of qw(...) as parentheses is deprecated at C:\Perl16\cpan\build\CSS-Prepare-v0.9.2.4-wBeHyW\blib\lib/CSS/Prepare/Property/Expansions.pm line 34.
Use of qw(...) as parentheses is deprecated at C:\Perl16\cpan\build\CSS-Prepare-v0.9.2.4-wBeHyW\blib\lib/CSS/Prepare/Property/Expansions.pm line 41.
Use of qw(...) as parentheses is deprecated at C:\Perl16\cpan\build\CSS-Prepare-v0.9.2.4-wBeHyW\blib\lib/CSS/Prepare/Property/Expansions.pm line 45.
Use of qw(...) as parentheses is deprecated at C:\Perl16\cpan\build\CSS-Prepare-v0.9.2.4-wBeHyW\blib\lib/CSS/Prepare/Property/Expansions.pm line 54.
Use of qw(...) as parentheses is deprecated at C:\Perl16\cpan\build\CSS-Prepare-v0.9.2.4-wBeHyW\blib\lib/CSS/Prepare/Property/Expansions.pm line 81.
Use of qw(...) as parentheses is deprecated at C:\Perl16\cpan\build\CSS-Prepare-v0.9.2.4-wBeHyW\blib\lib/CSS/Prepare/Property/Border.pm line 42.
Use of qw(...) as parentheses is deprecated at C:\Perl16\cpan\build\CSS-Prepare-v0.9.2.4-wBeHyW\blib\lib/CSS/Prepare/Property/Border.pm line 194.
Use of qw(...) as parentheses is deprecated at C:\Perl16\cpan\build\CSS-Prepare-v0.9.2.4-wBeHyW\blib\lib/CSS/Prepare/Property/Border.pm line 273.
Use of qw(...) as parentheses is deprecated at C:\Perl16\cpan\build\CSS-Prepare-v0.9.2.4-wBeHyW\blib\lib/CSS/Prepare/Property/Border.pm line 298.
Use of qw(...) as parentheses is deprecated at C:\Perl16\cpan\build\CSS-Prepare-v0.9.2.4-wBeHyW\blib\lib/CSS/Prepare/Property/Border.pm line 333.
Use of qw(...) as parentheses is deprecated at C:\Perl16\cpan\build\CSS-Prepare-v0.9.2.4-wBeHyW\blib\lib/CSS/Prepare/Property/Border.pm line 368.
Use of qw(...) as parentheses is deprecated at C:\Perl16\cpan\build\CSS-Prepare-v0.9.2.4-wBeHyW\blib\lib/CSS/Prepare/Property/Effects.pm line 42.
Use of qw(...) as parentheses is deprecated at C:\Perl16\cpan\build\CSS-Prepare-v0.9.2.4-wBeHyW\blib\lib/CSS/Prepare/Property/Formatting.pm line 41.
Use of qw(...) as parentheses is deprecated at C:\Perl16\cpan\build\CSS-Prepare-v0.9.2.4-wBeHyW\blib\lib/CSS/Prepare/Property/Formatting.pm line 79.
Use of qw(...) as parentheses is deprecated at C:\Perl16\cpan\build\CSS-Prepare-v0.9.2.4-wBeHyW\blib\lib/CSS/Prepare/Property/Generated.pm line 43.
Use of qw(...) as parentheses is deprecated at C:\Perl16\cpan\build\CSS-Prepare-v0.9.2.4-wBeHyW\blib\lib/CSS/Prepare/Property/Margin.pm line 42.
Use of qw(...) as parentheses is deprecated at C:\Perl16\cpan\build\CSS-Prepare-v0.9.2.4-wBeHyW\blib\lib/CSS/Prepare/Property/Margin.pm line 78.
Use of qw(...) as parentheses is deprecated at C:\Perl16\cpan\build\CSS-Prepare-v0.9.2.4-wBeHyW\blib\lib/CSS/Prepare/Property/Padding.pm line 42.
Use of qw(...) as parentheses is deprecated at C:\Perl16\cpan\build\CSS-Prepare-v0.9.2.4-wBeHyW\blib\lib/CSS/Prepare/Property/Padding.pm line 78.
defined(@array) is deprecated at C:\Perl16\cpan\build\CSS-Prepare-v0.9.2.4-wBeHyW\blib\lib/CSS/Prepare.pm line 726.
	(Maybe you should just omit the defined()?)
t/02.font.t ............. ok
Use of qw(...) as parentheses is deprecated at C:\Perl16\cpan\build\CSS-Prepare-v0.9.2.4-wBeHyW\blib\lib/CSS/Prepare/Property/Expansions.pm line 34.
Use of qw(...) as parentheses is deprecated at C:\Perl16\cpan\build\CSS-Prepare-v0.9.2.4-wBeHyW\blib\lib/CSS/Prepare/Property/Expansions.pm line 41.
Use of qw(...) as parentheses is deprecated at C:\Perl16\cpan\build\CSS-Prepare-v0.9.2.4-wBeHyW\blib\lib/CSS/Prepare/Property/Expansions.pm line 45.
Use of qw(...) as parentheses is deprecated at C:\Perl16\cpan\build\CSS-Prepare-v0.9.2.4-wBeHyW\blib\lib/CSS/Prepare/Property/Expansions.pm line 54.
Use of qw(...) as parentheses is deprecated at C:\Perl16\cpan\build\CSS-Prepare-v0.9.2.4-wBeHyW\blib\lib/CSS/Prepare/Property/Expansions.pm line 81.
Use of qw(...) as parentheses is deprecated at C:\Perl16\cpan\build\CSS-Prepare-v0.9.2.4-wBeHyW\blib\lib/CSS/Prepare/Property/Border.pm line 42.
Use of qw(...) as parentheses is deprecated at C:\Perl16\cpan\build\CSS-Prepare-v0.9.2.4-wBeHyW\blib\lib/CSS/Prepare/Property/Border.pm line 194.
Use of qw(...) as parentheses is deprecated at C:\Perl16\cpan\build\CSS-Prepare-v0.9.2.4-wBeHyW\blib\lib/CSS/Prepare/Property/Border.pm line 273.
Use of qw(...) as parentheses is deprecated at C:\Perl16\cpan\build\CSS-Prepare-v0.9.2.4-wBeHyW\blib\lib/CSS/Prepare/Property/Border.pm line 298.
Use of qw(...) as parentheses is deprecated at C:\Perl16\cpan\build\CSS-Prepare-v0.9.2.4-wBeHyW\blib\lib/CSS/Prepare/Property/Border.pm line 333.
Use of qw(...) as parentheses is deprecated at C:\Perl16\cpan\build\CSS-Prepare-v0.9.2.4-wBeHyW\blib\lib/CSS/Prepare/Property/Border.pm line 368.
Use of qw(...) as parentheses is deprecated at C:\Perl16\cpan\build\CSS-Prepare-v0.9.2.4-wBeHyW\blib\lib/CSS/Prepare/Property/Effects.pm line 42.
Use of qw(...) as parentheses is deprecated at C:\Perl16\cpan\build\CSS-Prepare-v0.9.2.4-wBeHyW\blib\lib/CSS/Prepare/Property/Formatting.pm line 41.
Use of qw(...) as parentheses is deprecated at C:\Perl16\cpan\build\CSS-Prepare-v0.9.2.4-wBeHyW\blib\lib/CSS/Prepare/Property/Formatting.pm line 79.
Use of qw(...) as parentheses is deprecated at C:\Perl16\cpan\build\CSS-Prepare-v0.9.2.4-wBeHyW\blib\lib/CSS/Prepare/Property/Generated.pm line 43.
Use of qw(...) as parentheses is deprecated at C:\Perl16\cpan\build\CSS-Prepare-v0.9.2.4-wBeHyW\blib\lib/CSS/Prepare/Property/Margin.pm line 42.
Use of qw(...) as parentheses is deprecated at C:\Perl16\cpan\build\CSS-Prepare-v0.9.2.4-wBeHyW\blib\lib/CSS/Prepare/Property/Margin.pm line 78.
Use of qw(...) as parentheses is deprecated at C:\Perl16\cpan\build\CSS-Prepare-v0.9.2.4-wBeHyW\blib\lib/CSS/Prepare/Property/Padding.pm line 42.
Use of qw(...) as parentheses is deprecated at C:\Perl16\cpan\build\CSS-Prepare-v0.9.2.4-wBeHyW\blib\lib/CSS/Prepare/Property/Padding.pm line 78.
defined(@array) is deprecated at C:\Perl16\cpan\build\CSS-Prepare-v0.9.2.4-wBeHyW\blib\lib/CSS/Prepare.pm line 726.
	(Maybe you should just omit the defined()?)
t/02.formatting.t ....... ok
Use of qw(...) as parentheses is deprecated at C:\Perl16\cpan\build\CSS-Prepare-v0.9.2.4-wBeHyW\blib\lib/CSS/Prepare/Property/Expansions.pm line 34.
Use of qw(...) as parentheses is deprecated at C:\Perl16\cpan\build\CSS-Prepare-v0.9.2.4-wBeHyW\blib\lib/CSS/Prepare/Property/Expansions.pm line 41.
Use of qw(...) as parentheses is deprecated at C:\Perl16\cpan\build\CSS-Prepare-v0.9.2.4-wBeHyW\blib\lib/CSS/Prepare/Property/Expansions.pm line 45.
Use of qw(...) as parentheses is deprecated at C:\Perl16\cpan\build\CSS-Prepare-v0.9.2.4-wBeHyW\blib\lib/CSS/Prepare/Property/Expansions.pm line 54.
Use of qw(...) as parentheses is deprecated at C:\Perl16\cpan\build\CSS-Prepare-v0.9.2.4-wBeHyW\blib\lib/CSS/Prepare/Property/Expansions.pm line 81.
Use of qw(...) as parentheses is deprecated at C:\Perl16\cpan\build\CSS-Prepare-v0.9.2.4-wBeHyW\blib\lib/CSS/Prepare/Property/Border.pm line 42.
Use of qw(...) as parentheses is deprecated at C:\Perl16\cpan\build\CSS-Prepare-v0.9.2.4-wBeHyW\blib\lib/CSS/Prepare/Property/Border.pm line 194.
Use of qw(...) as parentheses is deprecated at C:\Perl16\cpan\build\CSS-Prepare-v0.9.2.4-wBeHyW\blib\lib/CSS/Prepare/Property/Border.pm line 273.
Use of qw(...) as parentheses is deprecated at C:\Perl16\cpan\build\CSS-Prepare-v0.9.2.4-wBeHyW\blib\lib/CSS/Prepare/Property/Border.pm line 298.
Use of qw(...) as parentheses is deprecated at C:\Perl16\cpan\build\CSS-Prepare-v0.9.2.4-wBeHyW\blib\lib/CSS/Prepare/Property/Border.pm line 333.
Use of qw(...) as parentheses is deprecated at C:\Perl16\cpan\build\CSS-Prepare-v0.9.2.4-wBeHyW\blib\lib/CSS/Prepare/Property/Border.pm line 368.
Use of qw(...) as parentheses is deprecated at C:\Perl16\cpan\build\CSS-Prepare-v0.9.2.4-wBeHyW\blib\lib/CSS/Prepare/Property/Effects.pm line 42.
Use of qw(...) as parentheses is deprecated at C:\Perl16\cpan\build\CSS-Prepare-v0.9.2.4-wBeHyW\blib\lib/CSS/Prepare/Property/Formatting.pm line 41.
Use of qw(...) as parentheses is deprecated at C:\Perl16\cpan\build\CSS-Prepare-v0.9.2.4-wBeHyW\blib\lib/CSS/Prepare/Property/Formatting.pm line 79.
Use of qw(...) as parentheses is deprecated at C:\Perl16\cpan\build\CSS-Prepare-v0.9.2.4-wBeHyW\blib\lib/CSS/Prepare/Property/Generated.pm line 43.
Use of qw(...) as parentheses is deprecated at C:\Perl16\cpan\build\CSS-Prepare-v0.9.2.4-wBeHyW\blib\lib/CSS/Prepare/Property/Margin.pm line 42.
Use of qw(...) as parentheses is deprecated at C:\Perl16\cpan\build\CSS-Prepare-v0.9.2.4-wBeHyW\blib\lib/CSS/Prepare/Property/Margin.pm line 78.
Use of qw(...) as parentheses is deprecated at C:\Perl16\cpan\build\CSS-Prepare-v0.9.2.4-wBeHyW\blib\lib/CSS/Prepare/Property/Padding.pm line 42.
Use of qw(...) as parentheses is deprecated at C:\Perl16\cpan\build\CSS-Prepare-v0.9.2.4-wBeHyW\blib\lib/CSS/Prepare/Property/Padding.pm line 78.
defined(@array) is deprecated at C:\Perl16\cpan\build\CSS-Prepare-v0.9.2.4-wBeHyW\blib\lib/CSS/Prepare.pm line 726.
	(Maybe you should just omit the defined()?)
t/02.generated.t ........ ok
Use of qw(...) as parentheses is deprecated at C:\Perl16\cpan\build\CSS-Prepare-v0.9.2.4-wBeHyW\blib\lib/CSS/Prepare/Property/Expansions.pm line 34.
Use of qw(...) as parentheses is deprecated at C:\Perl16\cpan\build\CSS-Prepare-v0.9.2.4-wBeHyW\blib\lib/CSS/Prepare/Property/Expansions.pm line 41.
Use of qw(...) as parentheses is deprecated at C:\Perl16\cpan\build\CSS-Prepare-v0.9.2.4-wBeHyW\blib\lib/CSS/Prepare/Property/Expansions.pm line 45.
Use of qw(...) as parentheses is deprecated at C:\Perl16\cpan\build\CSS-Prepare-v0.9.2.4-wBeHyW\blib\lib/CSS/Prepare/Property/Expansions.pm line 54.
Use of qw(...) as parentheses is deprecated at C:\Perl16\cpan\build\CSS-Prepare-v0.9.2.4-wBeHyW\blib\lib/CSS/Prepare/Property/Expansions.pm line 81.
Use of qw(...) as parentheses is deprecated at C:\Perl16\cpan\build\CSS-Prepare-v0.9.2.4-wBeHyW\blib\lib/CSS/Prepare/Property/Border.pm line 42.
Use of qw(...) as parentheses is deprecated at C:\Perl16\cpan\build\CSS-Prepare-v0.9.2.4-wBeHyW\blib\lib/CSS/Prepare/Property/Border.pm line 194.
Use of qw(...) as parentheses is deprecated at C:\Perl16\cpan\build\CSS-Prepare-v0.9.2.4-wBeHyW\blib\lib/CSS/Prepare/Property/Border.pm line 273.
Use of qw(...) as parentheses is deprecated at C:\Perl16\cpan\build\CSS-Prepare-v0.9.2.4-wBeHyW\blib\lib/CSS/Prepare/Property/Border.pm line 298.
Use of qw(...) as parentheses is deprecated at C:\Perl16\cpan\build\CSS-Prepare-v0.9.2.4-wBeHyW\blib\lib/CSS/Prepare/Property/Border.pm line 333.
Use of qw(...) as parentheses is deprecated at C:\Perl16\cpan\build\CSS-Prepare-v0.9.2.4-wBeHyW\blib\lib/CSS/Prepare/Property/Border.pm line 368.
Use of qw(...) as parentheses is deprecated at C:\Perl16\cpan\build\CSS-Prepare-v0.9.2.4-wBeHyW\blib\lib/CSS/Prepare/Property/Effects.pm line 42.
Use of qw(...) as parentheses is deprecated at C:\Perl16\cpan\build\CSS-Prepare-v0.9.2.4-wBeHyW\blib\lib/CSS/Prepare/Property/Formatting.pm line 41.
Use of qw(...) as parentheses is deprecated at C:\Perl16\cpan\build\CSS-Prepare-v0.9.2.4-wBeHyW\blib\lib/CSS/Prepare/Property/Formatting.pm line 79.
Use of qw(...) as parentheses is deprecated at C:\Perl16\cpan\build\CSS-Prepare-v0.9.2.4-wBeHyW\blib\lib/CSS/Prepare/Property/Generated.pm line 43.
Use of qw(...) as parentheses is deprecated at C:\Perl16\cpan\build\CSS-Prepare-v0.9.2.4-wBeHyW\blib\lib/CSS/Prepare/Property/Margin.pm line 42.
Use of qw(...) as parentheses is deprecated at C:\Perl16\cpan\build\CSS-Prepare-v0.9.2.4-wBeHyW\blib\lib/CSS/Prepare/Property/Margin.pm line 78.
Use of qw(...) as parentheses is deprecated at C:\Perl16\cpan\build\CSS-Prepare-v0.9.2.4-wBeHyW\blib\lib/CSS/Prepare/Property/Padding.pm line 42.
Use of qw(...) as parentheses is deprecated at C:\Perl16\cpan\build\CSS-Prepare-v0.9.2.4-wBeHyW\blib\lib/CSS/Prepare/Property/Padding.pm line 78.
defined(@array) is deprecated at C:\Perl16\cpan\build\CSS-Prepare-v0.9.2.4-wBeHyW\blib\lib/CSS/Prepare.pm line 726.
	(Maybe you should just omit the defined()?)
t/02.hacks.t ............ ok
Use of qw(...) as parentheses is deprecated at C:\Perl16\cpan\build\CSS-Prepare-v0.9.2.4-wBeHyW\blib\lib/CSS/Prepare/Property/Expansions.pm line 34.
Use of qw(...) as parentheses is deprecated at C:\Perl16\cpan\build\CSS-Prepare-v0.9.2.4-wBeHyW\blib\lib/CSS/Prepare/Property/Expansions.pm line 41.
Use of qw(...) as parentheses is deprecated at C:\Perl16\cpan\build\CSS-Prepare-v0.9.2.4-wBeHyW\blib\lib/CSS/Prepare/Property/Expansions.pm line 45.
Use of qw(...) as parentheses is deprecated at C:\Perl16\cpan\build\CSS-Prepare-v0.9.2.4-wBeHyW\blib\lib/CSS/Prepare/Property/Expansions.pm line 54.
Use of qw(...) as parentheses is deprecated at C:\Perl16\cpan\build\CSS-Prepare-v0.9.2.4-wBeHyW\blib\lib/CSS/Prepare/Property/Expansions.pm line 81.
Use of qw(...) as parentheses is deprecated at C:\Perl16\cpan\build\CSS-Prepare-v0.9.2.4-wBeHyW\blib\lib/CSS/Prepare/Property/Border.pm line 42.
Use of qw(...) as parentheses is deprecated at C:\Perl16\cpan\build\CSS-Prepare-v0.9.2.4-wBeHyW\blib\lib/CSS/Prepare/Property/Border.pm line 194.
Use of qw(...) as parentheses is deprecated at C:\Perl16\cpan\build\CSS-Prepare-v0.9.2.4-wBeHyW\blib\lib/CSS/Prepare/Property/Border.pm line 273.
Use of qw(...) as parentheses is deprecated at C:\Perl16\cpan\build\CSS-Prepare-v0.9.2.4-wBeHyW\blib\lib/CSS/Prepare/Property/Border.pm line 298.
Use of qw(...) as parentheses is deprecated at C:\Perl16\cpan\build\CSS-Prepare-v0.9.2.4-wBeHyW\blib\lib/CSS/Prepare/Property/Border.pm line 333.
Use of qw(...) as parentheses is deprecated at C:\Perl16\cpan\build\CSS-Prepare-v0.9.2.4-wBeHyW\blib\lib/CSS/Prepare/Property/Border.pm line 368.
Use of qw(...) as parentheses is deprecated at C:\Perl16\cpan\build\CSS-Prepare-v0.9.2.4-wBeHyW\blib\lib/CSS/Prepare/Property/Effects.pm line 42.
Use of qw(...) as parentheses is deprecated at C:\Perl16\cpan\build\CSS-Prepare-v0.9.2.4-wBeHyW\blib\lib/CSS/Prepare/Property/Formatting.pm line 41.
Use of qw(...) as parentheses is deprecated at C:\Perl16\cpan\build\CSS-Prepare-v0.9.2.4-wBeHyW\blib\lib/CSS/Prepare/Property/Formatting.pm line 79.
Use of qw(...) as parentheses is deprecated at C:\Perl16\cpan\build\CSS-Prepare-v0.9.2.4-wBeHyW\blib\lib/CSS/Prepare/Property/Generated.pm line 43.
Use of qw(...) as parentheses is deprecated at C:\Perl16\cpan\build\CSS-Prepare-v0.9.2.4-wBeHyW\blib\lib/CSS/Prepare/Property/Margin.pm line 42.
Use of qw(...) as parentheses is deprecated at C:\Perl16\cpan\build\CSS-Prepare-v0.9.2.4-wBeHyW\blib\lib/CSS/Prepare/Property/Margin.pm line 78.
Use of qw(...) as parentheses is deprecated at C:\Perl16\cpan\build\CSS-Prepare-v0.9.2.4-wBeHyW\blib\lib/CSS/Prepare/Property/Padding.pm line 42.
Use of qw(...) as parentheses is deprecated at C:\Perl16\cpan\build\CSS-Prepare-v0.9.2.4-wBeHyW\blib\lib/CSS/Prepare/Property/Padding.pm line 78.
defined(@array) is deprecated at C:\Perl16\cpan\build\CSS-Prepare-v0.9.2.4-wBeHyW\blib\lib/CSS/Prepare.pm line 726.
	(Maybe you should just omit the defined()?)
t/02.margin.t ........... ok
Use of qw(...) as parentheses is deprecated at C:\Perl16\cpan\build\CSS-Prepare-v0.9.2.4-wBeHyW\blib\lib/CSS/Prepare/Property/Expansions.pm line 34.
Use of qw(...) as parentheses is deprecated at C:\Perl16\cpan\build\CSS-Prepare-v0.9.2.4-wBeHyW\blib\lib/CSS/Prepare/Property/Expansions.pm line 41.
Use of qw(...) as parentheses is deprecated at C:\Perl16\cpan\build\CSS-Prepare-v0.9.2.4-wBeHyW\blib\lib/CSS/Prepare/Property/Expansions.pm line 45.
Use of qw(...) as parentheses is deprecated at C:\Perl16\cpan\build\CSS-Prepare-v0.9.2.4-wBeHyW\blib\lib/CSS/Prepare/Property/Expansions.pm line 54.
Use of qw(...) as parentheses is deprecated at C:\Perl16\cpan\build\CSS-Prepare-v0.9.2.4-wBeHyW\blib\lib/CSS/Prepare/Property/Expansions.pm line 81.
Use of qw(...) as parentheses is deprecated at C:\Perl16\cpan\build\CSS-Prepare-v0.9.2.4-wBeHyW\blib\lib/CSS/Prepare/Property/Border.pm line 42.
Use of qw(...) as parentheses is deprecated at C:\Perl16\cpan\build\CSS-Prepare-v0.9.2.4-wBeHyW\blib\lib/CSS/Prepare/Property/Border.pm line 194.
Use of qw(...) as parentheses is deprecated at C:\Perl16\cpan\build\CSS-Prepare-v0.9.2.4-wBeHyW\blib\lib/CSS/Prepare/Property/Border.pm line 273.
Use of qw(...) as parentheses is deprecated at C:\Perl16\cpan\build\CSS-Prepare-v0.9.2.4-wBeHyW\blib\lib/CSS/Prepare/Property/Border.pm line 298.
Use of qw(...) as parentheses is deprecated at C:\Perl16\cpan\build\CSS-Prepare-v0.9.2.4-wBeHyW\blib\lib/CSS/Prepare/Property/Border.pm line 333.
Use of qw(...) as parentheses is deprecated at C:\Perl16\cpan\build\CSS-Prepare-v0.9.2.4-wBeHyW\blib\lib/CSS/Prepare/Property/Border.pm line 368.
Use of qw(...) as parentheses is deprecated at C:\Perl16\cpan\build\CSS-Prepare-v0.9.2.4-wBeHyW\blib\lib/CSS/Prepare/Property/Effects.pm line 42.
Use of qw(...) as parentheses is deprecated at C:\Perl16\cpan\build\CSS-Prepare-v0.9.2.4-wBeHyW\blib\lib/CSS/Prepare/Property/Formatting.pm line 41.
Use of qw(...) as parentheses is deprecated at C:\Perl16\cpan\build\CSS-Prepare-v0.9.2.4-wBeHyW\blib\lib/CSS/Prepare/Property/Formatting.pm line 79.
Use of qw(...) as parentheses is deprecated at C:\Perl16\cpan\build\CSS-Prepare-v0.9.2.4-wBeHyW\blib\lib/CSS/Prepare/Property/Generated.pm line 43.
Use of qw(...) as parentheses is deprecated at C:\Perl16\cpan\build\CSS-Prepare-v0.9.2.4-wBeHyW\blib\lib/CSS/Prepare/Property/Margin.pm line 42.
Use of qw(...) as parentheses is deprecated at C:\Perl16\cpan\build\CSS-Prepare-v0.9.2.4-wBeHyW\blib\lib/CSS/Prepare/Property/Margin.pm line 78.
Use of qw(...) as parentheses is deprecated at C:\Perl16\cpan\build\CSS-Prepare-v0.9.2.4-wBeHyW\blib\lib/CSS/Prepare/Property/Padding.pm line 42.
Use of qw(...) as parentheses is deprecated at C:\Perl16\cpan\build\CSS-Prepare-v0.9.2.4-wBeHyW\blib\lib/CSS/Prepare/Property/Padding.pm line 78.
defined(@array) is deprecated at C:\Perl16\cpan\build\CSS-Prepare-v0.9.2.4-wBeHyW\blib\lib/CSS/Prepare.pm line 726.
	(Maybe you should just omit the defined()?)
t/02.padding.t .......... ok
Use of qw(...) as parentheses is deprecated at C:\Perl16\cpan\build\CSS-Prepare-v0.9.2.4-wBeHyW\blib\lib/CSS/Prepare/Property/Expansions.pm line 34.
Use of qw(...) as parentheses is deprecated at C:\Perl16\cpan\build\CSS-Prepare-v0.9.2.4-wBeHyW\blib\lib/CSS/Prepare/Property/Expansions.pm line 41.
Use of qw(...) as parentheses is deprecated at C:\Perl16\cpan\build\CSS-Prepare-v0.9.2.4-wBeHyW\blib\lib/CSS/Prepare/Property/Expansions.pm line 45.
Use of qw(...) as parentheses is deprecated at C:\Perl16\cpan\build\CSS-Prepare-v0.9.2.4-wBeHyW\blib\lib/CSS/Prepare/Property/Expansions.pm line 54.
Use of qw(...) as parentheses is deprecated at C:\Perl16\cpan\build\CSS-Prepare-v0.9.2.4-wBeHyW\blib\lib/CSS/Prepare/Property/Expansions.pm line 81.
Use of qw(...) as parentheses is deprecated at C:\Perl16\cpan\build\CSS-Prepare-v0.9.2.4-wBeHyW\blib\lib/CSS/Prepare/Property/Border.pm line 42.
Use of qw(...) as parentheses is deprecated at C:\Perl16\cpan\build\CSS-Prepare-v0.9.2.4-wBeHyW\blib\lib/CSS/Prepare/Property/Border.pm line 194.
Use of qw(...) as parentheses is deprecated at C:\Perl16\cpan\build\CSS-Prepare-v0.9.2.4-wBeHyW\blib\lib/CSS/Prepare/Property/Border.pm line 273.
Use of qw(...) as parentheses is deprecated at C:\Perl16\cpan\build\CSS-Prepare-v0.9.2.4-wBeHyW\blib\lib/CSS/Prepare/Property/Border.pm line 298.
Use of qw(...) as parentheses is deprecated at C:\Perl16\cpan\build\CSS-Prepare-v0.9.2.4-wBeHyW\blib\lib/CSS/Prepare/Property/Border.pm line 333.
Use of qw(...) as parentheses is deprecated at C:\Perl16\cpan\build\CSS-Prepare-v0.9.2.4-wBeHyW\blib\lib/CSS/Prepare/Property/Border.pm line 368.
Use of qw(...) as parentheses is deprecated at C:\Perl16\cpan\build\CSS-Prepare-v0.9.2.4-wBeHyW\blib\lib/CSS/Prepare/Property/Effects.pm line 42.
Use of qw(...) as parentheses is deprecated at C:\Perl16\cpan\build\CSS-Prepare-v0.9.2.4-wBeHyW\blib\lib/CSS/Prepare/Property/Formatting.pm line 41.
Use of qw(...) as parentheses is deprecated at C:\Perl16\cpan\build\CSS-Prepare-v0.9.2.4-wBeHyW\blib\lib/CSS/Prepare/Property/Formatting.pm line 79.
Use of qw(...) as parentheses is deprecated at C:\Perl16\cpan\build\CSS-Prepare-v0.9.2.4-wBeHyW\blib\lib/CSS/Prepare/Property/Generated.pm line 43.
Use of qw(...) as parentheses is deprecated at C:\Perl16\cpan\build\CSS-Prepare-v0.9.2.4-wBeHyW\blib\lib/CSS/Prepare/Property/Margin.pm line 42.
Use of qw(...) as parentheses is deprecated at C:\Perl16\cpan\build\CSS-Prepare-v0.9.2.4-wBeHyW\blib\lib/CSS/Prepare/Property/Margin.pm line 78.
Use of qw(...) as parentheses is deprecated at C:\Perl16\cpan\build\CSS-Prepare-v0.9.2.4-wBeHyW\blib\lib/CSS/Prepare/Property/Padding.pm line 42.
Use of qw(...) as parentheses is deprecated at C:\Perl16\cpan\build\CSS-Prepare-v0.9.2.4-wBeHyW\blib\lib/CSS/Prepare/Property/Padding.pm line 78.
defined(@array) is deprecated at C:\Perl16\cpan\build\CSS-Prepare-v0.9.2.4-wBeHyW\blib\lib/CSS/Prepare.pm line 726.
	(Maybe you should just omit the defined()?)
t/02.tables.t ........... ok
Use of qw(...) as parentheses is deprecated at C:\Perl16\cpan\build\CSS-Prepare-v0.9.2.4-wBeHyW\blib\lib/CSS/Prepare/Property/Expansions.pm line 34.
Use of qw(...) as parentheses is deprecated at C:\Perl16\cpan\build\CSS-Prepare-v0.9.2.4-wBeHyW\blib\lib/CSS/Prepare/Property/Expansions.pm line 41.
Use of qw(...) as parentheses is deprecated at C:\Perl16\cpan\build\CSS-Prepare-v0.9.2.4-wBeHyW\blib\lib/CSS/Prepare/Property/Expansions.pm line 45.
Use of qw(...) as parentheses is deprecated at C:\Perl16\cpan\build\CSS-Prepare-v0.9.2.4-wBeHyW\blib\lib/CSS/Prepare/Property/Expansions.pm line 54.
Use of qw(...) as parentheses is deprecated at C:\Perl16\cpan\build\CSS-Prepare-v0.9.2.4-wBeHyW\blib\lib/CSS/Prepare/Property/Expansions.pm line 81.
Use of qw(...) as parentheses is deprecated at C:\Perl16\cpan\build\CSS-Prepare-v0.9.2.4-wBeHyW\blib\lib/CSS/Prepare/Property/Border.pm line 42.
Use of qw(...) as parentheses is deprecated at C:\Perl16\cpan\build\CSS-Prepare-v0.9.2.4-wBeHyW\blib\lib/CSS/Prepare/Property/Border.pm line 194.
Use of qw(...) as parentheses is deprecated at C:\Perl16\cpan\build\CSS-Prepare-v0.9.2.4-wBeHyW\blib\lib/CSS/Prepare/Property/Border.pm line 273.
Use of qw(...) as parentheses is deprecated at C:\Perl16\cpan\build\CSS-Prepare-v0.9.2.4-wBeHyW\blib\lib/CSS/Prepare/Property/Border.pm line 298.
Use of qw(...) as parentheses is deprecated at C:\Perl16\cpan\build\CSS-Prepare-v0.9.2.4-wBeHyW\blib\lib/CSS/Prepare/Property/Border.pm line 333.
Use of qw(...) as parentheses is deprecated at C:\Perl16\cpan\build\CSS-Prepare-v0.9.2.4-wBeHyW\blib\lib/CSS/Prepare/Property/Border.pm line 368.
Use of qw(...) as parentheses is deprecated at C:\Perl16\cpan\build\CSS-Prepare-v0.9.2.4-wBeHyW\blib\lib/CSS/Prepare/Property/Effects.pm line 42.
Use of qw(...) as parentheses is deprecated at C:\Perl16\cpan\build\CSS-Prepare-v0.9.2.4-wBeHyW\blib\lib/CSS/Prepare/Property/Formatting.pm line 41.
Use of qw(...) as parentheses is deprecated at C:\Perl16\cpan\build\CSS-Prepare-v0.9.2.4-wBeHyW\blib\lib/CSS/Prepare/Property/Formatting.pm line 79.
Use of qw(...) as parentheses is deprecated at C:\Perl16\cpan\build\CSS-Prepare-v0.9.2.4-wBeHyW\blib\lib/CSS/Prepare/Property/Generated.pm line 43.
Use of qw(...) as parentheses is deprecated at C:\Perl16\cpan\build\CSS-Prepare-v0.9.2.4-wBeHyW\blib\lib/CSS/Prepare/Property/Margin.pm line 42.
Use of qw(...) as parentheses is deprecated at C:\Perl16\cpan\build\CSS-Prepare-v0.9.2.4-wBeHyW\blib\lib/CSS/Prepare/Property/Margin.pm line 78.
Use of qw(...) as parentheses is deprecated at C:\Perl16\cpan\build\CSS-Prepare-v0.9.2.4-wBeHyW\blib\lib/CSS/Prepare/Property/Padding.pm line 42.
Use of qw(...) as parentheses is deprecated at C:\Perl16\cpan\build\CSS-Prepare-v0.9.2.4-wBeHyW\blib\lib/CSS/Prepare/Property/Padding.pm line 78.
defined(@array) is deprecated at C:\Perl16\cpan\build\CSS-Prepare-v0.9.2.4-wBeHyW\blib\lib/CSS/Prepare.pm line 726.
	(Maybe you should just omit the defined()?)
t/02.text.t ............. ok
Use of qw(...) as parentheses is deprecated at C:\Perl16\cpan\build\CSS-Prepare-v0.9.2.4-wBeHyW\blib\lib/CSS/Prepare/Property/Expansions.pm line 34.
Use of qw(...) as parentheses is deprecated at C:\Perl16\cpan\build\CSS-Prepare-v0.9.2.4-wBeHyW\blib\lib/CSS/Prepare/Property/Expansions.pm line 41.
Use of qw(...) as parentheses is deprecated at C:\Perl16\cpan\build\CSS-Prepare-v0.9.2.4-wBeHyW\blib\lib/CSS/Prepare/Property/Expansions.pm line 45.
Use of qw(...) as parentheses is deprecated at C:\Perl16\cpan\build\CSS-Prepare-v0.9.2.4-wBeHyW\blib\lib/CSS/Prepare/Property/Expansions.pm line 54.
Use of qw(...) as parentheses is deprecated at C:\Perl16\cpan\build\CSS-Prepare-v0.9.2.4-wBeHyW\blib\lib/CSS/Prepare/Property/Expansions.pm line 81.
Use of qw(...) as parentheses is deprecated at C:\Perl16\cpan\build\CSS-Prepare-v0.9.2.4-wBeHyW\blib\lib/CSS/Prepare/Property/Border.pm line 42.
Use of qw(...) as parentheses is deprecated at C:\Perl16\cpan\build\CSS-Prepare-v0.9.2.4-wBeHyW\blib\lib/CSS/Prepare/Property/Border.pm line 194.
Use of qw(...) as parentheses is deprecated at C:\Perl16\cpan\build\CSS-Prepare-v0.9.2.4-wBeHyW\blib\lib/CSS/Prepare/Property/Border.pm line 273.
Use of qw(...) as parentheses is deprecated at C:\Perl16\cpan\build\CSS-Prepare-v0.9.2.4-wBeHyW\blib\lib/CSS/Prepare/Property/Border.pm line 298.
Use of qw(...) as parentheses is deprecated at C:\Perl16\cpan\build\CSS-Prepare-v0.9.2.4-wBeHyW\blib\lib/CSS/Prepare/Property/Border.pm line 333.
Use of qw(...) as parentheses is deprecated at C:\Perl16\cpan\build\CSS-Prepare-v0.9.2.4-wBeHyW\blib\lib/CSS/Prepare/Property/Border.pm line 368.
Use of qw(...) as parentheses is deprecated at C:\Perl16\cpan\build\CSS-Prepare-v0.9.2.4-wBeHyW\blib\lib/CSS/Prepare/Property/Effects.pm line 42.
Use of qw(...) as parentheses is deprecated at C:\Perl16\cpan\build\CSS-Prepare-v0.9.2.4-wBeHyW\blib\lib/CSS/Prepare/Property/Formatting.pm line 41.
Use of qw(...) as parentheses is deprecated at C:\Perl16\cpan\build\CSS-Prepare-v0.9.2.4-wBeHyW\blib\lib/CSS/Prepare/Property/Formatting.pm line 79.
Use of qw(...) as parentheses is deprecated at C:\Perl16\cpan\build\CSS-Prepare-v0.9.2.4-wBeHyW\blib\lib/CSS/Prepare/Property/Generated.pm line 43.
Use of qw(...) as parentheses is deprecated at C:\Perl16\cpan\build\CSS-Prepare-v0.9.2.4-wBeHyW\blib\lib/CSS/Prepare/Property/Margin.pm line 42.
Use of qw(...) as parentheses is deprecated at C:\Perl16\cpan\build\CSS-Prepare-v0.9.2.4-wBeHyW\blib\lib/CSS/Prepare/Property/Margin.pm line 78.
Use of qw(...) as parentheses is deprecated at C:\Perl16\cpan\build\CSS-Prepare-v0.9.2.4-wBeHyW\blib\lib/CSS/Prepare/Property/Padding.pm line 42.
Use of qw(...) as parentheses is deprecated at C:\Perl16\cpan\build\CSS-Prepare-v0.9.2.4-wBeHyW\blib\lib/CSS/Prepare/Property/Padding.pm line 78.
defined(@array) is deprecated at C:\Perl16\cpan\build\CSS-Prepare-v0.9.2.4-wBeHyW\blib\lib/CSS/Prepare.pm line 726.
	(Maybe you should just omit the defined()?)
t/02.ui.t ............... ok
Use of qw(...) as parentheses is deprecated at C:\Perl16\cpan\build\CSS-Prepare-v0.9.2.4-wBeHyW\blib\lib/CSS/Prepare/Property/Expansions.pm line 34.
Use of qw(...) as parentheses is deprecated at C:\Perl16\cpan\build\CSS-Prepare-v0.9.2.4-wBeHyW\blib\lib/CSS/Prepare/Property/Expansions.pm line 41.
Use of qw(...) as parentheses is deprecated at C:\Perl16\cpan\build\CSS-Prepare-v0.9.2.4-wBeHyW\blib\lib/CSS/Prepare/Property/Expansions.pm line 45.
Use of qw(...) as parentheses is deprecated at C:\Perl16\cpan\build\CSS-Prepare-v0.9.2.4-wBeHyW\blib\lib/CSS/Prepare/Property/Expansions.pm line 54.
Use of qw(...) as parentheses is deprecated at C:\Perl16\cpan\build\CSS-Prepare-v0.9.2.4-wBeHyW\blib\lib/CSS/Prepare/Property/Expansions.pm line 81.
Use of qw(...) as parentheses is deprecated at C:\Perl16\cpan\build\CSS-Prepare-v0.9.2.4-wBeHyW\blib\lib/CSS/Prepare/Property/Border.pm line 42.
Use of qw(...) as parentheses is deprecated at C:\Perl16\cpan\build\CSS-Prepare-v0.9.2.4-wBeHyW\blib\lib/CSS/Prepare/Property/Border.pm line 194.
Use of qw(...) as parentheses is deprecated at C:\Perl16\cpan\build\CSS-Prepare-v0.9.2.4-wBeHyW\blib\lib/CSS/Prepare/Property/Border.pm line 273.
Use of qw(...) as parentheses is deprecated at C:\Perl16\cpan\build\CSS-Prepare-v0.9.2.4-wBeHyW\blib\lib/CSS/Prepare/Property/Border.pm line 298.
Use of qw(...) as parentheses is deprecated at C:\Perl16\cpan\build\CSS-Prepare-v0.9.2.4-wBeHyW\blib\lib/CSS/Prepare/Property/Border.pm line 333.
Use of qw(...) as parentheses is deprecated at C:\Perl16\cpan\build\CSS-Prepare-v0.9.2.4-wBeHyW\blib\lib/CSS/Prepare/Property/Border.pm line 368.
Use of qw(...) as parentheses is deprecated at C:\Perl16\cpan\build\CSS-Prepare-v0.9.2.4-wBeHyW\blib\lib/CSS/Prepare/Property/Effects.pm line 42.
Use of qw(...) as parentheses is deprecated at C:\Perl16\cpan\build\CSS-Prepare-v0.9.2.4-wBeHyW\blib\lib/CSS/Prepare/Property/Formatting.pm line 41.
Use of qw(...) as parentheses is deprecated at C:\Perl16\cpan\build\CSS-Prepare-v0.9.2.4-wBeHyW\blib\lib/CSS/Prepare/Property/Formatting.pm line 79.
Use of qw(...) as parentheses is deprecated at C:\Perl16\cpan\build\CSS-Prepare-v0.9.2.4-wBeHyW\blib\lib/CSS/Prepare/Property/Generated.pm line 43.
Use of qw(...) as parentheses is deprecated at C:\Perl16\cpan\build\CSS-Prepare-v0.9.2.4-wBeHyW\blib\lib/CSS/Prepare/Property/Margin.pm line 42.
Use of qw(...) as parentheses is deprecated at C:\Perl16\cpan\build\CSS-Prepare-v0.9.2.4-wBeHyW\blib\lib/CSS/Prepare/Property/Margin.pm line 78.
Use of qw(...) as parentheses is deprecated at C:\Perl16\cpan\build\CSS-Prepare-v0.9.2.4-wBeHyW\blib\lib/CSS/Prepare/Property/Padding.pm line 42.
Use of qw(...) as parentheses is deprecated at C:\Perl16\cpan\build\CSS-Prepare-v0.9.2.4-wBeHyW\blib\lib/CSS/Prepare/Property/Padding.pm line 78.
defined(@array) is deprecated at C:\Perl16\cpan\build\CSS-Prepare-v0.9.2.4-wBeHyW\blib\lib/CSS/Prepare.pm line 726.
	(Maybe you should just omit the defined()?)
t/02.vendor.t ........... ok
Use of qw(...) as parentheses is deprecated at C:\Perl16\cpan\build\CSS-Prepare-v0.9.2.4-wBeHyW\blib\lib/CSS/Prepare/Property/Expansions.pm line 34.
Use of qw(...) as parentheses is deprecated at C:\Perl16\cpan\build\CSS-Prepare-v0.9.2.4-wBeHyW\blib\lib/CSS/Prepare/Property/Expansions.pm line 41.
Use of qw(...) as parentheses is deprecated at C:\Perl16\cpan\build\CSS-Prepare-v0.9.2.4-wBeHyW\blib\lib/CSS/Prepare/Property/Expansions.pm line 45.
Use of qw(...) as parentheses is deprecated at C:\Perl16\cpan\build\CSS-Prepare-v0.9.2.4-wBeHyW\blib\lib/CSS/Prepare/Property/Expansions.pm line 54.
Use of qw(...) as parentheses is deprecated at C:\Perl16\cpan\build\CSS-Prepare-v0.9.2.4-wBeHyW\blib\lib/CSS/Prepare/Property/Expansions.pm line 81.
Use of qw(...) as parentheses is deprecated at C:\Perl16\cpan\build\CSS-Prepare-v0.9.2.4-wBeHyW\blib\lib/CSS/Prepare/Property/Border.pm line 42.
Use of qw(...) as parentheses is deprecated at C:\Perl16\cpan\build\CSS-Prepare-v0.9.2.4-wBeHyW\blib\lib/CSS/Prepare/Property/Border.pm line 194.
Use of qw(...) as parentheses is deprecated at C:\Perl16\cpan\build\CSS-Prepare-v0.9.2.4-wBeHyW\blib\lib/CSS/Prepare/Property/Border.pm line 273.
Use of qw(...) as parentheses is deprecated at C:\Perl16\cpan\build\CSS-Prepare-v0.9.2.4-wBeHyW\blib\lib/CSS/Prepare/Property/Border.pm line 298.
Use of qw(...) as parentheses is deprecated at C:\Perl16\cpan\build\CSS-Prepare-v0.9.2.4-wBeHyW\blib\lib/CSS/Prepare/Property/Border.pm line 333.
Use of qw(...) as parentheses is deprecated at C:\Perl16\cpan\build\CSS-Prepare-v0.9.2.4-wBeHyW\blib\lib/CSS/Prepare/Property/Border.pm line 368.
Use of qw(...) as parentheses is deprecated at C:\Perl16\cpan\build\CSS-Prepare-v0.9.2.4-wBeHyW\blib\lib/CSS/Prepare/Property/Effects.pm line 42.
Use of qw(...) as parentheses is deprecated at C:\Perl16\cpan\build\CSS-Prepare-v0.9.2.4-wBeHyW\blib\lib/CSS/Prepare/Property/Formatting.pm line 41.
Use of qw(...) as parentheses is deprecated at C:\Perl16\cpan\build\CSS-Prepare-v0.9.2.4-wBeHyW\blib\lib/CSS/Prepare/Property/Formatting.pm line 79.
Use of qw(...) as parentheses is deprecated at C:\Perl16\cpan\build\CSS-Prepare-v0.9.2.4-wBeHyW\blib\lib/CSS/Prepare/Property/Generated.pm line 43.
Use of qw(...) as parentheses is deprecated at C:\Perl16\cpan\build\CSS-Prepare-v0.9.2.4-wBeHyW\blib\lib/CSS/Prepare/Property/Margin.pm line 42.
Use of qw(...) as parentheses is deprecated at C:\Perl16\cpan\build\CSS-Prepare-v0.9.2.4-wBeHyW\blib\lib/CSS/Prepare/Property/Margin.pm line 78.
Use of qw(...) as parentheses is deprecated at C:\Perl16\cpan\build\CSS-Prepare-v0.9.2.4-wBeHyW\blib\lib/CSS/Prepare/Property/Padding.pm line 42.
Use of qw(...) as parentheses is deprecated at C:\Perl16\cpan\build\CSS-Prepare-v0.9.2.4-wBeHyW\blib\lib/CSS/Prepare/Property/Padding.pm line 78.
defined(@array) is deprecated at C:\Perl16\cpan\build\CSS-Prepare-v0.9.2.4-wBeHyW\blib\lib/CSS/Prepare.pm line 726.
	(Maybe you should just omit the defined()?)
t/03.files.t ............ ok
Use of qw(...) as parentheses is deprecated at C:\Perl16\cpan\build\CSS-Prepare-v0.9.2.4-wBeHyW\blib\lib/CSS/Prepare/Property/Expansions.pm line 34.
Use of qw(...) as parentheses is deprecated at C:\Perl16\cpan\build\CSS-Prepare-v0.9.2.4-wBeHyW\blib\lib/CSS/Prepare/Property/Expansions.pm line 41.
Use of qw(...) as parentheses is deprecated at C:\Perl16\cpan\build\CSS-Prepare-v0.9.2.4-wBeHyW\blib\lib/CSS/Prepare/Property/Expansions.pm line 45.
Use of qw(...) as parentheses is deprecated at C:\Perl16\cpan\build\CSS-Prepare-v0.9.2.4-wBeHyW\blib\lib/CSS/Prepare/Property/Expansions.pm line 54.
Use of qw(...) as parentheses is deprecated at C:\Perl16\cpan\build\CSS-Prepare-v0.9.2.4-wBeHyW\blib\lib/CSS/Prepare/Property/Expansions.pm line 81.
Use of qw(...) as parentheses is deprecated at C:\Perl16\cpan\build\CSS-Prepare-v0.9.2.4-wBeHyW\blib\lib/CSS/Prepare/Property/Border.pm line 42.
Use of qw(...) as parentheses is deprecated at C:\Perl16\cpan\build\CSS-Prepare-v0.9.2.4-wBeHyW\blib\lib/CSS/Prepare/Property/Border.pm line 194.
Use of qw(...) as parentheses is deprecated at C:\Perl16\cpan\build\CSS-Prepare-v0.9.2.4-wBeHyW\blib\lib/CSS/Prepare/Property/Border.pm line 273.
Use of qw(...) as parentheses is deprecated at C:\Perl16\cpan\build\CSS-Prepare-v0.9.2.4-wBeHyW\blib\lib/CSS/Prepare/Property/Border.pm line 298.
Use of qw(...) as parentheses is deprecated at C:\Perl16\cpan\build\CSS-Prepare-v0.9.2.4-wBeHyW\blib\lib/CSS/Prepare/Property/Border.pm line 333.
Use of qw(...) as parentheses is deprecated at C:\Perl16\cpan\build\CSS-Prepare-v0.9.2.4-wBeHyW\blib\lib/CSS/Prepare/Property/Border.pm line 368.
Use of qw(...) as parentheses is deprecated at C:\Perl16\cpan\build\CSS-Prepare-v0.9.2.4-wBeHyW\blib\lib/CSS/Prepare/Property/Effects.pm line 42.
Use of qw(...) as parentheses is deprecated at C:\Perl16\cpan\build\CSS-Prepare-v0.9.2.4-wBeHyW\blib\lib/CSS/Prepare/Property/Formatting.pm line 41.
Use of qw(...) as parentheses is deprecated at C:\Perl16\cpan\build\CSS-Prepare-v0.9.2.4-wBeHyW\blib\lib/CSS/Prepare/Property/Formatting.pm line 79.
Use of qw(...) as parentheses is deprecated at C:\Perl16\cpan\build\CSS-Prepare-v0.9.2.4-wBeHyW\blib\lib/CSS/Prepare/Property/Generated.pm line 43.
Use of qw(...) as parentheses is deprecated at C:\Perl16\cpan\build\CSS-Prepare-v0.9.2.4-wBeHyW\blib\lib/CSS/Prepare/Property/Margin.pm line 42.
Use of qw(...) as parentheses is deprecated at C:\Perl16\cpan\build\CSS-Prepare-v0.9.2.4-wBeHyW\blib\lib/CSS/Prepare/Property/Margin.pm line 78.
Use of qw(...) as parentheses is deprecated at C:\Perl16\cpan\build\CSS-Prepare-v0.9.2.4-wBeHyW\blib\lib/CSS/Prepare/Property/Padding.pm line 42.
Use of qw(...) as parentheses is deprecated at C:\Perl16\cpan\build\CSS-Prepare-v0.9.2.4-wBeHyW\blib\lib/CSS/Prepare/Property/Padding.pm line 78.
defined(@array) is deprecated at C:\Perl16\cpan\build\CSS-Prepare-v0.9.2.4-wBeHyW\blib\lib/CSS/Prepare.pm line 726.
	(Maybe you should just omit the defined()?)
t/03.http.t ............. ok
Use of qw(...) as parentheses is deprecated at C:\Perl16\cpan\build\CSS-Prepare-v0.9.2.4-wBeHyW\blib\lib/CSS/Prepare/Property/Expansions.pm line 34.
Use of qw(...) as parentheses is deprecated at C:\Perl16\cpan\build\CSS-Prepare-v0.9.2.4-wBeHyW\blib\lib/CSS/Prepare/Property/Expansions.pm line 41.
Use of qw(...) as parentheses is deprecated at C:\Perl16\cpan\build\CSS-Prepare-v0.9.2.4-wBeHyW\blib\lib/CSS/Prepare/Property/Expansions.pm line 45.
Use of qw(...) as parentheses is deprecated at C:\Perl16\cpan\build\CSS-Prepare-v0.9.2.4-wBeHyW\blib\lib/CSS/Prepare/Property/Expansions.pm line 54.
Use of qw(...) as parentheses is deprecated at C:\Perl16\cpan\build\CSS-Prepare-v0.9.2.4-wBeHyW\blib\lib/CSS/Prepare/Property/Expansions.pm line 81.
Use of qw(...) as parentheses is deprecated at C:\Perl16\cpan\build\CSS-Prepare-v0.9.2.4-wBeHyW\blib\lib/CSS/Prepare/Property/Border.pm line 42.
Use of qw(...) as parentheses is deprecated at C:\Perl16\cpan\build\CSS-Prepare-v0.9.2.4-wBeHyW\blib\lib/CSS/Prepare/Property/Border.pm line 194.
Use of qw(...) as parentheses is deprecated at C:\Perl16\cpan\build\CSS-Prepare-v0.9.2.4-wBeHyW\blib\lib/CSS/Prepare/Property/Border.pm line 273.
Use of qw(...) as parentheses is deprecated at C:\Perl16\cpan\build\CSS-Prepare-v0.9.2.4-wBeHyW\blib\lib/CSS/Prepare/Property/Border.pm line 298.
Use of qw(...) as parentheses is deprecated at C:\Perl16\cpan\build\CSS-Prepare-v0.9.2.4-wBeHyW\blib\lib/CSS/Prepare/Property/Border.pm line 333.
Use of qw(...) as parentheses is deprecated at C:\Perl16\cpan\build\CSS-Prepare-v0.9.2.4-wBeHyW\blib\lib/CSS/Prepare/Property/Border.pm line 368.
Use of qw(...) as parentheses is deprecated at C:\Perl16\cpan\build\CSS-Prepare-v0.9.2.4-wBeHyW\blib\lib/CSS/Prepare/Property/Effects.pm line 42.
Use of qw(...) as parentheses is deprecated at C:\Perl16\cpan\build\CSS-Prepare-v0.9.2.4-wBeHyW\blib\lib/CSS/Prepare/Property/Formatting.pm line 41.
Use of qw(...) as parentheses is deprecated at C:\Perl16\cpan\build\CSS-Prepare-v0.9.2.4-wBeHyW\blib\lib/CSS/Prepare/Property/Formatting.pm line 79.
Use of qw(...) as parentheses is deprecated at C:\Perl16\cpan\build\CSS-Prepare-v0.9.2.4-wBeHyW\blib\lib/CSS/Prepare/Property/Generated.pm line 43.
Use of qw(...) as parentheses is deprecated at C:\Perl16\cpan\build\CSS-Prepare-v0.9.2.4-wBeHyW\blib\lib/CSS/Prepare/Property/Margin.pm line 42.
Use of qw(...) as parentheses is deprecated at C:\Perl16\cpan\build\CSS-Prepare-v0.9.2.4-wBeHyW\blib\lib/CSS/Prepare/Property/Margin.pm line 78.
Use of qw(...) as parentheses is deprecated at C:\Perl16\cpan\build\CSS-Prepare-v0.9.2.4-wBeHyW\blib\lib/CSS/Prepare/Property/Padding.pm line 42.
Use of qw(...) as parentheses is deprecated at C:\Perl16\cpan\build\CSS-Prepare-v0.9.2.4-wBeHyW\blib\lib/CSS/Prepare/Property/Padding.pm line 78.
defined(@array) is deprecated at C:\Perl16\cpan\build\CSS-Prepare-v0.9.2.4-wBeHyW\blib\lib/CSS/Prepare.pm line 726.
	(Maybe you should just omit the defined()?)
t/03.import.t ........... ok
Use of qw(...) as parentheses is deprecated at C:\Perl16\cpan\build\CSS-Prepare-v0.9.2.4-wBeHyW\blib\lib/CSS/Prepare/Property/Expansions.pm line 34.
Use of qw(...) as parentheses is deprecated at C:\Perl16\cpan\build\CSS-Prepare-v0.9.2.4-wBeHyW\blib\lib/CSS/Prepare/Property/Expansions.pm line 41.
Use of qw(...) as parentheses is deprecated at C:\Perl16\cpan\build\CSS-Prepare-v0.9.2.4-wBeHyW\blib\lib/CSS/Prepare/Property/Expansions.pm line 45.
Use of qw(...) as parentheses is deprecated at C:\Perl16\cpan\build\CSS-Prepare-v0.9.2.4-wBeHyW\blib\lib/CSS/Prepare/Property/Expansions.pm line 54.
Use of qw(...) as parentheses is deprecated at C:\Perl16\cpan\build\CSS-Prepare-v0.9.2.4-wBeHyW\blib\lib/CSS/Prepare/Property/Expansions.pm line 81.
Use of qw(...) as parentheses is deprecated at C:\Perl16\cpan\build\CSS-Prepare-v0.9.2.4-wBeHyW\blib\lib/CSS/Prepare/Property/Border.pm line 42.
Use of qw(...) as parentheses is deprecated at C:\Perl16\cpan\build\CSS-Prepare-v0.9.2.4-wBeHyW\blib\lib/CSS/Prepare/Property/Border.pm line 194.
Use of qw(...) as parentheses is deprecated at C:\Perl16\cpan\build\CSS-Prepare-v0.9.2.4-wBeHyW\blib\lib/CSS/Prepare/Property/Border.pm line 273.
Use of qw(...) as parentheses is deprecated at C:\Perl16\cpan\build\CSS-Prepare-v0.9.2.4-wBeHyW\blib\lib/CSS/Prepare/Property/Border.pm line 298.
Use of qw(...) as parentheses is deprecated at C:\Perl16\cpan\build\CSS-Prepare-v0.9.2.4-wBeHyW\blib\lib/CSS/Prepare/Property/Border.pm line 333.
Use of qw(...) as parentheses is deprecated at C:\Perl16\cpan\build\CSS-Prepare-v0.9.2.4-wBeHyW\blib\lib/CSS/Prepare/Property/Border.pm line 368.
Use of qw(...) as parentheses is deprecated at C:\Perl16\cpan\build\CSS-Prepare-v0.9.2.4-wBeHyW\blib\lib/CSS/Prepare/Property/Effects.pm line 42.
Use of qw(...) as parentheses is deprecated at C:\Perl16\cpan\build\CSS-Prepare-v0.9.2.4-wBeHyW\blib\lib/CSS/Prepare/Property/Formatting.pm line 41.
Use of qw(...) as parentheses is deprecated at C:\Perl16\cpan\build\CSS-Prepare-v0.9.2.4-wBeHyW\blib\lib/CSS/Prepare/Property/Formatting.pm line 79.
Use of qw(...) as parentheses is deprecated at C:\Perl16\cpan\build\CSS-Prepare-v0.9.2.4-wBeHyW\blib\lib/CSS/Prepare/Property/Generated.pm line 43.
Use of qw(...) as parentheses is deprecated at C:\Perl16\cpan\build\CSS-Prepare-v0.9.2.4-wBeHyW\blib\lib/CSS/Prepare/Property/Margin.pm line 42.
Use of qw(...) as parentheses is deprecated at C:\Perl16\cpan\build\CSS-Prepare-v0.9.2.4-wBeHyW\blib\lib/CSS/Prepare/Property/Margin.pm line 78.
Use of qw(...) as parentheses is deprecated at C:\Perl16\cpan\build\CSS-Prepare-v0.9.2.4-wBeHyW\blib\lib/CSS/Prepare/Property/Padding.pm line 42.
Use of qw(...) as parentheses is deprecated at C:\Perl16\cpan\build\CSS-Prepare-v0.9.2.4-wBeHyW\blib\lib/CSS/Prepare/Property/Padding.pm line 78.
defined(@array) is deprecated at C:\Perl16\cpan\build\CSS-Prepare-v0.9.2.4-wBeHyW\blib\lib/CSS/Prepare.pm line 726.
	(Maybe you should just omit the defined()?)
t/04.background.t ....... ok
Use of qw(...) as parentheses is deprecated at C:\Perl16\cpan\build\CSS-Prepare-v0.9.2.4-wBeHyW\blib\lib/CSS/Prepare/Property/Expansions.pm line 34.
Use of qw(...) as parentheses is deprecated at C:\Perl16\cpan\build\CSS-Prepare-v0.9.2.4-wBeHyW\blib\lib/CSS/Prepare/Property/Expansions.pm line 41.
Use of qw(...) as parentheses is deprecated at C:\Perl16\cpan\build\CSS-Prepare-v0.9.2.4-wBeHyW\blib\lib/CSS/Prepare/Property/Expansions.pm line 45.
Use of qw(...) as parentheses is deprecated at C:\Perl16\cpan\build\CSS-Prepare-v0.9.2.4-wBeHyW\blib\lib/CSS/Prepare/Property/Expansions.pm line 54.
Use of qw(...) as parentheses is deprecated at C:\Perl16\cpan\build\CSS-Prepare-v0.9.2.4-wBeHyW\blib\lib/CSS/Prepare/Property/Expansions.pm line 81.
Use of qw(...) as parentheses is deprecated at C:\Perl16\cpan\build\CSS-Prepare-v0.9.2.4-wBeHyW\blib\lib/CSS/Prepare/Property/Border.pm line 42.
Use of qw(...) as parentheses is deprecated at C:\Perl16\cpan\build\CSS-Prepare-v0.9.2.4-wBeHyW\blib\lib/CSS/Prepare/Property/Border.pm line 194.
Use of qw(...) as parentheses is deprecated at C:\Perl16\cpan\build\CSS-Prepare-v0.9.2.4-wBeHyW\blib\lib/CSS/Prepare/Property/Border.pm line 273.
Use of qw(...) as parentheses is deprecated at C:\Perl16\cpan\build\CSS-Prepare-v0.9.2.4-wBeHyW\blib\lib/CSS/Prepare/Property/Border.pm line 298.
Use of qw(...) as parentheses is deprecated at C:\Perl16\cpan\build\CSS-Prepare-v0.9.2.4-wBeHyW\blib\lib/CSS/Prepare/Property/Border.pm line 333.
Use of qw(...) as parentheses is deprecated at C:\Perl16\cpan\build\CSS-Prepare-v0.9.2.4-wBeHyW\blib\lib/CSS/Prepare/Property/Border.pm line 368.
Use of qw(...) as parentheses is deprecated at C:\Perl16\cpan\build\CSS-Prepare-v0.9.2.4-wBeHyW\blib\lib/CSS/Prepare/Property/Effects.pm line 42.
Use of qw(...) as parentheses is deprecated at C:\Perl16\cpan\build\CSS-Prepare-v0.9.2.4-wBeHyW\blib\lib/CSS/Prepare/Property/Formatting.pm line 41.
Use of qw(...) as parentheses is deprecated at C:\Perl16\cpan\build\CSS-Prepare-v0.9.2.4-wBeHyW\blib\lib/CSS/Prepare/Property/Formatting.pm line 79.
Use of qw(...) as parentheses is deprecated at C:\Perl16\cpan\build\CSS-Prepare-v0.9.2.4-wBeHyW\blib\lib/CSS/Prepare/Property/Generated.pm line 43.
Use of qw(...) as parentheses is deprecated at C:\Perl16\cpan\build\CSS-Prepare-v0.9.2.4-wBeHyW\blib\lib/CSS/Prepare/Property/Margin.pm line 42.
Use of qw(...) as parentheses is deprecated at C:\Perl16\cpan\build\CSS-Prepare-v0.9.2.4-wBeHyW\blib\lib/CSS/Prepare/Property/Margin.pm line 78.
Use of qw(...) as parentheses is deprecated at C:\Perl16\cpan\build\CSS-Prepare-v0.9.2.4-wBeHyW\blib\lib/CSS/Prepare/Property/Padding.pm line 42.
Use of qw(...) as parentheses is deprecated at C:\Perl16\cpan\build\CSS-Prepare-v0.9.2.4-wBeHyW\blib\lib/CSS/Prepare/Property/Padding.pm line 78.
defined(@array) is deprecated at C:\Perl16\cpan\build\CSS-Prepare-v0.9.2.4-wBeHyW\blib\lib/CSS/Prepare.pm line 726.
	(Maybe you should just omit the defined()?)
t/04.border.t ........... ok
Use of qw(...) as parentheses is deprecated at C:\Perl16\cpan\build\CSS-Prepare-v0.9.2.4-wBeHyW\blib\lib/CSS/Prepare/Property/Expansions.pm line 34.
Use of qw(...) as parentheses is deprecated at C:\Perl16\cpan\build\CSS-Prepare-v0.9.2.4-wBeHyW\blib\lib/CSS/Prepare/Property/Expansions.pm line 41.
Use of qw(...) as parentheses is deprecated at C:\Perl16\cpan\build\CSS-Prepare-v0.9.2.4-wBeHyW\blib\lib/CSS/Prepare/Property/Expansions.pm line 45.
Use of qw(...) as parentheses is deprecated at C:\Perl16\cpan\build\CSS-Prepare-v0.9.2.4-wBeHyW\blib\lib/CSS/Prepare/Property/Expansions.pm line 54.
Use of qw(...) as parentheses is deprecated at C:\Perl16\cpan\build\CSS-Prepare-v0.9.2.4-wBeHyW\blib\lib/CSS/Prepare/Property/Expansions.pm line 81.
Use of qw(...) as parentheses is deprecated at C:\Perl16\cpan\build\CSS-Prepare-v0.9.2.4-wBeHyW\blib\lib/CSS/Prepare/Property/Border.pm line 42.
Use of qw(...) as parentheses is deprecated at C:\Perl16\cpan\build\CSS-Prepare-v0.9.2.4-wBeHyW\blib\lib/CSS/Prepare/Property/Border.pm line 194.
Use of qw(...) as parentheses is deprecated at C:\Perl16\cpan\build\CSS-Prepare-v0.9.2.4-wBeHyW\blib\lib/CSS/Prepare/Property/Border.pm line 273.
Use of qw(...) as parentheses is deprecated at C:\Perl16\cpan\build\CSS-Prepare-v0.9.2.4-wBeHyW\blib\lib/CSS/Prepare/Property/Border.pm line 298.
Use of qw(...) as parentheses is deprecated at C:\Perl16\cpan\build\CSS-Prepare-v0.9.2.4-wBeHyW\blib\lib/CSS/Prepare/Property/Border.pm line 333.
Use of qw(...) as parentheses is deprecated at C:\Perl16\cpan\build\CSS-Prepare-v0.9.2.4-wBeHyW\blib\lib/CSS/Prepare/Property/Border.pm line 368.
Use of qw(...) as parentheses is deprecated at C:\Perl16\cpan\build\CSS-Prepare-v0.9.2.4-wBeHyW\blib\lib/CSS/Prepare/Property/Effects.pm line 42.
Use of qw(...) as parentheses is deprecated at C:\Perl16\cpan\build\CSS-Prepare-v0.9.2.4-wBeHyW\blib\lib/CSS/Prepare/Property/Formatting.pm line 41.
Use of qw(...) as parentheses is deprecated at C:\Perl16\cpan\build\CSS-Prepare-v0.9.2.4-wBeHyW\blib\lib/CSS/Prepare/Property/Formatting.pm line 79.
Use of qw(...) as parentheses is deprecated at C:\Perl16\cpan\build\CSS-Prepare-v0.9.2.4-wBeHyW\blib\lib/CSS/Prepare/Property/Generated.pm line 43.
Use of qw(...) as parentheses is deprecated at C:\Perl16\cpan\build\CSS-Prepare-v0.9.2.4-wBeHyW\blib\lib/CSS/Prepare/Property/Margin.pm line 42.
Use of qw(...) as parentheses is deprecated at C:\Perl16\cpan\build\CSS-Prepare-v0.9.2.4-wBeHyW\blib\lib/CSS/Prepare/Property/Margin.pm line 78.
Use of qw(...) as parentheses is deprecated at C:\Perl16\cpan\build\CSS-Prepare-v0.9.2.4-wBeHyW\blib\lib/CSS/Prepare/Property/Padding.pm line 42.
Use of qw(...) as parentheses is deprecated at C:\Perl16\cpan\build\CSS-Prepare-v0.9.2.4-wBeHyW\blib\lib/CSS/Prepare/Property/Padding.pm line 78.
defined(@array) is deprecated at C:\Perl16\cpan\build\CSS-Prepare-v0.9.2.4-wBeHyW\blib\lib/CSS/Prepare.pm line 726.
	(Maybe you should just omit the defined()?)
t/04.borderradius.t ..... ok
Use of qw(...) as parentheses is deprecated at C:\Perl16\cpan\build\CSS-Prepare-v0.9.2.4-wBeHyW\blib\lib/CSS/Prepare/Property/Expansions.pm line 34.
Use of qw(...) as parentheses is deprecated at C:\Perl16\cpan\build\CSS-Prepare-v0.9.2.4-wBeHyW\blib\lib/CSS/Prepare/Property/Expansions.pm line 41.
Use of qw(...) as parentheses is deprecated at C:\Perl16\cpan\build\CSS-Prepare-v0.9.2.4-wBeHyW\blib\lib/CSS/Prepare/Property/Expansions.pm line 45.
Use of qw(...) as parentheses is deprecated at C:\Perl16\cpan\build\CSS-Prepare-v0.9.2.4-wBeHyW\blib\lib/CSS/Prepare/Property/Expansions.pm line 54.
Use of qw(...) as parentheses is deprecated at C:\Perl16\cpan\build\CSS-Prepare-v0.9.2.4-wBeHyW\blib\lib/CSS/Prepare/Property/Expansions.pm line 81.
Use of qw(...) as parentheses is deprecated at C:\Perl16\cpan\build\CSS-Prepare-v0.9.2.4-wBeHyW\blib\lib/CSS/Prepare/Property/Border.pm line 42.
Use of qw(...) as parentheses is deprecated at C:\Perl16\cpan\build\CSS-Prepare-v0.9.2.4-wBeHyW\blib\lib/CSS/Prepare/Property/Border.pm line 194.
Use of qw(...) as parentheses is deprecated at C:\Perl16\cpan\build\CSS-Prepare-v0.9.2.4-wBeHyW\blib\lib/CSS/Prepare/Property/Border.pm line 273.
Use of qw(...) as parentheses is deprecated at C:\Perl16\cpan\build\CSS-Prepare-v0.9.2.4-wBeHyW\blib\lib/CSS/Prepare/Property/Border.pm line 298.
Use of qw(...) as parentheses is deprecated at C:\Perl16\cpan\build\CSS-Prepare-v0.9.2.4-wBeHyW\blib\lib/CSS/Prepare/Property/Border.pm line 333.
Use of qw(...) as parentheses is deprecated at C:\Perl16\cpan\build\CSS-Prepare-v0.9.2.4-wBeHyW\blib\lib/CSS/Prepare/Property/Border.pm line 368.
Use of qw(...) as parentheses is deprecated at C:\Perl16\cpan\build\CSS-Prepare-v0.9.2.4-wBeHyW\blib\lib/CSS/Prepare/Property/Effects.pm line 42.
Use of qw(...) as parentheses is deprecated at C:\Perl16\cpan\build\CSS-Prepare-v0.9.2.4-wBeHyW\blib\lib/CSS/Prepare/Property/Formatting.pm line 41.
Use of qw(...) as parentheses is deprecated at C:\Perl16\cpan\build\CSS-Prepare-v0.9.2.4-wBeHyW\blib\lib/CSS/Prepare/Property/Formatting.pm line 79.
Use of qw(...) as parentheses is deprecated at C:\Perl16\cpan\build\CSS-Prepare-v0.9.2.4-wBeHyW\blib\lib/CSS/Prepare/Property/Generated.pm line 43.
Use of qw(...) as parentheses is deprecated at C:\Perl16\cpan\build\CSS-Prepare-v0.9.2.4-wBeHyW\blib\lib/CSS/Prepare/Property/Margin.pm line 42.
Use of qw(...) as parentheses is deprecated at C:\Perl16\cpan\build\CSS-Prepare-v0.9.2.4-wBeHyW\blib\lib/CSS/Prepare/Property/Margin.pm line 78.
Use of qw(...) as parentheses is deprecated at C:\Perl16\cpan\build\CSS-Prepare-v0.9.2.4-wBeHyW\blib\lib/CSS/Prepare/Property/Padding.pm line 42.
Use of qw(...) as parentheses is deprecated at C:\Perl16\cpan\build\CSS-Prepare-v0.9.2.4-wBeHyW\blib\lib/CSS/Prepare/Property/Padding.pm line 78.
defined(@array) is deprecated at C:\Perl16\cpan\build\CSS-Prepare-v0.9.2.4-wBeHyW\blib\lib/CSS/Prepare.pm line 726.
	(Maybe you should just omit the defined()?)
t/04.color.t ............ ok
Use of qw(...) as parentheses is deprecated at C:\Perl16\cpan\build\CSS-Prepare-v0.9.2.4-wBeHyW\blib\lib/CSS/Prepare/Property/Expansions.pm line 34.
Use of qw(...) as parentheses is deprecated at C:\Perl16\cpan\build\CSS-Prepare-v0.9.2.4-wBeHyW\blib\lib/CSS/Prepare/Property/Expansions.pm line 41.
Use of qw(...) as parentheses is deprecated at C:\Perl16\cpan\build\CSS-Prepare-v0.9.2.4-wBeHyW\blib\lib/CSS/Prepare/Property/Expansions.pm line 45.
Use of qw(...) as parentheses is deprecated at C:\Perl16\cpan\build\CSS-Prepare-v0.9.2.4-wBeHyW\blib\lib/CSS/Prepare/Property/Expansions.pm line 54.
Use of qw(...) as parentheses is deprecated at C:\Perl16\cpan\build\CSS-Prepare-v0.9.2.4-wBeHyW\blib\lib/CSS/Prepare/Property/Expansions.pm line 81.
Use of qw(...) as parentheses is deprecated at C:\Perl16\cpan\build\CSS-Prepare-v0.9.2.4-wBeHyW\blib\lib/CSS/Prepare/Property/Border.pm line 42.
Use of qw(...) as parentheses is deprecated at C:\Perl16\cpan\build\CSS-Prepare-v0.9.2.4-wBeHyW\blib\lib/CSS/Prepare/Property/Border.pm line 194.
Use of qw(...) as parentheses is deprecated at C:\Perl16\cpan\build\CSS-Prepare-v0.9.2.4-wBeHyW\blib\lib/CSS/Prepare/Property/Border.pm line 273.
Use of qw(...) as parentheses is deprecated at C:\Perl16\cpan\build\CSS-Prepare-v0.9.2.4-wBeHyW\blib\lib/CSS/Prepare/Property/Border.pm line 298.
Use of qw(...) as parentheses is deprecated at C:\Perl16\cpan\build\CSS-Prepare-v0.9.2.4-wBeHyW\blib\lib/CSS/Prepare/Property/Border.pm line 333.
Use of qw(...) as parentheses is deprecated at C:\Perl16\cpan\build\CSS-Prepare-v0.9.2.4-wBeHyW\blib\lib/CSS/Prepare/Property/Border.pm line 368.
Use of qw(...) as parentheses is deprecated at C:\Perl16\cpan\build\CSS-Prepare-v0.9.2.4-wBeHyW\blib\lib/CSS/Prepare/Property/Effects.pm line 42.
Use of qw(...) as parentheses is deprecated at C:\Perl16\cpan\build\CSS-Prepare-v0.9.2.4-wBeHyW\blib\lib/CSS/Prepare/Property/Formatting.pm line 41.
Use of qw(...) as parentheses is deprecated at C:\Perl16\cpan\build\CSS-Prepare-v0.9.2.4-wBeHyW\blib\lib/CSS/Prepare/Property/Formatting.pm line 79.
Use of qw(...) as parentheses is deprecated at C:\Perl16\cpan\build\CSS-Prepare-v0.9.2.4-wBeHyW\blib\lib/CSS/Prepare/Property/Generated.pm line 43.
Use of qw(...) as parentheses is deprecated at C:\Perl16\cpan\build\CSS-Prepare-v0.9.2.4-wBeHyW\blib\lib/CSS/Prepare/Property/Margin.pm line 42.
Use of qw(...) as parentheses is deprecated at C:\Perl16\cpan\build\CSS-Prepare-v0.9.2.4-wBeHyW\blib\lib/CSS/Prepare/Property/Margin.pm line 78.
Use of qw(...) as parentheses is deprecated at C:\Perl16\cpan\build\CSS-Prepare-v0.9.2.4-wBeHyW\blib\lib/CSS/Prepare/Property/Padding.pm line 42.
Use of qw(...) as parentheses is deprecated at C:\Perl16\cpan\build\CSS-Prepare-v0.9.2.4-wBeHyW\blib\lib/CSS/Prepare/Property/Padding.pm line 78.
defined(@array) is deprecated at C:\Perl16\cpan\build\CSS-Prepare-v0.9.2.4-wBeHyW\blib\lib/CSS/Prepare.pm line 726.
	(Maybe you should just omit the defined()?)
t/04.cp-borderradius.t .. ok
Use of qw(...) as parentheses is deprecated at C:\Perl16\cpan\build\CSS-Prepare-v0.9.2.4-wBeHyW\blib\lib/CSS/Prepare/Property/Expansions.pm line 34.
Use of qw(...) as parentheses is deprecated at C:\Perl16\cpan\build\CSS-Prepare-v0.9.2.4-wBeHyW\blib\lib/CSS/Prepare/Property/Expansions.pm line 41.
Use of qw(...) as parentheses is deprecated at C:\Perl16\cpan\build\CSS-Prepare-v0.9.2.4-wBeHyW\blib\lib/CSS/Prepare/Property/Expansions.pm line 45.
Use of qw(...) as parentheses is deprecated at C:\Perl16\cpan\build\CSS-Prepare-v0.9.2.4-wBeHyW\blib\lib/CSS/Prepare/Property/Expansions.pm line 54.
Use of qw(...) as parentheses is deprecated at C:\Perl16\cpan\build\CSS-Prepare-v0.9.2.4-wBeHyW\blib\lib/CSS/Prepare/Property/Expansions.pm line 81.
Use of qw(...) as parentheses is deprecated at C:\Perl16\cpan\build\CSS-Prepare-v0.9.2.4-wBeHyW\blib\lib/CSS/Prepare/Property/Border.pm line 42.
Use of qw(...) as parentheses is deprecated at C:\Perl16\cpan\build\CSS-Prepare-v0.9.2.4-wBeHyW\blib\lib/CSS/Prepare/Property/Border.pm line 194.
Use of qw(...) as parentheses is deprecated at C:\Perl16\cpan\build\CSS-Prepare-v0.9.2.4-wBeHyW\blib\lib/CSS/Prepare/Property/Border.pm line 273.
Use of qw(...) as parentheses is deprecated at C:\Perl16\cpan\build\CSS-Prepare-v0.9.2.4-wBeHyW\blib\lib/CSS/Prepare/Property/Border.pm line 298.
Use of qw(...) as parentheses is deprecated at C:\Perl16\cpan\build\CSS-Prepare-v0.9.2.4-wBeHyW\blib\lib/CSS/Prepare/Property/Border.pm line 333.
Use of qw(...) as parentheses is deprecated at C:\Perl16\cpan\build\CSS-Prepare-v0.9.2.4-wBeHyW\blib\lib/CSS/Prepare/Property/Border.pm line 368.
Use of qw(...) as parentheses is deprecated at C:\Perl16\cpan\build\CSS-Prepare-v0.9.2.4-wBeHyW\blib\lib/CSS/Prepare/Property/Effects.pm line 42.
Use of qw(...) as parentheses is deprecated at C:\Perl16\cpan\build\CSS-Prepare-v0.9.2.4-wBeHyW\blib\lib/CSS/Prepare/Property/Formatting.pm line 41.
Use of qw(...) as parentheses is deprecated at C:\Perl16\cpan\build\CSS-Prepare-v0.9.2.4-wBeHyW\blib\lib/CSS/Prepare/Property/Formatting.pm line 79.
Use of qw(...) as parentheses is deprecated at C:\Perl16\cpan\build\CSS-Prepare-v0.9.2.4-wBeHyW\blib\lib/CSS/Prepare/Property/Generated.pm line 43.
Use of qw(...) as parentheses is deprecated at C:\Perl16\cpan\build\CSS-Prepare-v0.9.2.4-wBeHyW\blib\lib/CSS/Prepare/Property/Margin.pm line 42.
Use of qw(...) as parentheses is deprecated at C:\Perl16\cpan\build\CSS-Prepare-v0.9.2.4-wBeHyW\blib\lib/CSS/Prepare/Property/Margin.pm line 78.
Use of qw(...) as parentheses is deprecated at C:\Perl16\cpan\build\CSS-Prepare-v0.9.2.4-wBeHyW\blib\lib/CSS/Prepare/Property/Padding.pm line 42.
Use of qw(...) as parentheses is deprecated at C:\Perl16\cpan\build\CSS-Prepare-v0.9.2.4-wBeHyW\blib\lib/CSS/Prepare/Property/Padding.pm line 78.
defined(@array) is deprecated at C:\Perl16\cpan\build\CSS-Prepare-v0.9.2.4-wBeHyW\blib\lib/CSS/Prepare.pm line 726.
	(Maybe you should just omit the defined()?)
t/04.cp-contain.t ....... ok
Use of qw(...) as parentheses is deprecated at C:\Perl16\cpan\build\CSS-Prepare-v0.9.2.4-wBeHyW\blib\lib/CSS/Prepare/Property/Expansions.pm line 34.
Use of qw(...) as parentheses is deprecated at C:\Perl16\cpan\build\CSS-Prepare-v0.9.2.4-wBeHyW\blib\lib/CSS/Prepare/Property/Expansions.pm line 41.
Use of qw(...) as parentheses is deprecated at C:\Perl16\cpan\build\CSS-Prepare-v0.9.2.4-wBeHyW\blib\lib/CSS/Prepare/Property/Expansions.pm line 45.
Use of qw(...) as parentheses is deprecated at C:\Perl16\cpan\build\CSS-Prepare-v0.9.2.4-wBeHyW\blib\lib/CSS/Prepare/Property/Expansions.pm line 54.
Use of qw(...) as parentheses is deprecated at C:\Perl16\cpan\build\CSS-Prepare-v0.9.2.4-wBeHyW\blib\lib/CSS/Prepare/Property/Expansions.pm line 81.
Use of qw(...) as parentheses is deprecated at C:\Perl16\cpan\build\CSS-Prepare-v0.9.2.4-wBeHyW\blib\lib/CSS/Prepare/Property/Border.pm line 42.
Use of qw(...) as parentheses is deprecated at C:\Perl16\cpan\build\CSS-Prepare-v0.9.2.4-wBeHyW\blib\lib/CSS/Prepare/Property/Border.pm line 194.
Use of qw(...) as parentheses is deprecated at C:\Perl16\cpan\build\CSS-Prepare-v0.9.2.4-wBeHyW\blib\lib/CSS/Prepare/Property/Border.pm line 273.
Use of qw(...) as parentheses is deprecated at C:\Perl16\cpan\build\CSS-Prepare-v0.9.2.4-wBeHyW\blib\lib/CSS/Prepare/Property/Border.pm line 298.
Use of qw(...) as parentheses is deprecated at C:\Perl16\cpan\build\CSS-Prepare-v0.9.2.4-wBeHyW\blib\lib/CSS/Prepare/Property/Border.pm line 333.
Use of qw(...) as parentheses is deprecated at C:\Perl16\cpan\build\CSS-Prepare-v0.9.2.4-wBeHyW\blib\lib/CSS/Prepare/Property/Border.pm line 368.
Use of qw(...) as parentheses is deprecated at C:\Perl16\cpan\build\CSS-Prepare-v0.9.2.4-wBeHyW\blib\lib/CSS/Prepare/Property/Effects.pm line 42.
Use of qw(...) as parentheses is deprecated at C:\Perl16\cpan\build\CSS-Prepare-v0.9.2.4-wBeHyW\blib\lib/CSS/Prepare/Property/Formatting.pm line 41.
Use of qw(...) as parentheses is deprecated at C:\Perl16\cpan\build\CSS-Prepare-v0.9.2.4-wBeHyW\blib\lib/CSS/Prepare/Property/Formatting.pm line 79.
Use of qw(...) as parentheses is deprecated at C:\Perl16\cpan\build\CSS-Prepare-v0.9.2.4-wBeHyW\blib\lib/CSS/Prepare/Property/Generated.pm line 43.
Use of qw(...) as parentheses is deprecated at C:\Perl16\cpan\build\CSS-Prepare-v0.9.2.4-wBeHyW\blib\lib/CSS/Prepare/Property/Margin.pm line 42.
Use of qw(...) as parentheses is deprecated at C:\Perl16\cpan\build\CSS-Prepare-v0.9.2.4-wBeHyW\blib\lib/CSS/Prepare/Property/Margin.pm line 78.
Use of qw(...) as parentheses is deprecated at C:\Perl16\cpan\build\CSS-Prepare-v0.9.2.4-wBeHyW\blib\lib/CSS/Prepare/Property/Padding.pm line 42.
Use of qw(...) as parentheses is deprecated at C:\Perl16\cpan\build\CSS-Prepare-v0.9.2.4-wBeHyW\blib\lib/CSS/Prepare/Property/Padding.pm line 78.
defined(@array) is deprecated at C:\Perl16\cpan\build\CSS-Prepare-v0.9.2.4-wBeHyW\blib\lib/CSS/Prepare.pm line 726.
	(Maybe you should just omit the defined()?)
t/04.cp-opacity.t ....... ok
Use of qw(...) as parentheses is deprecated at C:\Perl16\cpan\build\CSS-Prepare-v0.9.2.4-wBeHyW\blib\lib/CSS/Prepare/Property/Expansions.pm line 34.
Use of qw(...) as parentheses is deprecated at C:\Perl16\cpan\build\CSS-Prepare-v0.9.2.4-wBeHyW\blib\lib/CSS/Prepare/Property/Expansions.pm line 41.
Use of qw(...) as parentheses is deprecated at C:\Perl16\cpan\build\CSS-Prepare-v0.9.2.4-wBeHyW\blib\lib/CSS/Prepare/Property/Expansions.pm line 45.
Use of qw(...) as parentheses is deprecated at C:\Perl16\cpan\build\CSS-Prepare-v0.9.2.4-wBeHyW\blib\lib/CSS/Prepare/Property/Expansions.pm line 54.
Use of qw(...) as parentheses is deprecated at C:\Perl16\cpan\build\CSS-Prepare-v0.9.2.4-wBeHyW\blib\lib/CSS/Prepare/Property/Expansions.pm line 81.
Use of qw(...) as parentheses is deprecated at C:\Perl16\cpan\build\CSS-Prepare-v0.9.2.4-wBeHyW\blib\lib/CSS/Prepare/Property/Border.pm line 42.
Use of qw(...) as parentheses is deprecated at C:\Perl16\cpan\build\CSS-Prepare-v0.9.2.4-wBeHyW\blib\lib/CSS/Prepare/Property/Border.pm line 194.
Use of qw(...) as parentheses is deprecated at C:\Perl16\cpan\build\CSS-Prepare-v0.9.2.4-wBeHyW\blib\lib/CSS/Prepare/Property/Border.pm line 273.
Use of qw(...) as parentheses is deprecated at C:\Perl16\cpan\build\CSS-Prepare-v0.9.2.4-wBeHyW\blib\lib/CSS/Prepare/Property/Border.pm line 298.
Use of qw(...) as parentheses is deprecated at C:\Perl16\cpan\build\CSS-Prepare-v0.9.2.4-wBeHyW\blib\lib/CSS/Prepare/Property/Border.pm line 333.
Use of qw(...) as parentheses is deprecated at C:\Perl16\cpan\build\CSS-Prepare-v0.9.2.4-wBeHyW\blib\lib/CSS/Prepare/Property/Border.pm line 368.
Use of qw(...) as parentheses is deprecated at C:\Perl16\cpan\build\CSS-Prepare-v0.9.2.4-wBeHyW\blib\lib/CSS/Prepare/Property/Effects.pm line 42.
Use of qw(...) as parentheses is deprecated at C:\Perl16\cpan\build\CSS-Prepare-v0.9.2.4-wBeHyW\blib\lib/CSS/Prepare/Property/Formatting.pm line 41.
Use of qw(...) as parentheses is deprecated at C:\Perl16\cpan\build\CSS-Prepare-v0.9.2.4-wBeHyW\blib\lib/CSS/Prepare/Property/Formatting.pm line 79.
Use of qw(...) as parentheses is deprecated at C:\Perl16\cpan\build\CSS-Prepare-v0.9.2.4-wBeHyW\blib\lib/CSS/Prepare/Property/Generated.pm line 43.
Use of qw(...) as parentheses is deprecated at C:\Perl16\cpan\build\CSS-Prepare-v0.9.2.4-wBeHyW\blib\lib/CSS/Prepare/Property/Margin.pm line 42.
Use of qw(...) as parentheses is deprecated at C:\Perl16\cpan\build\CSS-Prepare-v0.9.2.4-wBeHyW\blib\lib/CSS/Prepare/Property/Margin.pm line 78.
Use of qw(...) as parentheses is deprecated at C:\Perl16\cpan\build\CSS-Prepare-v0.9.2.4-wBeHyW\blib\lib/CSS/Prepare/Property/Padding.pm line 42.
Use of qw(...) as parentheses is deprecated at C:\Perl16\cpan\build\CSS-Prepare-v0.9.2.4-wBeHyW\blib\lib/CSS/Prepare/Property/Padding.pm line 78.
defined(@array) is deprecated at C:\Perl16\cpan\build\CSS-Prepare-v0.9.2.4-wBeHyW\blib\lib/CSS/Prepare.pm line 726.
	(Maybe you should just omit the defined()?)
t/04.effects.t .......... ok
Use of qw(...) as parentheses is deprecated at C:\Perl16\cpan\build\CSS-Prepare-v0.9.2.4-wBeHyW\blib\lib/CSS/Prepare/Property/Expansions.pm line 34.
Use of qw(...) as parentheses is deprecated at C:\Perl16\cpan\build\CSS-Prepare-v0.9.2.4-wBeHyW\blib\lib/CSS/Prepare/Property/Expansions.pm line 41.
Use of qw(...) as parentheses is deprecated at C:\Perl16\cpan\build\CSS-Prepare-v0.9.2.4-wBeHyW\blib\lib/CSS/Prepare/Property/Expansions.pm line 45.
Use of qw(...) as parentheses is deprecated at C:\Perl16\cpan\build\CSS-Prepare-v0.9.2.4-wBeHyW\blib\lib/CSS/Prepare/Property/Expansions.pm line 54.
Use of qw(...) as parentheses is deprecated at C:\Perl16\cpan\build\CSS-Prepare-v0.9.2.4-wBeHyW\blib\lib/CSS/Prepare/Property/Expansions.pm line 81.
Use of qw(...) as parentheses is deprecated at C:\Perl16\cpan\build\CSS-Prepare-v0.9.2.4-wBeHyW\blib\lib/CSS/Prepare/Property/Border.pm line 42.
Use of qw(...) as parentheses is deprecated at C:\Perl16\cpan\build\CSS-Prepare-v0.9.2.4-wBeHyW\blib\lib/CSS/Prepare/Property/Border.pm line 194.
Use of qw(...) as parentheses is deprecated at C:\Perl16\cpan\build\CSS-Prepare-v0.9.2.4-wBeHyW\blib\lib/CSS/Prepare/Property/Border.pm line 273.
Use of qw(...) as parentheses is deprecated at C:\Perl16\cpan\build\CSS-Prepare-v0.9.2.4-wBeHyW\blib\lib/CSS/Prepare/Property/Border.pm line 298.
Use of qw(...) as parentheses is deprecated at C:\Perl16\cpan\build\CSS-Prepare-v0.9.2.4-wBeHyW\blib\lib/CSS/Prepare/Property/Border.pm line 333.
Use of qw(...) as parentheses is deprecated at C:\Perl16\cpan\build\CSS-Prepare-v0.9.2.4-wBeHyW\blib\lib/CSS/Prepare/Property/Border.pm line 368.
Use of qw(...) as parentheses is deprecated at C:\Perl16\cpan\build\CSS-Prepare-v0.9.2.4-wBeHyW\blib\lib/CSS/Prepare/Property/Effects.pm line 42.
Use of qw(...) as parentheses is deprecated at C:\Perl16\cpan\build\CSS-Prepare-v0.9.2.4-wBeHyW\blib\lib/CSS/Prepare/Property/Formatting.pm line 41.
Use of qw(...) as parentheses is deprecated at C:\Perl16\cpan\build\CSS-Prepare-v0.9.2.4-wBeHyW\blib\lib/CSS/Prepare/Property/Formatting.pm line 79.
Use of qw(...) as parentheses is deprecated at C:\Perl16\cpan\build\CSS-Prepare-v0.9.2.4-wBeHyW\blib\lib/CSS/Prepare/Property/Generated.pm line 43.
Use of qw(...) as parentheses is deprecated at C:\Perl16\cpan\build\CSS-Prepare-v0.9.2.4-wBeHyW\blib\lib/CSS/Prepare/Property/Margin.pm line 42.
Use of qw(...) as parentheses is deprecated at C:\Perl16\cpan\build\CSS-Prepare-v0.9.2.4-wBeHyW\blib\lib/CSS/Prepare/Property/Margin.pm line 78.
Use of qw(...) as parentheses is deprecated at C:\Perl16\cpan\build\CSS-Prepare-v0.9.2.4-wBeHyW\blib\lib/CSS/Prepare/Property/Padding.pm line 42.
Use of qw(...) as parentheses is deprecated at C:\Perl16\cpan\build\CSS-Prepare-v0.9.2.4-wBeHyW\blib\lib/CSS/Prepare/Property/Padding.pm line 78.
defined(@array) is deprecated at C:\Perl16\cpan\build\CSS-Prepare-v0.9.2.4-wBeHyW\blib\lib/CSS/Prepare.pm line 726.
	(Maybe you should just omit the defined()?)
t/04.font.t ............. ok
Use of qw(...) as parentheses is deprecated at C:\Perl16\cpan\build\CSS-Prepare-v0.9.2.4-wBeHyW\blib\lib/CSS/Prepare/Property/Expansions.pm line 34.
Use of qw(...) as parentheses is deprecated at C:\Perl16\cpan\build\CSS-Prepare-v0.9.2.4-wBeHyW\blib\lib/CSS/Prepare/Property/Expansions.pm line 41.
Use of qw(...) as parentheses is deprecated at C:\Perl16\cpan\build\CSS-Prepare-v0.9.2.4-wBeHyW\blib\lib/CSS/Prepare/Property/Expansions.pm line 45.
Use of qw(...) as parentheses is deprecated at C:\Perl16\cpan\build\CSS-Prepare-v0.9.2.4-wBeHyW\blib\lib/CSS/Prepare/Property/Expansions.pm line 54.
Use of qw(...) as parentheses is deprecated at C:\Perl16\cpan\build\CSS-Prepare-v0.9.2.4-wBeHyW\blib\lib/CSS/Prepare/Property/Expansions.pm line 81.
Use of qw(...) as parentheses is deprecated at C:\Perl16\cpan\build\CSS-Prepare-v0.9.2.4-wBeHyW\blib\lib/CSS/Prepare/Property/Border.pm line 42.
Use of qw(...) as parentheses is deprecated at C:\Perl16\cpan\build\CSS-Prepare-v0.9.2.4-wBeHyW\blib\lib/CSS/Prepare/Property/Border.pm line 194.
Use of qw(...) as parentheses is deprecated at C:\Perl16\cpan\build\CSS-Prepare-v0.9.2.4-wBeHyW\blib\lib/CSS/Prepare/Property/Border.pm line 273.
Use of qw(...) as parentheses is deprecated at C:\Perl16\cpan\build\CSS-Prepare-v0.9.2.4-wBeHyW\blib\lib/CSS/Prepare/Property/Border.pm line 298.
Use of qw(...) as parentheses is deprecated at C:\Perl16\cpan\build\CSS-Prepare-v0.9.2.4-wBeHyW\blib\lib/CSS/Prepare/Property/Border.pm line 333.
Use of qw(...) as parentheses is deprecated at C:\Perl16\cpan\build\CSS-Prepare-v0.9.2.4-wBeHyW\blib\lib/CSS/Prepare/Property/Border.pm line 368.
Use of qw(...) as parentheses is deprecated at C:\Perl16\cpan\build\CSS-Prepare-v0.9.2.4-wBeHyW\blib\lib/CSS/Prepare/Property/Effects.pm line 42.
Use of qw(...) as parentheses is deprecated at C:\Perl16\cpan\build\CSS-Prepare-v0.9.2.4-wBeHyW\blib\lib/CSS/Prepare/Property/Formatting.pm line 41.
Use of qw(...) as parentheses is deprecated at C:\Perl16\cpan\build\CSS-Prepare-v0.9.2.4-wBeHyW\blib\lib/CSS/Prepare/Property/Formatting.pm line 79.
Use of qw(...) as parentheses is deprecated at C:\Perl16\cpan\build\CSS-Prepare-v0.9.2.4-wBeHyW\blib\lib/CSS/Prepare/Property/Generated.pm line 43.
Use of qw(...) as parentheses is deprecated at C:\Perl16\cpan\build\CSS-Prepare-v0.9.2.4-wBeHyW\blib\lib/CSS/Prepare/Property/Margin.pm line 42.
Use of qw(...) as parentheses is deprecated at C:\Perl16\cpan\build\CSS-Prepare-v0.9.2.4-wBeHyW\blib\lib/CSS/Prepare/Property/Margin.pm line 78.
Use of qw(...) as parentheses is deprecated at C:\Perl16\cpan\build\CSS-Prepare-v0.9.2.4-wBeHyW\blib\lib/CSS/Prepare/Property/Padding.pm line 42.
Use of qw(...) as parentheses is deprecated at C:\Perl16\cpan\build\CSS-Prepare-v0.9.2.4-wBeHyW\blib\lib/CSS/Prepare/Property/Padding.pm line 78.
defined(@array) is deprecated at C:\Perl16\cpan\build\CSS-Prepare-v0.9.2.4-wBeHyW\blib\lib/CSS/Prepare.pm line 726.
	(Maybe you should just omit the defined()?)
t/04.formatting.t ....... ok
Use of qw(...) as parentheses is deprecated at C:\Perl16\cpan\build\CSS-Prepare-v0.9.2.4-wBeHyW\blib\lib/CSS/Prepare/Property/Expansions.pm line 34.
Use of qw(...) as parentheses is deprecated at C:\Perl16\cpan\build\CSS-Prepare-v0.9.2.4-wBeHyW\blib\lib/CSS/Prepare/Property/Expansions.pm line 41.
Use of qw(...) as parentheses is deprecated at C:\Perl16\cpan\build\CSS-Prepare-v0.9.2.4-wBeHyW\blib\lib/CSS/Prepare/Property/Expansions.pm line 45.
Use of qw(...) as parentheses is deprecated at C:\Perl16\cpan\build\CSS-Prepare-v0.9.2.4-wBeHyW\blib\lib/CSS/Prepare/Property/Expansions.pm line 54.
Use of qw(...) as parentheses is deprecated at C:\Perl16\cpan\build\CSS-Prepare-v0.9.2.4-wBeHyW\blib\lib/CSS/Prepare/Property/Expansions.pm line 81.
Use of qw(...) as parentheses is deprecated at C:\Perl16\cpan\build\CSS-Prepare-v0.9.2.4-wBeHyW\blib\lib/CSS/Prepare/Property/Border.pm line 42.
Use of qw(...) as parentheses is deprecated at C:\Perl16\cpan\build\CSS-Prepare-v0.9.2.4-wBeHyW\blib\lib/CSS/Prepare/Property/Border.pm line 194.
Use of qw(...) as parentheses is deprecated at C:\Perl16\cpan\build\CSS-Prepare-v0.9.2.4-wBeHyW\blib\lib/CSS/Prepare/Property/Border.pm line 273.
Use of qw(...) as parentheses is deprecated at C:\Perl16\cpan\build\CSS-Prepare-v0.9.2.4-wBeHyW\blib\lib/CSS/Prepare/Property/Border.pm line 298.
Use of qw(...) as parentheses is deprecated at C:\Perl16\cpan\build\CSS-Prepare-v0.9.2.4-wBeHyW\blib\lib/CSS/Prepare/Property/Border.pm line 333.
Use of qw(...) as parentheses is deprecated at C:\Perl16\cpan\build\CSS-Prepare-v0.9.2.4-wBeHyW\blib\lib/CSS/Prepare/Property/Border.pm line 368.
Use of qw(...) as parentheses is deprecated at C:\Perl16\cpan\build\CSS-Prepare-v0.9.2.4-wBeHyW\blib\lib/CSS/Prepare/Property/Effects.pm line 42.
Use of qw(...) as parentheses is deprecated at C:\Perl16\cpan\build\CSS-Prepare-v0.9.2.4-wBeHyW\blib\lib/CSS/Prepare/Property/Formatting.pm line 41.
Use of qw(...) as parentheses is deprecated at C:\Perl16\cpan\build\CSS-Prepare-v0.9.2.4-wBeHyW\blib\lib/CSS/Prepare/Property/Formatting.pm line 79.
Use of qw(...) as parentheses is deprecated at C:\Perl16\cpan\build\CSS-Prepare-v0.9.2.4-wBeHyW\blib\lib/CSS/Prepare/Property/Generated.pm line 43.
Use of qw(...) as parentheses is deprecated at C:\Perl16\cpan\build\CSS-Prepare-v0.9.2.4-wBeHyW\blib\lib/CSS/Prepare/Property/Margin.pm line 42.
Use of qw(...) as parentheses is deprecated at C:\Perl16\cpan\build\CSS-Prepare-v0.9.2.4-wBeHyW\blib\lib/CSS/Prepare/Property/Margin.pm line 78.
Use of qw(...) as parentheses is deprecated at C:\Perl16\cpan\build\CSS-Prepare-v0.9.2.4-wBeHyW\blib\lib/CSS/Prepare/Property/Padding.pm line 42.
Use of qw(...) as parentheses is deprecated at C:\Perl16\cpan\build\CSS-Prepare-v0.9.2.4-wBeHyW\blib\lib/CSS/Prepare/Property/Padding.pm line 78.
defined(@array) is deprecated at C:\Perl16\cpan\build\CSS-Prepare-v0.9.2.4-wBeHyW\blib\lib/CSS/Prepare.pm line 726.
	(Maybe you should just omit the defined()?)
t/04.generated.t ........ ok
Use of qw(...) as parentheses is deprecated at C:\Perl16\cpan\build\CSS-Prepare-v0.9.2.4-wBeHyW\blib\lib/CSS/Prepare/Property/Expansions.pm line 34.
Use of qw(...) as parentheses is deprecated at C:\Perl16\cpan\build\CSS-Prepare-v0.9.2.4-wBeHyW\blib\lib/CSS/Prepare/Property/Expansions.pm line 41.
Use of qw(...) as parentheses is deprecated at C:\Perl16\cpan\build\CSS-Prepare-v0.9.2.4-wBeHyW\blib\lib/CSS/Prepare/Property/Expansions.pm line 45.
Use of qw(...) as parentheses is deprecated at C:\Perl16\cpan\build\CSS-Prepare-v0.9.2.4-wBeHyW\blib\lib/CSS/Prepare/Property/Expansions.pm line 54.
Use of qw(...) as parentheses is deprecated at C:\Perl16\cpan\build\CSS-Prepare-v0.9.2.4-wBeHyW\blib\lib/CSS/Prepare/Property/Expansions.pm line 81.
Use of qw(...) as parentheses is deprecated at C:\Perl16\cpan\build\CSS-Prepare-v0.9.2.4-wBeHyW\blib\lib/CSS/Prepare/Property/Border.pm line 42.
Use of qw(...) as parentheses is deprecated at C:\Perl16\cpan\build\CSS-Prepare-v0.9.2.4-wBeHyW\blib\lib/CSS/Prepare/Property/Border.pm line 194.
Use of qw(...) as parentheses is deprecated at C:\Perl16\cpan\build\CSS-Prepare-v0.9.2.4-wBeHyW\blib\lib/CSS/Prepare/Property/Border.pm line 273.
Use of qw(...) as parentheses is deprecated at C:\Perl16\cpan\build\CSS-Prepare-v0.9.2.4-wBeHyW\blib\lib/CSS/Prepare/Property/Border.pm line 298.
Use of qw(...) as parentheses is deprecated at C:\Perl16\cpan\build\CSS-Prepare-v0.9.2.4-wBeHyW\blib\lib/CSS/Prepare/Property/Border.pm line 333.
Use of qw(...) as parentheses is deprecated at C:\Perl16\cpan\build\CSS-Prepare-v0.9.2.4-wBeHyW\blib\lib/CSS/Prepare/Property/Border.pm line 368.
Use of qw(...) as parentheses is deprecated at C:\Perl16\cpan\build\CSS-Prepare-v0.9.2.4-wBeHyW\blib\lib/CSS/Prepare/Property/Effects.pm line 42.
Use of qw(...) as parentheses is deprecated at C:\Perl16\cpan\build\CSS-Prepare-v0.9.2.4-wBeHyW\blib\lib/CSS/Prepare/Property/Formatting.pm line 41.
Use of qw(...) as parentheses is deprecated at C:\Perl16\cpan\build\CSS-Prepare-v0.9.2.4-wBeHyW\blib\lib/CSS/Prepare/Property/Formatting.pm line 79.
Use of qw(...) as parentheses is deprecated at C:\Perl16\cpan\build\CSS-Prepare-v0.9.2.4-wBeHyW\blib\lib/CSS/Prepare/Property/Generated.pm line 43.
Use of qw(...) as parentheses is deprecated at C:\Perl16\cpan\build\CSS-Prepare-v0.9.2.4-wBeHyW\blib\lib/CSS/Prepare/Property/Margin.pm line 42.
Use of qw(...) as parentheses is deprecated at C:\Perl16\cpan\build\CSS-Prepare-v0.9.2.4-wBeHyW\blib\lib/CSS/Prepare/Property/Margin.pm line 78.
Use of qw(...) as parentheses is deprecated at C:\Perl16\cpan\build\CSS-Prepare-v0.9.2.4-wBeHyW\blib\lib/CSS/Prepare/Property/Padding.pm line 42.
Use of qw(...) as parentheses is deprecated at C:\Perl16\cpan\build\CSS-Prepare-v0.9.2.4-wBeHyW\blib\lib/CSS/Prepare/Property/Padding.pm line 78.
defined(@array) is deprecated at C:\Perl16\cpan\build\CSS-Prepare-v0.9.2.4-wBeHyW\blib\lib/CSS/Prepare.pm line 726.
	(Maybe you should just omit the defined()?)
t/04.hacks.t ............ ok
Use of qw(...) as parentheses is deprecated at C:\Perl16\cpan\build\CSS-Prepare-v0.9.2.4-wBeHyW\blib\lib/CSS/Prepare/Property/Expansions.pm line 34.
Use of qw(...) as parentheses is deprecated at C:\Perl16\cpan\build\CSS-Prepare-v0.9.2.4-wBeHyW\blib\lib/CSS/Prepare/Property/Expansions.pm line 41.
Use of qw(...) as parentheses is deprecated at C:\Perl16\cpan\build\CSS-Prepare-v0.9.2.4-wBeHyW\blib\lib/CSS/Prepare/Property/Expansions.pm line 45.
Use of qw(...) as parentheses is deprecated at C:\Perl16\cpan\build\CSS-Prepare-v0.9.2.4-wBeHyW\blib\lib/CSS/Prepare/Property/Expansions.pm line 54.
Use of qw(...) as parentheses is deprecated at C:\Perl16\cpan\build\CSS-Prepare-v0.9.2.4-wBeHyW\blib\lib/CSS/Prepare/Property/Expansions.pm line 81.
Use of qw(...) as parentheses is deprecated at C:\Perl16\cpan\build\CSS-Prepare-v0.9.2.4-wBeHyW\blib\lib/CSS/Prepare/Property/Border.pm line 42.
Use of qw(...) as parentheses is deprecated at C:\Perl16\cpan\build\CSS-Prepare-v0.9.2.4-wBeHyW\blib\lib/CSS/Prepare/Property/Border.pm line 194.
Use of qw(...) as parentheses is deprecated at C:\Perl16\cpan\build\CSS-Prepare-v0.9.2.4-wBeHyW\blib\lib/CSS/Prepare/Property/Border.pm line 273.
Use of qw(...) as parentheses is deprecated at C:\Perl16\cpan\build\CSS-Prepare-v0.9.2.4-wBeHyW\blib\lib/CSS/Prepare/Property/Border.pm line 298.
Use of qw(...) as parentheses is deprecated at C:\Perl16\cpan\build\CSS-Prepare-v0.9.2.4-wBeHyW\blib\lib/CSS/Prepare/Property/Border.pm line 333.
Use of qw(...) as parentheses is deprecated at C:\Perl16\cpan\build\CSS-Prepare-v0.9.2.4-wBeHyW\blib\lib/CSS/Prepare/Property/Border.pm line 368.
Use of qw(...) as parentheses is deprecated at C:\Perl16\cpan\build\CSS-Prepare-v0.9.2.4-wBeHyW\blib\lib/CSS/Prepare/Property/Effects.pm line 42.
Use of qw(...) as parentheses is deprecated at C:\Perl16\cpan\build\CSS-Prepare-v0.9.2.4-wBeHyW\blib\lib/CSS/Prepare/Property/Formatting.pm line 41.
Use of qw(...) as parentheses is deprecated at C:\Perl16\cpan\build\CSS-Prepare-v0.9.2.4-wBeHyW\blib\lib/CSS/Prepare/Property/Formatting.pm line 79.
Use of qw(...) as parentheses is deprecated at C:\Perl16\cpan\build\CSS-Prepare-v0.9.2.4-wBeHyW\blib\lib/CSS/Prepare/Property/Generated.pm line 43.
Use of qw(...) as parentheses is deprecated at C:\Perl16\cpan\build\CSS-Prepare-v0.9.2.4-wBeHyW\blib\lib/CSS/Prepare/Property/Margin.pm line 42.
Use of qw(...) as parentheses is deprecated at C:\Perl16\cpan\build\CSS-Prepare-v0.9.2.4-wBeHyW\blib\lib/CSS/Prepare/Property/Margin.pm line 78.
Use of qw(...) as parentheses is deprecated at C:\Perl16\cpan\build\CSS-Prepare-v0.9.2.4-wBeHyW\blib\lib/CSS/Prepare/Property/Padding.pm line 42.
Use of qw(...) as parentheses is deprecated at C:\Perl16\cpan\build\CSS-Prepare-v0.9.2.4-wBeHyW\blib\lib/CSS/Prepare/Property/Padding.pm line 78.
defined(@array) is deprecated at C:\Perl16\cpan\build\CSS-Prepare-v0.9.2.4-wBeHyW\blib\lib/CSS/Prepare.pm line 726.
	(Maybe you should just omit the defined()?)
t/04.margin.t ........... ok
Use of qw(...) as parentheses is deprecated at C:\Perl16\cpan\build\CSS-Prepare-v0.9.2.4-wBeHyW\blib\lib/CSS/Prepare/Property/Expansions.pm line 34.
Use of qw(...) as parentheses is deprecated at C:\Perl16\cpan\build\CSS-Prepare-v0.9.2.4-wBeHyW\blib\lib/CSS/Prepare/Property/Expansions.pm line 41.
Use of qw(...) as parentheses is deprecated at C:\Perl16\cpan\build\CSS-Prepare-v0.9.2.4-wBeHyW\blib\lib/CSS/Prepare/Property/Expansions.pm line 45.
Use of qw(...) as parentheses is deprecated at C:\Perl16\cpan\build\CSS-Prepare-v0.9.2.4-wBeHyW\blib\lib/CSS/Prepare/Property/Expansions.pm line 54.
Use of qw(...) as parentheses is deprecated at C:\Perl16\cpan\build\CSS-Prepare-v0.9.2.4-wBeHyW\blib\lib/CSS/Prepare/Property/Expansions.pm line 81.
Use of qw(...) as parentheses is deprecated at C:\Perl16\cpan\build\CSS-Prepare-v0.9.2.4-wBeHyW\blib\lib/CSS/Prepare/Property/Border.pm line 42.
Use of qw(...) as parentheses is deprecated at C:\Perl16\cpan\build\CSS-Prepare-v0.9.2.4-wBeHyW\blib\lib/CSS/Prepare/Property/Border.pm line 194.
Use of qw(...) as parentheses is deprecated at C:\Perl16\cpan\build\CSS-Prepare-v0.9.2.4-wBeHyW\blib\lib/CSS/Prepare/Property/Border.pm line 273.
Use of qw(...) as parentheses is deprecated at C:\Perl16\cpan\build\CSS-Prepare-v0.9.2.4-wBeHyW\blib\lib/CSS/Prepare/Property/Border.pm line 298.
Use of qw(...) as parentheses is deprecated at C:\Perl16\cpan\build\CSS-Prepare-v0.9.2.4-wBeHyW\blib\lib/CSS/Prepare/Property/Border.pm line 333.
Use of qw(...) as parentheses is deprecated at C:\Perl16\cpan\build\CSS-Prepare-v0.9.2.4-wBeHyW\blib\lib/CSS/Prepare/Property/Border.pm line 368.
Use of qw(...) as parentheses is deprecated at C:\Perl16\cpan\build\CSS-Prepare-v0.9.2.4-wBeHyW\blib\lib/CSS/Prepare/Property/Effects.pm line 42.
Use of qw(...) as parentheses is deprecated at C:\Perl16\cpan\build\CSS-Prepare-v0.9.2.4-wBeHyW\blib\lib/CSS/Prepare/Property/Formatting.pm line 41.
Use of qw(...) as parentheses is deprecated at C:\Perl16\cpan\build\CSS-Prepare-v0.9.2.4-wBeHyW\blib\lib/CSS/Prepare/Property/Formatting.pm line 79.
Use of qw(...) as parentheses is deprecated at C:\Perl16\cpan\build\CSS-Prepare-v0.9.2.4-wBeHyW\blib\lib/CSS/Prepare/Property/Generated.pm line 43.
Use of qw(...) as parentheses is deprecated at C:\Perl16\cpan\build\CSS-Prepare-v0.9.2.4-wBeHyW\blib\lib/CSS/Prepare/Property/Margin.pm line 42.
Use of qw(...) as parentheses is deprecated at C:\Perl16\cpan\build\CSS-Prepare-v0.9.2.4-wBeHyW\blib\lib/CSS/Prepare/Property/Margin.pm line 78.
Use of qw(...) as parentheses is deprecated at C:\Perl16\cpan\build\CSS-Prepare-v0.9.2.4-wBeHyW\blib\lib/CSS/Prepare/Property/Padding.pm line 42.
Use of qw(...) as parentheses is deprecated at C:\Perl16\cpan\build\CSS-Prepare-v0.9.2.4-wBeHyW\blib\lib/CSS/Prepare/Property/Padding.pm line 78.
defined(@array) is deprecated at C:\Perl16\cpan\build\CSS-Prepare-v0.9.2.4-wBeHyW\blib\lib/CSS/Prepare.pm line 726.
	(Maybe you should just omit the defined()?)
t/04.padding.t .......... ok
Use of qw(...) as parentheses is deprecated at C:\Perl16\cpan\build\CSS-Prepare-v0.9.2.4-wBeHyW\blib\lib/CSS/Prepare/Property/Expansions.pm line 34.
Use of qw(...) as parentheses is deprecated at C:\Perl16\cpan\build\CSS-Prepare-v0.9.2.4-wBeHyW\blib\lib/CSS/Prepare/Property/Expansions.pm line 41.
Use of qw(...) as parentheses is deprecated at C:\Perl16\cpan\build\CSS-Prepare-v0.9.2.4-wBeHyW\blib\lib/CSS/Prepare/Property/Expansions.pm line 45.
Use of qw(...) as parentheses is deprecated at C:\Perl16\cpan\build\CSS-Prepare-v0.9.2.4-wBeHyW\blib\lib/CSS/Prepare/Property/Expansions.pm line 54.
Use of qw(...) as parentheses is deprecated at C:\Perl16\cpan\build\CSS-Prepare-v0.9.2.4-wBeHyW\blib\lib/CSS/Prepare/Property/Expansions.pm line 81.
Use of qw(...) as parentheses is deprecated at C:\Perl16\cpan\build\CSS-Prepare-v0.9.2.4-wBeHyW\blib\lib/CSS/Prepare/Property/Border.pm line 42.
Use of qw(...) as parentheses is deprecated at C:\Perl16\cpan\build\CSS-Prepare-v0.9.2.4-wBeHyW\blib\lib/CSS/Prepare/Property/Border.pm line 194.
Use of qw(...) as parentheses is deprecated at C:\Perl16\cpan\build\CSS-Prepare-v0.9.2.4-wBeHyW\blib\lib/CSS/Prepare/Property/Border.pm line 273.
Use of qw(...) as parentheses is deprecated at C:\Perl16\cpan\build\CSS-Prepare-v0.9.2.4-wBeHyW\blib\lib/CSS/Prepare/Property/Border.pm line 298.
Use of qw(...) as parentheses is deprecated at C:\Perl16\cpan\build\CSS-Prepare-v0.9.2.4-wBeHyW\blib\lib/CSS/Prepare/Property/Border.pm line 333.
Use of qw(...) as parentheses is deprecated at C:\Perl16\cpan\build\CSS-Prepare-v0.9.2.4-wBeHyW\blib\lib/CSS/Prepare/Property/Border.pm line 368.
Use of qw(...) as parentheses is deprecated at C:\Perl16\cpan\build\CSS-Prepare-v0.9.2.4-wBeHyW\blib\lib/CSS/Prepare/Property/Effects.pm line 42.
Use of qw(...) as parentheses is deprecated at C:\Perl16\cpan\build\CSS-Prepare-v0.9.2.4-wBeHyW\blib\lib/CSS/Prepare/Property/Formatting.pm line 41.
Use of qw(...) as parentheses is deprecated at C:\Perl16\cpan\build\CSS-Prepare-v0.9.2.4-wBeHyW\blib\lib/CSS/Prepare/Property/Formatting.pm line 79.
Use of qw(...) as parentheses is deprecated at C:\Perl16\cpan\build\CSS-Prepare-v0.9.2.4-wBeHyW\blib\lib/CSS/Prepare/Property/Generated.pm line 43.
Use of qw(...) as parentheses is deprecated at C:\Perl16\cpan\build\CSS-Prepare-v0.9.2.4-wBeHyW\blib\lib/CSS/Prepare/Property/Margin.pm line 42.
Use of qw(...) as parentheses is deprecated at C:\Perl16\cpan\build\CSS-Prepare-v0.9.2.4-wBeHyW\blib\lib/CSS/Prepare/Property/Margin.pm line 78.
Use of qw(...) as parentheses is deprecated at C:\Perl16\cpan\build\CSS-Prepare-v0.9.2.4-wBeHyW\blib\lib/CSS/Prepare/Property/Padding.pm line 42.
Use of qw(...) as parentheses is deprecated at C:\Perl16\cpan\build\CSS-Prepare-v0.9.2.4-wBeHyW\blib\lib/CSS/Prepare/Property/Padding.pm line 78.
defined(@array) is deprecated at C:\Perl16\cpan\build\CSS-Prepare-v0.9.2.4-wBeHyW\blib\lib/CSS/Prepare.pm line 726.
	(Maybe you should just omit the defined()?)
t/04.tables.t ........... ok
Use of qw(...) as parentheses is deprecated at C:\Perl16\cpan\build\CSS-Prepare-v0.9.2.4-wBeHyW\blib\lib/CSS/Prepare/Property/Expansions.pm line 34.
Use of qw(...) as parentheses is deprecated at C:\Perl16\cpan\build\CSS-Prepare-v0.9.2.4-wBeHyW\blib\lib/CSS/Prepare/Property/Expansions.pm line 41.
Use of qw(...) as parentheses is deprecated at C:\Perl16\cpan\build\CSS-Prepare-v0.9.2.4-wBeHyW\blib\lib/CSS/Prepare/Property/Expansions.pm line 45.
Use of qw(...) as parentheses is deprecated at C:\Perl16\cpan\build\CSS-Prepare-v0.9.2.4-wBeHyW\blib\lib/CSS/Prepare/Property/Expansions.pm line 54.
Use of qw(...) as parentheses is deprecated at C:\Perl16\cpan\build\CSS-Prepare-v0.9.2.4-wBeHyW\blib\lib/CSS/Prepare/Property/Expansions.pm line 81.
Use of qw(...) as parentheses is deprecated at C:\Perl16\cpan\build\CSS-Prepare-v0.9.2.4-wBeHyW\blib\lib/CSS/Prepare/Property/Border.pm line 42.
Use of qw(...) as parentheses is deprecated at C:\Perl16\cpan\build\CSS-Prepare-v0.9.2.4-wBeHyW\blib\lib/CSS/Prepare/Property/Border.pm line 194.
Use of qw(...) as parentheses is deprecated at C:\Perl16\cpan\build\CSS-Prepare-v0.9.2.4-wBeHyW\blib\lib/CSS/Prepare/Property/Border.pm line 273.
Use of qw(...) as parentheses is deprecated at C:\Perl16\cpan\build\CSS-Prepare-v0.9.2.4-wBeHyW\blib\lib/CSS/Prepare/Property/Border.pm line 298.
Use of qw(...) as parentheses is deprecated at C:\Perl16\cpan\build\CSS-Prepare-v0.9.2.4-wBeHyW\blib\lib/CSS/Prepare/Property/Border.pm line 333.
Use of qw(...) as parentheses is deprecated at C:\Perl16\cpan\build\CSS-Prepare-v0.9.2.4-wBeHyW\blib\lib/CSS/Prepare/Property/Border.pm line 368.
Use of qw(...) as parentheses is deprecated at C:\Perl16\cpan\build\CSS-Prepare-v0.9.2.4-wBeHyW\blib\lib/CSS/Prepare/Property/Effects.pm line 42.
Use of qw(...) as parentheses is deprecated at C:\Perl16\cpan\build\CSS-Prepare-v0.9.2.4-wBeHyW\blib\lib/CSS/Prepare/Property/Formatting.pm line 41.
Use of qw(...) as parentheses is deprecated at C:\Perl16\cpan\build\CSS-Prepare-v0.9.2.4-wBeHyW\blib\lib/CSS/Prepare/Property/Formatting.pm line 79.
Use of qw(...) as parentheses is deprecated at C:\Perl16\cpan\build\CSS-Prepare-v0.9.2.4-wBeHyW\blib\lib/CSS/Prepare/Property/Generated.pm line 43.
Use of qw(...) as parentheses is deprecated at C:\Perl16\cpan\build\CSS-Prepare-v0.9.2.4-wBeHyW\blib\lib/CSS/Prepare/Property/Margin.pm line 42.
Use of qw(...) as parentheses is deprecated at C:\Perl16\cpan\build\CSS-Prepare-v0.9.2.4-wBeHyW\blib\lib/CSS/Prepare/Property/Margin.pm line 78.
Use of qw(...) as parentheses is deprecated at C:\Perl16\cpan\build\CSS-Prepare-v0.9.2.4-wBeHyW\blib\lib/CSS/Prepare/Property/Padding.pm line 42.
Use of qw(...) as parentheses is deprecated at C:\Perl16\cpan\build\CSS-Prepare-v0.9.2.4-wBeHyW\blib\lib/CSS/Prepare/Property/Padding.pm line 78.
defined(@array) is deprecated at C:\Perl16\cpan\build\CSS-Prepare-v0.9.2.4-wBeHyW\blib\lib/CSS/Prepare.pm line 726.
	(Maybe you should just omit the defined()?)
t/04.text.t ............. ok
Use of qw(...) as parentheses is deprecated at C:\Perl16\cpan\build\CSS-Prepare-v0.9.2.4-wBeHyW\blib\lib/CSS/Prepare/Property/Expansions.pm line 34.
Use of qw(...) as parentheses is deprecated at C:\Perl16\cpan\build\CSS-Prepare-v0.9.2.4-wBeHyW\blib\lib/CSS/Prepare/Property/Expansions.pm line 41.
Use of qw(...) as parentheses is deprecated at C:\Perl16\cpan\build\CSS-Prepare-v0.9.2.4-wBeHyW\blib\lib/CSS/Prepare/Property/Expansions.pm line 45.
Use of qw(...) as parentheses is deprecated at C:\Perl16\cpan\build\CSS-Prepare-v0.9.2.4-wBeHyW\blib\lib/CSS/Prepare/Property/Expansions.pm line 54.
Use of qw(...) as parentheses is deprecated at C:\Perl16\cpan\build\CSS-Prepare-v0.9.2.4-wBeHyW\blib\lib/CSS/Prepare/Property/Expansions.pm line 81.
Use of qw(...) as parentheses is deprecated at C:\Perl16\cpan\build\CSS-Prepare-v0.9.2.4-wBeHyW\blib\lib/CSS/Prepare/Property/Border.pm line 42.
Use of qw(...) as parentheses is deprecated at C:\Perl16\cpan\build\CSS-Prepare-v0.9.2.4-wBeHyW\blib\lib/CSS/Prepare/Property/Border.pm line 194.
Use of qw(...) as parentheses is deprecated at C:\Perl16\cpan\build\CSS-Prepare-v0.9.2.4-wBeHyW\blib\lib/CSS/Prepare/Property/Border.pm line 273.
Use of qw(...) as parentheses is deprecated at C:\Perl16\cpan\build\CSS-Prepare-v0.9.2.4-wBeHyW\blib\lib/CSS/Prepare/Property/Border.pm line 298.
Use of qw(...) as parentheses is deprecated at C:\Perl16\cpan\build\CSS-Prepare-v0.9.2.4-wBeHyW\blib\lib/CSS/Prepare/Property/Border.pm line 333.
Use of qw(...) as parentheses is deprecated at C:\Perl16\cpan\build\CSS-Prepare-v0.9.2.4-wBeHyW\blib\lib/CSS/Prepare/Property/Border.pm line 368.
Use of qw(...) as parentheses is deprecated at C:\Perl16\cpan\build\CSS-Prepare-v0.9.2.4-wBeHyW\blib\lib/CSS/Prepare/Property/Effects.pm line 42.
Use of qw(...) as parentheses is deprecated at C:\Perl16\cpan\build\CSS-Prepare-v0.9.2.4-wBeHyW\blib\lib/CSS/Prepare/Property/Formatting.pm line 41.
Use of qw(...) as parentheses is deprecated at C:\Perl16\cpan\build\CSS-Prepare-v0.9.2.4-wBeHyW\blib\lib/CSS/Prepare/Property/Formatting.pm line 79.
Use of qw(...) as parentheses is deprecated at C:\Perl16\cpan\build\CSS-Prepare-v0.9.2.4-wBeHyW\blib\lib/CSS/Prepare/Property/Generated.pm line 43.
Use of qw(...) as parentheses is deprecated at C:\Perl16\cpan\build\CSS-Prepare-v0.9.2.4-wBeHyW\blib\lib/CSS/Prepare/Property/Margin.pm line 42.
Use of qw(...) as parentheses is deprecated at C:\Perl16\cpan\build\CSS-Prepare-v0.9.2.4-wBeHyW\blib\lib/CSS/Prepare/Property/Margin.pm line 78.
Use of qw(...) as parentheses is deprecated at C:\Perl16\cpan\build\CSS-Prepare-v0.9.2.4-wBeHyW\blib\lib/CSS/Prepare/Property/Padding.pm line 42.
Use of qw(...) as parentheses is deprecated at C:\Perl16\cpan\build\CSS-Prepare-v0.9.2.4-wBeHyW\blib\lib/CSS/Prepare/Property/Padding.pm line 78.
defined(@array) is deprecated at C:\Perl16\cpan\build\CSS-Prepare-v0.9.2.4-wBeHyW\blib\lib/CSS/Prepare.pm line 726.
	(Maybe you should just omit the defined()?)
t/04.ui.t ............... ok
Use of qw(...) as parentheses is deprecated at C:\Perl16\cpan\build\CSS-Prepare-v0.9.2.4-wBeHyW\blib\lib/CSS/Prepare/Property/Expansions.pm line 34.
Use of qw(...) as parentheses is deprecated at C:\Perl16\cpan\build\CSS-Prepare-v0.9.2.4-wBeHyW\blib\lib/CSS/Prepare/Property/Expansions.pm line 41.
Use of qw(...) as parentheses is deprecated at C:\Perl16\cpan\build\CSS-Prepare-v0.9.2.4-wBeHyW\blib\lib/CSS/Prepare/Property/Expansions.pm line 45.
Use of qw(...) as parentheses is deprecated at C:\Perl16\cpan\build\CSS-Prepare-v0.9.2.4-wBeHyW\blib\lib/CSS/Prepare/Property/Expansions.pm line 54.
Use of qw(...) as parentheses is deprecated at C:\Perl16\cpan\build\CSS-Prepare-v0.9.2.4-wBeHyW\blib\lib/CSS/Prepare/Property/Expansions.pm line 81.
Use of qw(...) as parentheses is deprecated at C:\Perl16\cpan\build\CSS-Prepare-v0.9.2.4-wBeHyW\blib\lib/CSS/Prepare/Property/Border.pm line 42.
Use of qw(...) as parentheses is deprecated at C:\Perl16\cpan\build\CSS-Prepare-v0.9.2.4-wBeHyW\blib\lib/CSS/Prepare/Property/Border.pm line 194.
Use of qw(...) as parentheses is deprecated at C:\Perl16\cpan\build\CSS-Prepare-v0.9.2.4-wBeHyW\blib\lib/CSS/Prepare/Property/Border.pm line 273.
Use of qw(...) as parentheses is deprecated at C:\Perl16\cpan\build\CSS-Prepare-v0.9.2.4-wBeHyW\blib\lib/CSS/Prepare/Property/Border.pm line 298.
Use of qw(...) as parentheses is deprecated at C:\Perl16\cpan\build\CSS-Prepare-v0.9.2.4-wBeHyW\blib\lib/CSS/Prepare/Property/Border.pm line 333.
Use of qw(...) as parentheses is deprecated at C:\Perl16\cpan\build\CSS-Prepare-v0.9.2.4-wBeHyW\blib\lib/CSS/Prepare/Property/Border.pm line 368.
Use of qw(...) as parentheses is deprecated at C:\Perl16\cpan\build\CSS-Prepare-v0.9.2.4-wBeHyW\blib\lib/CSS/Prepare/Property/Effects.pm line 42.
Use of qw(...) as parentheses is deprecated at C:\Perl16\cpan\build\CSS-Prepare-v0.9.2.4-wBeHyW\blib\lib/CSS/Prepare/Property/Formatting.pm line 41.
Use of qw(...) as parentheses is deprecated at C:\Perl16\cpan\build\CSS-Prepare-v0.9.2.4-wBeHyW\blib\lib/CSS/Prepare/Property/Formatting.pm line 79.
Use of qw(...) as parentheses is deprecated at C:\Perl16\cpan\build\CSS-Prepare-v0.9.2.4-wBeHyW\blib\lib/CSS/Prepare/Property/Generated.pm line 43.
Use of qw(...) as parentheses is deprecated at C:\Perl16\cpan\build\CSS-Prepare-v0.9.2.4-wBeHyW\blib\lib/CSS/Prepare/Property/Margin.pm line 42.
Use of qw(...) as parentheses is deprecated at C:\Perl16\cpan\build\CSS-Prepare-v0.9.2.4-wBeHyW\blib\lib/CSS/Prepare/Property/Margin.pm line 78.
Use of qw(...) as parentheses is deprecated at C:\Perl16\cpan\build\CSS-Prepare-v0.9.2.4-wBeHyW\blib\lib/CSS/Prepare/Property/Padding.pm line 42.
Use of qw(...) as parentheses is deprecated at C:\Perl16\cpan\build\CSS-Prepare-v0.9.2.4-wBeHyW\blib\lib/CSS/Prepare/Property/Padding.pm line 78.
defined(@array) is deprecated at C:\Perl16\cpan\build\CSS-Prepare-v0.9.2.4-wBeHyW\blib\lib/CSS/Prepare.pm line 726.
	(Maybe you should just omit the defined()?)
t/04.vendor.t ........... ok
Use of qw(...) as parentheses is deprecated at C:\Perl16\cpan\build\CSS-Prepare-v0.9.2.4-wBeHyW\blib\lib/CSS/Prepare/Property/Expansions.pm line 34.
Use of qw(...) as parentheses is deprecated at C:\Perl16\cpan\build\CSS-Prepare-v0.9.2.4-wBeHyW\blib\lib/CSS/Prepare/Property/Expansions.pm line 41.
Use of qw(...) as parentheses is deprecated at C:\Perl16\cpan\build\CSS-Prepare-v0.9.2.4-wBeHyW\blib\lib/CSS/Prepare/Property/Expansions.pm line 45.
Use of qw(...) as parentheses is deprecated at C:\Perl16\cpan\build\CSS-Prepare-v0.9.2.4-wBeHyW\blib\lib/CSS/Prepare/Property/Expansions.pm line 54.
Use of qw(...) as parentheses is deprecated at C:\Perl16\cpan\build\CSS-Prepare-v0.9.2.4-wBeHyW\blib\lib/CSS/Prepare/Property/Expansions.pm line 81.
Use of qw(...) as parentheses is deprecated at C:\Perl16\cpan\build\CSS-Prepare-v0.9.2.4-wBeHyW\blib\lib/CSS/Prepare/Property/Border.pm line 42.
Use of qw(...) as parentheses is deprecated at C:\Perl16\cpan\build\CSS-Prepare-v0.9.2.4-wBeHyW\blib\lib/CSS/Prepare/Property/Border.pm line 194.
Use of qw(...) as parentheses is deprecated at C:\Perl16\cpan\build\CSS-Prepare-v0.9.2.4-wBeHyW\blib\lib/CSS/Prepare/Property/Border.pm line 273.
Use of qw(...) as parentheses is deprecated at C:\Perl16\cpan\build\CSS-Prepare-v0.9.2.4-wBeHyW\blib\lib/CSS/Prepare/Property/Border.pm line 298.
Use of qw(...) as parentheses is deprecated at C:\Perl16\cpan\build\CSS-Prepare-v0.9.2.4-wBeHyW\blib\lib/CSS/Prepare/Property/Border.pm line 333.
Use of qw(...) as parentheses is deprecated at C:\Perl16\cpan\build\CSS-Prepare-v0.9.2.4-wBeHyW\blib\lib/CSS/Prepare/Property/Border.pm line 368.
Use of qw(...) as parentheses is deprecated at C:\Perl16\cpan\build\CSS-Prepare-v0.9.2.4-wBeHyW\blib\lib/CSS/Prepare/Property/Effects.pm line 42.
Use of qw(...) as parentheses is deprecated at C:\Perl16\cpan\build\CSS-Prepare-v0.9.2.4-wBeHyW\blib\lib/CSS/Prepare/Property/Formatting.pm line 41.
Use of qw(...) as parentheses is deprecated at C:\Perl16\cpan\build\CSS-Prepare-v0.9.2.4-wBeHyW\blib\lib/CSS/Prepare/Property/Formatting.pm line 79.
Use of qw(...) as parentheses is deprecated at C:\Perl16\cpan\build\CSS-Prepare-v0.9.2.4-wBeHyW\blib\lib/CSS/Prepare/Property/Generated.pm line 43.
Use of qw(...) as parentheses is deprecated at C:\Perl16\cpan\build\CSS-Prepare-v0.9.2.4-wBeHyW\blib\lib/CSS/Prepare/Property/Margin.pm line 42.
Use of qw(...) as parentheses is deprecated at C:\Perl16\cpan\build\CSS-Prepare-v0.9.2.4-wBeHyW\blib\lib/CSS/Prepare/Property/Margin.pm line 78.
Use of qw(...) as parentheses is deprecated at C:\Perl16\cpan\build\CSS-Prepare-v0.9.2.4-wBeHyW\blib\lib/CSS/Prepare/Property/Padding.pm line 42.
Use of qw(...) as parentheses is deprecated at C:\Perl16\cpan\build\CSS-Prepare-v0.9.2.4-wBeHyW\blib\lib/CSS/Prepare/Property/Padding.pm line 78.
defined(@array) is deprecated at C:\Perl16\cpan\build\CSS-Prepare-v0.9.2.4-wBeHyW\blib\lib/CSS/Prepare.pm line 726.
	(Maybe you should just omit the defined()?)
t/05.basic.t ............ ok
Use of qw(...) as parentheses is deprecated at C:\Perl16\cpan\build\CSS-Prepare-v0.9.2.4-wBeHyW\blib\lib/CSS/Prepare/Property/Expansions.pm line 34.
Use of qw(...) as parentheses is deprecated at C:\Perl16\cpan\build\CSS-Prepare-v0.9.2.4-wBeHyW\blib\lib/CSS/Prepare/Property/Expansions.pm line 41.
Use of qw(...) as parentheses is deprecated at C:\Perl16\cpan\build\CSS-Prepare-v0.9.2.4-wBeHyW\blib\lib/CSS/Prepare/Property/Expansions.pm line 45.
Use of qw(...) as parentheses is deprecated at C:\Perl16\cpan\build\CSS-Prepare-v0.9.2.4-wBeHyW\blib\lib/CSS/Prepare/Property/Expansions.pm line 54.
Use of qw(...) as parentheses is deprecated at C:\Perl16\cpan\build\CSS-Prepare-v0.9.2.4-wBeHyW\blib\lib/CSS/Prepare/Property/Expansions.pm line 81.
Use of qw(...) as parentheses is deprecated at C:\Perl16\cpan\build\CSS-Prepare-v0.9.2.4-wBeHyW\blib\lib/CSS/Prepare/Property/Border.pm line 42.
Use of qw(...) as parentheses is deprecated at C:\Perl16\cpan\build\CSS-Prepare-v0.9.2.4-wBeHyW\blib\lib/CSS/Prepare/Property/Border.pm line 194.
Use of qw(...) as parentheses is deprecated at C:\Perl16\cpan\build\CSS-Prepare-v0.9.2.4-wBeHyW\blib\lib/CSS/Prepare/Property/Border.pm line 273.
Use of qw(...) as parentheses is deprecated at C:\Perl16\cpan\build\CSS-Prepare-v0.9.2.4-wBeHyW\blib\lib/CSS/Prepare/Property/Border.pm line 298.
Use of qw(...) as parentheses is deprecated at C:\Perl16\cpan\build\CSS-Prepare-v0.9.2.4-wBeHyW\blib\lib/CSS/Prepare/Property/Border.pm line 333.
Use of qw(...) as parentheses is deprecated at C:\Perl16\cpan\build\CSS-Prepare-v0.9.2.4-wBeHyW\blib\lib/CSS/Prepare/Property/Border.pm line 368.
Use of qw(...) as parentheses is deprecated at C:\Perl16\cpan\build\CSS-Prepare-v0.9.2.4-wBeHyW\blib\lib/CSS/Prepare/Property/Effects.pm line 42.
Use of qw(...) as parentheses is deprecated at C:\Perl16\cpan\build\CSS-Prepare-v0.9.2.4-wBeHyW\blib\lib/CSS/Prepare/Property/Formatting.pm line 41.
Use of qw(...) as parentheses is deprecated at C:\Perl16\cpan\build\CSS-Prepare-v0.9.2.4-wBeHyW\blib\lib/CSS/Prepare/Property/Formatting.pm line 79.
Use of qw(...) as parentheses is deprecated at C:\Perl16\cpan\build\CSS-Prepare-v0.9.2.4-wBeHyW\blib\lib/CSS/Prepare/Property/Generated.pm line 43.
Use of qw(...) as parentheses is deprecated at C:\Perl16\cpan\build\CSS-Prepare-v0.9.2.4-wBeHyW\blib\lib/CSS/Prepare/Property/Margin.pm line 42.
Use of qw(...) as parentheses is deprecated at C:\Perl16\cpan\build\CSS-Prepare-v0.9.2.4-wBeHyW\blib\lib/CSS/Prepare/Property/Margin.pm line 78.
Use of qw(...) as parentheses is deprecated at C:\Perl16\cpan\build\CSS-Prepare-v0.9.2.4-wBeHyW\blib\lib/CSS/Prepare/Property/Padding.pm line 42.
Use of qw(...) as parentheses is deprecated at C:\Perl16\cpan\build\CSS-Prepare-v0.9.2.4-wBeHyW\blib\lib/CSS/Prepare/Property/Padding.pm line 78.
defined(@array) is deprecated at C:\Perl16\cpan\build\CSS-Prepare-v0.9.2.4-wBeHyW\blib\lib/CSS/Prepare.pm line 726.
	(Maybe you should just omit the defined()?)
t/05.combining.t ........ ok
Use of qw(...) as parentheses is deprecated at C:\Perl16\cpan\build\CSS-Prepare-v0.9.2.4-wBeHyW\blib\lib/CSS/Prepare/Property/Expansions.pm line 34.
Use of qw(...) as parentheses is deprecated at C:\Perl16\cpan\build\CSS-Prepare-v0.9.2.4-wBeHyW\blib\lib/CSS/Prepare/Property/Expansions.pm line 41.
Use of qw(...) as parentheses is deprecated at C:\Perl16\cpan\build\CSS-Prepare-v0.9.2.4-wBeHyW\blib\lib/CSS/Prepare/Property/Expansions.pm line 45.
Use of qw(...) as parentheses is deprecated at C:\Perl16\cpan\build\CSS-Prepare-v0.9.2.4-wBeHyW\blib\lib/CSS/Prepare/Property/Expansions.pm line 54.
Use of qw(...) as parentheses is deprecated at C:\Perl16\cpan\build\CSS-Prepare-v0.9.2.4-wBeHyW\blib\lib/CSS/Prepare/Property/Expansions.pm line 81.
Use of qw(...) as parentheses is deprecated at C:\Perl16\cpan\build\CSS-Prepare-v0.9.2.4-wBeHyW\blib\lib/CSS/Prepare/Property/Border.pm line 42.
Use of qw(...) as parentheses is deprecated at C:\Perl16\cpan\build\CSS-Prepare-v0.9.2.4-wBeHyW\blib\lib/CSS/Prepare/Property/Border.pm line 194.
Use of qw(...) as parentheses is deprecated at C:\Perl16\cpan\build\CSS-Prepare-v0.9.2.4-wBeHyW\blib\lib/CSS/Prepare/Property/Border.pm line 273.
Use of qw(...) as parentheses is deprecated at C:\Perl16\cpan\build\CSS-Prepare-v0.9.2.4-wBeHyW\blib\lib/CSS/Prepare/Property/Border.pm line 298.
Use of qw(...) as parentheses is deprecated at C:\Perl16\cpan\build\CSS-Prepare-v0.9.2.4-wBeHyW\blib\lib/CSS/Prepare/Property/Border.pm line 333.
Use of qw(...) as parentheses is deprecated at C:\Perl16\cpan\build\CSS-Prepare-v0.9.2.4-wBeHyW\blib\lib/CSS/Prepare/Property/Border.pm line 368.
Use of qw(...) as parentheses is deprecated at C:\Perl16\cpan\build\CSS-Prepare-v0.9.2.4-wBeHyW\blib\lib/CSS/Prepare/Property/Effects.pm line 42.
Use of qw(...) as parentheses is deprecated at C:\Perl16\cpan\build\CSS-Prepare-v0.9.2.4-wBeHyW\blib\lib/CSS/Prepare/Property/Formatting.pm line 41.
Use of qw(...) as parentheses is deprecated at C:\Perl16\cpan\build\CSS-Prepare-v0.9.2.4-wBeHyW\blib\lib/CSS/Prepare/Property/Formatting.pm line 79.
Use of qw(...) as parentheses is deprecated at C:\Perl16\cpan\build\CSS-Prepare-v0.9.2.4-wBeHyW\blib\lib/CSS/Prepare/Property/Generated.pm line 43.
Use of qw(...) as parentheses is deprecated at C:\Perl16\cpan\build\CSS-Prepare-v0.9.2.4-wBeHyW\blib\lib/CSS/Prepare/Property/Margin.pm line 42.
Use of qw(...) as parentheses is deprecated at C:\Perl16\cpan\build\CSS-Prepare-v0.9.2.4-wBeHyW\blib\lib/CSS/Prepare/Property/Margin.pm line 78.
Use of qw(...) as parentheses is deprecated at C:\Perl16\cpan\build\CSS-Prepare-v0.9.2.4-wBeHyW\blib\lib/CSS/Prepare/Property/Padding.pm line 42.
Use of qw(...) as parentheses is deprecated at C:\Perl16\cpan\build\CSS-Prepare-v0.9.2.4-wBeHyW\blib\lib/CSS/Prepare/Property/Padding.pm line 78.
defined(@array) is deprecated at C:\Perl16\cpan\build\CSS-Prepare-v0.9.2.4-wBeHyW\blib\lib/CSS/Prepare.pm line 726.
	(Maybe you should just omit the defined()?)
t/05.files.t ............ ok
Use of qw(...) as parentheses is deprecated at C:\Perl16\cpan\build\CSS-Prepare-v0.9.2.4-wBeHyW\blib\lib/CSS/Prepare/Property/Expansions.pm line 34.
Use of qw(...) as parentheses is deprecated at C:\Perl16\cpan\build\CSS-Prepare-v0.9.2.4-wBeHyW\blib\lib/CSS/Prepare/Property/Expansions.pm line 41.
Use of qw(...) as parentheses is deprecated at C:\Perl16\cpan\build\CSS-Prepare-v0.9.2.4-wBeHyW\blib\lib/CSS/Prepare/Property/Expansions.pm line 45.
Use of qw(...) as parentheses is deprecated at C:\Perl16\cpan\build\CSS-Prepare-v0.9.2.4-wBeHyW\blib\lib/CSS/Prepare/Property/Expansions.pm line 54.
Use of qw(...) as parentheses is deprecated at C:\Perl16\cpan\build\CSS-Prepare-v0.9.2.4-wBeHyW\blib\lib/CSS/Prepare/Property/Expansions.pm line 81.
Use of qw(...) as parentheses is deprecated at C:\Perl16\cpan\build\CSS-Prepare-v0.9.2.4-wBeHyW\blib\lib/CSS/Prepare/Property/Border.pm line 42.
Use of qw(...) as parentheses is deprecated at C:\Perl16\cpan\build\CSS-Prepare-v0.9.2.4-wBeHyW\blib\lib/CSS/Prepare/Property/Border.pm line 194.
Use of qw(...) as parentheses is deprecated at C:\Perl16\cpan\build\CSS-Prepare-v0.9.2.4-wBeHyW\blib\lib/CSS/Prepare/Property/Border.pm line 273.
Use of qw(...) as parentheses is deprecated at C:\Perl16\cpan\build\CSS-Prepare-v0.9.2.4-wBeHyW\blib\lib/CSS/Prepare/Property/Border.pm line 298.
Use of qw(...) as parentheses is deprecated at C:\Perl16\cpan\build\CSS-Prepare-v0.9.2.4-wBeHyW\blib\lib/CSS/Prepare/Property/Border.pm line 333.
Use of qw(...) as parentheses is deprecated at C:\Perl16\cpan\build\CSS-Prepare-v0.9.2.4-wBeHyW\blib\lib/CSS/Prepare/Property/Border.pm line 368.
Use of qw(...) as parentheses is deprecated at C:\Perl16\cpan\build\CSS-Prepare-v0.9.2.4-wBeHyW\blib\lib/CSS/Prepare/Property/Effects.pm line 42.
Use of qw(...) as parentheses is deprecated at C:\Perl16\cpan\build\CSS-Prepare-v0.9.2.4-wBeHyW\blib\lib/CSS/Prepare/Property/Formatting.pm line 41.
Use of qw(...) as parentheses is deprecated at C:\Perl16\cpan\build\CSS-Prepare-v0.9.2.4-wBeHyW\blib\lib/CSS/Prepare/Property/Formatting.pm line 79.
Use of qw(...) as parentheses is deprecated at C:\Perl16\cpan\build\CSS-Prepare-v0.9.2.4-wBeHyW\blib\lib/CSS/Prepare/Property/Generated.pm line 43.
Use of qw(...) as parentheses is deprecated at C:\Perl16\cpan\build\CSS-Prepare-v0.9.2.4-wBeHyW\blib\lib/CSS/Prepare/Property/Margin.pm line 42.
Use of qw(...) as parentheses is deprecated at C:\Perl16\cpan\build\CSS-Prepare-v0.9.2.4-wBeHyW\blib\lib/CSS/Prepare/Property/Margin.pm line 78.
Use of qw(...) as parentheses is deprecated at C:\Perl16\cpan\build\CSS-Prepare-v0.9.2.4-wBeHyW\blib\lib/CSS/Prepare/Property/Padding.pm line 42.
Use of qw(...) as parentheses is deprecated at C:\Perl16\cpan\build\CSS-Prepare-v0.9.2.4-wBeHyW\blib\lib/CSS/Prepare/Property/Padding.pm line 78.
defined(@array) is deprecated at C:\Perl16\cpan\build\CSS-Prepare-v0.9.2.4-wBeHyW\blib\lib/CSS/Prepare.pm line 726.
	(Maybe you should just omit the defined()?)
t/05.yui-fonts.t ........ ok
Use of qw(...) as parentheses is deprecated at C:\Perl16\cpan\build\CSS-Prepare-v0.9.2.4-wBeHyW\blib\lib/CSS/Prepare/Property/Expansions.pm line 34.
Use of qw(...) as parentheses is deprecated at C:\Perl16\cpan\build\CSS-Prepare-v0.9.2.4-wBeHyW\blib\lib/CSS/Prepare/Property/Expansions.pm line 41.
Use of qw(...) as parentheses is deprecated at C:\Perl16\cpan\build\CSS-Prepare-v0.9.2.4-wBeHyW\blib\lib/CSS/Prepare/Property/Expansions.pm line 45.
Use of qw(...) as parentheses is deprecated at C:\Perl16\cpan\build\CSS-Prepare-v0.9.2.4-wBeHyW\blib\lib/CSS/Prepare/Property/Expansions.pm line 54.
Use of qw(...) as parentheses is deprecated at C:\Perl16\cpan\build\CSS-Prepare-v0.9.2.4-wBeHyW\blib\lib/CSS/Prepare/Property/Expansions.pm line 81.
Use of qw(...) as parentheses is deprecated at C:\Perl16\cpan\build\CSS-Prepare-v0.9.2.4-wBeHyW\blib\lib/CSS/Prepare/Property/Border.pm line 42.
Use of qw(...) as parentheses is deprecated at C:\Perl16\cpan\build\CSS-Prepare-v0.9.2.4-wBeHyW\blib\lib/CSS/Prepare/Property/Border.pm line 194.
Use of qw(...) as parentheses is deprecated at C:\Perl16\cpan\build\CSS-Prepare-v0.9.2.4-wBeHyW\blib\lib/CSS/Prepare/Property/Border.pm line 273.
Use of qw(...) as parentheses is deprecated at C:\Perl16\cpan\build\CSS-Prepare-v0.9.2.4-wBeHyW\blib\lib/CSS/Prepare/Property/Border.pm line 298.
Use of qw(...) as parentheses is deprecated at C:\Perl16\cpan\build\CSS-Prepare-v0.9.2.4-wBeHyW\blib\lib/CSS/Prepare/Property/Border.pm line 333.
Use of qw(...) as parentheses is deprecated at C:\Perl16\cpan\build\CSS-Prepare-v0.9.2.4-wBeHyW\blib\lib/CSS/Prepare/Property/Border.pm line 368.
Use of qw(...) as parentheses is deprecated at C:\Perl16\cpan\build\CSS-Prepare-v0.9.2.4-wBeHyW\blib\lib/CSS/Prepare/Property/Effects.pm line 42.
Use of qw(...) as parentheses is deprecated at C:\Perl16\cpan\build\CSS-Prepare-v0.9.2.4-wBeHyW\blib\lib/CSS/Prepare/Property/Formatting.pm line 41.
Use of qw(...) as parentheses is deprecated at C:\Perl16\cpan\build\CSS-Prepare-v0.9.2.4-wBeHyW\blib\lib/CSS/Prepare/Property/Formatting.pm line 79.
Use of qw(...) as parentheses is deprecated at C:\Perl16\cpan\build\CSS-Prepare-v0.9.2.4-wBeHyW\blib\lib/CSS/Prepare/Property/Generated.pm line 43.
Use of qw(...) as parentheses is deprecated at C:\Perl16\cpan\build\CSS-Prepare-v0.9.2.4-wBeHyW\blib\lib/CSS/Prepare/Property/Margin.pm line 42.
Use of qw(...) as parentheses is deprecated at C:\Perl16\cpan\build\CSS-Prepare-v0.9.2.4-wBeHyW\blib\lib/CSS/Prepare/Property/Margin.pm line 78.
Use of qw(...) as parentheses is deprecated at C:\Perl16\cpan\build\CSS-Prepare-v0.9.2.4-wBeHyW\blib\lib/CSS/Prepare/Property/Padding.pm line 42.
Use of qw(...) as parentheses is deprecated at C:\Perl16\cpan\build\CSS-Prepare-v0.9.2.4-wBeHyW\blib\lib/CSS/Prepare/Property/Padding.pm line 78.
defined(@array) is deprecated at C:\Perl16\cpan\build\CSS-Prepare-v0.9.2.4-wBeHyW\blib\lib/CSS/Prepare.pm line 726.
	(Maybe you should just omit the defined()?)
t/05.yui-grids.t ........ ok
Use of qw(...) as parentheses is deprecated at C:\Perl16\cpan\build\CSS-Prepare-v0.9.2.4-wBeHyW\blib\lib/CSS/Prepare/Property/Expansions.pm line 34.
Use of qw(...) as parentheses is deprecated at C:\Perl16\cpan\build\CSS-Prepare-v0.9.2.4-wBeHyW\blib\lib/CSS/Prepare/Property/Expansions.pm line 41.
Use of qw(...) as parentheses is deprecated at C:\Perl16\cpan\build\CSS-Prepare-v0.9.2.4-wBeHyW\blib\lib/CSS/Prepare/Property/Expansions.pm line 45.
Use of qw(...) as parentheses is deprecated at C:\Perl16\cpan\build\CSS-Prepare-v0.9.2.4-wBeHyW\blib\lib/CSS/Prepare/Property/Expansions.pm line 54.
Use of qw(...) as parentheses is deprecated at C:\Perl16\cpan\build\CSS-Prepare-v0.9.2.4-wBeHyW\blib\lib/CSS/Prepare/Property/Expansions.pm line 81.
Use of qw(...) as parentheses is deprecated at C:\Perl16\cpan\build\CSS-Prepare-v0.9.2.4-wBeHyW\blib\lib/CSS/Prepare/Property/Border.pm line 42.
Use of qw(...) as parentheses is deprecated at C:\Perl16\cpan\build\CSS-Prepare-v0.9.2.4-wBeHyW\blib\lib/CSS/Prepare/Property/Border.pm line 194.
Use of qw(...) as parentheses is deprecated at C:\Perl16\cpan\build\CSS-Prepare-v0.9.2.4-wBeHyW\blib\lib/CSS/Prepare/Property/Border.pm line 273.
Use of qw(...) as parentheses is deprecated at C:\Perl16\cpan\build\CSS-Prepare-v0.9.2.4-wBeHyW\blib\lib/CSS/Prepare/Property/Border.pm line 298.
Use of qw(...) as parentheses is deprecated at C:\Perl16\cpan\build\CSS-Prepare-v0.9.2.4-wBeHyW\blib\lib/CSS/Prepare/Property/Border.pm line 333.
Use of qw(...) as parentheses is deprecated at C:\Perl16\cpan\build\CSS-Prepare-v0.9.2.4-wBeHyW\blib\lib/CSS/Prepare/Property/Border.pm line 368.
Use of qw(...) as parentheses is deprecated at C:\Perl16\cpan\build\CSS-Prepare-v0.9.2.4-wBeHyW\blib\lib/CSS/Prepare/Property/Effects.pm line 42.
Use of qw(...) as parentheses is deprecated at C:\Perl16\cpan\build\CSS-Prepare-v0.9.2.4-wBeHyW\blib\lib/CSS/Prepare/Property/Formatting.pm line 41.
Use of qw(...) as parentheses is deprecated at C:\Perl16\cpan\build\CSS-Prepare-v0.9.2.4-wBeHyW\blib\lib/CSS/Prepare/Property/Formatting.pm line 79.
Use of qw(...) as parentheses is deprecated at C:\Perl16\cpan\build\CSS-Prepare-v0.9.2.4-wBeHyW\blib\lib/CSS/Prepare/Property/Generated.pm line 43.
Use of qw(...) as parentheses is deprecated at C:\Perl16\cpan\build\CSS-Prepare-v0.9.2.4-wBeHyW\blib\lib/CSS/Prepare/Property/Margin.pm line 42.
Use of qw(...) as parentheses is deprecated at C:\Perl16\cpan\build\CSS-Prepare-v0.9.2.4-wBeHyW\blib\lib/CSS/Prepare/Property/Margin.pm line 78.
Use of qw(...) as parentheses is deprecated at C:\Perl16\cpan\build\CSS-Prepare-v0.9.2.4-wBeHyW\blib\lib/CSS/Prepare/Property/Padding.pm line 42.
Use of qw(...) as parentheses is deprecated at C:\Perl16\cpan\build\CSS-Prepare-v0.9.2.4-wBeHyW\blib\lib/CSS/Prepare/Property/Padding.pm line 78.
defined(@array) is deprecated at C:\Perl16\cpan\build\CSS-Prepare-v0.9.2.4-wBeHyW\blib\lib/CSS/Prepare.pm line 726.
	(Maybe you should just omit the defined()?)
t/05.yui-reset.t ........ ok
Use of qw(...) as parentheses is deprecated at C:\Perl16\cpan\build\CSS-Prepare-v0.9.2.4-wBeHyW\blib\lib/CSS/Prepare/Property/Expansions.pm line 34.
Use of qw(...) as parentheses is deprecated at C:\Perl16\cpan\build\CSS-Prepare-v0.9.2.4-wBeHyW\blib\lib/CSS/Prepare/Property/Expansions.pm line 41.
Use of qw(...) as parentheses is deprecated at C:\Perl16\cpan\build\CSS-Prepare-v0.9.2.4-wBeHyW\blib\lib/CSS/Prepare/Property/Expansions.pm line 45.
Use of qw(...) as parentheses is deprecated at C:\Perl16\cpan\build\CSS-Prepare-v0.9.2.4-wBeHyW\blib\lib/CSS/Prepare/Property/Expansions.pm line 54.
Use of qw(...) as parentheses is deprecated at C:\Perl16\cpan\build\CSS-Prepare-v0.9.2.4-wBeHyW\blib\lib/CSS/Prepare/Property/Expansions.pm line 81.
Use of qw(...) as parentheses is deprecated at C:\Perl16\cpan\build\CSS-Prepare-v0.9.2.4-wBeHyW\blib\lib/CSS/Prepare/Property/Border.pm line 42.
Use of qw(...) as parentheses is deprecated at C:\Perl16\cpan\build\CSS-Prepare-v0.9.2.4-wBeHyW\blib\lib/CSS/Prepare/Property/Border.pm line 194.
Use of qw(...) as parentheses is deprecated at C:\Perl16\cpan\build\CSS-Prepare-v0.9.2.4-wBeHyW\blib\lib/CSS/Prepare/Property/Border.pm line 273.
Use of qw(...) as parentheses is deprecated at C:\Perl16\cpan\build\CSS-Prepare-v0.9.2.4-wBeHyW\blib\lib/CSS/Prepare/Property/Border.pm line 298.
Use of qw(...) as parentheses is deprecated at C:\Perl16\cpan\build\CSS-Prepare-v0.9.2.4-wBeHyW\blib\lib/CSS/Prepare/Property/Border.pm line 333.
Use of qw(...) as parentheses is deprecated at C:\Perl16\cpan\build\CSS-Prepare-v0.9.2.4-wBeHyW\blib\lib/CSS/Prepare/Property/Border.pm line 368.
Use of qw(...) as parentheses is deprecated at C:\Perl16\cpan\build\CSS-Prepare-v0.9.2.4-wBeHyW\blib\lib/CSS/Prepare/Property/Effects.pm line 42.
Use of qw(...) as parentheses is deprecated at C:\Perl16\cpan\build\CSS-Prepare-v0.9.2.4-wBeHyW\blib\lib/CSS/Prepare/Property/Formatting.pm line 41.
Use of qw(...) as parentheses is deprecated at C:\Perl16\cpan\build\CSS-Prepare-v0.9.2.4-wBeHyW\blib\lib/CSS/Prepare/Property/Formatting.pm line 79.
Use of qw(...) as parentheses is deprecated at C:\Perl16\cpan\build\CSS-Prepare-v0.9.2.4-wBeHyW\blib\lib/CSS/Prepare/Property/Generated.pm line 43.
Use of qw(...) as parentheses is deprecated at C:\Perl16\cpan\build\CSS-Prepare-v0.9.2.4-wBeHyW\blib\lib/CSS/Prepare/Property/Margin.pm line 42.
Use of qw(...) as parentheses is deprecated at C:\Perl16\cpan\build\CSS-Prepare-v0.9.2.4-wBeHyW\blib\lib/CSS/Prepare/Property/Margin.pm line 78.
Use of qw(...) as parentheses is deprecated at C:\Perl16\cpan\build\CSS-Prepare-v0.9.2.4-wBeHyW\blib\lib/CSS/Prepare/Property/Padding.pm line 42.
Use of qw(...) as parentheses is deprecated at C:\Perl16\cpan\build\CSS-Prepare-v0.9.2.4-wBeHyW\blib\lib/CSS/Prepare/Property/Padding.pm line 78.
defined(@array) is deprecated at C:\Perl16\cpan\build\CSS-Prepare-v0.9.2.4-wBeHyW\blib\lib/CSS/Prepare.pm line 726.
	(Maybe you should just omit the defined()?)
t/06.basic.t ............ ok
Use of qw(...) as parentheses is deprecated at C:\Perl16\cpan\build\CSS-Prepare-v0.9.2.4-wBeHyW\blib\lib/CSS/Prepare/Property/Expansions.pm line 34.
Use of qw(...) as parentheses is deprecated at C:\Perl16\cpan\build\CSS-Prepare-v0.9.2.4-wBeHyW\blib\lib/CSS/Prepare/Property/Expansions.pm line 41.
Use of qw(...) as parentheses is deprecated at C:\Perl16\cpan\build\CSS-Prepare-v0.9.2.4-wBeHyW\blib\lib/CSS/Prepare/Property/Expansions.pm line 45.
Use of qw(...) as parentheses is deprecated at C:\Perl16\cpan\build\CSS-Prepare-v0.9.2.4-wBeHyW\blib\lib/CSS/Prepare/Property/Expansions.pm line 54.
Use of qw(...) as parentheses is deprecated at C:\Perl16\cpan\build\CSS-Prepare-v0.9.2.4-wBeHyW\blib\lib/CSS/Prepare/Property/Expansions.pm line 81.
Use of qw(...) as parentheses is deprecated at C:\Perl16\cpan\build\CSS-Prepare-v0.9.2.4-wBeHyW\blib\lib/CSS/Prepare/Property/Border.pm line 42.
Use of qw(...) as parentheses is deprecated at C:\Perl16\cpan\build\CSS-Prepare-v0.9.2.4-wBeHyW\blib\lib/CSS/Prepare/Property/Border.pm line 194.
Use of qw(...) as parentheses is deprecated at C:\Perl16\cpan\build\CSS-Prepare-v0.9.2.4-wBeHyW\blib\lib/CSS/Prepare/Property/Border.pm line 273.
Use of qw(...) as parentheses is deprecated at C:\Perl16\cpan\build\CSS-Prepare-v0.9.2.4-wBeHyW\blib\lib/CSS/Prepare/Property/Border.pm line 298.
Use of qw(...) as parentheses is deprecated at C:\Perl16\cpan\build\CSS-Prepare-v0.9.2.4-wBeHyW\blib\lib/CSS/Prepare/Property/Border.pm line 333.
Use of qw(...) as parentheses is deprecated at C:\Perl16\cpan\build\CSS-Prepare-v0.9.2.4-wBeHyW\blib\lib/CSS/Prepare/Property/Border.pm line 368.
Use of qw(...) as parentheses is deprecated at C:\Perl16\cpan\build\CSS-Prepare-v0.9.2.4-wBeHyW\blib\lib/CSS/Prepare/Property/Effects.pm line 42.
Use of qw(...) as parentheses is deprecated at C:\Perl16\cpan\build\CSS-Prepare-v0.9.2.4-wBeHyW\blib\lib/CSS/Prepare/Property/Formatting.pm line 41.
Use of qw(...) as parentheses is deprecated at C:\Perl16\cpan\build\CSS-Prepare-v0.9.2.4-wBeHyW\blib\lib/CSS/Prepare/Property/Formatting.pm line 79.
Use of qw(...) as parentheses is deprecated at C:\Perl16\cpan\build\CSS-Prepare-v0.9.2.4-wBeHyW\blib\lib/CSS/Prepare/Property/Generated.pm line 43.
Use of qw(...) as parentheses is deprecated at C:\Perl16\cpan\build\CSS-Prepare-v0.9.2.4-wBeHyW\blib\lib/CSS/Prepare/Property/Margin.pm line 42.
Use of qw(...) as parentheses is deprecated at C:\Perl16\cpan\build\CSS-Prepare-v0.9.2.4-wBeHyW\blib\lib/CSS/Prepare/Property/Margin.pm line 78.
Use of qw(...) as parentheses is deprecated at C:\Perl16\cpan\build\CSS-Prepare-v0.9.2.4-wBeHyW\blib\lib/CSS/Prepare/Property/Padding.pm line 42.
Use of qw(...) as parentheses is deprecated at C:\Perl16\cpan\build\CSS-Prepare-v0.9.2.4-wBeHyW\blib\lib/CSS/Prepare/Property/Padding.pm line 78.
defined(@array) is deprecated at C:\Perl16\cpan\build\CSS-Prepare-v0.9.2.4-wBeHyW\blib\lib/CSS/Prepare.pm line 726.
	(Maybe you should just omit the defined()?)
t/06.combining.t ........ ok
Use of qw(...) as parentheses is deprecated at C:\Perl16\cpan\build\CSS-Prepare-v0.9.2.4-wBeHyW\blib\lib/CSS/Prepare/Property/Expansions.pm line 34.
Use of qw(...) as parentheses is deprecated at C:\Perl16\cpan\build\CSS-Prepare-v0.9.2.4-wBeHyW\blib\lib/CSS/Prepare/Property/Expansions.pm line 41.
Use of qw(...) as parentheses is deprecated at C:\Perl16\cpan\build\CSS-Prepare-v0.9.2.4-wBeHyW\blib\lib/CSS/Prepare/Property/Expansions.pm line 45.
Use of qw(...) as parentheses is deprecated at C:\Perl16\cpan\build\CSS-Prepare-v0.9.2.4-wBeHyW\blib\lib/CSS/Prepare/Property/Expansions.pm line 54.
Use of qw(...) as parentheses is deprecated at C:\Perl16\cpan\build\CSS-Prepare-v0.9.2.4-wBeHyW\blib\lib/CSS/Prepare/Property/Expansions.pm line 81.
Use of qw(...) as parentheses is deprecated at C:\Perl16\cpan\build\CSS-Prepare-v0.9.2.4-wBeHyW\blib\lib/CSS/Prepare/Property/Border.pm line 42.
Use of qw(...) as parentheses is deprecated at C:\Perl16\cpan\build\CSS-Prepare-v0.9.2.4-wBeHyW\blib\lib/CSS/Prepare/Property/Border.pm line 194.
Use of qw(...) as parentheses is deprecated at C:\Perl16\cpan\build\CSS-Prepare-v0.9.2.4-wBeHyW\blib\lib/CSS/Prepare/Property/Border.pm line 273.
Use of qw(...) as parentheses is deprecated at C:\Perl16\cpan\build\CSS-Prepare-v0.9.2.4-wBeHyW\blib\lib/CSS/Prepare/Property/Border.pm line 298.
Use of qw(...) as parentheses is deprecated at C:\Perl16\cpan\build\CSS-Prepare-v0.9.2.4-wBeHyW\blib\lib/CSS/Prepare/Property/Border.pm line 333.
Use of qw(...) as parentheses is deprecated at C:\Perl16\cpan\build\CSS-Prepare-v0.9.2.4-wBeHyW\blib\lib/CSS/Prepare/Property/Border.pm line 368.
Use of qw(...) as parentheses is deprecated at C:\Perl16\cpan\build\CSS-Prepare-v0.9.2.4-wBeHyW\blib\lib/CSS/Prepare/Property/Effects.pm line 42.
Use of qw(...) as parentheses is deprecated at C:\Perl16\cpan\build\CSS-Prepare-v0.9.2.4-wBeHyW\blib\lib/CSS/Prepare/Property/Formatting.pm line 41.
Use of qw(...) as parentheses is deprecated at C:\Perl16\cpan\build\CSS-Prepare-v0.9.2.4-wBeHyW\blib\lib/CSS/Prepare/Property/Formatting.pm line 79.
Use of qw(...) as parentheses is deprecated at C:\Perl16\cpan\build\CSS-Prepare-v0.9.2.4-wBeHyW\blib\lib/CSS/Prepare/Property/Generated.pm line 43.
Use of qw(...) as parentheses is deprecated at C:\Perl16\cpan\build\CSS-Prepare-v0.9.2.4-wBeHyW\blib\lib/CSS/Prepare/Property/Margin.pm line 42.
Use of qw(...) as parentheses is deprecated at C:\Perl16\cpan\build\CSS-Prepare-v0.9.2.4-wBeHyW\blib\lib/CSS/Prepare/Property/Margin.pm line 78.
Use of qw(...) as parentheses is deprecated at C:\Perl16\cpan\build\CSS-Prepare-v0.9.2.4-wBeHyW\blib\lib/CSS/Prepare/Property/Padding.pm line 42.
Use of qw(...) as parentheses is deprecated at C:\Perl16\cpan\build\CSS-Prepare-v0.9.2.4-wBeHyW\blib\lib/CSS/Prepare/Property/Padding.pm line 78.
defined(@array) is deprecated at C:\Perl16\cpan\build\CSS-Prepare-v0.9.2.4-wBeHyW\blib\lib/CSS/Prepare.pm line 726.
	(Maybe you should just omit the defined()?)
t/06.files.t ............ ok
Use of qw(...) as parentheses is deprecated at C:\Perl16\cpan\build\CSS-Prepare-v0.9.2.4-wBeHyW\blib\lib/CSS/Prepare/Property/Expansions.pm line 34.
Use of qw(...) as parentheses is deprecated at C:\Perl16\cpan\build\CSS-Prepare-v0.9.2.4-wBeHyW\blib\lib/CSS/Prepare/Property/Expansions.pm line 41.
Use of qw(...) as parentheses is deprecated at C:\Perl16\cpan\build\CSS-Prepare-v0.9.2.4-wBeHyW\blib\lib/CSS/Prepare/Property/Expansions.pm line 45.
Use of qw(...) as parentheses is deprecated at C:\Perl16\cpan\build\CSS-Prepare-v0.9.2.4-wBeHyW\blib\lib/CSS/Prepare/Property/Expansions.pm line 54.
Use of qw(...) as parentheses is deprecated at C:\Perl16\cpan\build\CSS-Prepare-v0.9.2.4-wBeHyW\blib\lib/CSS/Prepare/Property/Expansions.pm line 81.
Use of qw(...) as parentheses is deprecated at C:\Perl16\cpan\build\CSS-Prepare-v0.9.2.4-wBeHyW\blib\lib/CSS/Prepare/Property/Border.pm line 42.
Use of qw(...) as parentheses is deprecated at C:\Perl16\cpan\build\CSS-Prepare-v0.9.2.4-wBeHyW\blib\lib/CSS/Prepare/Property/Border.pm line 194.
Use of qw(...) as parentheses is deprecated at C:\Perl16\cpan\build\CSS-Prepare-v0.9.2.4-wBeHyW\blib\lib/CSS/Prepare/Property/Border.pm line 273.
Use of qw(...) as parentheses is deprecated at C:\Perl16\cpan\build\CSS-Prepare-v0.9.2.4-wBeHyW\blib\lib/CSS/Prepare/Property/Border.pm line 298.
Use of qw(...) as parentheses is deprecated at C:\Perl16\cpan\build\CSS-Prepare-v0.9.2.4-wBeHyW\blib\lib/CSS/Prepare/Property/Border.pm line 333.
Use of qw(...) as parentheses is deprecated at C:\Perl16\cpan\build\CSS-Prepare-v0.9.2.4-wBeHyW\blib\lib/CSS/Prepare/Property/Border.pm line 368.
Use of qw(...) as parentheses is deprecated at C:\Perl16\cpan\build\CSS-Prepare-v0.9.2.4-wBeHyW\blib\lib/CSS/Prepare/Property/Effects.pm line 42.
Use of qw(...) as parentheses is deprecated at C:\Perl16\cpan\build\CSS-Prepare-v0.9.2.4-wBeHyW\blib\lib/CSS/Prepare/Property/Formatting.pm line 41.
Use of qw(...) as parentheses is deprecated at C:\Perl16\cpan\build\CSS-Prepare-v0.9.2.4-wBeHyW\blib\lib/CSS/Prepare/Property/Formatting.pm line 79.
Use of qw(...) as parentheses is deprecated at C:\Perl16\cpan\build\CSS-Prepare-v0.9.2.4-wBeHyW\blib\lib/CSS/Prepare/Property/Generated.pm line 43.
Use of qw(...) as parentheses is deprecated at C:\Perl16\cpan\build\CSS-Prepare-v0.9.2.4-wBeHyW\blib\lib/CSS/Prepare/Property/Margin.pm line 42.
Use of qw(...) as parentheses is deprecated at C:\Perl16\cpan\build\CSS-Prepare-v0.9.2.4-wBeHyW\blib\lib/CSS/Prepare/Property/Margin.pm line 78.
Use of qw(...) as parentheses is deprecated at C:\Perl16\cpan\build\CSS-Prepare-v0.9.2.4-wBeHyW\blib\lib/CSS/Prepare/Property/Padding.pm line 42.
Use of qw(...) as parentheses is deprecated at C:\Perl16\cpan\build\CSS-Prepare-v0.9.2.4-wBeHyW\blib\lib/CSS/Prepare/Property/Padding.pm line 78.
defined(@array) is deprecated at C:\Perl16\cpan\build\CSS-Prepare-v0.9.2.4-wBeHyW\blib\lib/CSS/Prepare.pm line 726.
	(Maybe you should just omit the defined()?)
t/06.yui-fonts.t ........ ok
Use of qw(...) as parentheses is deprecated at C:\Perl16\cpan\build\CSS-Prepare-v0.9.2.4-wBeHyW\blib\lib/CSS/Prepare/Property/Expansions.pm line 34.
Use of qw(...) as parentheses is deprecated at C:\Perl16\cpan\build\CSS-Prepare-v0.9.2.4-wBeHyW\blib\lib/CSS/Prepare/Property/Expansions.pm line 41.
Use of qw(...) as parentheses is deprecated at C:\Perl16\cpan\build\CSS-Prepare-v0.9.2.4-wBeHyW\blib\lib/CSS/Prepare/Property/Expansions.pm line 45.
Use of qw(...) as parentheses is deprecated at C:\Perl16\cpan\build\CSS-Prepare-v0.9.2.4-wBeHyW\blib\lib/CSS/Prepare/Property/Expansions.pm line 54.
Use of qw(...) as parentheses is deprecated at C:\Perl16\cpan\build\CSS-Prepare-v0.9.2.4-wBeHyW\blib\lib/CSS/Prepare/Property/Expansions.pm line 81.
Use of qw(...) as parentheses is deprecated at C:\Perl16\cpan\build\CSS-Prepare-v0.9.2.4-wBeHyW\blib\lib/CSS/Prepare/Property/Border.pm line 42.
Use of qw(...) as parentheses is deprecated at C:\Perl16\cpan\build\CSS-Prepare-v0.9.2.4-wBeHyW\blib\lib/CSS/Prepare/Property/Border.pm line 194.
Use of qw(...) as parentheses is deprecated at C:\Perl16\cpan\build\CSS-Prepare-v0.9.2.4-wBeHyW\blib\lib/CSS/Prepare/Property/Border.pm line 273.
Use of qw(...) as parentheses is deprecated at C:\Perl16\cpan\build\CSS-Prepare-v0.9.2.4-wBeHyW\blib\lib/CSS/Prepare/Property/Border.pm line 298.
Use of qw(...) as parentheses is deprecated at C:\Perl16\cpan\build\CSS-Prepare-v0.9.2.4-wBeHyW\blib\lib/CSS/Prepare/Property/Border.pm line 333.
Use of qw(...) as parentheses is deprecated at C:\Perl16\cpan\build\CSS-Prepare-v0.9.2.4-wBeHyW\blib\lib/CSS/Prepare/Property/Border.pm line 368.
Use of qw(...) as parentheses is deprecated at C:\Perl16\cpan\build\CSS-Prepare-v0.9.2.4-wBeHyW\blib\lib/CSS/Prepare/Property/Effects.pm line 42.
Use of qw(...) as parentheses is deprecated at C:\Perl16\cpan\build\CSS-Prepare-v0.9.2.4-wBeHyW\blib\lib/CSS/Prepare/Property/Formatting.pm line 41.
Use of qw(...) as parentheses is deprecated at C:\Perl16\cpan\build\CSS-Prepare-v0.9.2.4-wBeHyW\blib\lib/CSS/Prepare/Property/Formatting.pm line 79.
Use of qw(...) as parentheses is deprecated at C:\Perl16\cpan\build\CSS-Prepare-v0.9.2.4-wBeHyW\blib\lib/CSS/Prepare/Property/Generated.pm line 43.
Use of qw(...) as parentheses is deprecated at C:\Perl16\cpan\build\CSS-Prepare-v0.9.2.4-wBeHyW\blib\lib/CSS/Prepare/Property/Margin.pm line 42.
Use of qw(...) as parentheses is deprecated at C:\Perl16\cpan\build\CSS-Prepare-v0.9.2.4-wBeHyW\blib\lib/CSS/Prepare/Property/Margin.pm line 78.
Use of qw(...) as parentheses is deprecated at C:\Perl16\cpan\build\CSS-Prepare-v0.9.2.4-wBeHyW\blib\lib/CSS/Prepare/Property/Padding.pm line 42.
Use of qw(...) as parentheses is deprecated at C:\Perl16\cpan\build\CSS-Prepare-v0.9.2.4-wBeHyW\blib\lib/CSS/Prepare/Property/Padding.pm line 78.
defined(@array) is deprecated at C:\Perl16\cpan\build\CSS-Prepare-v0.9.2.4-wBeHyW\blib\lib/CSS/Prepare.pm line 726.
	(Maybe you should just omit the defined()?)
t/06.yui-grids.t ........ ok
Use of qw(...) as parentheses is deprecated at C:\Perl16\cpan\build\CSS-Prepare-v0.9.2.4-wBeHyW\blib\lib/CSS/Prepare/Property/Expansions.pm line 34.
Use of qw(...) as parentheses is deprecated at C:\Perl16\cpan\build\CSS-Prepare-v0.9.2.4-wBeHyW\blib\lib/CSS/Prepare/Property/Expansions.pm line 41.
Use of qw(...) as parentheses is deprecated at C:\Perl16\cpan\build\CSS-Prepare-v0.9.2.4-wBeHyW\blib\lib/CSS/Prepare/Property/Expansions.pm line 45.
Use of qw(...) as parentheses is deprecated at C:\Perl16\cpan\build\CSS-Prepare-v0.9.2.4-wBeHyW\blib\lib/CSS/Prepare/Property/Expansions.pm line 54.
Use of qw(...) as parentheses is deprecated at C:\Perl16\cpan\build\CSS-Prepare-v0.9.2.4-wBeHyW\blib\lib/CSS/Prepare/Property/Expansions.pm line 81.
Use of qw(...) as parentheses is deprecated at C:\Perl16\cpan\build\CSS-Prepare-v0.9.2.4-wBeHyW\blib\lib/CSS/Prepare/Property/Border.pm line 42.
Use of qw(...) as parentheses is deprecated at C:\Perl16\cpan\build\CSS-Prepare-v0.9.2.4-wBeHyW\blib\lib/CSS/Prepare/Property/Border.pm line 194.
Use of qw(...) as parentheses is deprecated at C:\Perl16\cpan\build\CSS-Prepare-v0.9.2.4-wBeHyW\blib\lib/CSS/Prepare/Property/Border.pm line 273.
Use of qw(...) as parentheses is deprecated at C:\Perl16\cpan\build\CSS-Prepare-v0.9.2.4-wBeHyW\blib\lib/CSS/Prepare/Property/Border.pm line 298.
Use of qw(...) as parentheses is deprecated at C:\Perl16\cpan\build\CSS-Prepare-v0.9.2.4-wBeHyW\blib\lib/CSS/Prepare/Property/Border.pm line 333.
Use of qw(...) as parentheses is deprecated at C:\Perl16\cpan\build\CSS-Prepare-v0.9.2.4-wBeHyW\blib\lib/CSS/Prepare/Property/Border.pm line 368.
Use of qw(...) as parentheses is deprecated at C:\Perl16\cpan\build\CSS-Prepare-v0.9.2.4-wBeHyW\blib\lib/CSS/Prepare/Property/Effects.pm line 42.
Use of qw(...) as parentheses is deprecated at C:\Perl16\cpan\build\CSS-Prepare-v0.9.2.4-wBeHyW\blib\lib/CSS/Prepare/Property/Formatting.pm line 41.
Use of qw(...) as parentheses is deprecated at C:\Perl16\cpan\build\CSS-Prepare-v0.9.2.4-wBeHyW\blib\lib/CSS/Prepare/Property/Formatting.pm line 79.
Use of qw(...) as parentheses is deprecated at C:\Perl16\cpan\build\CSS-Prepare-v0.9.2.4-wBeHyW\blib\lib/CSS/Prepare/Property/Generated.pm line 43.
Use of qw(...) as parentheses is deprecated at C:\Perl16\cpan\build\CSS-Prepare-v0.9.2.4-wBeHyW\blib\lib/CSS/Prepare/Property/Margin.pm line 42.
Use of qw(...) as parentheses is deprecated at C:\Perl16\cpan\build\CSS-Prepare-v0.9.2.4-wBeHyW\blib\lib/CSS/Prepare/Property/Margin.pm line 78.
Use of qw(...) as parentheses is deprecated at C:\Perl16\cpan\build\CSS-Prepare-v0.9.2.4-wBeHyW\blib\lib/CSS/Prepare/Property/Padding.pm line 42.
Use of qw(...) as parentheses is deprecated at C:\Perl16\cpan\build\CSS-Prepare-v0.9.2.4-wBeHyW\blib\lib/CSS/Prepare/Property/Padding.pm line 78.
defined(@array) is deprecated at C:\Perl16\cpan\build\CSS-Prepare-v0.9.2.4-wBeHyW\blib\lib/CSS/Prepare.pm line 726.
	(Maybe you should just omit the defined()?)
t/06.yui-reset.t ........ ok
Use of qw(...) as parentheses is deprecated at C:\Perl16\cpan\build\CSS-Prepare-v0.9.2.4-wBeHyW\blib\lib/CSS/Prepare/Property/Expansions.pm line 34.
Use of qw(...) as parentheses is deprecated at C:\Perl16\cpan\build\CSS-Prepare-v0.9.2.4-wBeHyW\blib\lib/CSS/Prepare/Property/Expansions.pm line 41.
Use of qw(...) as parentheses is deprecated at C:\Perl16\cpan\build\CSS-Prepare-v0.9.2.4-wBeHyW\blib\lib/CSS/Prepare/Property/Expansions.pm line 45.
Use of qw(...) as parentheses is deprecated at C:\Perl16\cpan\build\CSS-Prepare-v0.9.2.4-wBeHyW\blib\lib/CSS/Prepare/Property/Expansions.pm line 54.
Use of qw(...) as parentheses is deprecated at C:\Perl16\cpan\build\CSS-Prepare-v0.9.2.4-wBeHyW\blib\lib/CSS/Prepare/Property/Expansions.pm line 81.
Use of qw(...) as parentheses is deprecated at C:\Perl16\cpan\build\CSS-Prepare-v0.9.2.4-wBeHyW\blib\lib/CSS/Prepare/Property/Border.pm line 42.
Use of qw(...) as parentheses is deprecated at C:\Perl16\cpan\build\CSS-Prepare-v0.9.2.4-wBeHyW\blib\lib/CSS/Prepare/Property/Border.pm line 194.
Use of qw(...) as parentheses is deprecated at C:\Perl16\cpan\build\CSS-Prepare-v0.9.2.4-wBeHyW\blib\lib/CSS/Prepare/Property/Border.pm line 273.
Use of qw(...) as parentheses is deprecated at C:\Perl16\cpan\build\CSS-Prepare-v0.9.2.4-wBeHyW\blib\lib/CSS/Prepare/Property/Border.pm line 298.
Use of qw(...) as parentheses is deprecated at C:\Perl16\cpan\build\CSS-Prepare-v0.9.2.4-wBeHyW\blib\lib/CSS/Prepare/Property/Border.pm line 333.
Use of qw(...) as parentheses is deprecated at C:\Perl16\cpan\build\CSS-Prepare-v0.9.2.4-wBeHyW\blib\lib/CSS/Prepare/Property/Border.pm line 368.
Use of qw(...) as parentheses is deprecated at C:\Perl16\cpan\build\CSS-Prepare-v0.9.2.4-wBeHyW\blib\lib/CSS/Prepare/Property/Effects.pm line 42.
Use of qw(...) as parentheses is deprecated at C:\Perl16\cpan\build\CSS-Prepare-v0.9.2.4-wBeHyW\blib\lib/CSS/Prepare/Property/Formatting.pm line 41.
Use of qw(...) as parentheses is deprecated at C:\Perl16\cpan\build\CSS-Prepare-v0.9.2.4-wBeHyW\blib\lib/CSS/Prepare/Property/Formatting.pm line 79.
Use of qw(...) as parentheses is deprecated at C:\Perl16\cpan\build\CSS-Prepare-v0.9.2.4-wBeHyW\blib\lib/CSS/Prepare/Property/Generated.pm line 43.
Use of qw(...) as parentheses is deprecated at C:\Perl16\cpan\build\CSS-Prepare-v0.9.2.4-wBeHyW\blib\lib/CSS/Prepare/Property/Margin.pm line 42.
Use of qw(...) as parentheses is deprecated at C:\Perl16\cpan\build\CSS-Prepare-v0.9.2.4-wBeHyW\blib\lib/CSS/Prepare/Property/Margin.pm line 78.
Use of qw(...) as parentheses is deprecated at C:\Perl16\cpan\build\CSS-Prepare-v0.9.2.4-wBeHyW\blib\lib/CSS/Prepare/Property/Padding.pm line 42.
Use of qw(...) as parentheses is deprecated at C:\Perl16\cpan\build\CSS-Prepare-v0.9.2.4-wBeHyW\blib\lib/CSS/Prepare/Property/Padding.pm line 78.
defined(@array) is deprecated at C:\Perl16\cpan\build\CSS-Prepare-v0.9.2.4-wBeHyW\blib\lib/CSS/Prepare.pm line 726.
	(Maybe you should just omit the defined()?)

#   Failed test at t/assets.t line 23.

#   Failed test at t/assets.t line 35.
#     Structures begin differing at:
#          $got->[0]{block}{background-image} = 'url(http://assets.cssprepare.com/3ae/42cd37f8ea11bafcc5029eefcce2798520d4-placeholder20.png)'
#     $expected->[0]{block}{background-image} = 'url(http://assets.cssprepare.com/d9e/06ce4890246cfb1236f8d7a4d7cbcc3c1659-placeholder20.png)'

#   Failed test at t/assets.t line 48.

#   Failed test at t/assets.t line 58.

#   Failed test at t/assets.t line 70.
#     Structures begin differing at:
#          $got->[0] = Does not exist
#     $expected->[0] = HASH(0x27576cc)

#   Failed test at t/assets.t line 83.

#   Failed test at t/assets.t line 93.

#   Failed test at t/assets.t line 108.
#     Structures begin differing at:
#          $got->[0]{block}{background-image} = 'url(http://assets.cssprepare.com/3ae/42cd37f8ea11bafcc5029eefcce2798520d4-placeholder20.png)'
#     $expected->[0]{block}{background-image} = 'url(http://assets.cssprepare.com/d9e/06ce4890246cfb1236f8d7a4d7cbcc3c1659-placeholder20.png)'

#   Failed test at t/assets.t line 121.

#   Failed test at t/assets.t line 131.
# Looks like you failed 10 tests of 10.
t/assets.t .............. 
Dubious, test returned 10 (wstat 2560, 0xa00)
Failed 10/10 subtests 
Use of qw(...) as parentheses is deprecated at C:\Perl16\cpan\build\CSS-Prepare-v0.9.2.4-wBeHyW\blib\lib/CSS/Prepare/Property/Expansions.pm line 34.
Use of qw(...) as parentheses is deprecated at C:\Perl16\cpan\build\CSS-Prepare-v0.9.2.4-wBeHyW\blib\lib/CSS/Prepare/Property/Expansions.pm line 41.
Use of qw(...) as parentheses is deprecated at C:\Perl16\cpan\build\CSS-Prepare-v0.9.2.4-wBeHyW\blib\lib/CSS/Prepare/Property/Expansions.pm line 45.
Use of qw(...) as parentheses is deprecated at C:\Perl16\cpan\build\CSS-Prepare-v0.9.2.4-wBeHyW\blib\lib/CSS/Prepare/Property/Expansions.pm line 54.
Use of qw(...) as parentheses is deprecated at C:\Perl16\cpan\build\CSS-Prepare-v0.9.2.4-wBeHyW\blib\lib/CSS/Prepare/Property/Expansions.pm line 81.
Use of qw(...) as parentheses is deprecated at C:\Perl16\cpan\build\CSS-Prepare-v0.9.2.4-wBeHyW\blib\lib/CSS/Prepare/Property/Border.pm line 42.
Use of qw(...) as parentheses is deprecated at C:\Perl16\cpan\build\CSS-Prepare-v0.9.2.4-wBeHyW\blib\lib/CSS/Prepare/Property/Border.pm line 194.
Use of qw(...) as parentheses is deprecated at C:\Perl16\cpan\build\CSS-Prepare-v0.9.2.4-wBeHyW\blib\lib/CSS/Prepare/Property/Border.pm line 273.
Use of qw(...) as parentheses is deprecated at C:\Perl16\cpan\build\CSS-Prepare-v0.9.2.4-wBeHyW\blib\lib/CSS/Prepare/Property/Border.pm line 298.
Use of qw(...) as parentheses is deprecated at C:\Perl16\cpan\build\CSS-Prepare-v0.9.2.4-wBeHyW\blib\lib/CSS/Prepare/Property/Border.pm line 333.
Use of qw(...) as parentheses is deprecated at C:\Perl16\cpan\build\CSS-Prepare-v0.9.2.4-wBeHyW\blib\lib/CSS/Prepare/Property/Border.pm line 368.
Use of qw(...) as parentheses is deprecated at C:\Perl16\cpan\build\CSS-Prepare-v0.9.2.4-wBeHyW\blib\lib/CSS/Prepare/Property/Effects.pm line 42.
Use of qw(...) as parentheses is deprecated at C:\Perl16\cpan\build\CSS-Prepare-v0.9.2.4-wBeHyW\blib\lib/CSS/Prepare/Property/Formatting.pm line 41.
Use of qw(...) as parentheses is deprecated at C:\Perl16\cpan\build\CSS-Prepare-v0.9.2.4-wBeHyW\blib\lib/CSS/Prepare/Property/Formatting.pm line 79.
Use of qw(...) as parentheses is deprecated at C:\Perl16\cpan\build\CSS-Prepare-v0.9.2.4-wBeHyW\blib\lib/CSS/Prepare/Property/Generated.pm line 43.
Use of qw(...) as parentheses is deprecated at C:\Perl16\cpan\build\CSS-Prepare-v0.9.2.4-wBeHyW\blib\lib/CSS/Prepare/Property/Margin.pm line 42.
Use of qw(...) as parentheses is deprecated at C:\Perl16\cpan\build\CSS-Prepare-v0.9.2.4-wBeHyW\blib\lib/CSS/Prepare/Property/Margin.pm line 78.
Use of qw(...) as parentheses is deprecated at C:\Perl16\cpan\build\CSS-Prepare-v0.9.2.4-wBeHyW\blib\lib/CSS/Prepare/Property/Padding.pm line 42.
Use of qw(...) as parentheses is deprecated at C:\Perl16\cpan\build\CSS-Prepare-v0.9.2.4-wBeHyW\blib\lib/CSS/Prepare/Property/Padding.pm line 78.
defined(@array) is deprecated at C:\Perl16\cpan\build\CSS-Prepare-v0.9.2.4-wBeHyW\blib\lib/CSS/Prepare.pm line 726.
	(Maybe you should just omit the defined()?)
t/comments.t ............ ok

Test Summary Report
-------------------
t/assets.t            (Wstat: 2560 Tests: 10 Failed: 10)
  Failed tests:  1-10
  Non-zero exit status: 10
Files=59, Tests=1113, 23 wallclock secs ( 0.27 usr +  0.08 sys =  0.34 CPU)
Result: FAIL
Failed 1/59 test programs. 10/1113 subtests failed.
dmake.exe:  Error code 255, while making 'test_dynamic'

------------------------------
PREREQUISITES
------------------------------

Prerequisite modules loaded:

requires:

    Module              Need Have      
    ------------------- ---- ----------
    Digest::SHA1        0    2.13      
    Modern::Perl        0    1.20121103
    Test::More          0    0.98      
    version             0    0.99      

build_requires:

    Module              Need Have      
    ------------------- ---- ----------
    ExtUtils::MakeMaker 0    6.63_02   

configure_requires:

    Module              Need Have      
    ------------------- ---- ----------
    ExtUtils::MakeMaker 0    6.63_02   


------------------------------
ENVIRONMENT AND OTHER CONTEXT
------------------------------

Environment variables:

    ACTIVEPERL_CONFIG_SILENT = 1
    AUTOMATED_TESTING = 1
    COMSPEC = C:\Windows\system32\cmd.exe
    NUMBER_OF_PROCESSORS = 2
    PATH = C:\Perl16\site\bin;C:\Perl16\bin;C:\Program Files (x86)\NVIDIA Corporation\PhysX\Common;C:\Program Files\Common Files\Microsoft Shared\Windows Live;C:\Program Files (x86)\ActiveState Komodo IDE 6\;C:\Program Files (x86)\PC Connectivity Solution\;C:\Windows\system32;C:\Windows;C:\Windows\System32\Wbem;C:\Windows\System32\WindowsPowerShell\v1.0\;C:\Program Files\TortoiseSVN\bin;C:\Program Files\TortoiseGit\bin;C:\Program Files (x86)\Git\cmd;C:\Program Files (x86)\OpenVPN\bin
    PERL5LIB = C:\Perl16\cpan\build\Modern-Perl-1.20121103-Et06vN/blib/arch;C:\Perl16\cpan\build\Modern-Perl-1.20121103-Et06vN/blib/lib
    PERL5OPT = 
    PERL5_CPANPLUS_IS_RUNNING = 12580
    PERL5_CPAN_IS_RUNNING = 12580
    PERL5_CPAN_IS_RUNNING_IN_RECURSION = 4532,12580
    PERL_CR_SMOKER_CURRENT = CSS-Prepare-v0.9.2.4
    PERL_EXTUTILS_AUTOINSTALL = --defaultdeps
    PERL_JSON_BACKEND = JSON::XS
    PERL_MM_USE_DEFAULT = 1
    PERL_YAML_BACKEND = YAML::XS
    PROCESSOR_IDENTIFIER = AMD64 Family 16 Model 4 Stepping 2, AuthenticAMD
    TEMP = C:\Users\Mithaldu\AppData\Local\Temp
    TERM = dumb

Perl special variables (and OS-specific diagnostics, for MSWin32):

    $^X = C:\Perl16\bin\perl.exe
    $UID/$EUID = 0 / 0
    $GID = 0
    $EGID = 0
    Win32::GetOSName = Win7
    Win32::GetOSVersion = Service Pack 1, 6, 1, 7601, 2, 1, 0, 256, 1
    Win32::FsType = NTFS
    Win32::IsAdminUser = 0

Perl module toolchain versions installed:

    Module              Have    
    ------------------- --------
    CPAN                1.9800  
    CPAN::Meta          2.120921
    Cwd                 3.39_02 
    ExtUtils::CBuilder  0.280206
    ExtUtils::Command   1.17    
    ExtUtils::Install   1.54    
    ExtUtils::MakeMaker 6.63_02 
    ExtUtils::Manifest  1.61    
    ExtUtils::ParseXS   3.16    
    File::Spec          3.39_02 
    JSON                2.53    
    JSON::PP            2.27200 
    Module::Build       0.39_01 
    Module::Signature   n/a     
    Parse::CPAN::Meta   1.4404  
    Test::Harness       3.23    
    Test::More          0.98    
    YAML                n/a     
    YAML::Syck          n/a     
    version             0.99    


--

Summary of my perl5 (revision 5 version 16 subversion 0) configuration:
   
  Platform:
    osname=MSWin32, osvers=5.2, archname=MSWin32-x86-multi-thread
    uname=''
    config_args='undef'
    hint=recommended, useposix=true, d_sigaction=undef
    useithreads=define, usemultiplicity=define
    useperlio=define, d_sfio=undef, uselargefiles=define, usesocks=undef
    use64bitint=undef, use64bitall=undef, uselongdouble=undef
    usemymalloc=n, bincompat5005=undef
  Compiler:
    cc='C:/Perl16/site/bin/gcc.exe', ccflags ='-DNDEBUG -DWIN32 -D_CONSOLE -DNO_STRICT -DPERL_TEXTMODE_SCRIPTS -DUSE_SITECUSTOMIZE -DPERL_IMPLICIT_CONTEXT -DPERL_IMPLICIT_SYS -DUSE_PERLIO -D_USE_32BIT_TIME_T -DHASATTRIBUTE -fno-strict-aliasing -mms-bitfields',
    optimize='-O2',
    cppflags='-DWIN32'
    ccversion='', gccversion='3.4.5 (mingw-vista special r3)', gccosandvers=''
    intsize=4, longsize=4, ptrsize=4, doublesize=8, byteorder=1234
    d_longlong=undef, longlongsize=8, d_longdbl=define, longdblsize=8
    ivtype='long', ivsize=4, nvtype='double', nvsize=8, Off_t='__int64', lseeksize=8
    alignbytes=8, prototype=define
  Linker and Libraries:
    ld='C:\Perl16\site\bin\g++.exe', ldflags ='-L"C:\Perl16\lib\CORE"'
    libpth=\lib
    libs=-lkernel32 -luser32 -lgdi32 -lwinspool -lcomdlg32 -ladvapi32 -lshell32 -lole32 -loleaut32 -lnetapi32 -luuid -lws2_32 -lmpr -lwinmm -lversion -lodbc32 -lodbccp32 -lcomctl32 -lmsvcrt
    perllibs=-lkernel32 -luser32 -lgdi32 -lwinspool -lcomdlg32 -ladvapi32 -lshell32 -lole32 -loleaut32 -lnetapi32 -luuid -lws2_32 -lmpr -lwinmm -lversion -lodbc32 -lodbccp32 -lcomctl32 -lmsvcrt
    libc=msvcrt.lib, so=dll, useshrplib=true, libperl=perl516.lib
    gnulibc_version=''
  Dynamic Linking:
    dlsrc=dl_win32.xs, dlext=dll, d_dlsymun=undef, ccdlflags=' '
    cccdlflags=' ', lddlflags='-mdll -L"C:\Perl16\lib\CORE"'


Characteristics of this binary (from libperl): 
  Compile-time options: HAS_TIMES HAVE_INTERP_INTERN MULTIPLICITY
                        PERLIO_LAYERS PERL_DONT_CREATE_GVSV
                        PERL_IMPLICIT_CONTEXT PERL_IMPLICIT_SYS
                        PERL_MALLOC_WRAP PERL_PRESERVE_IVUV PL_OP_SLAB_ALLOC
                        USE_ITHREADS USE_LARGE_FILES USE_LOCALE
                        USE_LOCALE_COLLATE USE_LOCALE_CTYPE
                        USE_LOCALE_NUMERIC USE_PERLIO USE_PERL_ATOF
                        USE_SITECUSTOMIZE
  Locally applied patches:
	ActivePerl Build 1600 [295879]
  Built under MSWin32
  Compiled at Jun 11 2012 12:43:38
  %ENV:
    PERL5LIB="C:\Perl16\cpan\build\Modern-Perl-1.20121103-Et06vN/blib/arch;C:\Perl16\cpan\build\Modern-Perl-1.20121103-Et06vN/blib/lib"
    PERL5_CPANPLUS_IS_RUNNING="12580"
    PERL5_CPAN_IS_RUNNING="12580"
    PERL5_CPAN_IS_RUNNING_IN_RECURSION="4532,12580"
    PERL_CR_SMOKER_CURRENT="CSS-Prepare-v0.9.2.4"
    PERL_EXTUTILS_AUTOINSTALL="--defaultdeps"
    PERL_JSON_BACKEND="JSON::XS"
    PERL_MM_USE_DEFAULT="1"
    PERL_YAML_BACKEND="YAML::XS"
  @INC:
    C:\Perl16\cpan\build\Modern-Perl-1.20121103-Et06vN/blib/arch
    C:\Perl16\cpan\build\Modern-Perl-1.20121103-Et06vN/blib/lib
    C:/Perl16/site/lib
    C:/Perl16/lib
    .