Back
From: metabase:user:320bfe00-2aae-11df-837a-5e0a49663a4f
Subject: FAIL AnyEvent-Task-0.805 v5.20.3 GNU/Linux
Date: 2017-08-04T22:51:29Z
This distribution has been tested as part of the CPAN Testers
project, supporting the Perl programming language. See
http://wiki.cpantesters.org/ for more information or email
questions to cpan-testers-discuss@perl.org
--
Dear Doug Hoyte,
This is a computer-generated report for AnyEvent-Task-0.805
on perl 5.20.3, created by CPAN-Reporter-1.2018.
Thank you for uploading your work to CPAN. However, there was a problem
testing your distribution.
If you think this report is invalid, please consult the CPAN Testers Wiki
for suggestions on how to avoid getting FAIL reports for missing library
or binary dependencies, unsupported operating systems, and so on:
http://wiki.cpantesters.org/wiki/CPANAuthorNotes
Sections of this report:
* Tester comments
* Program output
* Prerequisites
* Environment and other context
------------------------------
TESTER COMMENTS
------------------------------
Additional comments from tester:
this report is from an automated smoke testing program
and was not reviewed by a human for accuracy
------------------------------
PROGRAM OUTPUT
------------------------------
Output from '/usr/bin/make test':
PERL_DL_NONLAZY=1 "/home/sand/src/perl/repoperls/installed-perls/host/k93msid/v5.20.3/2d7c/bin/perl" "-MExtUtils::Command::MM" "-MTest::Harness" "-e" "undef *Test::Harness::Switches; test_harness(0, 'blib/lib', 'blib/arch')" t/*.t
t/args.t ......................... ok
# Failed test 'PID didn't change in same checkout'
# at t/dont_refork_after_error.t line 54.
# got: '101'
# expected: '102'
# Failed test 'caught BLAH error'
# at t/dont_refork_after_error.t line 60.
# 'throw method didn't return error at t/dont_refork_after_error.t line 57.
# '
# doesn't match '(?^u:BLAH)'
# Failed test 'PID didn't change even after error'
# at t/dont_refork_after_error.t line 64.
# got: '101'
# expected: '104'
# Failed test 'caught OUCH error'
# at t/dont_refork_after_error.t line 70.
# 'throw method didn't return error 2 at t/dont_refork_after_error.t line 67.
# '
# doesn't match '(?^u:OUCH)'
# Failed test 'PID didn't change even after second error'
# at t/dont_refork_after_error.t line 74.
# got: '101'
# expected: '106'
# Failed test 'new worker was not created since previous checkout had an error and we set dont_refork_after_error'
# at t/dont_refork_after_error.t line 89.
# got: '107'
# expected: '101'
# Looks like you failed 6 tests of 7.
t/dont_refork_after_error.t ......
Dubious, test returned 6 (wstat 1536, 0x600)
Failed 6/7 subtests
t/error-clears-checkout-queue.t .. ok
t/logger.t ....................... ok
t/manual-request-abort.t ......... ok
t/max_checkouts.t ................ ok
t/sequential.t ................... ok
t/setup-errors.t ................. ok
t/setup.t ........................ ok
t/surge.t ........................ ok
t/timeout-connect.t .............. ok
Killing hung worker (21414)
# Hung worker error: worker connection suddenly died at /tmp/loop_over_bdir-20348-Gt7LlJ/AnyEvent-Task-0.805-0/blib/lib/AnyEvent/Task/Client/Checkout.pm line 127.
t/timeout-hung-worker.t .......... ok
t/timeout-in-progress.t .......... ok
t/timeout-log-defer.t ............ ok
t/worker-_exits.t ................ ok
Test Summary Report
-------------------
t/dont_refork_after_error.t (Wstat: 1536 Tests: 7 Failed: 6)
Failed tests: 2-7
Non-zero exit status: 6
Files=15, Tests=175, 40 wallclock secs ( 0.04 usr 0.08 sys + 1.32 cusr 0.30 csys = 1.74 CPU)
Result: FAIL
Failed 1/15 test programs. 6/175 subtests failed.
Makefile:872: recipe for target 'test_dynamic' failed
make: *** [test_dynamic] Error 255
------------------------------
PREREQUISITES
------------------------------
Prerequisite modules loaded:
requires:
Module Need Have
------------------- ----- -------
AnyEvent 0 7.14
Callback::Frame 0 1.102
common::sense 0 3.74
Guard 0 1.023
JSON::XS 0 3.03
Log::Defer 0.300 0.312
build_requires:
Module Need Have
------------------- ----- -------
ExtUtils::MakeMaker 0 7.31_03
configure_requires:
Module Need Have
------------------- ----- -------
ExtUtils::MakeMaker 0 7.31_03
------------------------------
ENVIRONMENT AND OTHER CONTEXT
------------------------------
Environment variables:
AUTOMATED_TESTING = 1
LANG = en_US.UTF-8
PATH = /home/sand/bin:/usr/local/bin:/usr/bin:/bin:/usr/games:/usr/local/perl/bin:/usr/X11/bin:/sbin:/usr/sbin
PERL5LIB =
PERL5OPT =
PERL5_CPANPLUS_IS_RUNNING = 20352
PERL5_CPAN_IS_RUNNING = 20352
PERL_CANARY_STABILITY_NOPROMPT = 1
PERL_MM_USE_DEFAULT = 1
PERL_USE_UNSAFE_INC = 1
SHELL = /usr/bin/zsh
TERM = screen
Perl special variables (and OS-specific diagnostics, for MSWin32):
$^X = /home/sand/src/perl/repoperls/installed-perls/host/k93msid/v5.20.3/2d7c/bin/perl
$UID/$EUID = 1005 / 1005
$GID = 1005 1005
$EGID = 1005 1005
Perl module toolchain versions installed:
Module Have
------------------- --------
CPAN 2.18
CPAN::Meta 2.150010
Cwd 3.62
ExtUtils::CBuilder 0.280224
ExtUtils::Command 7.31_03
ExtUtils::Install 2.14
ExtUtils::MakeMaker 7.31_03
ExtUtils::Manifest 1.70
ExtUtils::ParseXS 3.30
File::Spec 3.62
JSON 2.94
JSON::PP 2.27400
Module::Build 0.4222
Module::Signature 0.81
Parse::CPAN::Meta 1.4422
Test::Harness 3.39
Test::More 1.302090
YAML 1.23_001
YAML::Syck 1.30
version 0.9917
--
Summary of my perl5 (revision 5 version 20 subversion 3) configuration:
Derived from: b67331aafd6eff33e3fd904c45e811f69cbfb0b2
Platform:
osname=linux, osvers=4.9.0-2-amd64, archname=x86_64-linux-ld
uname='linux k93msid 4.9.0-2-amd64 #1 smp debian 4.9.18-1 (2017-03-30) x86_64 gnulinux '
config_args='-Dprefix=/home/sand/src/perl/repoperls/installed-perls/host/k93msid/v5.20.3/2d7c -Dmyhostname=k93msid -Dinstallusrbinperl=n -Uversiononly -Dusedevel -des -Ui_db -Dlibswanted=cl pthread socket inet nsl gdbm dbm malloc dl ld sun m crypt sec util c cposix posix ucb BSD gdbm_compat -Uuseithreads -Duselongdouble -DDEBUGGING=-g'
hint=recommended, useposix=true, d_sigaction=define
useithreads=undef, usemultiplicity=undef
use64bitint=define, use64bitall=define, uselongdouble=define
usemymalloc=n, bincompat5005=undef
Compiler:
cc='cc', ccflags ='-fwrapv -fno-strict-aliasing -pipe -fstack-protector -I/usr/local/include -D_LARGEFILE_SOURCE -D_FILE_OFFSET_BITS=64',
optimize='-O2 -g',
cppflags='-fwrapv -fno-strict-aliasing -pipe -fstack-protector -I/usr/local/include'
ccversion='', gccversion='6.3.0 20170406', gccosandvers=''
intsize=4, longsize=8, ptrsize=8, doublesize=8, byteorder=12345678
d_longlong=define, longlongsize=8, d_longdbl=define, longdblsize=16
ivtype='long', ivsize=8, nvtype='long double', nvsize=16, Off_t='off_t', lseeksize=8
alignbytes=16, prototype=define
Linker and Libraries:
ld='cc', ldflags =' -fstack-protector -L/usr/local/lib'
libpth=/usr/local/lib /usr/lib/gcc/x86_64-linux-gnu/6/include-fixed /usr/include/x86_64-linux-gnu /usr/lib /lib/x86_64-linux-gnu /lib/../lib /usr/lib/x86_64-linux-gnu /usr/lib/../lib /lib
libs=-lpthread -lnsl -ldl -lm -lcrypt -lutil -lc
perllibs=-lpthread -lnsl -ldl -lm -lcrypt -lutil -lc
libc=libc-2.24.so, so=so, useshrplib=false, libperl=libperl.a
gnulibc_version='2.24'
Dynamic Linking:
dlsrc=dl_dlopen.xs, dlext=so, d_dlsymun=undef, ccdlflags='-Wl,-E'
cccdlflags='-fPIC', lddlflags='-shared -O2 -g -L/usr/local/lib -fstack-protector'
Characteristics of this binary (from libperl):
Compile-time options: HAS_TIMES PERLIO_LAYERS PERL_DONT_CREATE_GVSV
PERL_HASH_FUNC_ONE_AT_A_TIME_HARD PERL_MALLOC_WRAP
PERL_NEW_COPY_ON_WRITE PERL_PRESERVE_IVUV
PERL_USE_DEVEL USE_64_BIT_ALL USE_64_BIT_INT
USE_LARGE_FILES USE_LOCALE USE_LOCALE_COLLATE
USE_LOCALE_CTYPE USE_LOCALE_NUMERIC USE_LONG_DOUBLE
USE_PERLIO USE_PERL_ATOF
Locally applied patches:
uncommitted-changes
Built under linux
Compiled at Apr 14 2017 12:25:15
%ENV:
PERL5LIB=""
PERL5OPT=""
PERL5_CPANPLUS_IS_RUNNING="20352"
PERL5_CPAN_IS_RUNNING="20352"
PERL_CANARY_STABILITY_NOPROMPT="1"
PERL_MM_USE_DEFAULT="1"
PERL_USE_UNSAFE_INC="1"
@INC:
/home/sand/src/perl/repoperls/installed-perls/host/k93msid/v5.20.3/2d7c/lib/site_perl/5.20.3/x86_64-linux-ld
/home/sand/src/perl/repoperls/installed-perls/host/k93msid/v5.20.3/2d7c/lib/site_perl/5.20.3
/home/sand/src/perl/repoperls/installed-perls/host/k93msid/v5.20.3/2d7c/lib/5.20.3/x86_64-linux-ld
/home/sand/src/perl/repoperls/installed-perls/host/k93msid/v5.20.3/2d7c/lib/5.20.3
.