Report for Socialtext-WikiTest-0.07

Back
From: metabase:user:320bfe00-2aae-11df-837a-5e0a49663a4f
Subject: FAIL Socialtext-WikiTest-0.07 v5.15.0 GNU/Linux
Date: 2011-06-27T05:51:07Z

This distribution has been tested as part of the CPAN Testers
project, supporting the Perl programming language.  See
http://wiki.cpantesters.org/ for more information or email
questions to cpan-testers-discuss@perl.org


--
Dear Luke Closs,

This is a computer-generated report for Socialtext-WikiTest-0.07
on perl 5.15.0, created by CPAN-Reporter-1.1902.

Thank you for uploading your work to CPAN.  However, there was a problem
testing your distribution.

If you think this report is invalid, please consult the CPAN Testers Wiki
for suggestions on how to avoid getting FAIL reports for missing library
or binary dependencies, unsupported operating systems, and so on:

http://wiki.cpantesters.org/wiki/CPANAuthorNotes

Sections of this report:

    * Tester comments
    * Program output
    * Prerequisites
    * Environment and other context

------------------------------
TESTER COMMENTS
------------------------------

Additional comments from tester:

none provided

------------------------------
PROGRAM OUTPUT
------------------------------

Output from '/usr/bin/make test':

make[1]: Entering directory `/home/sand/.cpan/build/Socialtext-WikiTest-0.07-NbNW2W'
PERL_DL_NONLAZY=1 /home/sand/src/perl/repoperls/installed-perls/perl/v5.15.0-125-gc08f093/ba65/bin/perl "-MExtUtils::Command::MM" "-e" "test_harness(0, 'blib/lib', 'blib/arch')" t/*.t

#   Failed test at t/lib/Test/WWW/Selenium.pm line 30.
#     Structures begin differing at:
#          $got = (?^u:monkey)
#     $expected = (?^:monkey)

#   Failed test at t/lib/Test/WWW/Selenium.pm line 30.
#     Structures begin differing at:
#          $got->[1] = (?^u:water)
#     $expected->[1] = (?^:water)

#   Failed test at t/lib/Test/WWW/Selenium.pm line 30.
#     Structures begin differing at:
#          $got->[1] = (?^u:pen\?)
#     $expected->[1] = (?^:pen\?)

#   Failed test at t/lib/Test/WWW/Selenium.pm line 30.
#     Structures begin differing at:
#          $got = (?^u:pen\?)
#     $expected = (?^:pen\?)

#   Failed test at t/lib/Test/WWW/Selenium.pm line 30.
#     Structures begin differing at:
#          $got->[1] = (?^u:foo)
#     $expected->[1] = (?^:foo)

#   Failed test at t/fixture-selenese.t line 119.
#          got: '(?^u:foo)'
#     expected: '(?^:foo)'
# Looks like you failed 6 tests of 39.
t/fixture-selenese.t .. 
Dubious, test returned 6 (wstat 1536, 0x600)
Failed 6/39 subtests 
# 
# comment: included
# 
# comment: included
# 
# comment: included
# 
# comment: included2
t/fixture.t ........... ok
# Loading test plan Plan1...
# Loading test plan Plan2...
# Loading test plan Plan1...
# Loading test plan Plan2...
t/testplan.t .......... ok

Test Summary Report
-------------------
t/fixture-selenese.t (Wstat: 1536 Tests: 39 Failed: 6)
  Failed tests:  4-6, 8, 29, 34
  Non-zero exit status: 6
Files=3, Tests=76,  0 wallclock secs ( 0.04 usr  0.00 sys +  0.18 cusr  0.02 csys =  0.24 CPU)
Result: FAIL
Failed 1/3 test programs. 6/76 subtests failed.
make[1]: *** [test_dynamic] Error 255
make[1]: Leaving directory `/home/sand/.cpan/build/Socialtext-WikiTest-0.07-NbNW2W'

------------------------------
PREREQUISITES
------------------------------

Prerequisite modules loaded:

requires:

    Module                     Need Have   
    -------------------------- ---- -------
    mocked                     0    0.09   
    Socialtext::Resting        0    0.35   
    Socialtext::Resting::Utils 0.04 0.21   
    Test::Exception            0    0.31   
    Test::More                 0    0.98   

build_requires:

    Module                     Need Have   
    -------------------------- ---- -------
    ExtUtils::MakeMaker        0    6.57_05


------------------------------
ENVIRONMENT AND OTHER CONTEXT
------------------------------

Environment variables:

    LANG = en_US.UTF-8
    LANGUAGE = en_US:en
    PATH = /usr/lib/ccache:/home/sand/bin:/usr/local/bin:/usr/bin:/bin:/usr/bin/X11:/usr/games:/usr/local/perl/bin:/usr/X11/bin:/sbin:/usr/sbin
    PERL5LIB = /home/sand/.cpan/build/ProjectBuilder-0.11.3-qjDgYj/blib/arch:/home/sand/.cpan/build/ProjectBuilder-0.11.3-qjDgYj/blib/lib:/home/sand/.cpan/build/Mail-SpamAssassin-2.43-SEcwqh/blib/arch:/home/sand/.cpan/build/Mail-SpamAssassin-2.43-SEcwqh/blib/lib
    PERL5OPT = 
    PERL5_CPANPLUS_IS_RUNNING = 16478
    PERL5_CPAN_IS_RUNNING = 16478
    SHELL = /usr/bin/zsh
    TERM = screen

Perl special variables (and OS-specific diagnostics, for MSWin32):

    $^X = /home/sand/src/perl/repoperls/installed-perls/perl/v5.15.0-125-gc08f093/ba65/bin/perl
    $UID/$EUID = 1001 / 1001
    $GID = 1001 1001
    $EGID = 1001 1001

Perl module toolchain versions installed:

    Module              Have    
    ------------------- --------
    CPAN                1.9600  
    Cwd                 3.37    
    ExtUtils::CBuilder  0.280204
    ExtUtils::Command   1.17    
    ExtUtils::Install   1.56    
    ExtUtils::MakeMaker 6.57_05 
    ExtUtils::Manifest  1.58    
    ExtUtils::ParseXS   2.2210  
    File::Spec          3.33    
    Module::Build       0.3800  
    Module::Signature   0.68    
    Test::Harness       3.23    
    Test::More          0.98    
    YAML                0.73    
    YAML::Syck          n/a     
    version             0.91    


--

Summary of my perl5 (revision 5 version 15 subversion 0) configuration:
  Commit id: c08f093b3e154c428f604f89f7feb633e6c97869
  Platform:
    osname=linux, osvers=2.6.39-1-amd64, archname=x86_64-linux-thread-multi
    uname='linux k81 2.6.39-1-amd64 #1 smp tue may 24 14:34:19 utc 2011 x86_64 gnulinux '
    config_args='-Dprefix=/home/src/perl/repoperls/installed-perls/perl/v5.15.0-125-gc08f093/ba65 -Dinstallusrbinperl=n -Uversiononly -Dusedevel -des -Ui_db -Duseithreads -Uuselongdouble -DDEBUGGING=-g'
    hint=recommended, useposix=true, d_sigaction=define
    useithreads=define, usemultiplicity=define
    useperlio=define, d_sfio=undef, uselargefiles=define, usesocks=undef
    use64bitint=define, use64bitall=define, uselongdouble=undef
    usemymalloc=n, bincompat5005=undef
  Compiler:
    cc='cc', ccflags ='-D_REENTRANT -D_GNU_SOURCE -fno-strict-aliasing -pipe -fstack-protector -I/usr/local/include -D_LARGEFILE_SOURCE -D_FILE_OFFSET_BITS=64',
    optimize='-O2 -g',
    cppflags='-D_REENTRANT -D_GNU_SOURCE -fno-strict-aliasing -pipe -fstack-protector -I/usr/local/include'
    ccversion='', gccversion='4.6.1 20110616 (prerelease)', gccosandvers=''
    intsize=4, longsize=8, ptrsize=8, doublesize=8, byteorder=12345678
    d_longlong=define, longlongsize=8, d_longdbl=define, longdblsize=16
    ivtype='long', ivsize=8, nvtype='double', nvsize=8, Off_t='off_t', lseeksize=8
    alignbytes=8, prototype=define
  Linker and Libraries:
    ld='cc', ldflags =' -fstack-protector -L/usr/local/lib'
    libpth=/usr/local/lib /lib /usr/lib /usr/lib/x86_64-linux-gnu /lib64 /usr/lib64
    libs=-lnsl -ldb -ldl -lm -lcrypt -lutil -lpthread -lc
    perllibs=-lnsl -ldl -lm -lcrypt -lutil -lpthread -lc
    libc=, so=so, useshrplib=false, libperl=libperl.a
    gnulibc_version='2.13'
  Dynamic Linking:
    dlsrc=dl_dlopen.xs, dlext=so, d_dlsymun=undef, ccdlflags='-Wl,-E'
    cccdlflags='-fPIC', lddlflags='-shared -O2 -g -L/usr/local/lib -fstack-protector'


Characteristics of this binary (from libperl): 
  Compile-time options: MULTIPLICITY PERL_DONT_CREATE_GVSV
                        PERL_IMPLICIT_CONTEXT PERL_MALLOC_WRAP
                        PERL_PRESERVE_IVUV PERL_USE_DEVEL USE_64_BIT_ALL
                        USE_64_BIT_INT USE_ITHREADS USE_LARGE_FILES
                        USE_LOCALE USE_LOCALE_COLLATE USE_LOCALE_CTYPE
                        USE_LOCALE_NUMERIC USE_PERLIO USE_PERL_ATOF
                        USE_REENTRANT_API
  Built under linux
  Compiled at Jun 26 2011 04:23:38
  %ENV:
    PERL5LIB="/home/sand/.cpan/build/ProjectBuilder-0.11.3-qjDgYj/blib/arch:/home/sand/.cpan/build/ProjectBuilder-0.11.3-qjDgYj/blib/lib:/home/sand/.cpan/build/Mail-SpamAssassin-2.43-SEcwqh/blib/arch:/home/sand/.cpan/build/Mail-SpamAssassin-2.43-SEcwqh/blib/lib"
    PERL5OPT=""
    PERL5_CPANPLUS_IS_RUNNING="16478"
    PERL5_CPAN_IS_RUNNING="16478"
  @INC:
    /home/sand/.cpan/build/ProjectBuilder-0.11.3-qjDgYj/blib/arch
    /home/sand/.cpan/build/ProjectBuilder-0.11.3-qjDgYj/blib/lib
    /home/sand/.cpan/build/Mail-SpamAssassin-2.43-SEcwqh/blib/arch
    /home/sand/.cpan/build/Mail-SpamAssassin-2.43-SEcwqh/blib/lib
    /home/src/perl/repoperls/installed-perls/perl/v5.15.0-125-gc08f093/ba65/lib/site_perl/5.15.0/x86_64-linux-thread-multi
    /home/src/perl/repoperls/installed-perls/perl/v5.15.0-125-gc08f093/ba65/lib/site_perl/5.15.0
    /home/src/perl/repoperls/installed-perls/perl/v5.15.0-125-gc08f093/ba65/lib/5.15.0/x86_64-linux-thread-multi
    /home/src/perl/repoperls/installed-perls/perl/v5.15.0-125-gc08f093/ba65/lib/5.15.0
    .