Report for Scene-Graph-0.01

Back
From: metabase:user:314402c4-2aae-11df-837a-5e0a49663a4f
Subject: FAIL Scene-Graph-0.01 v5.12.4 RC2 FreeBSD
Date: 2011-06-21T05:08:07Z

This distribution has been tested as part of the CPAN Testers
project, supporting the Perl programming language.  See
http://wiki.cpantesters.org/ for more information or email
questions to cpan-testers-discuss@perl.org


--
Dear Cory G Watson,

This is a computer-generated report for Scene-Graph-0.01
on perl 5.12.4, created by CPAN-Reporter-1.1902.

Thank you for uploading your work to CPAN.  However, there was a problem
testing your distribution.

If you think this report is invalid, please consult the CPAN Testers Wiki
for suggestions on how to avoid getting FAIL reports for missing library
or binary dependencies, unsupported operating systems, and so on:

http://wiki.cpantesters.org/wiki/CPANAuthorNotes

Sections of this report:

    * Tester comments
    * Program output
    * Prerequisites
    * Environment and other context

------------------------------
TESTER COMMENTS
------------------------------

Additional comments from tester:

none provided

------------------------------
PROGRAM OUTPUT
------------------------------

Output from '/usr/bin/make test':

PERL_DL_NONLAZY=1 /usr/home/cpansand/var/ctps/5124RC2/install/perl-v5.12.4-RC2/bin/perl "-MExtUtils::Command::MM" "-e" "test_harness(0, 'inc', 'blib/lib', 'blib/arch')" t/*.t
# Testing Scene::Graph 0.01, Perl 5.012004, /usr/home/cpansand/var/ctps/5124RC2/install/perl-v5.12.4-RC2/bin/perl
t/00-load.t ... ok
t/simple.t .... ok
Couldn't load class (Scene::Graph::Node::Transforms::Translatable) because: has '+attr' is not supported in roles at /home/cpansand/var/ctps/5124RC2/install/perl-v5.12.4-RC2/lib/site_perl/5.12.4/i386-freebsd/Moose/Meta/Role.pm line 237
	Moose::Meta::Role::add_attribute('Moose::Meta::Role=HASH(0x27ffa560)', '+is_translatable', 'default', 1, 'definition_context', 'HASH(0x27f528d0)') called at /home/cpansand/var/ctps/5124RC2/install/perl-v5.12.4-RC2/lib/site_perl/5.12.4/i386-freebsd/Moose/Role.pm line 49
	Moose::Role::has('Moose::Meta::Role=HASH(0x27ffa560)', '+is_translatable', 'default', 1) called at /home/cpansand/var/ctps/5124RC2/install/perl-v5.12.4-RC2/lib/site_perl/5.12.4/i386-freebsd/Moose/Exporter.pm line 356
	Moose::Role::has('+is_translatable', 'default', 1) called at /var/tmp/CPAN-build/Scene-Graph-0.01-tdb7J0/blib/lib/Scene/Graph/Node/Transforms/Translatable.pm line 6
	require Scene/Graph/Node/Transforms/Translatable.pm called at /home/cpansand/var/ctps/5124RC2/install/perl-v5.12.4-RC2/lib/site_perl/5.12.4/i386-freebsd/Class/MOP.pm line 117
	Class::MOP::__ANON__() called at /home/cpansand/var/ctps/5124RC2/install/perl-v5.12.4-RC2/lib/site_perl/5.12.4/Try/Tiny.pm line 71
	eval {...} called at /home/cpansand/var/ctps/5124RC2/install/perl-v5.12.4-RC2/lib/site_perl/5.12.4/Try/Tiny.pm line 67
	Try::Tiny::try('CODE(0x27fe5010)', 'Try::Tiny::Catch=REF(0x27fee2a0)') called at /home/cpansand/var/ctps/5124RC2/install/perl-v5.12.4-RC2/lib/site_perl/5.12.4/i386-freebsd/Class/MOP.pm line 128
	Class::MOP::load_first_existing_class('Scene::Graph::Node::Transforms::Translatable') called at /home/cpansand/var/ctps/5124RC2/install/perl-v5.12.4-RC2/lib/site_perl/5.12.4/i386-freebsd/Class/MOP.pm line 140
	Class::MOP::load_class('Scene::Graph::Node::Transforms::Translatable', undef) called at /home/cpansand/var/ctps/5124RC2/install/perl-v5.12.4-RC2/lib/site_perl/5.12.4/i386-freebsd/Moose/Util.pm line 126
	Moose::Util::_apply_all_roles('Moose::Meta::Class=HASH(0x27822cc0)', undef, 'Scene::Graph::Node::Transforms::Translatable') called at /home/cpansand/var/ctps/5124RC2/install/perl-v5.12.4-RC2/lib/site_perl/5.12.4/i386-freebsd/Moose/Util.pm line 93
	Moose::Util::apply_all_roles('Moose::Meta::Class=HASH(0x27822cc0)', 'Scene::Graph::Node::Transforms::Translatable') called at /home/cpansand/var/ctps/5124RC2/install/perl-v5.12.4-RC2/lib/site_perl/5.12.4/i386-freebsd/Moose.pm line 65
	Moose::with('Moose::Meta::Class=HASH(0x27822cc0)', 'Scene::Graph::Node::Transforms::Translatable') called at /home/cpansand/var/ctps/5124RC2/install/perl-v5.12.4-RC2/lib/site_perl/5.12.4/i386-freebsd/Moose/Exporter.pm line 356
	Moose::with('Scene::Graph::Node::Transforms::Translatable') called at /var/tmp/CPAN-build/Scene-Graph-0.01-tdb7J0/blib/lib/Scene/Graph/Node/Spatial.pm line 6
	require Scene/Graph/Node/Spatial.pm called at t/spatial.t line 5
	main::BEGIN() called at /var/tmp/CPAN-build/Scene-Graph-0.01-tdb7J0/blib/lib/Scene/Graph/Node/Transforms/Translatable.pm line 0
	eval {...} called at /var/tmp/CPAN-build/Scene-Graph-0.01-tdb7J0/blib/lib/Scene/Graph/Node/Transforms/Translatable.pm line 0
Compilation failed in require at /home/cpansand/var/ctps/5124RC2/install/perl-v5.12.4-RC2/lib/site_perl/5.12.4/i386-freebsd/Class/MOP.pm line 117.
 at /home/cpansand/var/ctps/5124RC2/install/perl-v5.12.4-RC2/lib/site_perl/5.12.4/i386-freebsd/Class/MOP.pm line 123
	Class::MOP::__ANON__('has \'+attr\' is not supported in roles at /home/cpansand/var...') called at /home/cpansand/var/ctps/5124RC2/install/perl-v5.12.4-RC2/lib/site_perl/5.12.4/Try/Tiny.pm line 100
	Try::Tiny::try('CODE(0x27fe5010)', 'Try::Tiny::Catch=REF(0x27fee2a0)') called at /home/cpansand/var/ctps/5124RC2/install/perl-v5.12.4-RC2/lib/site_perl/5.12.4/i386-freebsd/Class/MOP.pm line 128
	Class::MOP::load_first_existing_class('Scene::Graph::Node::Transforms::Translatable') called at /home/cpansand/var/ctps/5124RC2/install/perl-v5.12.4-RC2/lib/site_perl/5.12.4/i386-freebsd/Class/MOP.pm line 140
	Class::MOP::load_class('Scene::Graph::Node::Transforms::Translatable', undef) called at /home/cpansand/var/ctps/5124RC2/install/perl-v5.12.4-RC2/lib/site_perl/5.12.4/i386-freebsd/Moose/Util.pm line 126
	Moose::Util::_apply_all_roles('Moose::Meta::Class=HASH(0x27822cc0)', undef, 'Scene::Graph::Node::Transforms::Translatable') called at /home/cpansand/var/ctps/5124RC2/install/perl-v5.12.4-RC2/lib/site_perl/5.12.4/i386-freebsd/Moose/Util.pm line 93
	Moose::Util::apply_all_roles('Moose::Meta::Class=HASH(0x27822cc0)', 'Scene::Graph::Node::Transforms::Translatable') called at /home/cpansand/var/ctps/5124RC2/install/perl-v5.12.4-RC2/lib/site_perl/5.12.4/i386-freebsd/Moose.pm line 65
	Moose::with('Moose::Meta::Class=HASH(0x27822cc0)', 'Scene::Graph::Node::Transforms::Translatable') called at /home/cpansand/var/ctps/5124RC2/install/perl-v5.12.4-RC2/lib/site_perl/5.12.4/i386-freebsd/Moose/Exporter.pm line 356
	Moose::with('Scene::Graph::Node::Transforms::Translatable') called at /var/tmp/CPAN-build/Scene-Graph-0.01-tdb7J0/blib/lib/Scene/Graph/Node/Spatial.pm line 6
	require Scene/Graph/Node/Spatial.pm called at t/spatial.t line 5
	main::BEGIN() called at /var/tmp/CPAN-build/Scene-Graph-0.01-tdb7J0/blib/lib/Scene/Graph/Node/Spatial.pm line 0
	eval {...} called at /var/tmp/CPAN-build/Scene-Graph-0.01-tdb7J0/blib/lib/Scene/Graph/Node/Spatial.pm line 0
Compilation failed in require at t/spatial.t line 5.
BEGIN failed--compilation aborted at t/spatial.t line 5.
t/spatial.t ... 
Dubious, test returned 255 (wstat 65280, 0xff00)
No subtests run 
Can't locate Geometry/AffineTransform.pm in @INC (@INC contains: /var/tmp/CPAN-build/Scene-Graph-0.01-tdb7J0/inc /var/tmp/CPAN-build/Scene-Graph-0.01-tdb7J0/blib/lib /var/tmp/CPAN-build/Scene-Graph-0.01-tdb7J0/blib/arch /home/cpansand/var/ctps/5124RC2/install/perl-v5.12.4-RC2/lib/site_perl/5.12.4/i386-freebsd /home/cpansand/var/ctps/5124RC2/install/perl-v5.12.4-RC2/lib/site_perl/5.12.4 /home/cpansand/var/ctps/5124RC2/install/perl-v5.12.4-RC2/lib/5.12.4/i386-freebsd /home/cpansand/var/ctps/5124RC2/install/perl-v5.12.4-RC2/lib/5.12.4 .) at /var/tmp/CPAN-build/Scene-Graph-0.01-tdb7J0/blib/lib/Scene/Graph/Traverser.pm line 4.
BEGIN failed--compilation aborted at /var/tmp/CPAN-build/Scene-Graph-0.01-tdb7J0/blib/lib/Scene/Graph/Traverser.pm line 4.
Compilation failed in require at t/traverse.t line 5.
BEGIN failed--compilation aborted at t/traverse.t line 5.
t/traverse.t .. 
Dubious, test returned 2 (wstat 512, 0x200)
No subtests run 

Test Summary Report
-------------------
t/spatial.t (Wstat: 65280 Tests: 0 Failed: 0)
  Non-zero exit status: 255
  Parse errors: No plan found in TAP output
t/traverse.t (Wstat: 512 Tests: 0 Failed: 0)
  Non-zero exit status: 2
  Parse errors: No plan found in TAP output
Files=4, Tests=2,  3 wallclock secs ( 0.02 usr  0.03 sys +  1.35 cusr  0.12 csys =  1.52 CPU)
Result: FAIL
Failed 2/4 test programs. 0/2 subtests failed.
*** Error code 2

Stop in /var/tmp/CPAN-build/Scene-Graph-0.01-tdb7J0.

------------------------------
PREREQUISITES
------------------------------

Prerequisite modules loaded:

requires:

    Module              Need Have  
    ------------------- ---- ------
    ExtUtils::MakeMaker 6.42 6.56  
    Geometry::Primitive 0    0.22  
    Moose               0    2.0008
    MooseX::Clone       0    0.05  
    MooseX::Storage     0    0.30  
    Test::More          0    0.98  

configure_requires:

    Module              Need Have  
    ------------------- ---- ------
    ExtUtils::MakeMaker 6.42 6.56  


------------------------------
ENVIRONMENT AND OTHER CONTEXT
------------------------------

Environment variables:

    DBIC_NO_WARN_BAD_PERL = 1
    PATH = /usr/local/bin:/usr/X11R6/bin:/usr/X11/bin:/usr/perl5.8.0/bin:/usr/bin:/bin:/usr/local/sbin:/usr/sbin:/sbin:/usr/local/pilot/bin:/home/cpansand/bin/freebsd8.0:/home/cpansand/bin/sh:/home/cpansand/bin:/usr/X386/bin:/usr/games:/home/cpansand/devel:/usr/home/e/eserte/src/perl/CPAN-Testers-ParallelSmoker/utils
    PERL5LIB = 
    PERL5OPT = 
    PERL5_CPANPLUS_IS_RUNNING = 13071
    PERL5_CPAN_IS_RUNNING = 13071
    PERL5_CPAN_IS_RUNNING_IN_RECURSION = 44856,13071
    PERL_BATCH = yes
    PERL_CPAN_REPORTER_DIR = /home/cpansand/var/ctps/5124RC2/config/perl-v5.12.4-RC2/cpanreporter
    PERL_EXTUTILS_AUTOINSTALL = --defaultdeps
    PERL_HTML_DISPLAY_CLASS = HTML::Display::Mozilla
    PERL_PARALLEL_SMOKER = yes
    SHELL = /usr/local/bin/zsh
    TERM = xterm
    TMPDIR = /var/tmp/cpansmoker-1023

Perl special variables (and OS-specific diagnostics, for MSWin32):

    $^X = /usr/home/cpansand/var/ctps/5124RC2/install/perl-v5.12.4-RC2/bin/perl
    $UID/$EUID = 1023 / 1023
    $GID = 1023 1023
    $EGID = 1023 1023

Perl module toolchain versions installed:

    Module              Have    
    ------------------- --------
    CPAN                1.9600  
    Cwd                 3.33    
    ExtUtils::CBuilder  0.280202
    ExtUtils::Command   1.17    
    ExtUtils::Install   1.55    
    ExtUtils::MakeMaker 6.56    
    ExtUtils::Manifest  1.57    
    ExtUtils::ParseXS   2.2206  
    File::Spec          3.33    
    Module::Build       0.3800  
    Module::Signature   0.68    
    Test::Harness       3.23    
    Test::More          0.98    
    YAML                0.73    
    YAML::Syck          1.17    
    version             0.91    


--

Summary of my perl5 (revision 5 version 12 subversion 4) configuration:
  Commit id: 5c26f8f6953ad4f9517732ac321914c726d7ec9d
  Platform:
    osname=freebsd, osvers=8.0-release-p4, archname=i386-freebsd
    uname='freebsd biokovo.herceg.de 8.0-release-p4 freebsd 8.0-release-p4 #0: mon jul 12 20:22:27 utc 2010 root@i386-builder.daemonology.net:usrobjusrsrcsysgeneric i386 '
    config_args='-ds -e -Uversiononly -Dinstallusrbinperl=n -Dusedevel -Dprefix=/home/cpansand/var/ctps/5124RC2/install/perl-v5.12.4-RC2'
    hint=recommended, useposix=true, d_sigaction=define
    useithreads=undef, usemultiplicity=undef
    useperlio=define, d_sfio=undef, uselargefiles=define, usesocks=undef
    use64bitint=undef, use64bitall=undef, uselongdouble=undef
    usemymalloc=n, bincompat5005=undef
  Compiler:
    cc='cc', ccflags ='-DHAS_FPSETMASK -DHAS_FLOATINGPOINT_H -fno-strict-aliasing -pipe -fstack-protector -I/usr/local/include',
    optimize='-O',
    cppflags='-DHAS_FPSETMASK -DHAS_FLOATINGPOINT_H -fno-strict-aliasing -pipe -fstack-protector -I/usr/local/include'
    ccversion='', gccversion='4.2.1 20070719  [FreeBSD]', gccosandvers=''
    intsize=4, longsize=4, ptrsize=4, doublesize=8, byteorder=1234
    d_longlong=define, longlongsize=8, d_longdbl=define, longdblsize=12
    ivtype='long', ivsize=4, nvtype='double', nvsize=8, Off_t='off_t', lseeksize=8
    alignbytes=4, prototype=define
  Linker and Libraries:
    ld='cc', ldflags ='-Wl,-E  -fstack-protector -L/usr/local/lib'
    libpth=/usr/lib /usr/local/lib
    libs=-lgdbm -lm -lcrypt -lutil -lc
    perllibs=-lm -lcrypt -lutil -lc
    libc=, so=so, useshrplib=false, libperl=libperl.a
    gnulibc_version=''
  Dynamic Linking:
    dlsrc=dl_dlopen.xs, dlext=so, d_dlsymun=undef, ccdlflags=' '
    cccdlflags='-DPIC -fPIC', lddlflags='-shared  -L/usr/local/lib -fstack-protector'


Characteristics of this binary (from libperl): 
  Compile-time options: PERL_DONT_CREATE_GVSV PERL_MALLOC_WRAP PERL_USE_DEVEL
                        USE_LARGE_FILES USE_PERLIO USE_PERL_ATOF
  Locally applied patches:
	RC2
  Built under freebsd
  Compiled at Jun 18 2011 12:17:44
  %ENV:
    PERL5LIB=""
    PERL5OPT=""
    PERL5_CPANPLUS_IS_RUNNING="13071"
    PERL5_CPAN_IS_RUNNING="13071"
    PERL5_CPAN_IS_RUNNING_IN_RECURSION="44856,13071"
    PERL_BATCH="yes"
    PERL_CPAN_REPORTER_DIR="/home/cpansand/var/ctps/5124RC2/config/perl-v5.12.4-RC2/cpanreporter"
    PERL_EXTUTILS_AUTOINSTALL="--defaultdeps"
    PERL_HTML_DISPLAY_CLASS="HTML::Display::Mozilla"
    PERL_PARALLEL_SMOKER="yes"
  @INC:
    /home/cpansand/var/ctps/5124RC2/install/perl-v5.12.4-RC2/lib/site_perl/5.12.4/i386-freebsd
    /home/cpansand/var/ctps/5124RC2/install/perl-v5.12.4-RC2/lib/site_perl/5.12.4
    /home/cpansand/var/ctps/5124RC2/install/perl-v5.12.4-RC2/lib/5.12.4/i386-freebsd
    /home/cpansand/var/ctps/5124RC2/install/perl-v5.12.4-RC2/lib/5.12.4
    .