CatalystX-Resource v0.03 Perl 5 v5.18.2 amd64-freebsd
- Status
- Fail
- From
- Slaven Rezić (SREZIC)
- Dist
-
CatalystX-Resource v0.03
- Platform
- Perl 5 v5.18.2 amd64-freebsd
- Date
- 2019-07-20 06:41:49
- ID
- 735d41f8-aab9-11e9-b13c-88461f24ea8f
This distribution has been tested as part of the CPAN Testers
project, supporting the Perl programming language. See
http://wiki.cpantesters.org/ for more information or email
questions to cpan-testers-discuss@perl.org
--
Dear David Schmidt,
This is a computer-generated report for CatalystX-Resource-0.03
on perl 5.18.2, created by CPAN-Reporter-1.2018.
Thank you for uploading your work to CPAN. However, there was a problem
testing your distribution.
If you think this report is invalid, please consult the CPAN Testers Wiki
for suggestions on how to avoid getting FAIL reports for missing library
or binary dependencies, unsupported operating systems, and so on:
http://wiki.cpantesters.org/wiki/CPANAuthorNotes
Sections of this report:
* Tester comments
* Program output
* Prerequisites
* Environment and other context
------------------------------
TESTER COMMENTS
------------------------------
Additional comments from tester:
none provided
------------------------------
PROGRAM OUTPUT
------------------------------
Output from '/usr/bin/make test':
PERL_DL_NONLAZY=1 "/usr/perl5.18.2/bin/perl" "-MExtUtils::Command::MM" "-MTest::Harness" "-e" "undef *Test::Harness::Switches; test_harness(0, 'blib/lib', 'blib/arch')" t/*.t
Cookie::Baker::XS 0.10 is require. fallback to PP version at /usr/perl5.18.2/lib/site_perl/5.18.2/Cookie/Baker.pm line 17.
# Failed test 'no (unexpected) warnings (via done_testing)'
# at t/01_basic.t line 96.
# Looks like you failed 1 test of 53.
t/01_basic.t ......................
Dubious, test returned 1 (wstat 256, 0x100)
Failed 1/53 subtests
Cookie::Baker::XS 0.10 is require. fallback to PP version at /usr/perl5.18.2/lib/site_perl/5.18.2/Cookie/Baker.pm line 17.
# Failed test 'no (unexpected) warnings (via done_testing)'
# at t/02_crud.t line 201.
# Looks like you failed 1 test of 57.
t/02_crud.t .......................
Dubious, test returned 1 (wstat 256, 0x100)
Failed 1/57 subtests
Cookie::Baker::XS 0.10 is require. fallback to PP version at /usr/perl5.18.2/lib/site_perl/5.18.2/Cookie/Baker.pm line 17.
# Failed test 'no (unexpected) warnings (via done_testing)'
# at t/03_redirect_mode_list.t line 124.
# Looks like you failed 1 test of 38.
t/03_redirect_mode_list.t .........
Dubious, test returned 1 (wstat 256, 0x100)
Failed 1/38 subtests
Cookie::Baker::XS 0.10 is require. fallback to PP version at /usr/perl5.18.2/lib/site_perl/5.18.2/Cookie/Baker.pm line 17.
# Failed test 'no (unexpected) warnings (via done_testing)'
# at t/04_redirect_mode_show.t line 133.
# Looks like you failed 1 test of 38.
t/04_redirect_mode_show.t .........
Dubious, test returned 1 (wstat 256, 0x100)
Failed 1/38 subtests
Cookie::Baker::XS 0.10 is require. fallback to PP version at /usr/perl5.18.2/lib/site_perl/5.18.2/Cookie/Baker.pm line 17.
# Failed test 'no (unexpected) warnings (via done_testing)'
# at t/05_redirect_mode_show_parent.t line 131.
# Looks like you failed 1 test of 35.
t/05_redirect_mode_show_parent.t ..
Dubious, test returned 1 (wstat 256, 0x100)
Failed 1/35 subtests
Cookie::Baker::XS 0.10 is require. fallback to PP version at /usr/perl5.18.2/lib/site_perl/5.18.2/Cookie/Baker.pm line 17.
# Failed test 'no (unexpected) warnings (via done_testing)'
# at t/06_redirect_mode_parent_list.t line 131.
# Looks like you failed 1 test of 35.
t/06_redirect_mode_parent_list.t ..
Dubious, test returned 1 (wstat 256, 0x100)
Failed 1/35 subtests
Cookie::Baker::XS 0.10 is require. fallback to PP version at /usr/perl5.18.2/lib/site_perl/5.18.2/Cookie/Baker.pm line 17.
# Failed test 'no (unexpected) warnings (via done_testing)'
# at t/07_sortable.t line 177.
# Looks like you failed 1 test of 51.
t/07_sortable.t ...................
Dubious, test returned 1 (wstat 256, 0x100)
Failed 1/51 subtests
Cookie::Baker::XS 0.10 is require. fallback to PP version at /usr/perl5.18.2/lib/site_perl/5.18.2/Cookie/Baker.pm line 17.
# Failed test 'no (unexpected) warnings (via done_testing)'
# at t/08_merge_upload_params.t line 42.
# Looks like you failed 1 test of 8.
t/08_merge_upload_params.t ........
Dubious, test returned 1 (wstat 256, 0x100)
Failed 1/8 subtests
Cookie::Baker::XS 0.10 is require. fallback to PP version at /usr/perl5.18.2/lib/site_perl/5.18.2/Cookie/Baker.pm line 17.
# Failed test 'no (unexpected) warnings (via done_testing)'
# at t/09_form.t line 25.
# Looks like you failed 1 test of 6.
t/09_form.t .......................
Dubious, test returned 1 (wstat 256, 0x100)
Failed 1/6 subtests
Test Summary Report
-------------------
t/01_basic.t (Wstat: 256 Tests: 53 Failed: 1)
Failed test: 53
Non-zero exit status: 1
t/02_crud.t (Wstat: 256 Tests: 57 Failed: 1)
Failed test: 57
Non-zero exit status: 1
t/03_redirect_mode_list.t (Wstat: 256 Tests: 38 Failed: 1)
Failed test: 38
Non-zero exit status: 1
t/04_redirect_mode_show.t (Wstat: 256 Tests: 38 Failed: 1)
Failed test: 38
Non-zero exit status: 1
t/05_redirect_mode_show_parent.t (Wstat: 256 Tests: 35 Failed: 1)
Failed test: 35
Non-zero exit status: 1
t/06_redirect_mode_parent_list.t (Wstat: 256 Tests: 35 Failed: 1)
Failed test: 35
Non-zero exit status: 1
t/07_sortable.t (Wstat: 256 Tests: 51 Failed: 1)
Failed test: 51
Non-zero exit status: 1
t/08_merge_upload_params.t (Wstat: 256 Tests: 8 Failed: 1)
Failed test: 8
Non-zero exit status: 1
t/09_form.t (Wstat: 256 Tests: 6 Failed: 1)
Failed test: 6
Non-zero exit status: 1
Files=9, Tests=321, 22 wallclock secs ( 0.00 usr 0.20 sys + 15.59 cusr 1.46 csys = 17.25 CPU)
Result: FAIL
Failed 9/9 test programs. 9/321 subtests failed.
*** [test_dynamic] Error code 1
Stop in /usr/home/cpansand/.cpan/build/2019071919/CatalystX-Resource-0.03-0.
------------------------------
PREREQUISITES
------------------------------
Prerequisite modules loaded:
requires:
Module Need Have
---------------------------------------- ------- --------
Catalyst::Controller::ActionRole 0 0.17
Catalyst::Model::DBIC::Schema 0 0.65
Catalyst::Plugin::Session 0.27 0.40
Catalyst::Runtime 5.90020 5.90124
CatalystX::InjectComponent 0 0.025
DBIx::Class 0.08107 0.082841
HTML::FormHandler 0 0.40068
HTML::FormHandler::Model::DBIC 0 0.29
Moose 0 2.2010
MooseX::MethodAttributes 0 0.31
MooseX::Types 0 0.48
MooseX::Types::Common 0 0.001013
MooseX::Types::LoadableClass 0 0.013
namespace::autoclean 0 0.28
build_requires:
Module Need Have
---------------------------------------- ------- --------
Catalyst::Action::RenderView 0 0.16
Catalyst::Plugin::Session::State::Cookie 0 0.17
Catalyst::Plugin::Session::Store::File 0 0.18
Catalyst::View::TT 0 0.44
DBD::SQLite 0 1.62
ExtUtils::MakeMaker 0 7.36
File::Temp 0 0.2309
FindBin 0 1.51
HTTP::Message 0 6.18
Import::Into 0 1.002005
SQL::Translator 0.11016 0.11024
Test::Exception 0 0.43
Test::More 0.88 1.302164
Test::Warnings 0 0.026
URI 0 1.76
configure_requires:
Module Need Have
---------------------------------------- ------- --------
ExtUtils::MakeMaker 0 7.36
------------------------------
ENVIRONMENT AND OTHER CONTEXT
------------------------------
Environment variables:
LC_ALL = de_DE.ISO8859-1
PATH = /usr/local/bin:/usr/bin:/bin:/usr/local/sbin:/usr/sbin:/sbin:/home/cpansand/bin/freebsd9.3:/home/cpansand/bin/sh:/home/cpansand/bin:/usr/games:/home/cpansand/devel:/usr/home/eserte/src/srezic-misc/scripts
PERL5LIB =
PERL5OPT =
PERL5_CPANPLUS_IS_RUNNING = 18433
PERL5_CPAN_IS_RUNNING = 18433
PERL5_CPAN_IS_RUNNING_IN_RECURSION = 1746,18433
PERLDOC = -MPod::Perldoc::ToTextOverstrike
PERL_BATCH = yes
PERL_CANARY_STABILITY_NOPROMPT = 1
PERL_CPAN_REPORTER_CONFIG = /var/tmp/cpansmoker-1023/2019071917/cpanreporter_000_config.ini
PERL_EXTUTILS_AUTOINSTALL = --defaultdeps
PERL_USE_UNSAFE_INC = 1
SHELL = /usr/local/bin/zsh
TERM = screen
TMPDIR = /var/tmp/cpansmoker-1023/2019071917
Perl special variables (and OS-specific diagnostics, for MSWin32):
$^X = /usr/perl5.18.2/bin/perl5.18.2
$UID/$EUID = 1023 / 1023
$GID = 1023 1023
$EGID = 1023 1023
Perl module toolchain versions installed:
Module Have
------------------- --------
CPAN 2.27
CPAN::Meta 2.150010
Cwd 3.75
ExtUtils::CBuilder 0.280231
ExtUtils::Command 7.36
ExtUtils::Install 2.14
ExtUtils::MakeMaker 7.36
ExtUtils::Manifest 1.72
ExtUtils::ParseXS 3.35
File::Spec 3.75
JSON 4.02
JSON::PP 4.04
Module::Build 0.4224
Module::Signature 0.81
Parse::CPAN::Meta 2.150010
Test::Harness 3.41
Test::More 1.302164
YAML 1.29
YAML::Syck 1.31
version 0.9924
--
Summary of my perl5 (revision 5 version 18 subversion 2) configuration:
Platform:
osname=freebsd, osvers=9.2-release-p4, archname=amd64-freebsd
uname='freebsd cvrsnica-freebsd-92 9.2-release-p4 freebsd 9.2-release-p4 #0: tue apr 8 18:08:22 utc 2014 root@amd64-builder.daemonology.net:usrobjusrsrcsysgeneric amd64 '
config_args='-ds -e -Dprefix=/usr/perl5.18.2'
hint=recommended, useposix=true, d_sigaction=define
useithreads=undef, usemultiplicity=undef
useperlio=define, d_sfio=undef, uselargefiles=define, usesocks=undef
use64bitint=define, use64bitall=define, uselongdouble=undef
usemymalloc=n, bincompat5005=undef
Compiler:
cc='cc', ccflags ='-DHAS_FPSETMASK -DHAS_FLOATINGPOINT_H -fno-strict-aliasing -pipe -fstack-protector -I/usr/local/include',
optimize='-O',
cppflags='-DHAS_FPSETMASK -DHAS_FLOATINGPOINT_H -fno-strict-aliasing -pipe -fstack-protector -I/usr/local/include'
ccversion='', gccversion='4.2.1 20070831 patched [FreeBSD]', gccosandvers=''
intsize=4, longsize=8, ptrsize=8, doublesize=8, byteorder=12345678
d_longlong=define, longlongsize=8, d_longdbl=define, longdblsize=16
ivtype='long', ivsize=8, nvtype='double', nvsize=8, Off_t='off_t', lseeksize=8
alignbytes=8, prototype=define
Linker and Libraries:
ld='cc', ldflags ='-Wl,-E -fstack-protector -L/usr/local/lib'
libpth=/usr/lib /usr/local/lib
libs=-lgdbm -lm -lcrypt -lutil -lc
perllibs=-lm -lcrypt -lutil -lc
libc=, so=so, useshrplib=false, libperl=libperl.a
gnulibc_version=''
Dynamic Linking:
dlsrc=dl_dlopen.xs, dlext=so, d_dlsymun=undef, ccdlflags=' '
cccdlflags='-DPIC -fPIC', lddlflags='-shared -L/usr/local/lib -fstack-protector'
Characteristics of this binary (from libperl):
Compile-time options: HAS_TIMES PERLIO_LAYERS PERL_DONT_CREATE_GVSV
PERL_HASH_FUNC_ONE_AT_A_TIME_HARD PERL_MALLOC_WRAP
PERL_PRESERVE_IVUV PERL_SAWAMPERSAND USE_64_BIT_ALL
USE_64_BIT_INT USE_LARGE_FILES USE_LOCALE
USE_LOCALE_COLLATE USE_LOCALE_CTYPE
USE_LOCALE_NUMERIC USE_PERLIO USE_PERL_ATOF
Built under freebsd
Compiled at May 16 2014 01:27:28
%ENV:
PERL5LIB=""
PERL5OPT=""
PERL5_CPANPLUS_IS_RUNNING="18433"
PERL5_CPAN_IS_RUNNING="18433"
PERL5_CPAN_IS_RUNNING_IN_RECURSION="1746,18433"
PERLDOC="-MPod::Perldoc::ToTextOverstrike"
PERL_BATCH="yes"
PERL_CANARY_STABILITY_NOPROMPT="1"
PERL_CPAN_REPORTER_CONFIG="/var/tmp/cpansmoker-1023/2019071917/cpanreporter_000_config.ini"
PERL_EXTUTILS_AUTOINSTALL="--defaultdeps"
PERL_USE_UNSAFE_INC="1"
@INC:
/usr/perl5.18.2/lib/site_perl/5.18.2/amd64-freebsd
/usr/perl5.18.2/lib/site_perl/5.18.2
/usr/perl5.18.2/lib/5.18.2/amd64-freebsd
/usr/perl5.18.2/lib/5.18.2
.