AppBase-Grep-ColorSchemes-Kuler v0.001 Perl 5 v5.27.7 x86_64-linux
- Status
- Fail
- From
- Serguei Trouchelle (STRO)
- Dist
-
AppBase-Grep-ColorSchemes-Kuler v0.001
- Platform
- Perl 5 v5.27.7 x86_64-linux
- Date
- 2018-02-11 19:12:05
- ID
- 72e28b44-0f5f-11e8-8f53-0d6043f789d6
This distribution has been tested as part of the CPAN Testers
project, supporting the Perl programming language. See
http://wiki.cpantesters.org/ for more information or email
questions to cpan-testers-discuss@perl.org
--
Dear perlancar,
This is a computer-generated report for AppBase-Grep-ColorSchemes-Kuler-0.001
on perl 5.27.7, created by CPAN-Reporter-1.2018.
Thank you for uploading your work to CPAN. However, there was a problem
testing your distribution.
If you think this report is invalid, please consult the CPAN Testers Wiki
for suggestions on how to avoid getting FAIL reports for missing library
or binary dependencies, unsupported operating systems, and so on:
http://wiki.cpantesters.org/wiki/CPANAuthorNotes
Sections of this report:
* Tester comments
* Program output
* Prerequisites
* Environment and other context
------------------------------
TESTER COMMENTS
------------------------------
Additional comments from tester:
this report is from an automated smoke testing program
and was not reviewed by a human for accuracy
------------------------------
PROGRAM OUTPUT
------------------------------
Output from '/usr/bin/make test':
PERL_DL_NONLAZY=1 "/home/stro/perl/5.27.7/bin/perl" "-MExtUtils::Command::MM" "-MTest::Harness" "-e" "undef *Test::Harness::Switches; test_harness(0, 'blib/lib', 'blib/arch')" t/*.t
# Failed test 'AppBase/Grep/ColorScheme/AspirinC.pm loaded ok'
# at t/00-compile.t line 46.
# got: '65280'
# expected: '0'
Cannot smart match without a matcher object at /home/stro/perl/5.27.7/lib/site_perl/5.27.7/Term/Detect/Software.pm line 100.
Compilation failed in require at -e line 1.
# Failed test 'AppBase/Grep/ColorScheme/Firenze.pm loaded ok'
# at t/00-compile.t line 46.
# got: '65280'
# expected: '0'
Cannot smart match without a matcher object at /home/stro/perl/5.27.7/lib/site_perl/5.27.7/Term/Detect/Software.pm line 100.
Compilation failed in require at -e line 1.
# Failed test 'AppBase/Grep/ColorScheme/Unlike.pm loaded ok'
# at t/00-compile.t line 46.
# got: '65280'
# expected: '0'
Cannot smart match without a matcher object at /home/stro/perl/5.27.7/lib/site_perl/5.27.7/Term/Detect/Software.pm line 100.
Compilation failed in require at -e line 1.
# Looks like you failed 3 tests of 4.
t/00-compile.t ...........
Dubious, test returned 3 (wstat 768, 0x300)
Failed 3/4 subtests
t/author-critic.t ........ skipped: these tests are for testing by the author
t/author-pod-coverage.t .. skipped: these tests are for testing by the author
t/author-pod-syntax.t .... skipped: these tests are for testing by the author
Test Summary Report
-------------------
t/00-compile.t (Wstat: 768 Tests: 4 Failed: 3)
Failed tests: 1-3
Non-zero exit status: 3
Files=4, Tests=4, 1 wallclock secs ( 0.01 usr 0.00 sys + 0.08 cusr 0.00 csys = 0.09 CPU)
Result: FAIL
Failed 1/4 test programs. 3/4 subtests failed.
Makefile:862: recipe for target 'test_dynamic' failed
make: *** [test_dynamic] Error 255
------------------------------
PREREQUISITES
------------------------------
Prerequisite modules loaded:
requires:
Module Need Have
------------------- ----- --------
AppBase::Grep 0.003 0.004
Color::ANSI::Util 0.160 0.160
strict 0 1.11
warnings 0 1.39
build_requires:
Module Need Have
------------------- ----- --------
ExtUtils::MakeMaker 0 7.30
File::Spec 0 3.71
IO::Handle 0 1.37
IPC::Open3 0 1.20
Test::More 0 1.302122
configure_requires:
Module Need Have
------------------- ----- --------
ExtUtils::MakeMaker 0 7.30
------------------------------
ENVIRONMENT AND OTHER CONTEXT
------------------------------
Environment variables:
AUTOMATED_TESTING = 1
LANG = en_US.UTF-8
PATH = /usr/local/bin:/usr/bin:/bin:/usr/local/games:/usr/games
PERL5LIB =
PERL5OPT =
PERL5_CPANPLUS_IS_RUNNING = 22405
PERL5_CPAN_IS_RUNNING = 22405
PERL5_CPAN_IS_RUNNING_IN_RECURSION = 20199,22405
PERL_CR_SMOKER_CURRENT = AppBase-Grep-ColorSchemes-Kuler-0.001
PERL_EXTUTILS_AUTOINSTALL = --defaultdeps
PERL_MM_USE_DEFAULT = 1
PERL_USE_UNSAFE_INC = 1
SHELL = /bin/bash
TERM = xterm
Perl special variables (and OS-specific diagnostics, for MSWin32):
$^X = /home/stro/perl/5.27.7/bin/perl
$UID/$EUID = 1000 / 1000
$GID = 1000 24 25 29 30 44 46 108 114 1000
$EGID = 1000 24 25 29 30 44 46 108 114 1000
Perl module toolchain versions installed:
Module Have
------------------- --------
CPAN 2.20
CPAN::Meta 2.150010
Cwd 3.71
ExtUtils::CBuilder 0.280230
ExtUtils::Command 7.30
ExtUtils::Install 2.14
ExtUtils::MakeMaker 7.30
ExtUtils::Manifest 1.70
ExtUtils::ParseXS 3.36
File::Spec 3.71
JSON 2.97001
JSON::PP 2.97000
Module::Build 0.4224
Module::Signature n/a
Parse::CPAN::Meta 2.150010
Test::Harness 3.39
Test::More 1.302122
YAML 1.24
YAML::Syck 1.30
version 0.9918
--
Summary of my perl5 (revision 5 version 27 subversion 7) configuration:
Platform:
osname=linux
osvers=3.16.0-4-amd64
archname=x86_64-linux
uname='linux vm-debian-001 3.16.0-4-amd64 #1 smp debian 3.16.7-ckt11-1 (2015-05-24) x86_64 gnulinux '
config_args=''
hint=recommended
useposix=true
d_sigaction=define
useithreads=undef
usemultiplicity=undef
use64bitint=define
use64bitall=define
uselongdouble=undef
usemymalloc=n
default_inc_excludes_dot=define
bincompat5005=undef
Compiler:
cc='cc'
ccflags ='-fwrapv -fno-strict-aliasing -pipe -fstack-protector-strong -I/usr/local/include -D_LARGEFILE_SOURCE -D_FILE_OFFSET_BITS=64 -D_FORTIFY_SOURCE=2'
optimize='-O2'
cppflags='-fwrapv -fno-strict-aliasing -pipe -fstack-protector-strong -I/usr/local/include'
ccversion=''
gccversion='4.9.2'
gccosandvers=''
intsize=4
longsize=8
ptrsize=8
doublesize=8
byteorder=12345678
doublekind=3
d_longlong=define
longlongsize=8
d_longdbl=define
longdblsize=16
longdblkind=3
ivtype='long'
ivsize=8
nvtype='double'
nvsize=8
Off_t='off_t'
lseeksize=8
alignbytes=8
prototype=define
Linker and Libraries:
ld='cc'
ldflags =' -fstack-protector-strong -L/usr/local/lib'
libpth=/usr/local/lib /usr/lib/gcc/x86_64-linux-gnu/4.9/include-fixed /usr/include/x86_64-linux-gnu /usr/lib /lib/x86_64-linux-gnu /lib/../lib /usr/lib/x86_64-linux-gnu /usr/lib/../lib /lib
libs=-lpthread -lnsl -ldl -lm -lcrypt -lutil -lc
perllibs=-lpthread -lnsl -ldl -lm -lcrypt -lutil -lc
libc=libc-2.19.so
so=so
useshrplib=false
libperl=libperl.a
gnulibc_version='2.19'
Dynamic Linking:
dlsrc=dl_dlopen.xs
dlext=so
d_dlsymun=undef
ccdlflags='-Wl,-E'
cccdlflags='-fPIC'
lddlflags='-shared -O2 -L/usr/local/lib -fstack-protector-strong'
Characteristics of this binary (from libperl):
Compile-time options:
HAS_TIMES
PERLIO_LAYERS
PERL_COPY_ON_WRITE
PERL_DONT_CREATE_GVSV
PERL_MALLOC_WRAP
PERL_OP_PARENT
PERL_PRESERVE_IVUV
USE_64_BIT_ALL
USE_64_BIT_INT
USE_LARGE_FILES
USE_LOCALE
USE_LOCALE_COLLATE
USE_LOCALE_CTYPE
USE_LOCALE_NUMERIC
USE_LOCALE_TIME
USE_PERLIO
USE_PERL_ATOF
Built under linux
Compiled at Jan 6 2018 13:46:01
%ENV:
PERL5LIB=""
PERL5OPT=""
PERL5_CPANPLUS_IS_RUNNING="22405"
PERL5_CPAN_IS_RUNNING="22405"
PERL5_CPAN_IS_RUNNING_IN_RECURSION="20199,22405"
PERL_CR_SMOKER_CURRENT="AppBase-Grep-ColorSchemes-Kuler-0.001"
PERL_EXTUTILS_AUTOINSTALL="--defaultdeps"
PERL_MM_USE_DEFAULT="1"
PERL_USE_UNSAFE_INC="1"
@INC:
/home/stro/perl/5.27.7/lib/site_perl/5.27.7/x86_64-linux
/home/stro/perl/5.27.7/lib/site_perl/5.27.7
/home/stro/perl/5.27.7/lib/5.27.7/x86_64-linux
/home/stro/perl/5.27.7/lib/5.27.7
.