Back
From: metabase:user:3198cbe2-2aae-11df-837a-5e0a49663a4f
Subject: FAIL Mojolicious-Plugin-AdvancedMod-0.38 v5.18.0 GNU/Linux
Date: 2014-02-06T13:49:07Z
This distribution has been tested as part of the CPAN Testers
project, supporting the Perl programming language. See
http://wiki.cpantesters.org/ for more information or email
questions to cpan-testers-discuss@perl.org
--
Dear Evgenni Grishkovelli,
This is a computer-generated report for Mojolicious-Plugin-AdvancedMod-0.38
on perl 5.18.0, created by CPAN-Reporter-1.2010.
Thank you for uploading your work to CPAN. However, there was a problem
testing your distribution.
If you think this report is invalid, please consult the CPAN Testers Wiki
for suggestions on how to avoid getting FAIL reports for missing library
or binary dependencies, unsupported operating systems, and so on:
http://wiki.cpantesters.org/wiki/CPANAuthorNotes
Sections of this report:
* Tester comments
* Program output
* Prerequisites
* Environment and other context
------------------------------
TESTER COMMENTS
------------------------------
Additional comments from tester:
this report is from an automated smoke testing program
and was not reviewed by a human for accuracy
------------------------------
PROGRAM OUTPUT
------------------------------
Output from './Build test':
Can't locate Mojo/Base.pm in @INC (you may need to install the Mojo::Base module) (@INC contains: /home/graham/perls/caches/perl-5.18.0-thread-ld/build/Mojolicious-Plugin-AdvancedMod-QbRVkm/blib/lib /home/graham/perls/caches/perl-5.18.0-thread-ld/build/Mojolicious-Plugin-AdvancedMod-QbRVkm/blib/arch /home/graham/perls/perl5.18.0-thread-ld/lib/site_perl/5.18.0/x86_64-linux-thread-multi-ld /home/graham/perls/perl5.18.0-thread-ld/lib/site_perl/5.18.0 /home/graham/perls/perl5.18.0-thread-ld/lib/5.18.0/x86_64-linux-thread-multi-ld /home/graham/perls/perl5.18.0-thread-ld/lib/5.18.0 .) at t/action_filter.t line 1.
BEGIN failed--compilation aborted at t/action_filter.t line 1.
t/action_filter.t ..
Dubious, test returned 2 (wstat 512, 0x200)
No subtests run
Can't locate Mojo/Base.pm in @INC (you may need to install the Mojo::Base module) (@INC contains: /home/graham/perls/caches/perl-5.18.0-thread-ld/build/Mojolicious-Plugin-AdvancedMod-QbRVkm/blib/lib /home/graham/perls/caches/perl-5.18.0-thread-ld/build/Mojolicious-Plugin-AdvancedMod-QbRVkm/blib/arch /home/graham/perls/perl5.18.0-thread-ld/lib/site_perl/5.18.0/x86_64-linux-thread-multi-ld /home/graham/perls/perl5.18.0-thread-ld/lib/site_perl/5.18.0 /home/graham/perls/perl5.18.0-thread-ld/lib/5.18.0/x86_64-linux-thread-multi-ld /home/graham/perls/perl5.18.0-thread-ld/lib/5.18.0 .) at t/advanced_mod.t line 1.
BEGIN failed--compilation aborted at t/advanced_mod.t line 1.
t/advanced_mod.t ...
Dubious, test returned 2 (wstat 512, 0x200)
No subtests run
Can't locate Mojo/Base.pm in @INC (you may need to install the Mojo::Base module) (@INC contains: /home/graham/perls/caches/perl-5.18.0-thread-ld/build/Mojolicious-Plugin-AdvancedMod-QbRVkm/blib/lib /home/graham/perls/caches/perl-5.18.0-thread-ld/build/Mojolicious-Plugin-AdvancedMod-QbRVkm/blib/arch /home/graham/perls/perl5.18.0-thread-ld/lib/site_perl/5.18.0/x86_64-linux-thread-multi-ld /home/graham/perls/perl5.18.0-thread-ld/lib/site_perl/5.18.0 /home/graham/perls/perl5.18.0-thread-ld/lib/5.18.0/x86_64-linux-thread-multi-ld /home/graham/perls/perl5.18.0-thread-ld/lib/5.18.0 .) at t/command_am.t line 1.
BEGIN failed--compilation aborted at t/command_am.t line 1.
t/command_am.t .....
Dubious, test returned 2 (wstat 512, 0x200)
No subtests run
Can't locate Mojo/Base.pm in @INC (you may need to install the Mojo::Base module) (@INC contains: /home/graham/perls/caches/perl-5.18.0-thread-ld/build/Mojolicious-Plugin-AdvancedMod-QbRVkm/blib/lib /home/graham/perls/caches/perl-5.18.0-thread-ld/build/Mojolicious-Plugin-AdvancedMod-QbRVkm/blib/arch /home/graham/perls/perl5.18.0-thread-ld/lib/site_perl/5.18.0/x86_64-linux-thread-multi-ld /home/graham/perls/perl5.18.0-thread-ld/lib/site_perl/5.18.0 /home/graham/perls/perl5.18.0-thread-ld/lib/5.18.0/x86_64-linux-thread-multi-ld /home/graham/perls/perl5.18.0-thread-ld/lib/5.18.0 .) at t/configurator.t line 1.
BEGIN failed--compilation aborted at t/configurator.t line 1.
t/configurator.t ...
Dubious, test returned 2 (wstat 512, 0x200)
No subtests run
Can't locate Mojo/Base.pm in @INC (you may need to install the Mojo::Base module) (@INC contains: /home/graham/perls/caches/perl-5.18.0-thread-ld/build/Mojolicious-Plugin-AdvancedMod-QbRVkm/blib/lib /home/graham/perls/caches/perl-5.18.0-thread-ld/build/Mojolicious-Plugin-AdvancedMod-QbRVkm/blib/arch /home/graham/perls/perl5.18.0-thread-ld/lib/site_perl/5.18.0/x86_64-linux-thread-multi-ld /home/graham/perls/perl5.18.0-thread-ld/lib/site_perl/5.18.0 /home/graham/perls/perl5.18.0-thread-ld/lib/5.18.0/x86_64-linux-thread-multi-ld /home/graham/perls/perl5.18.0-thread-ld/lib/5.18.0 .) at t/hashed_params.t line 1.
BEGIN failed--compilation aborted at t/hashed_params.t line 1.
t/hashed_params.t ..
Dubious, test returned 2 (wstat 512, 0x200)
No subtests run
Can't locate Mojo/Base.pm in @INC (you may need to install the Mojo::Base module) (@INC contains: /home/graham/perls/caches/perl-5.18.0-thread-ld/build/Mojolicious-Plugin-AdvancedMod-QbRVkm/blib/lib /home/graham/perls/caches/perl-5.18.0-thread-ld/build/Mojolicious-Plugin-AdvancedMod-QbRVkm/blib/arch /home/graham/perls/perl5.18.0-thread-ld/lib/site_perl/5.18.0/x86_64-linux-thread-multi-ld /home/graham/perls/perl5.18.0-thread-ld/lib/site_perl/5.18.0 /home/graham/perls/perl5.18.0-thread-ld/lib/5.18.0/x86_64-linux-thread-multi-ld /home/graham/perls/perl5.18.0-thread-ld/lib/5.18.0 .) at t/tag_helpers.t line 1.
BEGIN failed--compilation aborted at t/tag_helpers.t line 1.
t/tag_helpers.t ....
Dubious, test returned 2 (wstat 512, 0x200)
No subtests run
Test Summary Report
-------------------
t/action_filter.t (Wstat: 512 Tests: 0 Failed: 0)
Non-zero exit status: 2
Parse errors: No plan found in TAP output
t/advanced_mod.t (Wstat: 512 Tests: 0 Failed: 0)
Non-zero exit status: 2
Parse errors: No plan found in TAP output
t/command_am.t (Wstat: 512 Tests: 0 Failed: 0)
Non-zero exit status: 2
Parse errors: No plan found in TAP output
t/configurator.t (Wstat: 512 Tests: 0 Failed: 0)
Non-zero exit status: 2
Parse errors: No plan found in TAP output
t/hashed_params.t (Wstat: 512 Tests: 0 Failed: 0)
Non-zero exit status: 2
Parse errors: No plan found in TAP output
t/tag_helpers.t (Wstat: 512 Tests: 0 Failed: 0)
Non-zero exit status: 2
Parse errors: No plan found in TAP output
Files=6, Tests=0, 0 wallclock secs ( 0.03 usr 0.02 sys + 0.02 cusr 0.00 csys = 0.07 CPU)
Result: FAIL
Failed 6/6 test programs. 0/0 subtests failed.
------------------------------
PREREQUISITES
------------------------------
Prerequisite modules loaded:
requires:
Module Need Have
---------- ---- --------
DBI 0 1.631
Text::Haml 0 0.990115
build_requires:
Module Need Have
---------- ---- --------
Test::More 0 1.001002
------------------------------
ENVIRONMENT AND OTHER CONTEXT
------------------------------
Environment variables:
AUTOMATED_TESTING = 1
LANG = en_GB.UTF-8
LC_ADDRESS = en_GB.UTF-8
LC_COLLATE = en_GB.UTF-8
LC_CTYPE = en_GB.UTF-8
LC_IDENTIFICATION = en_GB.UTF-8
LC_MEASUREMENT = en_GB.UTF-8
LC_MESSAGES = en_GB.UTF-8
LC_MONETARY = en_GB.UTF-8
LC_NAME = en_GB.UTF-8
LC_NUMERIC = en_GB.UTF-8
LC_PAPER = en_GB.UTF-8
LC_TELEPHONE = en_GB.UTF-8
LC_TIME = en_GB.UTF-8
PATH = /home/graham/perls/perl5.18.0-thread-ld/bin:/usr/local/sbin:/usr/local/bin:/usr/bin:/usr/bin/core_perl
PERL5LIB =
PERL5OPT =
PERL5_CPANPLUS_IS_RUNNING = 4796
PERL5_CPAN_IS_RUNNING = 4796
PERL5_CPAN_IS_RUNNING_IN_RECURSION = 4323,4796
PERL_CR_SMOKER_CURRENT = Mojolicious-Plugin-AdvancedMod-0.38
PERL_EXTUTILS_AUTOINSTALL = --defaultdeps
PERL_MM_USE_DEFAULT = 1
SHELL = /bin/bash
TERM = xterm
Perl special variables (and OS-specific diagnostics, for MSWin32):
$^X = /home/graham/perls/perl5.18.0-thread-ld/bin/perl
$UID/$EUID = 1000 / 1000
$GID = 100 10 100
$EGID = 100 10 100
Perl module toolchain versions installed:
Module Have
------------------- --------
CPAN 2.00
CPAN::Meta 2.133380
Cwd 3.40
ExtUtils::CBuilder 0.280212
ExtUtils::Command 1.18
ExtUtils::Install 1.59
ExtUtils::MakeMaker 6.88
ExtUtils::Manifest 1.63
ExtUtils::ParseXS 3.22
File::Spec 3.40
JSON 2.90
JSON::PP 2.27203
Module::Build 0.4003
Module::Signature n/a
Parse::CPAN::Meta 1.4409
Test::Harness 3.30
Test::More 1.001002
YAML 0.88
YAML::Syck 1.27
version 0.9908
--
Summary of my perl5 (revision 5 version 18 subversion 0) configuration:
Platform:
osname=linux, osvers=3.12.9-2-arch, archname=x86_64-linux-thread-multi-ld
uname='linux arch002 3.12.9-2-arch #1 smp preempt fri jan 31 10:22:54 cet 2014 x86_64 gnulinux '
config_args=''
hint=recommended, useposix=true, d_sigaction=define
useithreads=define, usemultiplicity=define
useperlio=define, d_sfio=undef, uselargefiles=define, usesocks=undef
use64bitint=define, use64bitall=define, uselongdouble=define
usemymalloc=n, bincompat5005=undef
Compiler:
cc='cc', ccflags ='-D_REENTRANT -D_GNU_SOURCE -fno-strict-aliasing -pipe -fstack-protector -I/usr/local/include -D_LARGEFILE_SOURCE -D_FILE_OFFSET_BITS=64',
optimize='-O2',
cppflags='-D_REENTRANT -D_GNU_SOURCE -fno-strict-aliasing -pipe -fstack-protector -I/usr/local/include'
ccversion='', gccversion='4.8.2 20131219 (prerelease)', gccosandvers=''
intsize=4, longsize=8, ptrsize=8, doublesize=8, byteorder=12345678
d_longlong=define, longlongsize=8, d_longdbl=define, longdblsize=16
ivtype='long', ivsize=8, nvtype='long double', nvsize=16, Off_t='off_t', lseeksize=8
alignbytes=16, prototype=define
Linker and Libraries:
ld='cc', ldflags =' -fstack-protector -L/usr/local/lib'
libpth=/usr/local/lib /lib/../lib /usr/lib/../lib /lib /usr/lib /lib64 /usr/lib64
libs=-lnsl -lgdbm -ldb -ldl -lm -lcrypt -lutil -lpthread -lc -lgdbm_compat
perllibs=-lnsl -ldl -lm -lcrypt -lutil -lpthread -lc
libc=/lib/libc-2.18.so, so=so, useshrplib=false, libperl=libperl.a
gnulibc_version='2.18'
Dynamic Linking:
dlsrc=dl_dlopen.xs, dlext=so, d_dlsymun=undef, ccdlflags='-Wl,-E'
cccdlflags='-fPIC', lddlflags='-shared -O2 -L/usr/local/lib -fstack-protector'
Characteristics of this binary (from libperl):
Compile-time options: HAS_TIMES MULTIPLICITY PERLIO_LAYERS
PERL_DONT_CREATE_GVSV
PERL_HASH_FUNC_ONE_AT_A_TIME_HARD
PERL_IMPLICIT_CONTEXT PERL_MALLOC_WRAP
PERL_PRESERVE_IVUV PERL_SAWAMPERSAND USE_64_BIT_ALL
USE_64_BIT_INT USE_ITHREADS USE_LARGE_FILES
USE_LOCALE USE_LOCALE_COLLATE USE_LOCALE_CTYPE
USE_LOCALE_NUMERIC USE_LONG_DOUBLE USE_PERLIO
USE_PERL_ATOF USE_REENTRANT_API
Built under linux
Compiled at Feb 4 2014 10:06:07
%ENV:
PERL5LIB=""
PERL5OPT=""
PERL5_CPANPLUS_IS_RUNNING="4796"
PERL5_CPAN_IS_RUNNING="4796"
PERL5_CPAN_IS_RUNNING_IN_RECURSION="4323,4796"
PERL_CR_SMOKER_CURRENT="Mojolicious-Plugin-AdvancedMod-0.38"
PERL_EXTUTILS_AUTOINSTALL="--defaultdeps"
PERL_MM_USE_DEFAULT="1"
@INC:
/home/graham/perls/perl5.18.0-thread-ld/lib/site_perl/5.18.0/x86_64-linux-thread-multi-ld
/home/graham/perls/perl5.18.0-thread-ld/lib/site_perl/5.18.0
/home/graham/perls/perl5.18.0-thread-ld/lib/5.18.0/x86_64-linux-thread-multi-ld
/home/graham/perls/perl5.18.0-thread-ld/lib/5.18.0
.