Catmandu-PICA v1.15 Perl 5 v5.20.0 amd64-freebsd
- Status
- Fail
- From
- Slaven Rezić
- Dist
-
Catmandu-PICA v1.15
- Platform
- Perl 5 v5.20.0 amd64-freebsd
- Date
- 2023-08-10 05:40:43
- ID
- 7288b83a-3740-11ee-aba3-99076e8775ea
This distribution has been tested as part of the CPAN Testers
project, supporting the Perl programming language. See
http://wiki.cpantesters.org/ for more information or email
questions to cpan-testers-discuss@perl.org
--
Dear Jakob Voss,
This is a computer-generated report for Catmandu-PICA-1.15
on perl 5.20.0, created by CPAN-Reporter-1.2019.
Thank you for uploading your work to CPAN. However, there was a problem
testing your distribution.
If you think this report is invalid, please consult the CPAN Testers Wiki
for suggestions on how to avoid getting FAIL reports for missing library
or binary dependencies, unsupported operating systems, and so on:
http://wiki.cpantesters.org/wiki/CPANAuthorNotes
Sections of this report:
* Tester comments
* Program output
* Prerequisites
* Environment and other context
------------------------------
TESTER COMMENTS
------------------------------
Additional comments from tester:
none provided
------------------------------
PROGRAM OUTPUT
------------------------------
Output from './Build test':
# Testing Catmandu::PICA 1.15, Perl 5.020000, /usr/perl5.20.0/bin/perl
t/00-load.t ................ ok
t/02-importer.t ............ ok
t/03-fix.t ................. ok
t/04-exporter.t ............ ok
t/06-sru.t ................. ok
t/07-pica-each.t ........... ok
# Failed test 'pica_add creates missing record'
# at t/08-pica-add.t line 55.
# Structures begin differing at:
# $got = 'ARRAY(0x809daac18)'
# $expected = ARRAY(0x8018247e0)
# Looks like you failed 1 test of 8.
t/08-pica-add.t ............
Dubious, test returned 1 (wstat 256, 0x100)
Failed 1/8 subtests
t/10-validator.t ........... ok
t/20-pica-diff.t ........... ok
t/30-modify.t .............. ok
t/Catmandu-Fix-pica_map.t .. ok
t/bugfix_pica_map.t ........ ok
Test Summary Report
-------------------
t/08-pica-add.t (Wstat: 256 (exited 1) Tests: 8 Failed: 1)
Failed test: 8
Non-zero exit status: 1
Files=12, Tests=138, 3 wallclock secs ( 0.03 usr 0.04 sys + 3.16 cusr 0.39 csys = 3.62 CPU)
Result: FAIL
------------------------------
PREREQUISITES
------------------------------
Prerequisite modules loaded:
requires:
Module Need Have
------------------- -------- --------
Catmandu 1.20 1.2013
Catmandu::SRU 0.427 0.429
Moo 1.0 2.005005
perl v5.14.1 5.020000
PICA::Data 2.10 2.10
build_requires:
Module Need Have
------------------- -------- --------
File::Temp 0.2304 0.2311
IO::File 1.14 1.51
Test::Exception 0.43 0.43
Test::More 1.001003 1.302195
Test::XML 0.08 0.08
configure_requires:
Module Need Have
------------------- -------- --------
Module::Build::Tiny 0.035 0.046
------------------------------
ENVIRONMENT AND OTHER CONTEXT
------------------------------
Environment variables:
LC_ALL = de_DE.ISO8859-1
PATH = /usr/local/bin:/usr/bin:/bin:/usr/local/sbin:/usr/sbin:/sbin:/home/cpansand/bin/freebsd9.3:/home/cpansand/bin/sh:/home/cpansand/bin:/usr/games:/home/cpansand/devel:/usr/home/eserte/src/srezic-misc/scripts
PERL5LIB = /home/cpansand/.cpan/build/2023080921/PICA-Data-2.10-0/blib/arch:/home/cpansand/.cpan/build/2023080921/PICA-Data-2.10-0/blib/lib
PERL5OPT =
PERL5_CPANPLUS_IS_RUNNING = 62958
PERL5_CPAN_IS_RUNNING = 62958
PERL5_CPAN_IS_RUNNING_IN_RECURSION = 62883,62958
PERLDOC = -MPod::Perldoc::ToTextOverstrike
PERL_BATCH = yes
PERL_CANARY_STABILITY_NOPROMPT = 1
PERL_CPAN_REPORTER_CONFIG = /var/tmp/cpansmoker-1023/2023080921/cpanreporter_000_config.ini
PERL_EXTUTILS_AUTOINSTALL = --defaultdeps
PERL_USE_UNSAFE_INC = 1
SHELL = /usr/local/bin/zsh
TERM = screen
TMPDIR = /var/tmp/cpansmoker-1023/2023080921
Perl special variables (and OS-specific diagnostics, for MSWin32):
$^X = /usr/perl5.20.0/bin/perl
$UID/$EUID = 1023 / 1023
$GID = 1023 1023
$EGID = 1023 1023
Perl module toolchain versions installed:
Module Have
------------------- --------
CPAN 2.36
CPAN::Meta 2.150010
Cwd 3.75
ExtUtils::CBuilder 0.280236
ExtUtils::Command 7.70
ExtUtils::Install 2.22
ExtUtils::MakeMaker 7.70
ExtUtils::Manifest 1.75
ExtUtils::ParseXS 3.35
File::Spec 3.75
JSON 4.10
JSON::PP 4.16
Module::Build 0.4231
Module::Signature 0.88
Parse::CPAN::Meta 2.150010
Test2 1.302195
Test::Harness 3.46
Test::More 1.302195
YAML 1.30
YAML::Syck 1.34
version 0.9929
--
Summary of my perl5 (revision 5 version 20 subversion 0) configuration:
Platform:
osname=freebsd, osvers=9.2-release-p4, archname=amd64-freebsd
uname='freebsd cvrsnica-freebsd-92 9.2-release-p4 freebsd 9.2-release-p4 #0: tue apr 8 18:08:22 utc 2014 root@amd64-builder.daemonology.net:usrobjusrsrcsysgeneric amd64 '
config_args='-ds -e -Dprefix=/usr/perl5.20.0'
hint=recommended, useposix=true, d_sigaction=define
useithreads=undef, usemultiplicity=undef
use64bitint=define, use64bitall=define, uselongdouble=undef
usemymalloc=n, bincompat5005=undef
Compiler:
cc='cc', ccflags ='-DHAS_FPSETMASK -DHAS_FLOATINGPOINT_H -fno-strict-aliasing -pipe -fstack-protector -I/usr/local/include',
optimize='-O',
cppflags='-DHAS_FPSETMASK -DHAS_FLOATINGPOINT_H -fno-strict-aliasing -pipe -fstack-protector -I/usr/local/include'
ccversion='', gccversion='4.2.1 20070831 patched [FreeBSD]', gccosandvers=''
intsize=4, longsize=8, ptrsize=8, doublesize=8, byteorder=12345678
d_longlong=define, longlongsize=8, d_longdbl=define, longdblsize=16
ivtype='long', ivsize=8, nvtype='double', nvsize=8, Off_t='off_t', lseeksize=8
alignbytes=8, prototype=define
Linker and Libraries:
ld='cc', ldflags ='-Wl,-E -fstack-protector -L/usr/local/lib'
libpth=/usr/lib /usr/local/lib /usr/include/gcc/4.2 /usr/lib
libs=-lgdbm -lm -lcrypt -lutil -lc
perllibs=-lm -lcrypt -lutil -lc
libc=, so=so, useshrplib=false, libperl=libperl.a
gnulibc_version=''
Dynamic Linking:
dlsrc=dl_dlopen.xs, dlext=so, d_dlsymun=undef, ccdlflags=' '
cccdlflags='-DPIC -fPIC', lddlflags='-shared -L/usr/local/lib -fstack-protector'
Characteristics of this binary (from libperl):
Compile-time options: HAS_TIMES PERLIO_LAYERS PERL_DONT_CREATE_GVSV
PERL_HASH_FUNC_ONE_AT_A_TIME_HARD PERL_MALLOC_WRAP
PERL_NEW_COPY_ON_WRITE PERL_PRESERVE_IVUV
USE_64_BIT_ALL USE_64_BIT_INT USE_LARGE_FILES
USE_LOCALE USE_LOCALE_COLLATE USE_LOCALE_CTYPE
USE_LOCALE_NUMERIC USE_PERLIO USE_PERL_ATOF
Built under freebsd
Compiled at May 27 2014 13:55:26
%ENV:
PERL5LIB="/home/cpansand/.cpan/build/2023080921/PICA-Data-2.10-0/blib/arch:/home/cpansand/.cpan/build/2023080921/PICA-Data-2.10-0/blib/lib"
PERL5OPT=""
PERL5_CPANPLUS_IS_RUNNING="62958"
PERL5_CPAN_IS_RUNNING="62958"
PERL5_CPAN_IS_RUNNING_IN_RECURSION="62883,62958"
PERLDOC="-MPod::Perldoc::ToTextOverstrike"
PERL_BATCH="yes"
PERL_CANARY_STABILITY_NOPROMPT="1"
PERL_CPAN_REPORTER_CONFIG="/var/tmp/cpansmoker-1023/2023080921/cpanreporter_000_config.ini"
PERL_EXTUTILS_AUTOINSTALL="--defaultdeps"
PERL_USE_UNSAFE_INC="1"
@INC:
/home/cpansand/.cpan/build/2023080921/PICA-Data-2.10-0/blib/arch
/home/cpansand/.cpan/build/2023080921/PICA-Data-2.10-0/blib/lib
/usr/perl5.20.0/lib/site_perl/5.20.0/amd64-freebsd
/usr/perl5.20.0/lib/site_perl/5.20.0
/usr/perl5.20.0/lib/5.20.0/amd64-freebsd
/usr/perl5.20.0/lib/5.20.0
.