Ethereum-RPC-Client v0.05 Perl 5 v5.41.7 OpenBSD.amd64-openbsd-thread-multi

Status
Fail
From
Carlos Guevara
Dist
Ethereum-RPC-Client v0.05
Platform
Perl 5 v5.41.7 OpenBSD.amd64-openbsd-thread-multi
Date
2024-12-16 19:17:52
ID
725af3fa-bbe2-11ef-b466-f7c6a19b3b47
This distribution has been tested as part of the CPAN Testers
project, supporting the Perl programming language.  See
http://wiki.cpantesters.org/ for more information or email
questions to cpan-testers-discuss@perl.org


--
Dear Binary.com,

This is a computer-generated report for Ethereum-RPC-Client-0.05
on perl 5.41.7, created by CPAN-Reporter-1.2020.

Thank you for uploading your work to CPAN.  However, there was a problem
testing your distribution.

If you think this report is invalid, please consult the CPAN Testers Wiki
for suggestions on how to avoid getting FAIL reports for missing library
or binary dependencies, unsupported operating systems, and so on:

http://wiki.cpantesters.org/wiki/CPANAuthorNotes

Sections of this report:

    * Tester comments
    * Program output
    * Prerequisites
    * Environment and other context

------------------------------
TESTER COMMENTS
------------------------------

Additional comments from tester:

this report is from an automated smoke testing program
and was not reviewed by a human for accuracy

------------------------------
PROGRAM OUTPUT
------------------------------

Output from '/usr/bin/make test':

PERL_DL_NONLAZY=1 "/home/cpan/bin/perl/bin/perl5.41.7" "-MExtUtils::Command::MM" "-MTest::Harness" "-e" "undef *Test::Harness::Switches; test_harness(0, 'blib/lib', 'blib/arch')" t/*.t

#   Failed test 'Mojolicious satisfies '== 7.29''
#   at t/00-check-deps.t line 9.
# Installed version (9.39) of Mojolicious is not in range '== 7.29'
# Looks like you failed 1 test of 25.
t/00-check-deps.t .......... 
Dubious, test returned 1 (wstat 256, 0x100)
Failed 1/25 subtests 
t/00-compile.t ............. ok
# 
# Versions for all modules listed in MYMETA.json (including optional ones):
# 
# === Configure Requires ===
# 
#     Module              Want Have
#     ------------------- ---- ----
#     ExtUtils::MakeMaker 7.64 7.70
# 
# === Build Requires ===
# 
#     Module              Want Have
#     ------------------- ---- ----
#     ExtUtils::MakeMaker  any 7.70
# 
# === Test Requires ===
# 
#     Module                 Want     Have
#     ------------------- ------- --------
#     ExtUtils::MakeMaker     any     7.70
#     File::Spec              any     3.93
#     IO::Handle              any     1.55
#     IPC::Open3              any     1.24
#     JSON                2.97001     4.10
#     Test::CheckDeps       0.010    0.010
#     Test::More             0.96 1.302204
# 
# === Test Recommends ===
# 
#     Module         Want     Have
#     ---------- -------- --------
#     CPAN::Meta 2.120900 2.150010
# 
# === Runtime Requires ===
# 
#     Module              Want     Have
#     --------------- -------- --------
#     Digest::Keccak      0.05     0.05
#     Encode               any     3.21
#     Future              0.37     0.51
#     JSON             2.97001     4.10
#     JSON::MaybeXS   1.003008 1.004008
#     List::Util           any  1.68_01
#     Math::BigFloat  1.999814 2.003003
#     Math::BigInt    1.999814 2.003003
#     Mojo::UserAgent      any    undef
#     Mojolicious      == 7.29     9.39
#     Moo                  any 2.005005
#     Path::Tiny           any    0.146
#     Scalar::Util         any  1.68_01
#     strict               any     1.13
#     warnings             any     1.72
# 
# 
# *** WARNING WARNING WARNING WARNING WARNING WARNING WARNING WARNING ***
# 
# The following REQUIRED prerequisites were not satisfied:
# 
# Mojolicious version '9.39' is not in required range '== 7.29'
# 
t/00-report-prereqs.t ...... ok
t/00_web3_clientVersion.t .. skipped: Needs Circle setup
t/ABI_encoding.t ........... skipped: Needs Travis setup
t/Crowdsale.t .............. skipped: Needs Travis setup
t/ERC20.t .................. skipped: Needs Travis setup

Test Summary Report
-------------------
t/00-check-deps.t        (Wstat: 256 (exited 1) Tests: 25 Failed: 1)
  Failed test:  19
  Non-zero exit status: 1
Files=7, Tests=32,  5 wallclock secs ( 0.02 usr  0.01 sys +  3.93 cusr  0.71 csys =  4.67 CPU)
Result: FAIL
Failed 1/7 test programs. 1/32 subtests failed.
*** Error 255 in /home/cpan/.cpan/build/Ethereum-RPC-Client-0.05-0 (Makefile:899 'test_dynamic')

------------------------------
PREREQUISITES
------------------------------

Prerequisite modules loaded:

requires:

    Module              Need     Have    
    ------------------- -------- --------
    Digest::Keccak      0.05     0.05    
    Encode              0        3.21    
    Future              0.37     0.51    
    JSON                2.97001  4.10    
    JSON::MaybeXS       1.003008 1.004008
    List::Util          0        1.68_01 
    Math::BigFloat      1.999814 2.003003
    Math::BigInt        1.999814 2.003003
    Mojo::UserAgent     0        0       
    Mojolicious         == 7.29  9.39    
    Moo                 0        2.005005
    Path::Tiny          0        0.146   
    perl                5.014    5.041007
    Scalar::Util        0        1.68_01 
    strict              0        1.13    
    warnings            0        1.72    

build_requires:

    Module              Need     Have    
    ------------------- -------- --------
    ExtUtils::MakeMaker 0        7.70    
    File::Spec          0        3.93    
    IO::Handle          0        1.55    
    IPC::Open3          0        1.24    
    JSON                2.97001  4.10    
    Test::CheckDeps     0.010    0.010   
    Test::More          0.96     1.302204

configure_requires:

    Module              Need     Have    
    ------------------- -------- --------
    ExtUtils::MakeMaker 7.64     7.70    


------------------------------
ENVIRONMENT AND OTHER CONTEXT
------------------------------

Environment variables:

    AUTOMATED_TESTING = 1
    DATE_MANIP_TEST_DM5 = 1
    LC_ALL = C
    NONINTERACTIVE_TESTING = 1
    NO_NETWORK_TESTING = 1
    PATH = /home/cpan/bin/perl/bin:/home/cpan/bin:/home/cpan/bin:/bin:/sbin:/usr/bin:/usr/sbin:/usr/X11R6/bin:/usr/local/bin:/usr/local/sbin
    PERL5LIB = 
    PERL5OPT = 
    PERL5_CPANPLUS_IS_RUNNING = 52247
    PERL5_CPAN_IS_RUNNING = 52247
    PERL_MM_USE_DEFAULT = 1
    PERL_USE_UNSAFE_INC = 1
    SHELL = /usr/local/bin/bash
    TERM = screen
    TMPDIR = /home/cpan/tmp

Perl special variables (and OS-specific diagnostics, for MSWin32):

    $^X = /home/cpan/bin/perl/bin/perl5.41.7
    $UID/$EUID = 1001 / 1001
    $GID = 1001 1001
    $EGID = 1001 1001

Perl module toolchain versions installed:

    Module              Have    
    ------------------- --------
    CPAN                2.38    
    CPAN::Meta          2.150010
    Cwd                 3.92    
    ExtUtils::CBuilder  0.280240
    ExtUtils::Command   7.70    
    ExtUtils::Install   2.22    
    ExtUtils::MakeMaker 7.70    
    ExtUtils::Manifest  1.75    
    ExtUtils::ParseXS   3.56    
    File::Spec          3.93    
    JSON                4.10    
    JSON::PP            4.16    
    Module::Build       0.4234  
    Module::Signature   0.89    
    Parse::CPAN::Meta   2.150010
    Test2               1.302204
    Test::Harness       3.50    
    Test::More          1.302204
    YAML                1.31    
    YAML::Syck          1.34    
    version             0.9933  


--

Summary of my perl5 (revision 5 version 41 subversion 7) configuration:
  Commit id: 3be0722ca42040d9434358ac4d7d0e60264afb49
  Platform:
    osname=openbsd
    osvers=7.6
    archname=OpenBSD.amd64-openbsd-thread-multi
    uname='openbsd cjg-openbsd7 7.6 generic#332 amd64 '
    config_args='-des -Dprefix=/home/cpan/bin/perl -Dscriptdir=/home/cpan/bin/perl/bin -Dusedevel -Duse64bitall -Duseithreads'
    hint=recommended
    useposix=true
    d_sigaction=define
    useithreads=define
    usemultiplicity=define
    use64bitint=define
    use64bitall=define
    uselongdouble=undef
    usemymalloc=n
    default_inc_excludes_dot=define
  Compiler:
    cc='cc'
    ccflags ='-pthread -DNO_LOCALE_NUMERIC -DNO_LOCALE_COLLATE -DNO_LOCALE_MONETARY -DNO_LOCALE_TIME -DNO_LOCALE_MESSAGES -DLIBC_HANDLES_MISMATCHED_CTYPE -fno-strict-aliasing -pipe -fstack-protector-strong -I/usr/local/include'
    optimize='-O2'
    cppflags='-pthread -DNO_LOCALE_NUMERIC -DNO_LOCALE_COLLATE -DNO_LOCALE_MONETARY -DNO_LOCALE_TIME -DNO_LOCALE_MESSAGES -DLIBC_HANDLES_MISMATCHED_CTYPE -fno-strict-aliasing -pipe -fstack-protector-strong -I/usr/local/include'
    ccversion=''
    gccversion='OpenBSD Clang 16.0.6'
    gccosandvers=''
    intsize=4
    longsize=8
    ptrsize=8
    doublesize=8
    byteorder=12345678
    doublekind=3
    d_longlong=define
    longlongsize=8
    d_longdbl=define
    longdblsize=16
    longdblkind=3
    ivtype='long'
    ivsize=8
    nvtype='double'
    nvsize=8
    Off_t='off_t'
    lseeksize=8
    alignbytes=8
    prototype=define
  Linker and Libraries:
    ld='cc'
    ldflags ='-pthread -Wl,-E  -fstack-protector-strong -L/usr/local/lib'
    libpth=/usr/lib/clang/16/lib /usr/lib /usr/local/lib
    libs=-lpthread -lm -lutil -lc
    perllibs=-lpthread -lm -lutil -lc
    libc=/usr/lib/libc.so.100.3
    so=so
    useshrplib=false
    libperl=libperl.a
    gnulibc_version=''
  Dynamic Linking:
    dlsrc=dl_dlopen.xs
    dlext=so
    d_dlsymun=undef
    ccdlflags=' '
    cccdlflags='-DPIC -fPIC '
    lddlflags='-shared -fPIC  -L/usr/local/lib -fstack-protector-strong'


Characteristics of this binary (from libperl): 
  Compile-time options:
    HAS_LONG_DOUBLE
    HAS_STRTOLD
    HAS_TIMES
    MULTIPLICITY
    PERLIO_LAYERS
    PERL_COPY_ON_WRITE
    PERL_DONT_CREATE_GVSV
    PERL_HASH_FUNC_SIPHASH13
    PERL_HASH_USE_SBOX32
    PERL_MALLOC_WRAP
    PERL_OP_PARENT
    PERL_PRESERVE_IVUV
    PERL_USE_DEVEL
    PERL_USE_SAFE_PUTENV
    USE_64_BIT_ALL
    USE_64_BIT_INT
    USE_ITHREADS
    USE_LARGE_FILES
    USE_LOCALE
    USE_LOCALE_CTYPE
    USE_PERLIO
    USE_PERL_ATOF
    USE_REENTRANT_API
    USE_THREAD_SAFE_LOCALE
  Built under openbsd
  Compiled at Dec 15 2024 23:38:42
  %ENV:
    PERL5LIB=""
    PERL5OPT=""
    PERL5_CPANPLUS_IS_RUNNING="52247"
    PERL5_CPAN_IS_RUNNING="52247"
    PERL_MM_USE_DEFAULT="1"
    PERL_USE_UNSAFE_INC="1"
  @INC:
    /home/cpan/bin/perl/lib/site_perl/5.41.7/OpenBSD.amd64-openbsd-thread-multi
    /home/cpan/bin/perl/lib/site_perl/5.41.7
    /home/cpan/bin/perl/lib/5.41.7/OpenBSD.amd64-openbsd-thread-multi
    /home/cpan/bin/perl/lib/5.41.7
    .