Back
From: metabase:user:314402c4-2aae-11df-837a-5e0a49663a4f
Subject: FAIL DBI-Test-0.001 v5.27.2 GNU/Linux
Date: 2017-07-29T13:11:34Z
This distribution has been tested as part of the CPAN Testers
project, supporting the Perl programming language. See
http://wiki.cpantesters.org/ for more information or email
questions to cpan-testers-discuss@perl.org
--
Dear Jens Rehsack,
This is a computer-generated report for DBI-Test-0.001
on perl 5.27.2, created by CPAN-Reporter-1.2018.
Thank you for uploading your work to CPAN. However, there was a problem
testing your distribution.
If you think this report is invalid, please consult the CPAN Testers Wiki
for suggestions on how to avoid getting FAIL reports for missing library
or binary dependencies, unsupported operating systems, and so on:
http://wiki.cpantesters.org/wiki/CPANAuthorNotes
Sections of this report:
* Tester comments
* Program output
* Prerequisites
* Environment and other context
------------------------------
TESTER COMMENTS
------------------------------
Additional comments from tester:
none provided
------------------------------
PROGRAM OUTPUT
------------------------------
Output from '/usr/bin/make test':
PERL_DL_NONLAZY=1 "/opt/perl-5.27.2/bin/perl5.27.2" "-MExtUtils::Command::MM" "-MTest::Harness" "-e" "undef *Test::Harness::Switches; test_harness(0, 'blib/lib', 'blib/arch')" xt/*.t t/basic/*.t
t/basic/dva_connect.t ......... ok
t/basic/dva_disconnect.t ...... ok
t/basic/dvb_connect.t ......... ok
t/basic/dvb_disconnect.t ...... ok
install_driver(cubrid) failed: Attempt to reload DBD/cubrid.pm aborted.
Compilation failed in require at (eval 155) line 3.
at /home/cpansand/.cpan/build/2017072909/DBI-Test-0.001-0/blib/lib/DBI/Test.pm line 31.
t/basic/dvc_connect.t .........
Dubious, test returned 2 (wstat 512, 0x200)
No subtests run
install_driver(cubrid) failed: Attempt to reload DBD/cubrid.pm aborted.
Compilation failed in require at (eval 155) line 3.
at /home/cpansand/.cpan/build/2017072909/DBI-Test-0.001-0/blib/lib/DBI/Test.pm line 31.
t/basic/dvc_disconnect.t ......
Dubious, test returned 2 (wstat 512, 0x200)
No subtests run
t/basic/dvd_connect.t ......... ok
t/basic/dvd_disconnect.t ...... ok
t/basic/dve_connect.t ......... ok
t/basic/dve_disconnect.t ...... ok
t/basic/dvf_connect.t ......... ok
t/basic/dvf_disconnect.t ...... ok
No such database ()! at /opt/perl-5.27.2/lib/site_perl/5.27.2/DBD/LDAP.pm line 401, <DATA> line 755.
DBI connect('','',...) failed: No such database ()! at /home/cpansand/.cpan/build/2017072909/DBI-Test-0.001-0/blib/lib/DBI/Test.pm line 31.
# Failed test 'basic connect'
# at /home/cpansand/.cpan/build/2017072909/DBI-Test-0.001-0/blib/lib/DBI/Test/Case/basic/connect.pm line 16.
# Failed test 'dbh is active'
# at /home/cpansand/.cpan/build/2017072909/DBI-Test-0.001-0/blib/lib/DBI/Test/Case/basic/connect.pm line 20.
No such database ()! at /opt/perl-5.27.2/lib/site_perl/5.27.2/DBD/LDAP.pm line 401, <DATA> line 755.
DBI connect('','',...) failed: No such database ()! at /home/cpansand/.cpan/build/2017072909/DBI-Test-0.001-0/blib/lib/DBI/Test.pm line 31.
# Failed test 'basic connect'
# at /home/cpansand/.cpan/build/2017072909/DBI-Test-0.001-0/blib/lib/DBI/Test/Case/basic/connect.pm line 29.
No such database ()! at /opt/perl-5.27.2/lib/site_perl/5.27.2/DBD/LDAP.pm line 401, <DATA> line 755.
DBI connect('','',...) failed: No such database ()! at /home/cpansand/.cpan/build/2017072909/DBI-Test-0.001-0/blib/lib/DBI/Test.pm line 31.
# Failed test 'connect without attr'
# at /home/cpansand/.cpan/build/2017072909/DBI-Test-0.001-0/blib/lib/DBI/Test/Case/basic/connect.pm line 46.
Use of uninitialized value $got in numeric eq (==) at (eval in cmp_ok) /home/cpansand/.cpan/build/2017072909/DBI-Test-0.001-0/blib/lib/DBI/Test/Case/basic/connect.pm line 50, <DATA> line 755.
# Failed test 'AutoCommit == 1'
# at /home/cpansand/.cpan/build/2017072909/DBI-Test-0.001-0/blib/lib/DBI/Test/Case/basic/connect.pm line 50.
Use of uninitialized value $val in addition (+) at /opt/perl-5.27.2/lib/site_perl/5.27.2/Test/Builder.pm line 730, <DATA> line 755.
# got: undef
# expected: 1
Can't call method "FETCH" on unblessed reference at /home/cpansand/.cpan/build/2017072909/DBI-Test-0.001-0/blib/lib/DBI/Test/Case/basic/connect.pm line 51, <DATA> line 755.
# Tests were run but no plan was declared and done_testing() was not seen.
# Looks like your test exited with 255 just after 5.
t/basic/dvl_connect.t .........
Dubious, test returned 255 (wstat 65280, 0xff00)
Failed 5/5 subtests
No such database ()! at /opt/perl-5.27.2/lib/site_perl/5.27.2/DBD/LDAP.pm line 401, <DATA> line 755.
DBI connect('','',...) failed: No such database ()! at /home/cpansand/.cpan/build/2017072909/DBI-Test-0.001-0/blib/lib/DBI/Test.pm line 31.
# Failed test 'basic connect'
# at /home/cpansand/.cpan/build/2017072909/DBI-Test-0.001-0/blib/lib/DBI/Test/Case/basic/disconnect.pm line 20.
Can't call method "disconnect" on an undefined value at /home/cpansand/.cpan/build/2017072909/DBI-Test-0.001-0/blib/lib/DBI/Test/Case/basic/disconnect.pm line 22, <DATA> line 755.
# Tests were run but no plan was declared and done_testing() was not seen.
# Looks like your test exited with 255 just after 1.
t/basic/dvl_disconnect.t ......
Dubious, test returned 255 (wstat 65280, 0xff00)
Failed 1/1 subtests
# Failed test 'dbh is active'
# at /home/cpansand/.cpan/build/2017072909/DBI-Test-0.001-0/blib/lib/DBI/Test/Case/basic/connect.pm line 20.
# Looks like you failed 1 test of 16.
t/basic/dvm_connect.t .........
Dubious, test returned 1 (wstat 256, 0x100)
Failed 1/16 subtests
install_driver(mysql) failed: Attempt to reload DBD/mysql.pm aborted.
Compilation failed in require at (eval 155) line 3.
at /home/cpansand/.cpan/build/2017072909/DBI-Test-0.001-0/blib/lib/DBI/Test.pm line 31.
t/basic/dvm_disconnect.t ......
Dubious, test returned 2 (wstat 512, 0x200)
No subtests run
DBI connect('','',...) failed: Can't connect to : REST::Neo4p::CommException : Can't connect to localhost:7474 (500) at /home/cpansand/.cpan/build/2017072909/DBI-Test-0.001-0/blib/lib/DBI/Test.pm line 31.
# Failed test 'basic connect'
# at /home/cpansand/.cpan/build/2017072909/DBI-Test-0.001-0/blib/lib/DBI/Test/Case/basic/connect.pm line 16.
# Failed test 'dbh is active'
# at /home/cpansand/.cpan/build/2017072909/DBI-Test-0.001-0/blib/lib/DBI/Test/Case/basic/connect.pm line 20.
DBI connect('','',...) failed: Can't connect to : REST::Neo4p::CommException : Can't connect to localhost:7474 (500) at /home/cpansand/.cpan/build/2017072909/DBI-Test-0.001-0/blib/lib/DBI/Test.pm line 31.
# Failed test 'basic connect'
# at /home/cpansand/.cpan/build/2017072909/DBI-Test-0.001-0/blib/lib/DBI/Test/Case/basic/connect.pm line 29.
DBI connect('','',...) failed: Can't connect to : REST::Neo4p::CommException : Can't connect to localhost:7474 (500) at /home/cpansand/.cpan/build/2017072909/DBI-Test-0.001-0/blib/lib/DBI/Test.pm line 31.
# Failed test 'connect without attr'
# at /home/cpansand/.cpan/build/2017072909/DBI-Test-0.001-0/blib/lib/DBI/Test/Case/basic/connect.pm line 46.
Use of uninitialized value $got in numeric eq (==) at (eval in cmp_ok) /home/cpansand/.cpan/build/2017072909/DBI-Test-0.001-0/blib/lib/DBI/Test/Case/basic/connect.pm line 50.
# Failed test 'AutoCommit == 1'
# at /home/cpansand/.cpan/build/2017072909/DBI-Test-0.001-0/blib/lib/DBI/Test/Case/basic/connect.pm line 50.
Use of uninitialized value $val in addition (+) at /opt/perl-5.27.2/lib/site_perl/5.27.2/Test/Builder.pm line 730.
# got: undef
# expected: 1
Can't call method "FETCH" on unblessed reference at /home/cpansand/.cpan/build/2017072909/DBI-Test-0.001-0/blib/lib/DBI/Test/Case/basic/connect.pm line 51.
# Tests were run but no plan was declared and done_testing() was not seen.
# Looks like your test exited with 255 just after 5.
t/basic/dvn_connect.t .........
Dubious, test returned 255 (wstat 65280, 0xff00)
Failed 5/5 subtests
t/basic/dvn_disconnect.t ...... ok
install_driver(ODBC) failed: Attempt to reload DBD/ODBC.pm aborted.
Compilation failed in require at (eval 155) line 3.
at /home/cpansand/.cpan/build/2017072909/DBI-Test-0.001-0/blib/lib/DBI/Test.pm line 31.
t/basic/dvo_connect.t .........
Dubious, test returned 2 (wstat 512, 0x200)
No subtests run
install_driver(ODBC) failed: Attempt to reload DBD/ODBC.pm aborted.
Compilation failed in require at (eval 155) line 3.
at /home/cpansand/.cpan/build/2017072909/DBI-Test-0.001-0/blib/lib/DBI/Test.pm line 31.
t/basic/dvo_disconnect.t ......
Dubious, test returned 2 (wstat 512, 0x200)
No subtests run
# Failed test 'dbh is active'
# at /home/cpansand/.cpan/build/2017072909/DBI-Test-0.001-0/blib/lib/DBI/Test/Case/basic/connect.pm line 20.
Use of uninitialized value $got in numeric eq (==) at (eval in cmp_ok) /home/cpansand/.cpan/build/2017072909/DBI-Test-0.001-0/blib/lib/DBI/Test/Case/basic/connect.pm line 50.
# Failed test 'PrintError == 1'
# at /home/cpansand/.cpan/build/2017072909/DBI-Test-0.001-0/blib/lib/DBI/Test/Case/basic/connect.pm line 50.
Use of uninitialized value $val in addition (+) at /opt/perl-5.27.2/lib/site_perl/5.27.2/Test/Builder.pm line 730.
# got: undef
# expected: 1
Use of uninitialized value $got in numeric eq (==) at (eval in cmp_ok) /home/cpansand/.cpan/build/2017072909/DBI-Test-0.001-0/blib/lib/DBI/Test/Case/basic/connect.pm line 51.
# Failed test 'PrintError == 1'
# at /home/cpansand/.cpan/build/2017072909/DBI-Test-0.001-0/blib/lib/DBI/Test/Case/basic/connect.pm line 51.
Use of uninitialized value $val in addition (+) at /opt/perl-5.27.2/lib/site_perl/5.27.2/Test/Builder.pm line 730.
# got: undef
# expected: 1
# Looks like you failed 3 tests of 16.
t/basic/dvp_connect.t .........
Dubious, test returned 3 (wstat 768, 0x300)
Failed 3/16 subtests
(2 TODO tests unexpectedly succeeded)
t/basic/dvp_disconnect.t ...... ok
# Failed test 'dbh is active'
# at /home/cpansand/.cpan/build/2017072909/DBI-Test-0.001-0/blib/lib/DBI/Test/Case/basic/connect.pm line 20.
# Looks like you failed 1 test of 16.
t/basic/dvs_connect.t .........
Dubious, test returned 1 (wstat 256, 0x100)
Failed 1/16 subtests
(4 TODO tests unexpectedly succeeded)
install_driver(SQLite) failed: Attempt to reload DBD/SQLite.pm aborted.
Compilation failed in require at (eval 155) line 3.
at /home/cpansand/.cpan/build/2017072909/DBI-Test-0.001-0/blib/lib/DBI/Test.pm line 31.
t/basic/dvs_disconnect.t ......
Dubious, test returned 2 (wstat 512, 0x200)
No subtests run
Using DBI::DBD::SqlEngine with unregistered driver DBD::XMLSimple.
Reading documentation how to prevent is strongly recommended.
Use of uninitialized value $drv_prefix in concatenation (.) or string at /opt/perl-5.27.2/lib/site_perl/5.27.2/x86_64-linux/DBI/DBD/SqlEngine.pm line 621.
# Failed test 'dbh is active'
# at /home/cpansand/.cpan/build/2017072909/DBI-Test-0.001-0/blib/lib/DBI/Test/Case/basic/connect.pm line 20.
Use of uninitialized value $drv_prefix in concatenation (.) or string at /opt/perl-5.27.2/lib/site_perl/5.27.2/x86_64-linux/DBI/DBD/SqlEngine.pm line 621.
Use of uninitialized value $drv_prefix in concatenation (.) or string at /opt/perl-5.27.2/lib/site_perl/5.27.2/x86_64-linux/DBI/DBD/SqlEngine.pm line 621.
# Looks like you failed 1 test of 16.
t/basic/dvx_connect.t .........
Dubious, test returned 1 (wstat 256, 0x100)
Failed 1/16 subtests
(1 TODO test unexpectedly succeeded)
Using DBI::DBD::SqlEngine with unregistered driver DBD::XMLSimple.
Reading documentation how to prevent is strongly recommended.
Use of uninitialized value $drv_prefix in concatenation (.) or string at /opt/perl-5.27.2/lib/site_perl/5.27.2/x86_64-linux/DBI/DBD/SqlEngine.pm line 621.
Use of uninitialized value $drv_prefix in concatenation (.) or string at /opt/perl-5.27.2/lib/site_perl/5.27.2/x86_64-linux/DBI/DBD/SqlEngine.pm line 621.
Use of uninitialized value $drv_prefix in concatenation (.) or string at /opt/perl-5.27.2/lib/site_perl/5.27.2/x86_64-linux/DBI/DBD/SqlEngine.pm line 621.
Use of uninitialized value $drv_prefix in concatenation (.) or string at /opt/perl-5.27.2/lib/site_perl/5.27.2/x86_64-linux/DBI/DBD/SqlEngine.pm line 621.
Use of uninitialized value $drv_prefix in concatenation (.) or string at /opt/perl-5.27.2/lib/site_perl/5.27.2/x86_64-linux/DBI/DBD/SqlEngine.pm line 621.
t/basic/dvx_disconnect.t ...... ok
t/basic/mvb_dvn_disconnect.t .. ok
Test Summary Report
-------------------
t/basic/dva_disconnect.t (Wstat: 0 Tests: 19 Failed: 0)
TODO passed: 8-9, 14-15, 18
t/basic/dvb_disconnect.t (Wstat: 0 Tests: 19 Failed: 0)
TODO passed: 8-9, 14-15, 18
t/basic/dvc_connect.t (Wstat: 512 Tests: 0 Failed: 0)
Non-zero exit status: 2
Parse errors: No plan found in TAP output
t/basic/dvc_disconnect.t (Wstat: 512 Tests: 0 Failed: 0)
Non-zero exit status: 2
Parse errors: No plan found in TAP output
t/basic/dvd_disconnect.t (Wstat: 0 Tests: 19 Failed: 0)
TODO passed: 8-9, 14-15, 18
t/basic/dve_disconnect.t (Wstat: 0 Tests: 19 Failed: 0)
TODO passed: 8-9, 14-15, 18
t/basic/dvf_disconnect.t (Wstat: 0 Tests: 19 Failed: 0)
TODO passed: 8-9, 14-15, 18
t/basic/dvl_connect.t (Wstat: 65280 Tests: 5 Failed: 5)
Failed tests: 1-5
Non-zero exit status: 255
Parse errors: No plan found in TAP output
t/basic/dvl_disconnect.t (Wstat: 65280 Tests: 1 Failed: 1)
Failed test: 1
Non-zero exit status: 255
Parse errors: No plan found in TAP output
t/basic/dvm_connect.t (Wstat: 256 Tests: 16 Failed: 1)
Failed test: 3
Non-zero exit status: 1
t/basic/dvm_disconnect.t (Wstat: 512 Tests: 0 Failed: 0)
Non-zero exit status: 2
Parse errors: No plan found in TAP output
t/basic/dvn_connect.t (Wstat: 65280 Tests: 5 Failed: 5)
Failed tests: 1-5
Non-zero exit status: 255
Parse errors: No plan found in TAP output
t/basic/dvn_disconnect.t (Wstat: 0 Tests: 19 Failed: 0)
TODO passed: 8-9, 14-15, 18
t/basic/dvo_connect.t (Wstat: 512 Tests: 0 Failed: 0)
Non-zero exit status: 2
Parse errors: No plan found in TAP output
t/basic/dvo_disconnect.t (Wstat: 512 Tests: 0 Failed: 0)
Non-zero exit status: 2
Parse errors: No plan found in TAP output
t/basic/dvp_connect.t (Wstat: 768 Tests: 16 Failed: 3)
Failed tests: 3, 10-11
TODO passed: 15-16
Non-zero exit status: 3
t/basic/dvp_disconnect.t (Wstat: 0 Tests: 19 Failed: 0)
TODO passed: 8-9, 14-15, 18
t/basic/dvs_connect.t (Wstat: 256 Tests: 16 Failed: 1)
Failed test: 3
TODO passed: 13-16
Non-zero exit status: 1
t/basic/dvs_disconnect.t (Wstat: 512 Tests: 0 Failed: 0)
Non-zero exit status: 2
Parse errors: No plan found in TAP output
t/basic/dvx_connect.t (Wstat: 256 Tests: 16 Failed: 1)
Failed test: 3
TODO passed: 14
Non-zero exit status: 1
t/basic/dvx_disconnect.t (Wstat: 0 Tests: 19 Failed: 0)
TODO passed: 8-9, 14-15, 18
t/basic/mvb_dvn_disconnect.t (Wstat: 0 Tests: 19 Failed: 0)
TODO passed: 8-9, 14-15, 18
Files=27, Tests=330, 5 wallclock secs ( 0.06 usr 0.10 sys + 3.68 cusr 0.60 csys = 4.44 CPU)
Result: FAIL
Failed 13/27 test programs. 17/330 subtests failed.
Makefile:900: die Regel für Ziel âtest_dynamicâ scheiterte
make: *** [test_dynamic] Fehler 255
------------------------------
PREREQUISITES
------------------------------
Prerequisite modules loaded:
requires:
Module Need Have
------------------- -------- --------
perl 5.008001 5.027002
build_requires:
Module Need Have
------------------- -------- --------
Test::Simple 0.90 1.302086
configure_requires:
Module Need Have
------------------- -------- --------
ExtUtils::MakeMaker 0 7.30
------------------------------
ENVIRONMENT AND OTHER CONTEXT
------------------------------
Environment variables:
LANG = C
LC_ALL = de_DE.UTF-8
PATH = /usr/local/bin:/usr/bin:/bin:/usr/local/sbin:/usr/sbin:/sbin:/home/cpansand/bin/linux-gnu:/home/cpansand/bin/sh:/home/cpansand/bin:/usr/games:/home/cpansand/devel:/home/eserte/src/srezic-misc/scripts
PERL5LIB =
PERL5OPT =
PERL5_CPANPLUS_IS_RUNNING = 15849
PERL5_CPAN_IS_RUNNING = 15849
PERL5_CPAN_IS_RUNNING_IN_RECURSION = 31603,15849
PERLDOC = -MPod::Perldoc::ToTextOverstrike
PERL_BATCH = yes
PERL_CANARY_STABILITY_NOPROMPT = 1
PERL_CPAN_REPORTER_CONFIG = /var/tmp/cpansmoker-1023/2017072900/cpanreporter_000_config.ini
PERL_EXTUTILS_AUTOINSTALL = --defaultdeps
PERL_PARALLEL_SMOKER = yes
PERL_USE_UNSAFE_INC = 1
SHELL = /usr/bin/zsh
TERM = screen
TMPDIR = /var/tmp/cpansmoker-1023/2017072900
Perl special variables (and OS-specific diagnostics, for MSWin32):
$^X = /opt/perl-5.27.2/bin/perl5.27.2
$UID/$EUID = 1023 / 1023
$GID = 1023 1023
$EGID = 1023 1023
Perl module toolchain versions installed:
Module Have
------------------- --------
CPAN 2.16
CPAN::Meta 2.150010
Cwd 3.62
ExtUtils::CBuilder 0.280226
ExtUtils::Command 7.30
ExtUtils::Install 2.14
ExtUtils::MakeMaker 7.30
ExtUtils::Manifest 1.70
ExtUtils::ParseXS 3.30
File::Spec 3.62
JSON 2.94
JSON::PP 2.94
Module::Build 0.4224
Module::Signature 0.81
Parse::CPAN::Meta 2.150010
Test::Harness 3.39
Test::More 1.302086
YAML 1.23
YAML::Syck 1.30
version 0.9918
--
Summary of my perl5 (revision 5 version 27 subversion 2) configuration:
Platform:
osname=linux
osvers=4.9.0-3-amd64
archname=x86_64-linux
uname='linux debian9 4.9.0-3-amd64 #1 smp debian 4.9.30-2+deb9u2 (2017-06-26) x86_64 gnulinux '
config_args='-ds -e -Dprefix=/opt/perl-5.27.2 -Dusedevel -Dusemallocwrap=no -Dcf_email=srezic@cpan.org'
hint=recommended
useposix=true
d_sigaction=define
useithreads=undef
usemultiplicity=undef
use64bitint=define
use64bitall=define
uselongdouble=undef
usemymalloc=n
default_inc_excludes_dot=define
bincompat5005=undef
Compiler:
cc='cc'
ccflags ='-fwrapv -fno-strict-aliasing -pipe -fstack-protector-strong -I/usr/local/include -D_LARGEFILE_SOURCE -D_FILE_OFFSET_BITS=64'
optimize='-O2'
cppflags='-fwrapv -fno-strict-aliasing -pipe -fstack-protector-strong -I/usr/local/include'
ccversion=''
gccversion='6.3.0 20170516'
gccosandvers=''
intsize=4
longsize=8
ptrsize=8
doublesize=8
byteorder=12345678
doublekind=3
d_longlong=define
longlongsize=8
d_longdbl=define
longdblsize=16
longdblkind=3
ivtype='long'
ivsize=8
nvtype='double'
nvsize=8
Off_t='off_t'
lseeksize=8
alignbytes=8
prototype=define
Linker and Libraries:
ld='cc'
ldflags =' -fstack-protector-strong -L/usr/local/lib'
libpth=/usr/local/lib /usr/lib/gcc/x86_64-linux-gnu/6/include-fixed /usr/include/x86_64-linux-gnu /usr/lib /lib/x86_64-linux-gnu /lib/../lib /usr/lib/x86_64-linux-gnu /usr/lib/../lib /lib
libs=-lpthread -lnsl -lgdbm -ldb -ldl -lm -lcrypt -lutil -lc -lgdbm_compat
perllibs=-lpthread -lnsl -ldl -lm -lcrypt -lutil -lc
libc=libc-2.24.so
so=so
useshrplib=false
libperl=libperl.a
gnulibc_version='2.24'
Dynamic Linking:
dlsrc=dl_dlopen.xs
dlext=so
d_dlsymun=undef
ccdlflags='-Wl,-E'
cccdlflags='-fPIC'
lddlflags='-shared -O2 -L/usr/local/lib -fstack-protector-strong'
Characteristics of this binary (from libperl):
Compile-time options:
HAS_TIMES
PERLIO_LAYERS
PERL_COPY_ON_WRITE
PERL_DONT_CREATE_GVSV
PERL_OP_PARENT
PERL_PRESERVE_IVUV
PERL_USE_DEVEL
USE_64_BIT_ALL
USE_64_BIT_INT
USE_LARGE_FILES
USE_LOCALE
USE_LOCALE_COLLATE
USE_LOCALE_CTYPE
USE_LOCALE_NUMERIC
USE_LOCALE_TIME
USE_PERLIO
USE_PERL_ATOF
Built under linux
Compiled at Jul 20 2017 21:00:25
%ENV:
PERL5LIB=""
PERL5OPT=""
PERL5_CPANPLUS_IS_RUNNING="15849"
PERL5_CPAN_IS_RUNNING="15849"
PERL5_CPAN_IS_RUNNING_IN_RECURSION="31603,15849"
PERLDOC="-MPod::Perldoc::ToTextOverstrike"
PERL_BATCH="yes"
PERL_CANARY_STABILITY_NOPROMPT="1"
PERL_CPAN_REPORTER_CONFIG="/var/tmp/cpansmoker-1023/2017072900/cpanreporter_000_config.ini"
PERL_EXTUTILS_AUTOINSTALL="--defaultdeps"
PERL_PARALLEL_SMOKER="yes"
PERL_USE_UNSAFE_INC="1"
@INC:
/opt/perl-5.27.2/lib/site_perl/5.27.2/x86_64-linux
/opt/perl-5.27.2/lib/site_perl/5.27.2
/opt/perl-5.27.2/lib/5.27.2/x86_64-linux
/opt/perl-5.27.2/lib/5.27.2
.