Sys-Trace v0.03 Perl 5 v5.8.9 i386-netbsd-thread-multi-64int

Status
Fail
From
Chris Williams (BINGOS)
Dist
Sys-Trace v0.03
Platform
Perl 5 v5.8.9 i386-netbsd-thread-multi-64int
Date
2010-07-12 22:25:58
ID
720e9e90-8e04-11df-87db-470b8165c34d
This distribution has been tested as part of the CPAN Testers
project, supporting the Perl programming language.  See
http://wiki.cpantesters.org/ for more information or email
questions to cpan-testers-discuss@perl.org


--

Dear DGL,
    
This is a computer-generated error report created automatically by
CPANPLUS, version 0.9006. Testers personal comments may appear 
at the end of this report.


Thank you for uploading your work to CPAN.  However, it appears that
there were some problems testing your distribution.

TEST RESULTS:

Below is the error stack from stage 'make test':

[MSG] [Mon Jul 12 23:25:56 2010] cp lib/Sys/Trace/Results.pm blib/lib/Sys/Trace/Results.pm
cp lib/Sys/Trace/Impl/Ktrace.pm blib/lib/Sys/Trace/Impl/Ktrace.pm
cp lib/Sys/Trace/Impl/Strace.pm blib/lib/Sys/Trace/Impl/Strace.pm
cp lib/Sys/Trace/Impl/Truss.pm blib/lib/Sys/Trace/Impl/Truss.pm
cp lib/Sys/Trace.pm blib/lib/Sys/Trace.pm
Manifying blib/man3/Sys::Trace::Results.3
Manifying blib/man3/Sys::Trace::Impl::Ktrace.3
Manifying blib/man3/Sys::Trace::Impl::Truss.3
Manifying blib/man3/Sys::Trace::Impl::Strace.3
Manifying blib/man3/Sys::Trace.3

[ERROR] [Mon Jul 12 23:25:58 2010] MAKE TEST failed: No such file or directory PERL_DL_NONLAZY=1 /home/cpan/pit/rel/perl-5.8.9/bin/perl "-MExtUtils::Command::MM" "-e" "test_harness(0, 'inc', 'blib/lib', 'blib/arch')" t/*.t
t/01.load.t .... ok
strace: not found
truss: not found
strace: not found
t/02.new.t ..... ok
strace: not found
truss: not found
strace: not found
ls: does-not-exist: No such file or directory

#   Failed test at t/03.basic.t line 15.
# Looks like you failed 1 test of 3.
t/03.basic.t ... 
Dubious, test returned 1 (wstat 256, 0x100)
Failed 1/3 subtests 
t/04.strace.t .. ok
t/05.truss.t ... ok

Test Summary Report
-------------------
t/03.basic.t (Wstat: 256 Tests: 3 Failed: 1)
  Failed test:  3
  Non-zero exit status: 1
Files=5, Tests=24,  2 wallclock secs ( 0.00 usr  0.18 sys +  0.68 cusr  0.66 csys =  1.52 CPU)
Result: FAIL
Failed 1/5 test programs. 1/24 subtests failed.
*** Error code 255

Stop.
make: stopped in /home/cpan/pit/rel/conf/perl-5.8.9/.cpanplus/5.8.9/build/Sys-Trace-0.03

[MSG] [Mon Jul 12 23:25:58 2010] DEFAULT 'proceed_on_test_failure' HANDLER RETURNING 'sub return value'

PREREQUISITES:

Here is a list of prerequisites you specified and versions we 
managed to load:
                                
	  Module Name                        Have     Want
	  ExtUtils::MakeMaker                6.56     6.42
	  Text::Balanced                     1.98        0

Perl module toolchain versions installed:
	Module Name                        Have
	CPANPLUS                         0.9006
	CPANPLUS::Dist::Build              0.46
	Cwd                                3.31
	ExtUtils::CBuilder               0.2703
	ExtUtils::Command                  1.16
	ExtUtils::Install                  1.54
	ExtUtils::MakeMaker                6.56
	ExtUtils::Manifest                 1.58
	ExtUtils::ParseXS                2.2206
	File::Spec                         3.31
	Module::Build                    0.3607
	Test::Harness                      3.21
	Test::More                         0.94
	version                            0.82

******************************** NOTE ********************************
The comments above are created mechanically, possibly without manual
checking by the sender.  As there are many people performing automatic
tests on each upload to CPAN, it is likely that you will receive 
identical messages about the same problem.

If you believe that the message is mistaken, please reply to the first
one with correction and/or additional informations, and do not take
it personally.  We appreciate your patience. :)
**********************************************************************

Additional comments:
 

This report was machine-generated by CPANPLUS::Dist::YACSmoke 0.58.
Powered by minismokebox version 0.26

------------------------------
ENVIRONMENT AND OTHER CONTEXT
------------------------------

Environment variables:

    AUTOMATED_TESTING = 1
    PATH = /home/cpan/bin:/bin:/sbin:/usr/bin:/usr/sbin:/usr/X11R7/bin:/usr/X11R6/bin:/usr/pkg/bin:/usr/pkg/sbin:/usr/games:/usr/local/bin:/usr/local/sbin
    PERL5LIB = :/home/cpan/pit/rel/conf/perl-5.8.9/.cpanplus/5.8.9/build/Sys-Trace-0.03/blib/lib:/home/cpan/pit/rel/conf/perl-5.8.9/.cpanplus/5.8.9/build/Sys-Trace-0.03/blib/arch
    PERL5_CPANPLUS_IS_RUNNING = 5424
    PERL5_CPANPLUS_IS_VERSION = 0.9006
    PERL5_MINISMOKEBOX = 0.26
    PERL5_YACSMOKE_BASE = /home/cpan/pit/rel/conf/perl-5.8.9
    PERL_EXTUTILS_AUTOINSTALL = --defaultdeps
    PERL_MM_USE_DEFAULT = 1
    SHELL = /usr/pkg/bin/bash
    TERM = screen

Perl special variables (and OS-specific diagnostics, for MSWin32):

    Perl: $^X = /home/cpan/pit/rel/perl-5.8.9/bin/perl
    UID:  $<  = 1000
    EUID: $>  = 1000
    GID:  $(  = 100 100
    EGID: $)  = 100 100


-------------------------------


--

Summary of my perl5 (revision 5 version 8 subversion 9) configuration:
  Platform:
    osname=netbsd, osvers=5.0, archname=i386-netbsd-thread-multi-64int
    uname='netbsd chamberlain 5.0 netbsd 5.0 (generic) #0: sun apr 26 18:50:08 utc 2009 builds@b6.netbsd.org:homebuildsabnetbsd-5-0-releasei386200904260229z-objhomebuildsabnetbsd-5-0-releasesrcsysarchi386compilegeneric i386 '
    config_args='-des -Dprefix=/home/cpan/pit/rel/perl-5.8.9 -Duse64bitint -Dusethreads -Dusemallocwrap=y -Dusemymalloc=n'
    hint=recommended, useposix=true, d_sigaction=define
    usethreads=define use5005threads=undef useithreads=define usemultiplicity=define
    useperlio=define d_sfio=undef uselargefiles=define usesocks=undef
    use64bitint=define use64bitall=undef uselongdouble=undef
    usemymalloc=n, bincompat5005=undef
  Compiler:
    cc='cc', ccflags ='-fno-strict-aliasing -pipe -I/usr/pkg/include',
    optimize='-O',
    cppflags='-fno-strict-aliasing -pipe -I/usr/pkg/include'
    ccversion='', gccversion='4.1.3 20080704 prerelease (NetBSD nb2 20081120)', gccosandvers=''
    intsize=4, longsize=4, ptrsize=4, doublesize=8, byteorder=12345678
    d_longlong=define, longlongsize=8, d_longdbl=define, longdblsize=12
    ivtype='long long', ivsize=8, nvtype='double', nvsize=8, Off_t='off_t', lseeksize=8
    alignbytes=4, prototype=define
  Linker and Libraries:
    ld='cc', ldflags =' -Wl,-rpath,/usr/pkg/lib -Wl,-rpath,/usr/local/lib -L/usr/pkg/lib'
    libpth=/usr/pkg/lib /lib /usr/lib
    libs=-lm -lcrypt -lutil -lc -lposix -lpthread
    perllibs=-lm -lcrypt -lutil -lc -lposix -lpthread
    libc=/lib/libc.so, so=so, useshrplib=false, libperl=libperl.a
    gnulibc_version=''
  Dynamic Linking:
    dlsrc=dl_dlopen.xs, dlext=so, d_dlsymun=undef, ccdlflags='-Wl,-E '
    cccdlflags='-DPIC -fPIC ', lddlflags='--whole-archive -shared  -L/usr/pkg/lib'


Characteristics of this binary (from libperl): 
  Compile-time options: MULTIPLICITY PERL_IMPLICIT_CONTEXT PERL_MALLOC_WRAP
                        USE_64_BIT_INT USE_FAST_STDIO USE_ITHREADS
                        USE_LARGE_FILES USE_PERLIO USE_REENTRANT_API
  Built under netbsd
  Compiled at Jun 22 2010 00:49:56
  %ENV:
    PERL5LIB=":/home/cpan/pit/rel/conf/perl-5.8.9/.cpanplus/5.8.9/build/Sys-Trace-0.03/blib/lib:/home/cpan/pit/rel/conf/perl-5.8.9/.cpanplus/5.8.9/build/Sys-Trace-0.03/blib/arch"
    PERL5_CPANPLUS_IS_RUNNING="5424"
    PERL5_CPANPLUS_IS_VERSION="0.9006"
    PERL5_MINISMOKEBOX="0.26"
    PERL5_YACSMOKE_BASE="/home/cpan/pit/rel/conf/perl-5.8.9"
    PERL_EXTUTILS_AUTOINSTALL="--defaultdeps"
    PERL_MM_USE_DEFAULT="1"
  @INC:
    /home/cpan/pit/rel/conf/perl-5.8.9/.cpanplus/5.8.9/build/Sys-Trace-0.03/blib/lib
    /home/cpan/pit/rel/conf/perl-5.8.9/.cpanplus/5.8.9/build/Sys-Trace-0.03/blib/arch
    /home/cpan/pit/rel/perl-5.8.9/lib/5.8.9/i386-netbsd-thread-multi-64int
    /home/cpan/pit/rel/perl-5.8.9/lib/5.8.9
    /home/cpan/pit/rel/perl-5.8.9/lib/site_perl/5.8.9/i386-netbsd-thread-multi-64int
    /home/cpan/pit/rel/perl-5.8.9/lib/site_perl/5.8.9
    .