App-IniDiff-IniFile v0.16 Perl 5 v5.10.1 x86_64-linux-thread-multi
- Status
- Fail
- From
- Chris Williams (BINGOS)
- Dist
-
App-IniDiff-IniFile v0.16
- Platform
- Perl 5 v5.10.1 x86_64-linux-thread-multi
- Date
- 2019-04-05 23:35:07
- ID
- 71ed826c-57fb-11e9-9066-e374b0ba08e8
This distribution has been tested as part of the CPAN Testers
project, supporting the Perl programming language. See
http://wiki.cpantesters.org/ for more information or email
questions to cpan-testers-discuss@perl.org
--
Dear SQUIRESJM,
This is a computer-generated error report created automatically by
CPANPLUS, version 0.9176. Testers personal comments may appear
at the end of this report.
Thank you for uploading your work to CPAN. However, it appears that
there were some problems testing your distribution.
TEST RESULTS:
Below is the error stack from stage 'make test':
PERL_DL_NONLAZY=1 "/home/cpan/pit/thr/perl-5.10.1/bin/perl" "-MExtUtils::Command::MM" "-MTest::Harness" "-e" "undef *Test::Harness::Switches; test_harness(0, 'blib/lib', 'blib/arch')" t/*.t
# Testing App::IniDiff::IniFile 0.16, Perl 5.010001, /home/cpan/pit/thr/perl-5.10.1/bin/perl
t/00-load.t ...... ok
Use of uninitialized value in subroutine entry at /home/cpan/pit/jail/wypjH4K7B2/lib/perl5/Test/Cmd.pm line 1116.
Use of uninitialized value in subroutine entry at /home/cpan/pit/jail/wypjH4K7B2/lib/perl5/Test/Cmd.pm line 1121.
sh: 1: cannot create /stdout.1: Permission denied
Use of uninitialized value in subroutine entry at /home/cpan/pit/jail/wypjH4K7B2/lib/perl5/Test/Cmd.pm line 1116.
# Failed test 'inicat: write to stdout'
# at t/01inicat.t line 30.
# +---------+--------------------------------------------------------------+
# | GOT | CHECK |
# +---------+--------------------------------------------------------------+
# | <UNDEF> | [general]\r\n |
# | | version=0.15\r\n |
# | | \r\n |
# | | [options]\r\n |
# | | debug=1\r\n |
# | | \r\n |
# | | [emptysection]\r\n |
# | | \r\n |
# | | [onekey]\r\n |
# | | first=one\r\n |
# | | \r\n |
# | | [twokey]\r\n |
# | | second=one\r\n |
# | | third=one\r\n |
# | | \r\n |
# | | [withcomments]\r\n |
# | | ; semicolon comment before entry\r\n |
# | | semicomment=semicolon comment test\r\n |
# | | # hash comment before entry\r\n |
# | | hashcomment=hash comment test\r\n |
# | | ; end comment\r\n |
# | | \r\n |
# | | [sectionspace]\r\n |
# | | spaceentry1=one\r\n |
# | | spaceentry2=two\r\n |
# | | ; comment before section\r\n |
# | | [oddcommentsection] # section hanging comment\r\n |
# | | inlinecomment=where is the comment # key hanging comment\r\n |
# | | \r\n |
# +---------+--------------------------------------------------------------+
Use of uninitialized value in subroutine entry at /home/cpan/pit/jail/wypjH4K7B2/lib/perl5/Test/Cmd.pm line 1116.
Use of uninitialized value in subroutine entry at /home/cpan/pit/jail/wypjH4K7B2/lib/perl5/Test/Cmd.pm line 1121.
sh: 1: cannot create /stdout.2: Permission denied
# Failed test 'inicat: write to output file'
# at t/01inicat.t line 38.
# +---------+--------------------------------------------------------------+
# | GOT | CHECK |
# +---------+--------------------------------------------------------------+
# | <UNDEF> | [general]\r\n |
# | | version=0.15\r\n |
# | | \r\n |
# | | [options]\r\n |
# | | debug=1\r\n |
# | | \r\n |
# | | [emptysection]\r\n |
# | | \r\n |
# | | [onekey]\r\n |
# | | first=one\r\n |
# | | \r\n |
# | | [twokey]\r\n |
# | | second=one\r\n |
# | | third=one\r\n |
# | | \r\n |
# | | [withcomments]\r\n |
# | | ; semicolon comment before entry\r\n |
# | | semicomment=semicolon comment test\r\n |
# | | # hash comment before entry\r\n |
# | | hashcomment=hash comment test\r\n |
# | | ; end comment\r\n |
# | | \r\n |
# | | [sectionspace]\r\n |
# | | spaceentry1=one\r\n |
# | | spaceentry2=two\r\n |
# | | ; comment before section\r\n |
# | | [oddcommentsection] # section hanging comment\r\n |
# | | inlinecomment=where is the comment # key hanging comment\r\n |
# | | \r\n |
# +---------+--------------------------------------------------------------+
# Failed test 'exit status'
# at t/01inicat.t line 39.
# +-----+----+-------+
# | GOT | OP | CHECK |
# +-----+----+-------+
# | 2 | eq | 1 |
# +-----+----+-------+
Use of uninitialized value in subroutine entry at /home/cpan/pit/jail/wypjH4K7B2/lib/perl5/Test/Cmd.pm line 1116.
Use of uninitialized value in subroutine entry at /home/cpan/pit/jail/wypjH4K7B2/lib/perl5/Test/Cmd.pm line 1121.
sh: 1: cannot create /stdout.3: Permission denied
Use of uninitialized value in subroutine entry at /home/cpan/pit/jail/wypjH4K7B2/lib/perl5/Test/Cmd.pm line 1121.
Use of uninitialized value $_[0] in print at /home/cpan/pit/jail/wypjH4K7B2/lib/perl5/Test/Cmd.pm line 735.
Use of uninitialized value in subroutine entry at /home/cpan/pit/jail/wypjH4K7B2/lib/perl5/Test/Cmd.pm line 1121.
# Failed test 'inicat: duplicate section'
# at t/01inicat.t line 47.
# +---------+----+--------------------------------+
# | GOT | OP | CHECK |
# +---------+----+--------------------------------+
# | <UNDEF> | =~ | (?-xism:duplicate key: onekey) |
# +---------+----+--------------------------------+
# Failed test 'exit status'
# at t/01inicat.t line 48.
# +-----+----+-------+
# | GOT | OP | CHECK |
# +-----+----+-------+
# | 2 | eq | 0 |
# +-----+----+-------+
t/01inicat.t .....
Dubious, test returned 5 (wstat 1280, 0x500)
Failed 5/5 subtests
Use of uninitialized value in subroutine entry at /home/cpan/pit/jail/wypjH4K7B2/lib/perl5/Test/Cmd.pm line 1116.
Use of uninitialized value in subroutine entry at /home/cpan/pit/jail/wypjH4K7B2/lib/perl5/Test/Cmd.pm line 1121.
sh: 1: cannot create /stdout.1: Permission denied
# Failed test 'iniedit: add section'
# at t/02iniedit.t line 30.
# +---------+--------------------------------------------------------------+
# | GOT | CHECK |
# +---------+--------------------------------------------------------------+
# | <UNDEF> | [newsection]\r\n |
# | | newset1=1\r\n |
# | | newset2=2\r\n |
# | | stringset=string\r\n |
# | | commaset=item1,item2,item3\r\n |
# | | \r\n |
# | | [UpperCaseSection]\r\n |
# | | UCNewSet1=1\r\n |
# | | UCNewSet2=2\r\n |
# | | UCStringSet=string\r\n |
# | | UCCommaSet=item1,item2,item3\r\n |
# | | \r\n |
# | | [general]\r\n |
# | | version=0.15\r\n |
# | | \r\n |
# | | [options]\r\n |
# | | debug=1\r\n |
# | | \r\n |
# | | [emptysection]\r\n |
# | | \r\n |
# | | [onekey]\r\n |
# | | first=one\r\n |
# | | \r\n |
# | | [twokey]\r\n |
# | | second=one\r\n |
# | | third=one\r\n |
# | | \r\n |
# | | [withcomments]\r\n |
# | | ; semicolon comment before entry\r\n |
# | | semicomment=semicolon comment test\r\n |
# | | # hash comment before entry\r\n |
# | | hashcomment=hash comment test\r\n |
# | | ; end comment\r\n |
# | | \r\n |
# | | [sectionspace]\r\n |
# | | spaceentry1=one\r\n |
# | | spaceentry2=two\r\n |
# | | ; comment before section\r\n |
# | | [oddcommentsection] # section hanging comment\r\n |
# | | inlinecomment=where is the comment # key hanging comment\r\n |
# | | \r\n |
# +---------+--------------------------------------------------------------+
Use of uninitialized value in subroutine entry at /home/cpan/pit/jail/wypjH4K7B2/lib/perl5/Test/Cmd.pm line 1116.
Use of uninitialized value in subroutine entry at /home/cpan/pit/jail/wypjH4K7B2/lib/perl5/Test/Cmd.pm line 1121.
sh: 1: cannot create /stdout.2: Permission denied
# Failed test 'iniedit: delete section'
# at t/02iniedit.t line 40.
# +---------+--------------------------------------------------------------+
# | GOT | CHECK |
# +---------+--------------------------------------------------------------+
# | <UNDEF> | [general]\r\n |
# | | version=0.15\r\n |
# | | \r\n |
# | | [options]\r\n |
# | | debug=1\r\n |
# | | \r\n |
# | | [emptysection]\r\n |
# | | \r\n |
# | | [onekey]\r\n |
# | | first=one\r\n |
# | | \r\n |
# | | [twokey]\r\n |
# | | second=one\r\n |
# | | third=one\r\n |
# | | \r\n |
# | | [withcomments]\r\n |
# | | ; semicolon comment before entry\r\n |
# | | semicomment=semicolon comment test\r\n |
# | | # hash comment before entry\r\n |
# | | hashcomment=hash comment test\r\n |
# | | ; end comment\r\n |
# | | \r\n |
# | | [sectionspace]\r\n |
# | | spaceentry1=one\r\n |
# | | spaceentry2=two\r\n |
# | | ; comment before section\r\n |
# | | [oddcommentsection] # section hanging comment\r\n |
# | | inlinecomment=where is the comment # key hanging comment\r\n |
# | | \r\n |
# +---------+--------------------------------------------------------------+
# Failed test 'exit status'
# at t/02iniedit.t line 41.
# +-----+----+-------+
# | GOT | OP | CHECK |
# +-----+----+-------+
# | 2 | eq | 0 |
# +-----+----+-------+
Use of uninitialized value in subroutine entry at /home/cpan/pit/jail/wypjH4K7B2/lib/perl5/Test/Cmd.pm line 1116.
Use of uninitialized value in subroutine entry at /home/cpan/pit/jail/wypjH4K7B2/lib/perl5/Test/Cmd.pm line 1121.
sh: 1: cannot create /stdout.3: Permission denied
# Failed test 'iniedit: delete setting'
# at t/02iniedit.t line 51.
# +---------+--------------------------------------------------------------+
# | GOT | CHECK |
# +---------+--------------------------------------------------------------+
# | <UNDEF> | [newsection]\r\n |
# | | newset1=1\r\n |
# | | newset2=2\r\n |
# | | commaset=item1,item2,item3\r\n |
# | | \r\n |
# | | [UpperCaseSection]\r\n |
# | | UCNewSet1=1\r\n |
# | | UCNewSet2=2\r\n |
# | | UCCommaSet=item1,item2,item3\r\n |
# | | \r\n |
# | | [general]\r\n |
# | | version=0.15\r\n |
# | | \r\n |
# | | [options]\r\n |
# | | debug=1\r\n |
# | | \r\n |
# | | [emptysection]\r\n |
# | | \r\n |
# | | [onekey]\r\n |
# | | first=one\r\n |
# | | \r\n |
# | | [twokey]\r\n |
# | | second=one\r\n |
# | | third=one\r\n |
# | | \r\n |
# | | [withcomments]\r\n |
# | | ; semicolon comment before entry\r\n |
# | | semicomment=semicolon comment test\r\n |
# | | # hash comment before entry\r\n |
# | | hashcomment=hash comment test\r\n |
# | | ; end comment\r\n |
# | | \r\n |
# | | [sectionspace]\r\n |
# | | spaceentry1=one\r\n |
# | | spaceentry2=two\r\n |
# | | ; comment before section\r\n |
# | | [oddcommentsection] # section hanging comment\r\n |
# | | inlinecomment=where is the comment # key hanging comment\r\n |
# | | \r\n |
# +---------+--------------------------------------------------------------+
# Failed test 'exit status'
# at t/02iniedit.t line 52.
# +-----+----+-------+
# | GOT | OP | CHECK |
# +-----+----+-------+
# | 2 | eq | 0 |
# +-----+----+-------+
Use of uninitialized value in subroutine entry at /home/cpan/pit/jail/wypjH4K7B2/lib/perl5/Test/Cmd.pm line 1116.
Use of uninitialized value in subroutine entry at /home/cpan/pit/jail/wypjH4K7B2/lib/perl5/Test/Cmd.pm line 1121.
sh: 1: cannot create /stdout.4: Permission denied
# Failed test 'iniedit: modify setting'
# at t/02iniedit.t line 62.
# +---------+--------------------------------------------------------------+
# | GOT | CHECK |
# +---------+--------------------------------------------------------------+
# | <UNDEF> | [newsection]\r\n |
# | | newset1=1\r\n |
# | | newset2=2\r\n |
# | | stringset=newstring\r\n |
# | | commaset=item1,item2,item3\r\n |
# | | \r\n |
# | | [UpperCaseSection]\r\n |
# | | UCNewSet1=1\r\n |
# | | UCNewSet2=2\r\n |
# | | UCStringSet=NewUCString\r\n |
# | | UCCommaSet=item1,item2,item3\r\n |
# | | \r\n |
# | | [general]\r\n |
# | | version=0.15\r\n |
# | | \r\n |
# | | [options]\r\n |
# | | debug=1\r\n |
# | | \r\n |
# | | [emptysection]\r\n |
# | | \r\n |
# | | [onekey]\r\n |
# | | first=one\r\n |
# | | \r\n |
# | | [twokey]\r\n |
# | | second=one\r\n |
# | | third=one\r\n |
# | | \r\n |
# | | [withcomments]\r\n |
# | | ; semicolon comment before entry\r\n |
# | | semicomment=semicolon comment test\r\n |
# | | # hash comment before entry\r\n |
# | | hashcomment=hash comment test\r\n |
# | | ; end comment\r\n |
# | | \r\n |
# | | [sectionspace]\r\n |
# | | spaceentry1=one\r\n |
# | | spaceentry2=two\r\n |
# | | ; comment before section\r\n |
# | | [oddcommentsection] # section hanging comment\r\n |
# | | inlinecomment=where is the comment # key hanging comment\r\n |
# | | \r\n |
# +---------+--------------------------------------------------------------+
# Failed test 'exit status'
# at t/02iniedit.t line 63.
# +-----+----+-------+
# | GOT | OP | CHECK |
# +-----+----+-------+
# | 2 | eq | 0 |
# +-----+----+-------+
Use of uninitialized value in subroutine entry at /home/cpan/pit/jail/wypjH4K7B2/lib/perl5/Test/Cmd.pm line 1116.
Use of uninitialized value in subroutine entry at /home/cpan/pit/jail/wypjH4K7B2/lib/perl5/Test/Cmd.pm line 1121.
sh: 1: cannot create /stdout.5: Permission denied
# Failed test 'iniedit: add setting'
# at t/02iniedit.t line 73.
# +---------+--------------------------------------------------------------+
# | GOT | CHECK |
# +---------+--------------------------------------------------------------+
# | <UNDEF> | [newsection]\r\n |
# | | newset1=1\r\n |
# | | newset2=2\r\n |
# | | stringset=string\r\n |
# | | commaset=item1,item2,item3\r\n |
# | | semicolonset=string1;string2;string3\r\n |
# | | \r\n |
# | | [UpperCaseSection]\r\n |
# | | UCNewSet1=1\r\n |
# | | UCNewSet2=2\r\n |
# | | UCStringSet=string\r\n |
# | | UCCommaSet=item1,item2,item3\r\n |
# | | UCSemicolonSet=string1;string2;string3\r\n |
# | | \r\n |
# | | [general]\r\n |
# | | version=0.15\r\n |
# | | \r\n |
# | | [options]\r\n |
# | | debug=1\r\n |
# | | \r\n |
# | | [emptysection]\r\n |
# | | \r\n |
# | | [onekey]\r\n |
# | | first=one\r\n |
# | | \r\n |
# | | [twokey]\r\n |
# | | second=one\r\n |
# | | third=one\r\n |
# | | \r\n |
# | | [withcomments]\r\n |
# | | ; semicolon comment before entry\r\n |
# | | semicomment=semicolon comment test\r\n |
# | | # hash comment before entry\r\n |
# | | hashcomment=hash comment test\r\n |
# | | ; end comment\r\n |
# | | \r\n |
# | | [sectionspace]\r\n |
# | | spaceentry1=one\r\n |
# | | spaceentry2=two\r\n |
# | | ; comment before section\r\n |
# | | [oddcommentsection] # section hanging comment\r\n |
# | | inlinecomment=where is the comment # key hanging comment\r\n |
# | | \r\n |
# +---------+--------------------------------------------------------------+
# Failed test 'exit status'
# at t/02iniedit.t line 74.
# +-----+----+-------+
# | GOT | OP | CHECK |
# +-----+----+-------+
# | 2 | eq | 0 |
# +-----+----+-------+
t/02iniedit.t ....
Dubious, test returned 9 (wstat 2304, 0x900)
Failed 9/9 subtests
Use of uninitialized value in subroutine entry at /home/cpan/pit/jail/wypjH4K7B2/lib/perl5/Test/Cmd.pm line 1116.
Use of uninitialized value in subroutine entry at /home/cpan/pit/jail/wypjH4K7B2/lib/perl5/Test/Cmd.pm line 1121.
sh: 1: cannot create /stdout.1: Permission denied
Use of uninitialized value in subroutine entry at /home/cpan/pit/jail/wypjH4K7B2/lib/perl5/Test/Cmd.pm line 1116.
# Failed test 'inidiff: compare identical'
# at t/03inidiff.t line 30.
# +---------+-------+
# | GOT | CHECK |
# +---------+-------+
# | <UNDEF> | |
# +---------+-------+
Use of uninitialized value in subroutine entry at /home/cpan/pit/jail/wypjH4K7B2/lib/perl5/Test/Cmd.pm line 1116.
Use of uninitialized value in subroutine entry at /home/cpan/pit/jail/wypjH4K7B2/lib/perl5/Test/Cmd.pm line 1121.
sh: 1: cannot create /stdout.2: Permission denied
# Failed test 'inidiff: add section no comments'
# at t/03inidiff.t line 40.
# +---------+----------------------------------+
# | GOT | CHECK |
# +---------+----------------------------------+
# | <UNDEF> | [newsection]\r\n |
# | | newset1=1\r\n |
# | | newset2=2\r\n |
# | | stringset=string\r\n |
# | | commaset=item1,item2,item3\r\n |
# | | \r\n |
# | | [UpperCaseSection]\r\n |
# | | UCNewSet1=1\r\n |
# | | UCNewSet2=2\r\n |
# | | UCStringSet=string\r\n |
# | | UCCommaSet=item1,item2,item3\r\n |
# | | \r\n |
# +---------+----------------------------------+
# Failed test 'exit status'
# at t/03inidiff.t line 41.
# +-----+----+-------+
# | GOT | OP | CHECK |
# +-----+----+-------+
# | 2 | eq | 0 |
# +-----+----+-------+
Use of uninitialized value in subroutine entry at /home/cpan/pit/jail/wypjH4K7B2/lib/perl5/Test/Cmd.pm line 1116.
Use of uninitialized value in subroutine entry at /home/cpan/pit/jail/wypjH4K7B2/lib/perl5/Test/Cmd.pm line 1121.
sh: 1: cannot create /stdout.3: Permission denied
# Failed test 'inidiff: add section with comments'
# at t/03inidiff.t line 51.
# +---------+----------------------------------+
# | GOT | CHECK |
# +---------+----------------------------------+
# | <UNDEF> | ; New\r\n |
# | | [newsection]\r\n |
# | | newset1=1\r\n |
# | | newset2=2\r\n |
# | | stringset=string\r\n |
# | | commaset=item1,item2,item3\r\n |
# | | \r\n |
# | | ; New\r\n |
# | | [UpperCaseSection]\r\n |
# | | UCNewSet1=1\r\n |
# | | UCNewSet2=2\r\n |
# | | UCStringSet=string\r\n |
# | | UCCommaSet=item1,item2,item3\r\n |
# | | \r\n |
# +---------+----------------------------------+
# Failed test 'exit status'
# at t/03inidiff.t line 52.
# +-----+----+-------+
# | GOT | OP | CHECK |
# +-----+----+-------+
# | 2 | eq | 0 |
# +-----+----+-------+
Use of uninitialized value in subroutine entry at /home/cpan/pit/jail/wypjH4K7B2/lib/perl5/Test/Cmd.pm line 1116.
Use of uninitialized value in subroutine entry at /home/cpan/pit/jail/wypjH4K7B2/lib/perl5/Test/Cmd.pm line 1121.
sh: 1: cannot create /stdout.4: Permission denied
# Failed test 'inidiff: delete section'
# at t/03inidiff.t line 62.
# +---------+-------+
# | GOT | CHECK |
# +---------+-------+
# | <UNDEF> | |
# +---------+-------+
# Failed test 'exit status'
# at t/03inidiff.t line 63.
# +-----+----+-------+
# | GOT | OP | CHECK |
# +-----+----+-------+
# | 2 | eq | 0 |
# +-----+----+-------+
Use of uninitialized value in subroutine entry at /home/cpan/pit/jail/wypjH4K7B2/lib/perl5/Test/Cmd.pm line 1116.
Use of uninitialized value in subroutine entry at /home/cpan/pit/jail/wypjH4K7B2/lib/perl5/Test/Cmd.pm line 1121.
sh: 1: cannot create /stdout.5: Permission denied
# Failed test 'inidiff: del section no comments'
# at t/03inidiff.t line 73.
# +---------+-------------------------+
# | GOT | CHECK |
# +---------+-------------------------+
# | <UNDEF> | [newsection]-\r\n |
# | | \r\n |
# | | [UpperCaseSection]-\r\n |
# | | \r\n |
# +---------+-------------------------+
# Failed test 'exit status'
# at t/03inidiff.t line 74.
# +-----+----+-------+
# | GOT | OP | CHECK |
# +-----+----+-------+
# | 2 | eq | 0 |
# +-----+----+-------+
Use of uninitialized value in subroutine entry at /home/cpan/pit/jail/wypjH4K7B2/lib/perl5/Test/Cmd.pm line 1116.
Use of uninitialized value in subroutine entry at /home/cpan/pit/jail/wypjH4K7B2/lib/perl5/Test/Cmd.pm line 1121.
sh: 1: cannot create /stdout.6: Permission denied
# Failed test 'inidiff: del section with comments'
# at t/03inidiff.t line 84.
# +---------+-------------------------+
# | GOT | CHECK |
# +---------+-------------------------+
# | <UNDEF> | [newsection]-\r\n |
# | | \r\n |
# | | [UpperCaseSection]-\r\n |
# | | \r\n |
# +---------+-------------------------+
# Failed test 'exit status'
# at t/03inidiff.t line 85.
# +-----+----+-------+
# | GOT | OP | CHECK |
# +-----+----+-------+
# | 2 | eq | 0 |
# +-----+----+-------+
Use of uninitialized value in subroutine entry at /home/cpan/pit/jail/wypjH4K7B2/lib/perl5/Test/Cmd.pm line 1116.
Use of uninitialized value in subroutine entry at /home/cpan/pit/jail/wypjH4K7B2/lib/perl5/Test/Cmd.pm line 1121.
sh: 1: cannot create /stdout.7: Permission denied
# Failed test 'inidiff: add setting no comments'
# at t/03inidiff.t line 95.
# +---------+--------------------------------------------+
# | GOT | CHECK |
# +---------+--------------------------------------------+
# | <UNDEF> | [newsection]\r\n |
# | | semicolonset=string1;string2;string3\r\n |
# | | \r\n |
# | | [UpperCaseSection]\r\n |
# | | UCSemicolonSet=string1;string2;string3\r\n |
# | | \r\n |
# +---------+--------------------------------------------+
# Failed test 'exit status'
# at t/03inidiff.t line 96.
# +-----+----+-------+
# | GOT | OP | CHECK |
# +-----+----+-------+
# | 2 | eq | 0 |
# +-----+----+-------+
Use of uninitialized value in subroutine entry at /home/cpan/pit/jail/wypjH4K7B2/lib/perl5/Test/Cmd.pm line 1116.
Use of uninitialized value in subroutine entry at /home/cpan/pit/jail/wypjH4K7B2/lib/perl5/Test/Cmd.pm line 1121.
sh: 1: cannot create /stdout.8: Permission denied
# Failed test 'inidiff: add setting with comments'
# at t/03inidiff.t line 106.
# +---------+--------------------------------------------+
# | GOT | CHECK |
# +---------+--------------------------------------------+
# | <UNDEF> | [newsection]\r\n |
# | | ; New\r\n |
# | | semicolonset=string1;string2;string3\r\n |
# | | \r\n |
# | | [UpperCaseSection]\r\n |
# | | ; New\r\n |
# | | UCSemicolonSet=string1;string2;string3\r\n |
# | | \r\n |
# +---------+--------------------------------------------+
# Failed test 'exit status'
# at t/03inidiff.t line 107.
# +-----+----+-------+
# | GOT | OP | CHECK |
# +-----+----+-------+
# | 2 | eq | 0 |
# +-----+----+-------+
t/03inidiff.t ....
Dubious, test returned 15 (wstat 3840, 0xf00)
Failed 15/15 subtests
Use of uninitialized value in subroutine entry at /home/cpan/pit/jail/wypjH4K7B2/lib/perl5/Test/Cmd.pm line 1116.
Use of uninitialized value in subroutine entry at /home/cpan/pit/jail/wypjH4K7B2/lib/perl5/Test/Cmd.pm line 1121.
sh: 1: cannot create /stdout.1: Permission denied
Use of uninitialized value in subroutine entry at /home/cpan/pit/jail/wypjH4K7B2/lib/perl5/Test/Cmd.pm line 1116.
# Failed test 'inifilter: write to stdout'
# at t/04inifilter.t line 31.
# +---------+--------------------------------------------------------------+
# | GOT | CHECK |
# +---------+--------------------------------------------------------------+
# | <UNDEF> | [general]\r\n |
# | | newversion=0.16\r\n |
# | | \r\n |
# | | [options]\r\n |
# | | errors=2\r\n |
# | | \r\n |
# | | [emptysection]\r\n |
# | | \r\n |
# | | [twokey]\r\n |
# | | second=one\r\n |
# | | \r\n |
# | | [withcomments]\r\n |
# | | ; semicolon comment before entry\r\n |
# | | # hash comment before entry\r\n |
# | | comment=comment test\r\n |
# | | ; end comment\r\n |
# | | \r\n |
# | | [sectionspace]\r\n |
# | | spaceentry1=one\r\n |
# | | spaceentry2=two\r\n |
# | | ; comment before section\r\n |
# | | [oddcommentsection] # section hanging comment\r\n |
# | | inlinecomment=where is the comment # key hanging comment\r\n |
# | | \r\n |
# +---------+--------------------------------------------------------------+
Use of uninitialized value in subroutine entry at /home/cpan/pit/jail/wypjH4K7B2/lib/perl5/Test/Cmd.pm line 1116.
Use of uninitialized value in subroutine entry at /home/cpan/pit/jail/wypjH4K7B2/lib/perl5/Test/Cmd.pm line 1121.
sh: 1: cannot create /stdout.2: Permission denied
# Failed test 'inifilter: write to output file'
# at t/04inifilter.t line 39.
# +---------+--------------------------------------------------------------+
# | GOT | CHECK |
# +---------+--------------------------------------------------------------+
# | <UNDEF> | [general]\r\n |
# | | newversion=0.16\r\n |
# | | \r\n |
# | | [options]\r\n |
# | | errors=2\r\n |
# | | \r\n |
# | | [emptysection]\r\n |
# | | \r\n |
# | | [twokey]\r\n |
# | | second=one\r\n |
# | | \r\n |
# | | [withcomments]\r\n |
# | | ; semicolon comment before entry\r\n |
# | | # hash comment before entry\r\n |
# | | comment=comment test\r\n |
# | | ; end comment\r\n |
# | | \r\n |
# | | [sectionspace]\r\n |
# | | spaceentry1=one\r\n |
# | | spaceentry2=two\r\n |
# | | ; comment before section\r\n |
# | | [oddcommentsection] # section hanging comment\r\n |
# | | inlinecomment=where is the comment # key hanging comment\r\n |
# | | \r\n |
# +---------+--------------------------------------------------------------+
# Failed test 'exit status'
# at t/04inifilter.t line 40.
# +-----+----+-------+
# | GOT | OP | CHECK |
# +-----+----+-------+
# | 2 | eq | 0 |
# +-----+----+-------+
t/04inifilter.t ..
Dubious, test returned 3 (wstat 768, 0x300)
Failed 3/3 subtests
Test Summary Report
-------------------
t/01inicat.t (Wstat: 1280 Tests: 5 Failed: 5)
Failed tests: 1-5
Non-zero exit status: 5
t/02iniedit.t (Wstat: 2304 Tests: 9 Failed: 9)
Failed tests: 1-9
Non-zero exit status: 9
t/03inidiff.t (Wstat: 3840 Tests: 15 Failed: 15)
Failed tests: 1-15
Non-zero exit status: 15
t/04inifilter.t (Wstat: 768 Tests: 3 Failed: 3)
Failed tests: 1-3
Non-zero exit status: 3
Files=5, Tests=33, 1 wallclock secs ( 0.03 usr 0.02 sys + 0.37 cusr 0.06 csys = 0.48 CPU)
Result: FAIL
Failed 4/5 test programs. 32/33 subtests failed.
make: *** [test_dynamic] Error 3
Makefile:874: recipe for target 'test_dynamic' failed
PREREQUISITES:
Here is a list of prerequisites you specified and versions we
managed to load:
Module Name Have Want
Carp 1.11 0
Cwd 3.75 0
Getopt::Std 1.06 0
IO::File 1.14 0
IO::Handle 1.28 0
Test2::Bundle::More 0.000119 0
Test::Cmd 1.09 0
Test::More 1.302162 0
Test::Pod 1.52 0
Perl module toolchain versions installed:
Module Name Have
CPANPLUS 0.9176
CPANPLUS::Dist::Build 0.90
Cwd 3.75
ExtUtils::CBuilder 0.280230
ExtUtils::Command 7.34
ExtUtils::Install 2.14
ExtUtils::MakeMaker 7.34
ExtUtils::Manifest 1.71
ExtUtils::ParseXS 3.35
File::Spec 3.75
Module::Build 0.4224
Pod::Parser 1.37
Pod::Simple 3.07
Test2 1.302162
Test::Harness 3.42
Test::More 1.302162
version 0.9924
******************************** NOTE ********************************
The comments above are created mechanically, possibly without manual
checking by the sender. As there are many people performing automatic
tests on each upload to CPAN, it is likely that you will receive
identical messages about the same problem.
If you believe that the message is mistaken, please reply to the first
one with correction and/or additional informations, and do not take
it personally. We appreciate your patience. :)
**********************************************************************
Additional comments:
This report was machine-generated by CPANPLUS::Dist::YACSmoke 1.06.
Powered by minismokebox version 0.68
------------------------------
ENVIRONMENT AND OTHER CONTEXT
------------------------------
Environment variables:
AUTOMATED_TESTING = 1
LANG = en_GB.UTF-8
LANGUAGE = en_GB:en
NONINTERACTIVE_TESTING = 1
PATH = /usr/local/sbin:/usr/local/bin:/usr/sbin:/usr/bin:/sbin:/bin:/usr/games:/usr/local/games:/snap/bin
PERL5LIB = /home/cpan/pit/jail/wypjH4K7B2/lib/perl5:/home/cpan/pit/thr/conf/perl-5.10.1/.cpanplus/5.10.1/build/LSILFKlq69/App-IniDiff-IniFile-0.16/blib/lib:/home/cpan/pit/thr/conf/perl-5.10.1/.cpanplus/5.10.1/build/LSILFKlq69/App-IniDiff-IniFile-0.16/blib/arch
PERL5_CPANPLUS_IS_RUNNING = 19011
PERL5_CPANPLUS_IS_VERSION = 0.9176
PERL5_MINISMOKEBOX = 0.68
PERL5_YACSMOKE_BASE = /home/cpan/pit/thr/conf/perl-5.10.1
PERL_EXTUTILS_AUTOINSTALL = --defaultdeps
PERL_LOCAL_LIB_ROOT = /home/cpan/pit/jail/wypjH4K7B2
PERL_MB_OPT = --install_base "/home/cpan/pit/jail/wypjH4K7B2"
PERL_MM_OPT = INSTALL_BASE=/home/cpan/pit/jail/wypjH4K7B2
PERL_MM_USE_DEFAULT = 1
SHELL = /bin/bash
TERM = screen
Perl special variables (and OS-specific diagnostics, for MSWin32):
Perl: $^X = /home/cpan/pit/thr/perl-5.10.1/bin/perl
UID: $< = 1001
EUID: $> = 1001
GID: $( = 1001 1001
EGID: $) = 1001 1001
-------------------------------
--
Summary of my perl5 (revision 5 version 10 subversion 1) configuration:
Platform:
osname=linux, osvers=4.4.0-21-generic, archname=x86_64-linux-thread-multi
uname='linux uchder 4.4.0-21-generic #37-ubuntu smp mon apr 18 18:33:37 utc 2016 x86_64 x86_64 x86_64 gnulinux '
config_args='-des -Dprefix=/home/cpan/pit/thr/perl-5.10.1 -Dusethreads'
hint=recommended, useposix=true, d_sigaction=define
useithreads=define, usemultiplicity=define
useperlio=define, d_sfio=undef, uselargefiles=define, usesocks=undef
use64bitint=define, use64bitall=define, uselongdouble=undef
usemymalloc=n, bincompat5005=undef
Compiler:
cc='cc', ccflags ='-D_REENTRANT -D_GNU_SOURCE -fno-strict-aliasing -pipe -fstack-protector -I/usr/local/include -D_LARGEFILE_SOURCE -D_FILE_OFFSET_BITS=64',
optimize='-O2',
cppflags='-D_REENTRANT -D_GNU_SOURCE -fno-strict-aliasing -pipe -fstack-protector -I/usr/local/include'
ccversion='', gccversion='5.3.1 20160413', gccosandvers=''
intsize=4, longsize=8, ptrsize=8, doublesize=8, byteorder=12345678
d_longlong=define, longlongsize=8, d_longdbl=define, longdblsize=16
ivtype='long', ivsize=8, nvtype='double', nvsize=8, Off_t='off_t', lseeksize=8
alignbytes=8, prototype=define
Linker and Libraries:
ld='cc', ldflags =' -fstack-protector -L/usr/local/lib'
libpth=/usr/local/lib /lib/x86_64-linux-gnu /lib/../lib /usr/lib/x86_64-linux-gnu /usr/lib/../lib /lib /usr/lib
libs=-lnsl -lgdbm -ldl -lm -lcrypt -lutil -lpthread -lc -lgdbm_compat
perllibs=-lnsl -ldl -lm -lcrypt -lutil -lpthread -lc
libc=libc-2.23.so, so=so, useshrplib=false, libperl=libperl.a
gnulibc_version='2.23'
Dynamic Linking:
dlsrc=dl_dlopen.xs, dlext=so, d_dlsymun=undef, ccdlflags='-Wl,-E'
cccdlflags='-fPIC', lddlflags='-shared -O2 -L/usr/local/lib -fstack-protector'
Characteristics of this binary (from libperl):
Compile-time options: MULTIPLICITY PERL_DONT_CREATE_GVSV
PERL_IMPLICIT_CONTEXT PERL_MALLOC_WRAP USE_64_BIT_ALL
USE_64_BIT_INT USE_ITHREADS USE_LARGE_FILES
USE_PERLIO USE_REENTRANT_API
Locally applied patches:
Devel::PatchPerl 1.42
Built under linux
Compiled at May 2 2016 01:11:28
%ENV:
PERL5LIB="/home/cpan/pit/jail/wypjH4K7B2/lib/perl5:/home/cpan/pit/thr/conf/perl-5.10.1/.cpanplus/5.10.1/build/LSILFKlq69/App-IniDiff-IniFile-0.16/blib/lib:/home/cpan/pit/thr/conf/perl-5.10.1/.cpanplus/5.10.1/build/LSILFKlq69/App-IniDiff-IniFile-0.16/blib/arch"
PERL5_CPANPLUS_IS_RUNNING="19011"
PERL5_CPANPLUS_IS_VERSION="0.9176"
PERL5_MINISMOKEBOX="0.68"
PERL5_YACSMOKE_BASE="/home/cpan/pit/thr/conf/perl-5.10.1"
PERL_EXTUTILS_AUTOINSTALL="--defaultdeps"
PERL_LOCAL_LIB_ROOT="/home/cpan/pit/jail/wypjH4K7B2"
PERL_MB_OPT="--install_base "/home/cpan/pit/jail/wypjH4K7B2""
PERL_MM_OPT="INSTALL_BASE=/home/cpan/pit/jail/wypjH4K7B2"
PERL_MM_USE_DEFAULT="1"
@INC:
/home/cpan/pit/jail/wypjH4K7B2/lib/perl5/5.10.1/x86_64-linux-thread-multi
/home/cpan/pit/jail/wypjH4K7B2/lib/perl5/5.10.1
/home/cpan/pit/jail/wypjH4K7B2/lib/perl5/x86_64-linux-thread-multi
/home/cpan/pit/jail/wypjH4K7B2/lib/perl5
/home/cpan/pit/thr/conf/perl-5.10.1/.cpanplus/5.10.1/build/LSILFKlq69/App-IniDiff-IniFile-0.16/blib/lib
/home/cpan/pit/thr/conf/perl-5.10.1/.cpanplus/5.10.1/build/LSILFKlq69/App-IniDiff-IniFile-0.16/blib/arch
/home/cpan/pit/thr/perl-5.10.1/lib/5.10.1/x86_64-linux-thread-multi
/home/cpan/pit/thr/perl-5.10.1/lib/5.10.1
/home/cpan/pit/thr/perl-5.10.1/lib/site_perl/5.10.1/x86_64-linux-thread-multi
/home/cpan/pit/thr/perl-5.10.1/lib/site_perl/5.10.1
.