Report for Catmandu-Store-AAT-0.01

Back
From: metabase:user:9c36dc84-a30f-11e0-a9fc-0a18abbd4f2f
Subject: FAIL Catmandu-Store-AAT-0.01 v5.20.3 OpenBSD
Date: 2017-04-08T16:43:07Z

This distribution has been tested as part of the CPAN Testers
project, supporting the Perl programming language.  See
http://wiki.cpantesters.org/ for more information or email
questions to cpan-testers-discuss@perl.org


--
Dear Pieter De Praetere,

This is a computer-generated report for Catmandu-Store-AAT-0.01
on perl 5.20.3, created by CPAN-Reporter-1.2018.

Thank you for uploading your work to CPAN.  However, there was a problem
testing your distribution.

If you think this report is invalid, please consult the CPAN Testers Wiki
for suggestions on how to avoid getting FAIL reports for missing library
or binary dependencies, unsupported operating systems, and so on:

http://wiki.cpantesters.org/wiki/CPANAuthorNotes

Sections of this report:

    * Tester comments
    * Program output
    * Prerequisites
    * Environment and other context

------------------------------
TESTER COMMENTS
------------------------------

Additional comments from tester:

this report is from an automated smoke testing program
and was not reviewed by a human for accuracy

------------------------------
PROGRAM OUTPUT
------------------------------

Output from './Build test':

t/author-pod-syntax.t .. skipped: these tests are for testing by the author
t/basic.t .............. ok
500 Can't connect to vocab.getty.edu:80

Trace begun at /mnt/cpan_build_dir/foo/Catmandu-Store-AAT-0.01-0/blib/lib/Catmandu/Store/AAT/SPARQL.pm line 48
Catmandu::Store::AAT::SPARQL::get('Catmandu::Store::AAT::SPARQL=HASH(0xf310ed88118)') called at /mnt/cpan_build_dir/foo/Catmandu-Store-AAT-0.01-0/blib/lib/Catmandu/Store/AAT/SPARQL.pm line 34
Catmandu::Store::AAT::SPARQL::_build_results('Catmandu::Store::AAT::SPARQL=HASH(0xf310ed88118)') called at (eval 118) line 18
Catmandu::Store::AAT::SPARQL::results('Catmandu::Store::AAT::SPARQL=HASH(0xf310ed88118)') called at /mnt/cpan_build_dir/foo/Catmandu-Store-AAT-0.01-0/blib/lib/Catmandu/Store/AAT/API.pm line 54
Catmandu::Store::AAT::API::request('Catmandu::Store::AAT::API=HASH(0xf306b184658)', 'select ?prefLabel ?id ?Subject ?scheme { ?Subject xl:prefLabel [xl:literalForm ?prefLabel; dct:language gvp_lang:nl] . ?Subject dc:identifier ?id . ?Subject skos:inScheme <http://vocab.getty.edu/aat/> . ?Subject skos:inScheme ?scheme . ?Subject skos:prefLabel "schilderingen"@nl . }') called at /mnt/cpan_build_dir/foo/Catmandu-Store-AAT-0.01-0/blib/lib/Catmandu/Store/AAT/API.pm line 29
Catmandu::Store::AAT::API::match('Catmandu::Store::AAT::API=HASH(0xf306b184658)') called at (eval 111) line 1
eval {...} at (eval 111) line 1
Catmandu::Fix::__ANON__('HASH(0xf30d3508748)') called at /home/foo/perl5/perlbrew/perls/perl-5.20.3/lib/site_perl/5.20.3/Catmandu/Fix.pm line 115
Catmandu::Fix::__ANON__('HASH(0xf30d3508748)') called at /home/foo/perl5/perlbrew/perls/perl-5.20.3/lib/site_perl/5.20.3/Catmandu/Fix.pm line 175
Catmandu::Fix::fix('Catmandu::Fix=HASH(0xf303ecaf688)', 'HASH(0xf30d3508748)') called at t/match.t line 25
# Tests were run but no plan was declared and done_testing() was not seen.
# Looks like your test exited with 255 just after 1.
t/match.t .............. 
Dubious, test returned 255 (wstat 65280, 0xff00)
All 1 subtests passed 
500 Can't connect to vocab.getty.edu:80

Trace begun at /mnt/cpan_build_dir/foo/Catmandu-Store-AAT-0.01-0/blib/lib/Catmandu/Store/AAT/SPARQL.pm line 48
Catmandu::Store::AAT::SPARQL::get('Catmandu::Store::AAT::SPARQL=HASH(0xc4963635a78)') called at /mnt/cpan_build_dir/foo/Catmandu-Store-AAT-0.01-0/blib/lib/Catmandu/Store/AAT/SPARQL.pm line 34
Catmandu::Store::AAT::SPARQL::_build_results('Catmandu::Store::AAT::SPARQL=HASH(0xc4963635a78)') called at (eval 118) line 18
Catmandu::Store::AAT::SPARQL::results('Catmandu::Store::AAT::SPARQL=HASH(0xc4963635a78)') called at /mnt/cpan_build_dir/foo/Catmandu-Store-AAT-0.01-0/blib/lib/Catmandu/Store/AAT/API.pm line 54
Catmandu::Store::AAT::API::request('Catmandu::Store::AAT::API=HASH(0xc494a1d2088)', 'select ?prefLabel ?id ?Subject ?scheme { ?Subject xl:prefLabel [xl:literalForm ?prefLabel; dct:language gvp_lang:nl] . ?Subject dc:identifier ?id . ?Subject skos:inScheme <http://vocab.getty.edu/aat/> . ?Subject skos:inScheme ?scheme . ?Subject luc:term "schilderingen" . }') called at /mnt/cpan_build_dir/foo/Catmandu-Store-AAT-0.01-0/blib/lib/Catmandu/Store/AAT/API.pm line 20
Catmandu::Store::AAT::API::search('Catmandu::Store::AAT::API=HASH(0xc494a1d2088)') called at (eval 111) line 1
eval {...} at (eval 111) line 1
Catmandu::Fix::__ANON__('HASH(0xc49d0d91748)') called at /home/foo/perl5/perlbrew/perls/perl-5.20.3/lib/site_perl/5.20.3/Catmandu/Fix.pm line 115
Catmandu::Fix::__ANON__('HASH(0xc49d0d91748)') called at /home/foo/perl5/perlbrew/perls/perl-5.20.3/lib/site_perl/5.20.3/Catmandu/Fix.pm line 175
Catmandu::Fix::fix('Catmandu::Fix=HASH(0xc495f5eb208)', 'HASH(0xc49d0d91748)') called at t/search.t line 25
# Tests were run but no plan was declared and done_testing() was not seen.
# Looks like your test exited with 255 just after 1.
t/search.t ............. 
Dubious, test returned 255 (wstat 65280, 0xff00)
All 1 subtests passed 
500 Can't connect to vocab.getty.edu:80

Trace begun at /mnt/cpan_build_dir/foo/Catmandu-Store-AAT-0.01-0/blib/lib/Catmandu/Store/AAT/SPARQL.pm line 48
Catmandu::Store::AAT::SPARQL::get('Catmandu::Store::AAT::SPARQL=HASH(0x19195a975760)') called at /mnt/cpan_build_dir/foo/Catmandu-Store-AAT-0.01-0/blib/lib/Catmandu/Store/AAT/SPARQL.pm line 34
Catmandu::Store::AAT::SPARQL::_build_results('Catmandu::Store::AAT::SPARQL=HASH(0x19195a975760)') called at (eval 103) line 18
Catmandu::Store::AAT::SPARQL::results('Catmandu::Store::AAT::SPARQL=HASH(0x19195a975760)') called at /mnt/cpan_build_dir/foo/Catmandu-Store-AAT-0.01-0/blib/lib/Catmandu/Store/AAT/API.pm line 54
Catmandu::Store::AAT::API::request('Catmandu::Store::AAT::API=HASH(0x1919ba5a33e8)', 'select ?prefLabel ?id ?Subject ?scheme { ?Subject xl:prefLabel [xl:literalForm ?prefLabel; dct:language gvp_lang:nl] . ?Subject dc:identifier ?id . ?Subject skos:inScheme <http://vocab.getty.edu/aat/> . ?Subject skos:inScheme ?scheme . ?Subject dc:identifier "300033618" . }') called at /mnt/cpan_build_dir/foo/Catmandu-Store-AAT-0.01-0/blib/lib/Catmandu/Store/AAT/API.pm line 43
Catmandu::Store::AAT::API::id('Catmandu::Store::AAT::API=HASH(0x1919ba5a33e8)') called at /mnt/cpan_build_dir/foo/Catmandu-Store-AAT-0.01-0/blib/lib/Catmandu/Store/AAT/Bag.pm line 20
Catmandu::Store::AAT::Bag::get('Catmandu::Store::AAT::Bag=HASH(0x19199898a670)', 300033618) called at (eval 119) line 6
Catmandu::Store::AAT::Bag::get('Catmandu::Store::AAT::Bag=HASH(0x19199898a670)', 300033618) called at (eval 180) line 1
eval {...} at (eval 180) line 1
Catmandu::Fix::__ANON__('HASH(0x19199fdcc748)') called at /home/foo/perl5/perlbrew/perls/perl-5.20.3/lib/site_perl/5.20.3/Catmandu/Fix.pm line 115
Catmandu::Fix::__ANON__('HASH(0x19199fdcc748)') called at /home/foo/perl5/perlbrew/perls/perl-5.20.3/lib/site_perl/5.20.3/Catmandu/Fix.pm line 175
Catmandu::Fix::fix('Catmandu::Fix=HASH(0x191960219760)', 'HASH(0x19199fdcc748)') called at t/store.t line 25
# Tests were run but no plan was declared and done_testing() was not seen.
# Looks like your test exited with 255 just after 1.
t/store.t .............. 
Dubious, test returned 255 (wstat 65280, 0xff00)
All 1 subtests passed 

Test Summary Report
-------------------
t/match.t            (Wstat: 65280 Tests: 1 Failed: 0)
  Non-zero exit status: 255
  Parse errors: No plan found in TAP output
t/search.t           (Wstat: 65280 Tests: 1 Failed: 0)
  Non-zero exit status: 255
  Parse errors: No plan found in TAP output
t/store.t            (Wstat: 65280 Tests: 1 Failed: 0)
  Non-zero exit status: 255
  Parse errors: No plan found in TAP output
Files=5, Tests=9, 228 wallclock secs ( 0.02 usr  0.05 sys +  0.81 cusr  0.69 csys =  1.57 CPU)
Result: FAIL

------------------------------
PREREQUISITES
------------------------------

Prerequisite modules loaded:

requires:

    Module                 Need     Have    
    ---------------------- -------- --------
    Catmandu               1.0304   1.05    
    Catmandu::Fix::Datahub 0.01     0.03    
    JSON                   0        2.90    
    LWP::Protocol::https   0        6.07    
    LWP::UserAgent         0        6.25    
    Moo                    0        2.003002
    perl                   5.008005 5.020003

build_requires:

    Module                 Need     Have    
    ---------------------- -------- --------
    Catmandu               1.0304   1.05    
    Test::More             0.96     1.302078

configure_requires:

    Module                 Need     Have    
    ---------------------- -------- --------
    Module::Build::Tiny    0.034    0.039   


------------------------------
ENVIRONMENT AND OTHER CONTEXT
------------------------------

Environment variables:

    AUTOMATED_TESTING = 1
    PATH = /home/foo/perl5/perlbrew/bin:/home/foo/perl5/perlbrew/perls/perl-5.20.3/bin:/home/foo/bin:/sbin:/usr/sbin:/bin:/usr/bin:/usr/X11R6/bin:/usr/local/sbin:/usr/local/bin
    PERL5LIB = 
    PERL5OPT = 
    PERL5_CPANPLUS_IS_RUNNING = 33456
    PERL5_CPAN_IS_RUNNING = 33456
    PERL5_CPAN_IS_RUNNING_IN_RECURSION = 97827,33456
    PERLBREW_BASHRC_VERSION = 0.78
    PERLBREW_HOME = /home/foo/.perlbrew
    PERLBREW_MANPATH = /home/foo/perl5/perlbrew/perls/perl-5.20.3/man
    PERLBREW_PATH = /home/foo/perl5/perlbrew/bin:/home/foo/perl5/perlbrew/perls/perl-5.20.3/bin
    PERLBREW_PERL = perl-5.20.3
    PERLBREW_ROOT = /home/foo/perl5/perlbrew
    PERLBREW_VERSION = 0.78
    PERL_CR_SMOKER_CURRENT = Catmandu-Store-AAT-0.01
    PERL_EXTUTILS_AUTOINSTALL = --defaultdeps
    PERL_MM_USE_DEFAULT = 1
    SHELL = /usr/local/bin/bash
    TERM = vt220

Perl special variables (and OS-specific diagnostics, for MSWin32):

    $^X = /home/foo/perl5/perlbrew/perls/perl-5.20.3/bin/perl
    $UID/$EUID = 1001 / 1001
    $GID = 1001 1001
    $EGID = 1001 1001

Perl module toolchain versions installed:

    Module              Have    
    ------------------- --------
    CPAN                2.16    
    CPAN::Meta          2.150010
    Cwd                 3.62    
    ExtUtils::CBuilder  0.280224
    ExtUtils::Command   7.24    
    ExtUtils::Install   2.04    
    ExtUtils::MakeMaker 7.24    
    ExtUtils::Manifest  1.70    
    ExtUtils::ParseXS   3.24    
    File::Spec          3.62    
    JSON                2.90    
    JSON::PP            2.27400 
    Module::Build       0.4222  
    Module::Signature   n/a     
    Parse::CPAN::Meta   2.150010
    Test::Harness       3.38    
    Test::More          1.302078
    YAML                1.23    
    YAML::Syck          1.29    
    version             0.9917  


--

Summary of my perl5 (revision 5 version 20 subversion 3) configuration:
   
  Platform:
    osname=openbsd, osvers=6.0, archname=OpenBSD.amd64-openbsd
    uname='openbsd salompas.spo.virtua.com.br 6.0 generic.mp#2319 amd64 '
    config_args='-de -Dprefix=/home/foo/perl5/perlbrew/perls/perl-5.20.3 -Aeval:scriptdir=/home/foo/perl5/perlbrew/perls/perl-5.20.3/bin'
    hint=recommended, useposix=true, d_sigaction=define
    useithreads=undef, usemultiplicity=undef
    use64bitint=define, use64bitall=define, uselongdouble=undef
    usemymalloc=n, bincompat5005=undef
  Compiler:
    cc='cc', ccflags ='-fno-strict-aliasing -pipe -fstack-protector -I/usr/local/include',
    optimize='-O2',
    cppflags='-fno-strict-aliasing -pipe -fstack-protector -I/usr/local/include'
    ccversion='', gccversion='4.2.1 20070719 ', gccosandvers='openbsd6.0'
    intsize=4, longsize=8, ptrsize=8, doublesize=8, byteorder=12345678
    d_longlong=define, longlongsize=8, d_longdbl=define, longdblsize=16
    ivtype='long', ivsize=8, nvtype='double', nvsize=8, Off_t='off_t', lseeksize=8
    alignbytes=8, prototype=define
  Linker and Libraries:
    ld='cc', ldflags ='-Wl,-E  -fstack-protector -L/usr/local/lib'
    libpth=/usr/lib /usr/local/lib
    libs=-lpthread -lm -lutil -lc
    perllibs=-lpthread -lm -lutil -lc
    libc=/usr/lib/libc.so.88.0, so=so, useshrplib=false, libperl=libperl.a
    gnulibc_version=''
  Dynamic Linking:
    dlsrc=dl_dlopen.xs, dlext=so, d_dlsymun=undef, ccdlflags=' '
    cccdlflags='-DPIC -fPIC ', lddlflags='-shared -fPIC  -L/usr/local/lib -fstack-protector'


Characteristics of this binary (from libperl): 
  Compile-time options: HAS_TIMES PERLIO_LAYERS PERL_DONT_CREATE_GVSV
                        PERL_HASH_FUNC_ONE_AT_A_TIME_HARD PERL_MALLOC_WRAP
                        PERL_NEW_COPY_ON_WRITE PERL_PRESERVE_IVUV
                        USE_64_BIT_ALL USE_64_BIT_INT USE_LARGE_FILES
                        USE_LOCALE USE_LOCALE_COLLATE USE_LOCALE_CTYPE
                        USE_LOCALE_NUMERIC USE_PERLIO USE_PERL_ATOF
  Locally applied patches:
	Devel::PatchPerl 1.38
  Built under openbsd
  Compiled at Mar 31 2017 09:57:18
  %ENV:
    PERL5LIB=""
    PERL5OPT=""
    PERL5_CPANPLUS_IS_RUNNING="33456"
    PERL5_CPAN_IS_RUNNING="33456"
    PERL5_CPAN_IS_RUNNING_IN_RECURSION="97827,33456"
    PERLBREW_BASHRC_VERSION="0.78"
    PERLBREW_HOME="/home/foo/.perlbrew"
    PERLBREW_MANPATH="/home/foo/perl5/perlbrew/perls/perl-5.20.3/man"
    PERLBREW_PATH="/home/foo/perl5/perlbrew/bin:/home/foo/perl5/perlbrew/perls/perl-5.20.3/bin"
    PERLBREW_PERL="perl-5.20.3"
    PERLBREW_ROOT="/home/foo/perl5/perlbrew"
    PERLBREW_VERSION="0.78"
    PERL_CR_SMOKER_CURRENT="Catmandu-Store-AAT-0.01"
    PERL_EXTUTILS_AUTOINSTALL="--defaultdeps"
    PERL_MM_USE_DEFAULT="1"
  @INC:
    /home/foo/perl5/perlbrew/perls/perl-5.20.3/lib/site_perl/5.20.3/OpenBSD.amd64-openbsd
    /home/foo/perl5/perlbrew/perls/perl-5.20.3/lib/site_perl/5.20.3
    /home/foo/perl5/perlbrew/perls/perl-5.20.3/lib/5.20.3/OpenBSD.amd64-openbsd
    /home/foo/perl5/perlbrew/perls/perl-5.20.3/lib/5.20.3
    .