HTTP-Engine v0.03005 Perl 5 v5.34.1 RC1 x86_64-linux

Status
Fail
From
Andreas J. König (ANDK)
Dist
HTTP-Engine v0.03005
Platform
Perl 5 v5.34.1 RC1 x86_64-linux
Date
2022-03-02 11:03:51
ID
716749f6-9a18-11ec-a2fb-50b43b6c1ca9
This distribution has been tested as part of the CPAN Testers
project, supporting the Perl programming language.  See
http://wiki.cpantesters.org/ for more information or email
questions to cpan-testers-discuss@perl.org


--
Dear Kazuhiro Osawa,

This is a computer-generated report for HTTP-Engine-0.03005
on perl 5.34.1, created by CPAN-Reporter-1.2018.

Thank you for uploading your work to CPAN.  However, there was a problem
testing your distribution.

If you think this report is invalid, please consult the CPAN Testers Wiki
for suggestions on how to avoid getting FAIL reports for missing library
or binary dependencies, unsupported operating systems, and so on:

http://wiki.cpantesters.org/wiki/CPANAuthorNotes

Sections of this report:

    * Tester comments
    * Program output
    * Prerequisites
    * Environment and other context

------------------------------
TESTER COMMENTS
------------------------------

Additional comments from tester:

this report is from an automated smoke testing program
and was not reviewed by a human for accuracy

------------------------------
PROGRAM OUTPUT
------------------------------

Output from '/usr/bin/make test':

PERL_DL_NONLAZY=1 "/tmp/basesmoker-reloperl-CPQo/bin/perl" "-MExtUtils::Command::MM" "-MTest::Harness" "-e" "undef *Test::Harness::Switches; test_harness(0, 'inc', 'blib/lib', 'blib/arch')" t/*.t t/*/*.t t/moose/*/*.t
Possible precedence issue with control flow operator at /tmp/loop_over_bdir-1682133-pBQ_Kg/HTTP-Engine-0.03005-0/inc/Test/Builder.pm line 917.
Any::Moose is deprecated. Please use Moo instead at /tmp/loop_over_bdir-1682133-pBQ_Kg/HTTP-Engine-0.03005-0/blib/lib/HTTP/Engine.pm line 3.
# Soft dependency versions:
#  Any::Moose 0.27
#  Mouse v2.5.10
#  MooseX::Types 0.50
t/00_compile.t .............................................. ok
Possible precedence issue with control flow operator at /tmp/loop_over_bdir-1682133-pBQ_Kg/HTTP-Engine-0.03005-0/inc/Test/Builder.pm line 917.
Any::Moose is deprecated. Please use Moo instead at /tmp/loop_over_bdir-1682133-pBQ_Kg/HTTP-Engine-0.03005-0/blib/lib/HTTP/Engine/Request.pm line 2.
t/010_core/builder_options-upload_tmp.t ..................... ok
Possible precedence issue with control flow operator at /tmp/loop_over_bdir-1682133-pBQ_Kg/HTTP-Engine-0.03005-0/inc/Test/Builder.pm line 917.
Any::Moose is deprecated. Please use Moo instead at t/Utils.pm line 2.
t/010_core/interface-require.t .............................. ok
Possible precedence issue with control flow operator at /tmp/loop_over_bdir-1682133-pBQ_Kg/HTTP-Engine-0.03005-0/inc/Test/Builder.pm line 917.
Any::Moose is deprecated. Please use Moo instead at t/Utils.pm line 2.
t/010_core/interface.t ...................................... ok
Possible precedence issue with control flow operator at /tmp/loop_over_bdir-1682133-pBQ_Kg/HTTP-Engine-0.03005-0/inc/Test/Builder.pm line 917.
Any::Moose is deprecated. Please use Moo instead at /tmp/loop_over_bdir-1682133-pBQ_Kg/HTTP-Engine-0.03005-0/blib/lib/HTTP/Engine/RequestBuilder/CGI.pm line 2.
t/010_core/load_requestbuilder_cgi.t ........................ ok
Possible precedence issue with control flow operator at /tmp/loop_over_bdir-1682133-pBQ_Kg/HTTP-Engine-0.03005-0/inc/Test/Builder.pm line 917.
Redundant argument in sprintf at /tmp/loop_over_bdir-1682133-pBQ_Kg/HTTP-Engine-0.03005-0/inc/Spiffy.pm line 225.
Redundant argument in sprintf at /tmp/loop_over_bdir-1682133-pBQ_Kg/HTTP-Engine-0.03005-0/inc/Spiffy.pm line 225.
Redundant argument in sprintf at /tmp/loop_over_bdir-1682133-pBQ_Kg/HTTP-Engine-0.03005-0/inc/Spiffy.pm line 225.
Redundant argument in sprintf at /tmp/loop_over_bdir-1682133-pBQ_Kg/HTTP-Engine-0.03005-0/inc/Spiffy.pm line 225.
Any::Moose is deprecated. Please use Moo instead at t/Utils.pm line 2.
t/010_core/request-absolute_uri.t ........................... ok
Possible precedence issue with control flow operator at /tmp/loop_over_bdir-1682133-pBQ_Kg/HTTP-Engine-0.03005-0/inc/Test/Builder.pm line 917.
Any::Moose is deprecated. Please use Moo instead at /tmp/loop_over_bdir-1682133-pBQ_Kg/HTTP-Engine-0.03005-0/blib/lib/HTTP/Engine/Request.pm line 2.
t/010_core/request-as_http_request.t ........................ ok
Possible precedence issue with control flow operator at /tmp/loop_over_bdir-1682133-pBQ_Kg/HTTP-Engine-0.03005-0/inc/Test/Builder.pm line 917.
Any::Moose is deprecated. Please use Moo instead at /tmp/loop_over_bdir-1682133-pBQ_Kg/HTTP-Engine-0.03005-0/blib/lib/HTTP/Engine.pm line 3.
t/010_core/request-as_string.t .............................. ok
Possible precedence issue with control flow operator at /tmp/loop_over_bdir-1682133-pBQ_Kg/HTTP-Engine-0.03005-0/inc/Test/Builder.pm line 917.
Any::Moose is deprecated. Please use Moo instead at t/Utils.pm line 2.
t/010_core/request-body.t ................................... ok
Possible precedence issue with control flow operator at /tmp/loop_over_bdir-1682133-pBQ_Kg/HTTP-Engine-0.03005-0/inc/Test/Builder.pm line 917.
Any::Moose is deprecated. Please use Moo instead at /tmp/loop_over_bdir-1682133-pBQ_Kg/HTTP-Engine-0.03005-0/blib/lib/HTTP/Engine/Request.pm line 2.
t/010_core/request-content.t ................................ ok
Possible precedence issue with control flow operator at /tmp/loop_over_bdir-1682133-pBQ_Kg/HTTP-Engine-0.03005-0/inc/Test/Builder.pm line 917.
Any::Moose is deprecated. Please use Moo instead at t/Utils.pm line 2.
t/010_core/request-cookie.t ................................. ok
Possible precedence issue with control flow operator at /tmp/loop_over_bdir-1682133-pBQ_Kg/HTTP-Engine-0.03005-0/inc/Test/Builder.pm line 917.
Any::Moose is deprecated. Please use Moo instead at /tmp/loop_over_bdir-1682133-pBQ_Kg/HTTP-Engine-0.03005-0/blib/lib/HTTP/Engine/Request.pm line 2.
t/010_core/request-hostname.t ............................... ok
Any::Moose is deprecated. Please use Moo instead at t/Utils.pm line 2.
Possible precedence issue with control flow operator at /tmp/loop_over_bdir-1682133-pBQ_Kg/HTTP-Engine-0.03005-0/inc/Test/Builder.pm line 917.
t/010_core/request-many_upload.t ............................ ok
Possible precedence issue with control flow operator at /tmp/loop_over_bdir-1682133-pBQ_Kg/HTTP-Engine-0.03005-0/inc/Test/Builder.pm line 917.
Any::Moose is deprecated. Please use Moo instead at /tmp/loop_over_bdir-1682133-pBQ_Kg/HTTP-Engine-0.03005-0/blib/lib/HTTP/Engine/Request.pm line 2.
t/010_core/request-parameters.t ............................. ok
Possible precedence issue with control flow operator at /tmp/loop_over_bdir-1682133-pBQ_Kg/HTTP-Engine-0.03005-0/inc/Test/Builder.pm line 917.
Redundant argument in sprintf at /tmp/loop_over_bdir-1682133-pBQ_Kg/HTTP-Engine-0.03005-0/inc/Spiffy.pm line 225.
Redundant argument in sprintf at /tmp/loop_over_bdir-1682133-pBQ_Kg/HTTP-Engine-0.03005-0/inc/Spiffy.pm line 225.
Redundant argument in sprintf at /tmp/loop_over_bdir-1682133-pBQ_Kg/HTTP-Engine-0.03005-0/inc/Spiffy.pm line 225.
Redundant argument in sprintf at /tmp/loop_over_bdir-1682133-pBQ_Kg/HTTP-Engine-0.03005-0/inc/Spiffy.pm line 225.
Any::Moose is deprecated. Please use Moo instead at /tmp/loop_over_bdir-1682133-pBQ_Kg/HTTP-Engine-0.03005-0/blib/lib/HTTP/Engine/Request.pm line 2.
t/010_core/request-params.t ................................. ok
Possible precedence issue with control flow operator at /tmp/loop_over_bdir-1682133-pBQ_Kg/HTTP-Engine-0.03005-0/inc/Test/Builder.pm line 917.
Any::Moose is deprecated. Please use Moo instead at /tmp/loop_over_bdir-1682133-pBQ_Kg/HTTP-Engine-0.03005-0/blib/lib/HTTP/Engine/Request.pm line 2.
t/010_core/request-parse.t .................................. ok
Possible precedence issue with control flow operator at /tmp/loop_over_bdir-1682133-pBQ_Kg/HTTP-Engine-0.03005-0/inc/Test/Builder.pm line 917.
Redundant argument in sprintf at /tmp/loop_over_bdir-1682133-pBQ_Kg/HTTP-Engine-0.03005-0/inc/Spiffy.pm line 225.
Redundant argument in sprintf at /tmp/loop_over_bdir-1682133-pBQ_Kg/HTTP-Engine-0.03005-0/inc/Spiffy.pm line 225.
Redundant argument in sprintf at /tmp/loop_over_bdir-1682133-pBQ_Kg/HTTP-Engine-0.03005-0/inc/Spiffy.pm line 225.
Redundant argument in sprintf at /tmp/loop_over_bdir-1682133-pBQ_Kg/HTTP-Engine-0.03005-0/inc/Spiffy.pm line 225.
Any::Moose is deprecated. Please use Moo instead at /tmp/loop_over_bdir-1682133-pBQ_Kg/HTTP-Engine-0.03005-0/blib/lib/HTTP/Engine/Request.pm line 2.
t/010_core/request-proxy_request.t .......................... ok
Possible precedence issue with control flow operator at /tmp/loop_over_bdir-1682133-pBQ_Kg/HTTP-Engine-0.03005-0/inc/Test/Builder.pm line 917.
Any::Moose is deprecated. Please use Moo instead at /tmp/loop_over_bdir-1682133-pBQ_Kg/HTTP-Engine-0.03005-0/blib/lib/HTTP/Engine/Request.pm line 2.
t/010_core/request-raw_body.t ............................... ok
Possible precedence issue with control flow operator at /tmp/loop_over_bdir-1682133-pBQ_Kg/HTTP-Engine-0.03005-0/inc/Test/Builder.pm line 917.
Any::Moose is deprecated. Please use Moo instead at t/Utils.pm line 2.
t/010_core/request-readbody.t ............................... ok
Possible precedence issue with control flow operator at /tmp/loop_over_bdir-1682133-pBQ_Kg/HTTP-Engine-0.03005-0/inc/Test/Builder.pm line 917.
Redundant argument in sprintf at /tmp/loop_over_bdir-1682133-pBQ_Kg/HTTP-Engine-0.03005-0/inc/Spiffy.pm line 225.
Redundant argument in sprintf at /tmp/loop_over_bdir-1682133-pBQ_Kg/HTTP-Engine-0.03005-0/inc/Spiffy.pm line 225.
Redundant argument in sprintf at /tmp/loop_over_bdir-1682133-pBQ_Kg/HTTP-Engine-0.03005-0/inc/Spiffy.pm line 225.
Redundant argument in sprintf at /tmp/loop_over_bdir-1682133-pBQ_Kg/HTTP-Engine-0.03005-0/inc/Spiffy.pm line 225.
Any::Moose is deprecated. Please use Moo instead at /tmp/loop_over_bdir-1682133-pBQ_Kg/HTTP-Engine-0.03005-0/blib/lib/HTTP/Engine/Request.pm line 2.
t/010_core/request-secure.t ................................. ok
Possible precedence issue with control flow operator at /tmp/loop_over_bdir-1682133-pBQ_Kg/HTTP-Engine-0.03005-0/inc/Test/Builder.pm line 917.
Any::Moose is deprecated. Please use Moo instead at /tmp/loop_over_bdir-1682133-pBQ_Kg/HTTP-Engine-0.03005-0/blib/lib/HTTP/Engine/Request.pm line 2.
t/010_core/request-upload.t ................................. ok
Possible precedence issue with control flow operator at /tmp/loop_over_bdir-1682133-pBQ_Kg/HTTP-Engine-0.03005-0/inc/Test/Builder.pm line 917.
Redundant argument in sprintf at /tmp/loop_over_bdir-1682133-pBQ_Kg/HTTP-Engine-0.03005-0/inc/Spiffy.pm line 225.
Redundant argument in sprintf at /tmp/loop_over_bdir-1682133-pBQ_Kg/HTTP-Engine-0.03005-0/inc/Spiffy.pm line 225.
Redundant argument in sprintf at /tmp/loop_over_bdir-1682133-pBQ_Kg/HTTP-Engine-0.03005-0/inc/Spiffy.pm line 225.
Redundant argument in sprintf at /tmp/loop_over_bdir-1682133-pBQ_Kg/HTTP-Engine-0.03005-0/inc/Spiffy.pm line 225.
Any::Moose is deprecated. Please use Moo instead at /tmp/loop_over_bdir-1682133-pBQ_Kg/HTTP-Engine-0.03005-0/blib/lib/HTTP/Engine/Request.pm line 2.
t/010_core/request-uri.t .................................... ok
Possible precedence issue with control flow operator at /tmp/loop_over_bdir-1682133-pBQ_Kg/HTTP-Engine-0.03005-0/inc/Test/Builder.pm line 917.
Any::Moose is deprecated. Please use Moo instead at /tmp/loop_over_bdir-1682133-pBQ_Kg/HTTP-Engine-0.03005-0/blib/lib/HTTP/Engine/Request.pm line 2.
t/010_core/request.t ........................................ ok
Any::Moose is deprecated. Please use Moo instead at t/Utils.pm line 2.
Possible precedence issue with control flow operator at /tmp/loop_over_bdir-1682133-pBQ_Kg/HTTP-Engine-0.03005-0/inc/Test/Builder.pm line 917.
t/010_core/request_builder-noenv.t .......................... ok
Possible precedence issue with control flow operator at /tmp/loop_over_bdir-1682133-pBQ_Kg/HTTP-Engine-0.03005-0/inc/Test/Builder.pm line 917.
Any::Moose is deprecated. Please use Moo instead at t/Utils.pm line 2.
t/010_core/request_processor-catch_error.t .................. ok
Possible precedence issue with control flow operator at /tmp/loop_over_bdir-1682133-pBQ_Kg/HTTP-Engine-0.03005-0/inc/Test/Builder.pm line 917.
Any::Moose is deprecated. Please use Moo instead at t/Utils.pm line 2.
t/010_core/request_processor-make_request.t ................. ok
Possible precedence issue with control flow operator at /tmp/loop_over_bdir-1682133-pBQ_Kg/HTTP-Engine-0.03005-0/inc/Test/Builder.pm line 917.
Any::Moose is deprecated. Please use Moo instead at t/Utils.pm line 2.
t/010_core/request_processor-response_error.t ............... ok
Possible precedence issue with control flow operator at /tmp/loop_over_bdir-1682133-pBQ_Kg/HTTP-Engine-0.03005-0/inc/Test/Builder.pm line 917.
Any::Moose is deprecated. Please use Moo instead at /tmp/loop_over_bdir-1682133-pBQ_Kg/HTTP-Engine-0.03005-0/blib/lib/HTTP/Engine.pm line 3.
t/010_core/request_upload-basename.t ........................ ok
Possible precedence issue with control flow operator at /tmp/loop_over_bdir-1682133-pBQ_Kg/HTTP-Engine-0.03005-0/inc/Test/Builder.pm line 917.
Any::Moose is deprecated. Please use Moo instead at /tmp/loop_over_bdir-1682133-pBQ_Kg/HTTP-Engine-0.03005-0/blib/lib/HTTP/Engine/Response.pm line 2.
t/010_core/response-code.t .................................. ok
Possible precedence issue with control flow operator at /tmp/loop_over_bdir-1682133-pBQ_Kg/HTTP-Engine-0.03005-0/inc/Test/Builder.pm line 917.
Any::Moose is deprecated. Please use Moo instead at /tmp/loop_over_bdir-1682133-pBQ_Kg/HTTP-Engine-0.03005-0/blib/lib/HTTP/Engine/Response.pm line 2.
t/010_core/response-coerce_headers.t ........................ ok
Possible precedence issue with control flow operator at /tmp/loop_over_bdir-1682133-pBQ_Kg/HTTP-Engine-0.03005-0/inc/Test/Builder.pm line 917.
Any::Moose is deprecated. Please use Moo instead at /tmp/loop_over_bdir-1682133-pBQ_Kg/HTTP-Engine-0.03005-0/blib/lib/HTTP/Engine/Response.pm line 2.
t/010_core/response-content_length.t ........................ ok
Possible precedence issue with control flow operator at /tmp/loop_over_bdir-1682133-pBQ_Kg/HTTP-Engine-0.03005-0/inc/Test/Builder.pm line 917.
Any::Moose is deprecated. Please use Moo instead at t/Utils.pm line 2.
t/010_core/response-cookie.t ................................ ok
Possible precedence issue with control flow operator at /tmp/loop_over_bdir-1682133-pBQ_Kg/HTTP-Engine-0.03005-0/inc/Test/Builder.pm line 917.
Any::Moose is deprecated. Please use Moo instead at /tmp/loop_over_bdir-1682133-pBQ_Kg/HTTP-Engine-0.03005-0/blib/lib/HTTP/Engine/Response.pm line 2.
t/010_core/response-new.t ................................... ok
Possible precedence issue with control flow operator at /tmp/loop_over_bdir-1682133-pBQ_Kg/HTTP-Engine-0.03005-0/inc/Test/Builder.pm line 917.
Any::Moose is deprecated. Please use Moo instead at /tmp/loop_over_bdir-1682133-pBQ_Kg/HTTP-Engine-0.03005-0/blib/lib/HTTP/Engine/Response.pm line 2.
t/010_core/response-set_http_response.t ..................... ok
Possible precedence issue with control flow operator at /tmp/loop_over_bdir-1682133-pBQ_Kg/HTTP-Engine-0.03005-0/inc/Test/Builder.pm line 917.
Redundant argument in sprintf at /tmp/loop_over_bdir-1682133-pBQ_Kg/HTTP-Engine-0.03005-0/inc/Spiffy.pm line 225.
Redundant argument in sprintf at /tmp/loop_over_bdir-1682133-pBQ_Kg/HTTP-Engine-0.03005-0/inc/Spiffy.pm line 225.
Redundant argument in sprintf at /tmp/loop_over_bdir-1682133-pBQ_Kg/HTTP-Engine-0.03005-0/inc/Spiffy.pm line 225.
Redundant argument in sprintf at /tmp/loop_over_bdir-1682133-pBQ_Kg/HTTP-Engine-0.03005-0/inc/Spiffy.pm line 225.
Any::Moose is deprecated. Please use Moo instead at /tmp/loop_over_bdir-1682133-pBQ_Kg/HTTP-Engine-0.03005-0/blib/lib/HTTP/Engine/Response.pm line 2.
t/010_core/response-status.t ................................ ok
Possible precedence issue with control flow operator at /tmp/loop_over_bdir-1682133-pBQ_Kg/HTTP-Engine-0.03005-0/inc/Test/Builder.pm line 917.
Any::Moose is deprecated. Please use Moo instead at /tmp/loop_over_bdir-1682133-pBQ_Kg/HTTP-Engine-0.03005-0/blib/lib/HTTP/Engine/Response.pm line 2.
t/010_core/response.t ....................................... ok
Possible precedence issue with control flow operator at /tmp/loop_over_bdir-1682133-pBQ_Kg/HTTP-Engine-0.03005-0/inc/Test/Builder.pm line 917.
Redundant argument in sprintf at /tmp/loop_over_bdir-1682133-pBQ_Kg/HTTP-Engine-0.03005-0/inc/Spiffy.pm line 225.
Redundant argument in sprintf at /tmp/loop_over_bdir-1682133-pBQ_Kg/HTTP-Engine-0.03005-0/inc/Spiffy.pm line 225.
Redundant argument in sprintf at /tmp/loop_over_bdir-1682133-pBQ_Kg/HTTP-Engine-0.03005-0/inc/Spiffy.pm line 225.
Redundant argument in sprintf at /tmp/loop_over_bdir-1682133-pBQ_Kg/HTTP-Engine-0.03005-0/inc/Spiffy.pm line 225.
Any::Moose is deprecated. Please use Moo instead at /tmp/loop_over_bdir-1682133-pBQ_Kg/HTTP-Engine-0.03005-0/blib/lib/HTTP/Engine.pm line 3.
t/010_core/response_finalizer.t ............................. ok
Possible precedence issue with control flow operator at /tmp/loop_over_bdir-1682133-pBQ_Kg/HTTP-Engine-0.03005-0/inc/Test/Builder.pm line 917.
Any::Moose is deprecated. Please use Moo instead at /tmp/loop_over_bdir-1682133-pBQ_Kg/HTTP-Engine-0.03005-0/blib/lib/HTTP/Engine/Request.pm line 2.
t/010_core/response_writer.t ................................ ok
Possible precedence issue with control flow operator at /tmp/loop_over_bdir-1682133-pBQ_Kg/HTTP-Engine-0.03005-0/inc/Test/Builder.pm line 917.
Any::Moose is deprecated. Please use Moo instead at /tmp/loop_over_bdir-1682133-pBQ_Kg/HTTP-Engine-0.03005-0/blib/lib/HTTP/Engine/Request.pm line 2.
t/010_core/responsewriter-broken_io.t ....................... ok
Any::Moose is deprecated. Please use Moo instead at t/010_core/responsewriter-with_io.t line 6.
Possible precedence issue with control flow operator at /tmp/loop_over_bdir-1682133-pBQ_Kg/HTTP-Engine-0.03005-0/inc/Test/Builder.pm line 917.
Redundant argument in sprintf at /tmp/loop_over_bdir-1682133-pBQ_Kg/HTTP-Engine-0.03005-0/inc/Spiffy.pm line 225.
Redundant argument in sprintf at /tmp/loop_over_bdir-1682133-pBQ_Kg/HTTP-Engine-0.03005-0/inc/Spiffy.pm line 225.
Redundant argument in sprintf at /tmp/loop_over_bdir-1682133-pBQ_Kg/HTTP-Engine-0.03005-0/inc/Spiffy.pm line 225.
Redundant argument in sprintf at /tmp/loop_over_bdir-1682133-pBQ_Kg/HTTP-Engine-0.03005-0/inc/Spiffy.pm line 225.
t/010_core/responsewriter-with_io.t ......................... ok
Any::Moose is deprecated. Please use Moo instead at /tmp/loop_over_bdir-1682133-pBQ_Kg/HTTP-Engine-0.03005-0/blib/lib/HTTP/Engine.pm line 3.
Possible precedence issue with control flow operator at /tmp/loop_over_bdir-1682133-pBQ_Kg/HTTP-Engine-0.03005-0/inc/Test/Builder.pm line 917.
Redundant argument in sprintf at /tmp/loop_over_bdir-1682133-pBQ_Kg/HTTP-Engine-0.03005-0/inc/Spiffy.pm line 225.
Redundant argument in sprintf at /tmp/loop_over_bdir-1682133-pBQ_Kg/HTTP-Engine-0.03005-0/inc/Spiffy.pm line 225.
Redundant argument in sprintf at /tmp/loop_over_bdir-1682133-pBQ_Kg/HTTP-Engine-0.03005-0/inc/Spiffy.pm line 225.
Redundant argument in sprintf at /tmp/loop_over_bdir-1682133-pBQ_Kg/HTTP-Engine-0.03005-0/inc/Spiffy.pm line 225.
t/020_interface/cgi.t ....................................... ok
Possible precedence issue with control flow operator at /tmp/loop_over_bdir-1682133-pBQ_Kg/HTTP-Engine-0.03005-0/inc/Test/Builder.pm line 917.
t/020_interface/lighty-fcgi.t ............................... skipped: set TEST_LIGHTTPD to enable this test
Any::Moose is deprecated. Please use Moo instead at t/Utils.pm line 2.
Possible precedence issue with control flow operator at /tmp/loop_over_bdir-1682133-pBQ_Kg/HTTP-Engine-0.03005-0/inc/Test/Builder.pm line 917.
t/020_interface/modperl_wildcard_hostname.t ................. skipped: this test requires mod_perl 2
Possible precedence issue with control flow operator at /tmp/loop_over_bdir-1682133-pBQ_Kg/HTTP-Engine-0.03005-0/inc/Test/Builder.pm line 917.
Any::Moose is deprecated. Please use Moo instead at /tmp/loop_over_bdir-1682133-pBQ_Kg/HTTP-Engine-0.03005-0/blib/lib/HTTP/Engine.pm line 3.
=== 29893 === !!! Kernel has 1 child process(es).
=== 29893 === !!! Stopped child process (PID 29894) reaped when POE::Kernel->run() is ready to return.
=== 29893 === !!! Stopped child process (PID 29896) reaped when POE::Kernel->run() is ready to return.
=== 29893 === !!! Stopped child process (PID 29898) reaped when POE::Kernel->run() is ready to return.
=== 29893 === !!! Stopped child process (PID 29899) reaped when POE::Kernel->run() is ready to return.
=== 29893 === !!! Stopped child process (PID 29900) reaped when POE::Kernel->run() is ready to return.
=== 29893 === !!! At least one child process is still running when POE::Kernel->run() is ready to return.
=== 29893 === !!! Be sure to use sig_child() to reap child processes.
=== 29893 === !!! In extreme cases, failure to reap child processes has
=== 29893 === !!! resulted in a slow 'fork bomb' that has halted systems.
t/020_interface/poe-proxy.t ................................. ok
Possible precedence issue with control flow operator at /tmp/loop_over_bdir-1682133-pBQ_Kg/HTTP-Engine-0.03005-0/inc/Test/Builder.pm line 917.
Any::Moose is deprecated. Please use Moo instead at /tmp/loop_over_bdir-1682133-pBQ_Kg/HTTP-Engine-0.03005-0/blib/lib/HTTP/Engine.pm line 3.
=== 29902 === !!! Kernel has 1 child process(es).
=== 29902 === !!! Stopped child process (PID 29903) reaped when POE::Kernel->run() is ready to return.
=== 29902 === !!! Stopped child process (PID 29904) reaped when POE::Kernel->run() is ready to return.
=== 29902 === !!! Stopped child process (PID 29906) reaped when POE::Kernel->run() is ready to return.
=== 29902 === !!! Stopped child process (PID 29908) reaped when POE::Kernel->run() is ready to return.
=== 29902 === !!! Stopped child process (PID 29909) reaped when POE::Kernel->run() is ready to return.
=== 29902 === !!! Stopped child process (PID 29910) reaped when POE::Kernel->run() is ready to return.
=== 29902 === !!! At least one child process is still running when POE::Kernel->run() is ready to return.
=== 29902 === !!! Be sure to use sig_child() to reap child processes.
=== 29902 === !!! In extreme cases, failure to reap child processes has
=== 29902 === !!! resulted in a slow 'fork bomb' that has halted systems.
t/020_interface/poe-uri.t ................................... ok
Possible precedence issue with control flow operator at /tmp/loop_over_bdir-1682133-pBQ_Kg/HTTP-Engine-0.03005-0/inc/Test/Builder.pm line 917.
Any::Moose is deprecated. Please use Moo instead at /tmp/loop_over_bdir-1682133-pBQ_Kg/HTTP-Engine-0.03005-0/blib/lib/HTTP/Engine.pm line 3.
=== 29911 === !!! Kernel has 1 child process(es).
=== 29911 === !!! Stopped child process (PID 29913) reaped when POE::Kernel->run() is ready to return.
=== 29911 === !!! Stopped child process (PID 29914) reaped when POE::Kernel->run() is ready to return.
=== 29911 === !!! Stopped child process (PID 29915) reaped when POE::Kernel->run() is ready to return.
=== 29911 === !!! Stopped child process (PID 29916) reaped when POE::Kernel->run() is ready to return.
=== 29911 === !!! Stopped child process (PID 29917) reaped when POE::Kernel->run() is ready to return.
=== 29911 === !!! Stopped child process (PID 29918) reaped when POE::Kernel->run() is ready to return.
=== 29911 === !!! Stopped child process (PID 29919) reaped when POE::Kernel->run() is ready to return.
=== 29911 === !!! At least one child process is still running when POE::Kernel->run() is ready to return.
=== 29911 === !!! Be sure to use sig_child() to reap child processes.
=== 29911 === !!! In extreme cases, failure to reap child processes has
=== 29911 === !!! resulted in a slow 'fork bomb' that has halted systems.
t/020_interface/poe.t ....................................... ok
Any::Moose is deprecated. Please use Moo instead at t/Utils.pm line 2.
Possible precedence issue with control flow operator at /tmp/loop_over_bdir-1682133-pBQ_Kg/HTTP-Engine-0.03005-0/inc/Test/Builder.pm line 917.
t/020_interface/psgi-with_plack.t ........................... ok
Any::Moose is deprecated. Please use Moo instead at t/Utils.pm line 2.
Possible precedence issue with control flow operator at /tmp/loop_over_bdir-1682133-pBQ_Kg/HTTP-Engine-0.03005-0/inc/Test/Builder.pm line 917.
t/020_interface/psgi.t ...................................... ok
Any::Moose is deprecated. Please use Moo instead at t/Utils.pm line 2.
Possible precedence issue with control flow operator at /tmp/loop_over_bdir-1682133-pBQ_Kg/HTTP-Engine-0.03005-0/inc/Test/Builder.pm line 917.
t/020_interface/server_simple-net_server_configure.t ........ ok
Possible precedence issue with control flow operator at /tmp/loop_over_bdir-1682133-pBQ_Kg/HTTP-Engine-0.03005-0/inc/Test/Builder.pm line 917.
Any::Moose is deprecated. Please use Moo instead at /tmp/loop_over_bdir-1682133-pBQ_Kg/HTTP-Engine-0.03005-0/blib/lib/HTTP/Engine.pm line 3.
t/020_interface/server_simple-not-send-header-bug.t ......... ok
Any::Moose is deprecated. Please use Moo instead at t/Utils.pm line 2.
Possible precedence issue with control flow operator at /tmp/loop_over_bdir-1682133-pBQ_Kg/HTTP-Engine-0.03005-0/inc/Test/Builder.pm line 917.
t/020_interface/server_simple-print_banner.t ................ ok
Any::Moose is deprecated. Please use Moo instead at t/Utils.pm line 2.
Possible precedence issue with control flow operator at /tmp/loop_over_bdir-1682133-pBQ_Kg/HTTP-Engine-0.03005-0/inc/Test/Builder.pm line 917.
t/020_interface/server_simple.t ............................. ok
Any::Moose is deprecated. Please use Moo instead at t/Utils.pm line 2.
Possible precedence issue with control flow operator at /tmp/loop_over_bdir-1682133-pBQ_Kg/HTTP-Engine-0.03005-0/inc/Test/Builder.pm line 917.
t/020_interface/standalone-keep_alive.t ..................... skipped: Interface::Standalone will be removed
Any::Moose is deprecated. Please use Moo instead at t/Utils.pm line 2.
Possible precedence issue with control flow operator at /tmp/loop_over_bdir-1682133-pBQ_Kg/HTTP-Engine-0.03005-0/inc/Test/Builder.pm line 917.
t/020_interface/standalone-restart.t ........................ skipped: Interface::Standalone will be removed
Any::Moose is deprecated. Please use Moo instead at t/Utils.pm line 2.
Possible precedence issue with control flow operator at /tmp/loop_over_bdir-1682133-pBQ_Kg/HTTP-Engine-0.03005-0/inc/Test/Builder.pm line 917.
t/020_interface/streaming_response.t ........................ ok
Any::Moose is deprecated. Please use Moo instead at /tmp/loop_over_bdir-1682133-pBQ_Kg/HTTP-Engine-0.03005-0/blib/lib/HTTP/Engine.pm line 3.
Possible precedence issue with control flow operator at /tmp/loop_over_bdir-1682133-pBQ_Kg/HTTP-Engine-0.03005-0/inc/Test/Builder.pm line 917.
t/020_interface/test-validation.t ........................... ok
Possible precedence issue with control flow operator at /tmp/loop_over_bdir-1682133-pBQ_Kg/HTTP-Engine-0.03005-0/inc/Test/Builder.pm line 917.
Any::Moose is deprecated. Please use Moo instead at /tmp/loop_over_bdir-1682133-pBQ_Kg/HTTP-Engine-0.03005-0/blib/lib/HTTP/Engine.pm line 3.
t/020_interface/test-warn_at_utf8.t ......................... ok
Any::Moose is deprecated. Please use Moo instead at /tmp/loop_over_bdir-1682133-pBQ_Kg/HTTP-Engine-0.03005-0/blib/lib/HTTP/Engine.pm line 3.
Possible precedence issue with control flow operator at /tmp/loop_over_bdir-1682133-pBQ_Kg/HTTP-Engine-0.03005-0/inc/Test/Builder.pm line 917.
Redundant argument in sprintf at /tmp/loop_over_bdir-1682133-pBQ_Kg/HTTP-Engine-0.03005-0/inc/Spiffy.pm line 225.
Redundant argument in sprintf at /tmp/loop_over_bdir-1682133-pBQ_Kg/HTTP-Engine-0.03005-0/inc/Spiffy.pm line 225.
Redundant argument in sprintf at /tmp/loop_over_bdir-1682133-pBQ_Kg/HTTP-Engine-0.03005-0/inc/Spiffy.pm line 225.
Redundant argument in sprintf at /tmp/loop_over_bdir-1682133-pBQ_Kg/HTTP-Engine-0.03005-0/inc/Spiffy.pm line 225.
t/020_interface/test.t ...................................... ok
Possible precedence issue with control flow operator at /tmp/loop_over_bdir-1682133-pBQ_Kg/HTTP-Engine-0.03005-0/inc/Test/Builder.pm line 917.
Any::Moose is deprecated. Please use Moo instead at /tmp/loop_over_bdir-1682133-pBQ_Kg/HTTP-Engine-0.03005-0/blib/lib/HTTP/Engine.pm line 3.
t/020_interface/test_response-with_io.t ..................... ok
Any::Moose is deprecated. Please use Moo instead at t/Utils.pm line 2.
Possible precedence issue with control flow operator at /tmp/loop_over_bdir-1682133-pBQ_Kg/HTTP-Engine-0.03005-0/inc/Test/Builder.pm line 917.
Redundant argument in sprintf at /tmp/loop_over_bdir-1682133-pBQ_Kg/HTTP-Engine-0.03005-0/inc/Spiffy.pm line 225.
Redundant argument in sprintf at /tmp/loop_over_bdir-1682133-pBQ_Kg/HTTP-Engine-0.03005-0/inc/Spiffy.pm line 225.
Redundant argument in sprintf at /tmp/loop_over_bdir-1682133-pBQ_Kg/HTTP-Engine-0.03005-0/inc/Spiffy.pm line 225.
Redundant argument in sprintf at /tmp/loop_over_bdir-1682133-pBQ_Kg/HTTP-Engine-0.03005-0/inc/Spiffy.pm line 225.
t/020_interface/test_upload.t ............................... ok
Any::Moose is deprecated. Please use Moo instead at t/Utils.pm line 2.
Possible precedence issue with control flow operator at /tmp/loop_over_bdir-1682133-pBQ_Kg/HTTP-Engine-0.03005-0/inc/Test/Builder.pm line 917.
t/030_daemonize/connection_info.t ........................... ok
Any::Moose is deprecated. Please use Moo instead at t/Utils.pm line 2.
Possible precedence issue with control flow operator at /tmp/loop_over_bdir-1682133-pBQ_Kg/HTTP-Engine-0.03005-0/inc/Test/Builder.pm line 917.
t/030_daemonize/headers.t ................................... ok
Any::Moose is deprecated. Please use Moo instead at t/Utils.pm line 2.
Possible precedence issue with control flow operator at /tmp/loop_over_bdir-1682133-pBQ_Kg/HTTP-Engine-0.03005-0/inc/Test/Builder.pm line 917.

#   Failed test at /tmp/loop_over_bdir-1682133-pBQ_Kg/HTTP-Engine-0.03005-0/inc/Test/More.pm line 376.
#          got: '/foo|'
#     expected: '/|http://example.com/foo?http=1'

#   Failed test at /tmp/loop_over_bdir-1682133-pBQ_Kg/HTTP-Engine-0.03005-0/inc/Test/More.pm line 376.
#          got: '/foo|'
#     expected: '/|http://example.com:8080/foo?http=1'

#   Failed test at /tmp/loop_over_bdir-1682133-pBQ_Kg/HTTP-Engine-0.03005-0/inc/Test/More.pm line 376.
#          got: '/foo|'
#     expected: '/|http://example.com/foo?http=1'

#   Failed test at /tmp/loop_over_bdir-1682133-pBQ_Kg/HTTP-Engine-0.03005-0/inc/Test/More.pm line 376.
#          got: '/foo|'
#     expected: '/|http://example.com:8080/foo?http=1'
# Looks like you failed 4 tests of 16.
t/030_daemonize/proxy_path.t ................................ 
Dubious, test returned 4 (wstat 1024, 0x400)
Failed 4/16 subtests 
Any::Moose is deprecated. Please use Moo instead at t/Utils.pm line 2.
Possible precedence issue with control flow operator at /tmp/loop_over_bdir-1682133-pBQ_Kg/HTTP-Engine-0.03005-0/inc/Test/Builder.pm line 917.
t/030_daemonize/raw_body.t .................................. ok
Any::Moose is deprecated. Please use Moo instead at t/Utils.pm line 2.
Possible precedence issue with control flow operator at /tmp/loop_over_bdir-1682133-pBQ_Kg/HTTP-Engine-0.03005-0/inc/Test/Builder.pm line 917.
t/030_daemonize/request_independence.t ...................... ok
Any::Moose is deprecated. Please use Moo instead at t/Utils.pm line 2.
Possible precedence issue with control flow operator at /tmp/loop_over_bdir-1682133-pBQ_Kg/HTTP-Engine-0.03005-0/inc/Test/Builder.pm line 917.
t/030_daemonize/responsewriter_io.t ......................... ok
Any::Moose is deprecated. Please use Moo instead at t/Utils.pm line 2.
Possible precedence issue with control flow operator at /tmp/loop_over_bdir-1682133-pBQ_Kg/HTTP-Engine-0.03005-0/inc/Test/Builder.pm line 917.
t/030_daemonize/upload-methods.t ............................ ok
Any::Moose is deprecated. Please use Moo instead at t/Utils.pm line 2.
Possible precedence issue with control flow operator at /tmp/loop_over_bdir-1682133-pBQ_Kg/HTTP-Engine-0.03005-0/inc/Test/Builder.pm line 917.
t/030_daemonize/upload.t .................................... ok
Any::Moose is deprecated. Please use Moo instead at t/Utils.pm line 2.
Possible precedence issue with control flow operator at /tmp/loop_over_bdir-1682133-pBQ_Kg/HTTP-Engine-0.03005-0/inc/Test/Builder.pm line 917.
t/030_daemonize/uri.t ....................................... ok
Any::Moose is deprecated. Please use Moo instead at t/Utils.pm line 2.
Possible precedence issue with control flow operator at /tmp/loop_over_bdir-1682133-pBQ_Kg/HTTP-Engine-0.03005-0/inc/Test/Builder.pm line 917.
t/030_daemonize/utf8flagged-uri.t ........................... ok
Possible precedence issue with control flow operator at /tmp/loop_over_bdir-1682133-pBQ_Kg/HTTP-Engine-0.03005-0/inc/Test/Builder.pm line 917.
Redundant argument in sprintf at /tmp/loop_over_bdir-1682133-pBQ_Kg/HTTP-Engine-0.03005-0/inc/Spiffy.pm line 225.
Redundant argument in sprintf at /tmp/loop_over_bdir-1682133-pBQ_Kg/HTTP-Engine-0.03005-0/inc/Spiffy.pm line 225.
Redundant argument in sprintf at /tmp/loop_over_bdir-1682133-pBQ_Kg/HTTP-Engine-0.03005-0/inc/Spiffy.pm line 225.
Redundant argument in sprintf at /tmp/loop_over_bdir-1682133-pBQ_Kg/HTTP-Engine-0.03005-0/inc/Spiffy.pm line 225.
t/040_minimal/001_simple.t .................................. ok
Possible precedence issue with control flow operator at /tmp/loop_over_bdir-1682133-pBQ_Kg/HTTP-Engine-0.03005-0/inc/Test/Builder.pm line 917.
Any::Moose is deprecated. Please use Moo instead at /tmp/loop_over_bdir-1682133-pBQ_Kg/HTTP-Engine-0.03005-0/blib/lib/HTTP/Engine/Request.pm line 2.
t/050_tests/request.t ....................................... ok
Possible precedence issue with control flow operator at /tmp/loop_over_bdir-1682133-pBQ_Kg/HTTP-Engine-0.03005-0/inc/Test/Builder.pm line 917.
Any::Moose is deprecated. Please use Moo instead at /tmp/loop_over_bdir-1682133-pBQ_Kg/HTTP-Engine-0.03005-0/blib/lib/HTTP/Engine.pm line 3.
# Soft dependency versions:
#  Any::Moose 0.27
#  Mouse v2.5.10
#  MooseX::Types 0.50
t/moose/00_compile.t ........................................ ok
Possible precedence issue with control flow operator at /tmp/loop_over_bdir-1682133-pBQ_Kg/HTTP-Engine-0.03005-0/inc/Test/Builder.pm line 917.
Any::Moose is deprecated. Please use Moo instead at /tmp/loop_over_bdir-1682133-pBQ_Kg/HTTP-Engine-0.03005-0/blib/lib/HTTP/Engine/Request.pm line 2.
t/moose/010_core/builder_options-upload_tmp.t ............... ok
Possible precedence issue with control flow operator at /tmp/loop_over_bdir-1682133-pBQ_Kg/HTTP-Engine-0.03005-0/inc/Test/Builder.pm line 917.
Any::Moose is deprecated. Please use Moo instead at t/Utils.pm line 2.
t/moose/010_core/interface-require.t ........................ ok
Possible precedence issue with control flow operator at /tmp/loop_over_bdir-1682133-pBQ_Kg/HTTP-Engine-0.03005-0/inc/Test/Builder.pm line 917.
Any::Moose is deprecated. Please use Moo instead at t/Utils.pm line 2.
t/moose/010_core/interface.t ................................ ok
Possible precedence issue with control flow operator at /tmp/loop_over_bdir-1682133-pBQ_Kg/HTTP-Engine-0.03005-0/inc/Test/Builder.pm line 917.
Any::Moose is deprecated. Please use Moo instead at /tmp/loop_over_bdir-1682133-pBQ_Kg/HTTP-Engine-0.03005-0/blib/lib/HTTP/Engine/RequestBuilder/CGI.pm line 2.
t/moose/010_core/load_requestbuilder_cgi.t .................. ok
Possible precedence issue with control flow operator at /tmp/loop_over_bdir-1682133-pBQ_Kg/HTTP-Engine-0.03005-0/inc/Test/Builder.pm line 917.
Redundant argument in sprintf at /tmp/loop_over_bdir-1682133-pBQ_Kg/HTTP-Engine-0.03005-0/inc/Spiffy.pm line 225.
Redundant argument in sprintf at /tmp/loop_over_bdir-1682133-pBQ_Kg/HTTP-Engine-0.03005-0/inc/Spiffy.pm line 225.
Redundant argument in sprintf at /tmp/loop_over_bdir-1682133-pBQ_Kg/HTTP-Engine-0.03005-0/inc/Spiffy.pm line 225.
Redundant argument in sprintf at /tmp/loop_over_bdir-1682133-pBQ_Kg/HTTP-Engine-0.03005-0/inc/Spiffy.pm line 225.
Any::Moose is deprecated. Please use Moo instead at t/Utils.pm line 2.
t/moose/010_core/request-absolute_uri.t ..................... ok
Possible precedence issue with control flow operator at /tmp/loop_over_bdir-1682133-pBQ_Kg/HTTP-Engine-0.03005-0/inc/Test/Builder.pm line 917.
Any::Moose is deprecated. Please use Moo instead at /tmp/loop_over_bdir-1682133-pBQ_Kg/HTTP-Engine-0.03005-0/blib/lib/HTTP/Engine/Request.pm line 2.
t/moose/010_core/request-as_http_request.t .................. ok
Possible precedence issue with control flow operator at /tmp/loop_over_bdir-1682133-pBQ_Kg/HTTP-Engine-0.03005-0/inc/Test/Builder.pm line 917.
Any::Moose is deprecated. Please use Moo instead at /tmp/loop_over_bdir-1682133-pBQ_Kg/HTTP-Engine-0.03005-0/blib/lib/HTTP/Engine.pm line 3.
t/moose/010_core/request-as_string.t ........................ ok
Possible precedence issue with control flow operator at /tmp/loop_over_bdir-1682133-pBQ_Kg/HTTP-Engine-0.03005-0/inc/Test/Builder.pm line 917.
Any::Moose is deprecated. Please use Moo instead at t/Utils.pm line 2.
Class::MOP::load_class is deprecated at /home/sand/src/perl/repoperls/installed-perls/host/k93focal/v5.34.1-RC1/f154/lib/site_perl/5.34.1/x86_64-linux/Class/MOP.pm line 69.
	Class::MOP::load_class("HTTP::Engine::Interface::Test") called at /tmp/loop_over_bdir-1682133-pBQ_Kg/HTTP-Engine-0.03005-0/blib/lib/HTTP/Engine/Types/Core.pm line 26
	HTTP::Engine::Types::Core::__ANON__(HASH(0x55995aeb9870)) called at /home/sand/src/perl/repoperls/installed-perls/host/k93focal/v5.34.1-RC1/f154/lib/site_perl/5.34.1/x86_64-linux/Moose/Meta/TypeCoercion.pm line 65
	Moose::Meta::TypeCoercion::__ANON__(HASH(0x55995aeb9870)) called at constructor HTTP::Engine::new (defined at /tmp/loop_over_bdir-1682133-pBQ_Kg/HTTP-Engine-0.03005-0/blib/lib/HTTP/Engine.pm line 17) line 32
	HTTP::Engine::new("HTTP::Engine", "interface", HASH(0x55995aeb9870)) called at t/Utils.pm line 141
	t::Utils::run_engine(CODE(0x55995af0c648), HTTP::Request=HASH(0x55995be2a698)) called at t/moose/010_core/request-body.t line 27
t/moose/010_core/request-body.t ............................. ok
Possible precedence issue with control flow operator at /tmp/loop_over_bdir-1682133-pBQ_Kg/HTTP-Engine-0.03005-0/inc/Test/Builder.pm line 917.
Any::Moose is deprecated. Please use Moo instead at /tmp/loop_over_bdir-1682133-pBQ_Kg/HTTP-Engine-0.03005-0/blib/lib/HTTP/Engine/Request.pm line 2.
t/moose/010_core/request-content.t .......................... ok
Possible precedence issue with control flow operator at /tmp/loop_over_bdir-1682133-pBQ_Kg/HTTP-Engine-0.03005-0/inc/Test/Builder.pm line 917.
Any::Moose is deprecated. Please use Moo instead at t/Utils.pm line 2.
Class::MOP::load_class is deprecated at /home/sand/src/perl/repoperls/installed-perls/host/k93focal/v5.34.1-RC1/f154/lib/site_perl/5.34.1/x86_64-linux/Class/MOP.pm line 69.
	Class::MOP::load_class("HTTP::Engine::Interface::Test") called at /tmp/loop_over_bdir-1682133-pBQ_Kg/HTTP-Engine-0.03005-0/blib/lib/HTTP/Engine/Types/Core.pm line 26
	HTTP::Engine::Types::Core::__ANON__(HASH(0x56147f708d38)) called at /home/sand/src/perl/repoperls/installed-perls/host/k93focal/v5.34.1-RC1/f154/lib/site_perl/5.34.1/x86_64-linux/Moose/Meta/TypeCoercion.pm line 65
	Moose::Meta::TypeCoercion::__ANON__(HASH(0x56147f708d38)) called at constructor HTTP::Engine::new (defined at /tmp/loop_over_bdir-1682133-pBQ_Kg/HTTP-Engine-0.03005-0/blib/lib/HTTP/Engine.pm line 17) line 32
	HTTP::Engine::new("HTTP::Engine", "interface", HASH(0x56147f708d38)) called at t/Utils.pm line 141
	t::Utils::run_engine(CODE(0x56147f75b828), HTTP::Request=HASH(0x5614806794b8)) called at t/moose/010_core/request-cookie.t line 32
t/moose/010_core/request-cookie.t ........................... ok
Possible precedence issue with control flow operator at /tmp/loop_over_bdir-1682133-pBQ_Kg/HTTP-Engine-0.03005-0/inc/Test/Builder.pm line 917.
Any::Moose is deprecated. Please use Moo instead at /tmp/loop_over_bdir-1682133-pBQ_Kg/HTTP-Engine-0.03005-0/blib/lib/HTTP/Engine/Request.pm line 2.
t/moose/010_core/request-hostname.t ......................... ok
Any::Moose is deprecated. Please use Moo instead at t/Utils.pm line 2.
Possible precedence issue with control flow operator at /tmp/loop_over_bdir-1682133-pBQ_Kg/HTTP-Engine-0.03005-0/inc/Test/Builder.pm line 917.
Class::MOP::load_class is deprecated at /home/sand/src/perl/repoperls/installed-perls/host/k93focal/v5.34.1-RC1/f154/lib/site_perl/5.34.1/x86_64-linux/Class/MOP.pm line 69.
	Class::MOP::load_class("HTTP::Engine::Interface::Test") called at /tmp/loop_over_bdir-1682133-pBQ_Kg/HTTP-Engine-0.03005-0/blib/lib/HTTP/Engine/Types/Core.pm line 26
	HTTP::Engine::Types::Core::__ANON__(HASH(0x5638a51e4cd8)) called at /home/sand/src/perl/repoperls/installed-perls/host/k93focal/v5.34.1-RC1/f154/lib/site_perl/5.34.1/x86_64-linux/Moose/Meta/TypeCoercion.pm line 65
	Moose::Meta::TypeCoercion::__ANON__(HASH(0x5638a51e4cd8)) called at constructor HTTP::Engine::new (defined at /tmp/loop_over_bdir-1682133-pBQ_Kg/HTTP-Engine-0.03005-0/blib/lib/HTTP/Engine.pm line 17) line 32
	HTTP::Engine::new("HTTP::Engine", "interface", HASH(0x5638a51e4cd8)) called at t/Utils.pm line 141
	t::Utils::run_engine(CODE(0x5638a6c2c808), HTTP::Request=HASH(0x5638a5ff81a0)) called at t/moose/010_core/request-many_upload.t line 91
t/moose/010_core/request-many_upload.t ...................... ok
Possible precedence issue with control flow operator at /tmp/loop_over_bdir-1682133-pBQ_Kg/HTTP-Engine-0.03005-0/inc/Test/Builder.pm line 917.
Any::Moose is deprecated. Please use Moo instead at /tmp/loop_over_bdir-1682133-pBQ_Kg/HTTP-Engine-0.03005-0/blib/lib/HTTP/Engine/Request.pm line 2.
t/moose/010_core/request-parameters.t ....................... ok
Possible precedence issue with control flow operator at /tmp/loop_over_bdir-1682133-pBQ_Kg/HTTP-Engine-0.03005-0/inc/Test/Builder.pm line 917.
Redundant argument in sprintf at /tmp/loop_over_bdir-1682133-pBQ_Kg/HTTP-Engine-0.03005-0/inc/Spiffy.pm line 225.
Redundant argument in sprintf at /tmp/loop_over_bdir-1682133-pBQ_Kg/HTTP-Engine-0.03005-0/inc/Spiffy.pm line 225.
Redundant argument in sprintf at /tmp/loop_over_bdir-1682133-pBQ_Kg/HTTP-Engine-0.03005-0/inc/Spiffy.pm line 225.
Redundant argument in sprintf at /tmp/loop_over_bdir-1682133-pBQ_Kg/HTTP-Engine-0.03005-0/inc/Spiffy.pm line 225.
Any::Moose is deprecated. Please use Moo instead at /tmp/loop_over_bdir-1682133-pBQ_Kg/HTTP-Engine-0.03005-0/blib/lib/HTTP/Engine/Request.pm line 2.
t/moose/010_core/request-params.t ........................... ok
Possible precedence issue with control flow operator at /tmp/loop_over_bdir-1682133-pBQ_Kg/HTTP-Engine-0.03005-0/inc/Test/Builder.pm line 917.
Any::Moose is deprecated. Please use Moo instead at /tmp/loop_over_bdir-1682133-pBQ_Kg/HTTP-Engine-0.03005-0/blib/lib/HTTP/Engine/Request.pm line 2.
t/moose/010_core/request-parse.t ............................ ok
Possible precedence issue with control flow operator at /tmp/loop_over_bdir-1682133-pBQ_Kg/HTTP-Engine-0.03005-0/inc/Test/Builder.pm line 917.
Redundant argument in sprintf at /tmp/loop_over_bdir-1682133-pBQ_Kg/HTTP-Engine-0.03005-0/inc/Spiffy.pm line 225.
Redundant argument in sprintf at /tmp/loop_over_bdir-1682133-pBQ_Kg/HTTP-Engine-0.03005-0/inc/Spiffy.pm line 225.
Redundant argument in sprintf at /tmp/loop_over_bdir-1682133-pBQ_Kg/HTTP-Engine-0.03005-0/inc/Spiffy.pm line 225.
Redundant argument in sprintf at /tmp/loop_over_bdir-1682133-pBQ_Kg/HTTP-Engine-0.03005-0/inc/Spiffy.pm line 225.
Any::Moose is deprecated. Please use Moo instead at /tmp/loop_over_bdir-1682133-pBQ_Kg/HTTP-Engine-0.03005-0/blib/lib/HTTP/Engine/Request.pm line 2.
t/moose/010_core/request-proxy_request.t .................... ok
Possible precedence issue with control flow operator at /tmp/loop_over_bdir-1682133-pBQ_Kg/HTTP-Engine-0.03005-0/inc/Test/Builder.pm line 917.
Any::Moose is deprecated. Please use Moo instead at /tmp/loop_over_bdir-1682133-pBQ_Kg/HTTP-Engine-0.03005-0/blib/lib/HTTP/Engine/Request.pm line 2.
t/moose/010_core/request-raw_body.t ......................... ok
Possible precedence issue with control flow operator at /tmp/loop_over_bdir-1682133-pBQ_Kg/HTTP-Engine-0.03005-0/inc/Test/Builder.pm line 917.
Any::Moose is deprecated. Please use Moo instead at t/Utils.pm line 2.
t/moose/010_core/request-readbody.t ......................... ok
Possible precedence issue with control flow operator at /tmp/loop_over_bdir-1682133-pBQ_Kg/HTTP-Engine-0.03005-0/inc/Test/Builder.pm line 917.
Redundant argument in sprintf at /tmp/loop_over_bdir-1682133-pBQ_Kg/HTTP-Engine-0.03005-0/inc/Spiffy.pm line 225.
Redundant argument in sprintf at /tmp/loop_over_bdir-1682133-pBQ_Kg/HTTP-Engine-0.03005-0/inc/Spiffy.pm line 225.
Redundant argument in sprintf at /tmp/loop_over_bdir-1682133-pBQ_Kg/HTTP-Engine-0.03005-0/inc/Spiffy.pm line 225.
Redundant argument in sprintf at /tmp/loop_over_bdir-1682133-pBQ_Kg/HTTP-Engine-0.03005-0/inc/Spiffy.pm line 225.
Any::Moose is deprecated. Please use Moo instead at /tmp/loop_over_bdir-1682133-pBQ_Kg/HTTP-Engine-0.03005-0/blib/lib/HTTP/Engine/Request.pm line 2.
t/moose/010_core/request-secure.t ........................... ok
Possible precedence issue with control flow operator at /tmp/loop_over_bdir-1682133-pBQ_Kg/HTTP-Engine-0.03005-0/inc/Test/Builder.pm line 917.
Any::Moose is deprecated. Please use Moo instead at /tmp/loop_over_bdir-1682133-pBQ_Kg/HTTP-Engine-0.03005-0/blib/lib/HTTP/Engine/Request.pm line 2.
t/moose/010_core/request-upload.t ........................... ok
Possible precedence issue with control flow operator at /tmp/loop_over_bdir-1682133-pBQ_Kg/HTTP-Engine-0.03005-0/inc/Test/Builder.pm line 917.
Redundant argument in sprintf at /tmp/loop_over_bdir-1682133-pBQ_Kg/HTTP-Engine-0.03005-0/inc/Spiffy.pm line 225.
Redundant argument in sprintf at /tmp/loop_over_bdir-1682133-pBQ_Kg/HTTP-Engine-0.03005-0/inc/Spiffy.pm line 225.
Redundant argument in sprintf at /tmp/loop_over_bdir-1682133-pBQ_Kg/HTTP-Engine-0.03005-0/inc/Spiffy.pm line 225.
Redundant argument in sprintf at /tmp/loop_over_bdir-1682133-pBQ_Kg/HTTP-Engine-0.03005-0/inc/Spiffy.pm line 225.
Any::Moose is deprecated. Please use Moo instead at /tmp/loop_over_bdir-1682133-pBQ_Kg/HTTP-Engine-0.03005-0/blib/lib/HTTP/Engine/Request.pm line 2.
t/moose/010_core/request-uri.t .............................. ok
Possible precedence issue with control flow operator at /tmp/loop_over_bdir-1682133-pBQ_Kg/HTTP-Engine-0.03005-0/inc/Test/Builder.pm line 917.
Any::Moose is deprecated. Please use Moo instead at /tmp/loop_over_bdir-1682133-pBQ_Kg/HTTP-Engine-0.03005-0/blib/lib/HTTP/Engine/Request.pm line 2.
t/moose/010_core/request.t .................................. ok
Any::Moose is deprecated. Please use Moo instead at t/Utils.pm line 2.
Possible precedence issue with control flow operator at /tmp/loop_over_bdir-1682133-pBQ_Kg/HTTP-Engine-0.03005-0/inc/Test/Builder.pm line 917.
t/moose/010_core/request_builder-noenv.t .................... ok
Possible precedence issue with control flow operator at /tmp/loop_over_bdir-1682133-pBQ_Kg/HTTP-Engine-0.03005-0/inc/Test/Builder.pm line 917.
Any::Moose is deprecated. Please use Moo instead at t/Utils.pm line 2.

#   Failed test at /tmp/loop_over_bdir-1682133-pBQ_Kg/HTTP-Engine-0.03005-0/inc/Test/More.pm line 420.
#                   'Class::MOP::load_class is deprecated at /home/sand/src/perl/repoperls/installed-perls/host/k93focal/v5.34.1-RC1/f154/lib/site_perl/5.34.1/x86_64-linux/Class/MOP.pm line 69.
# 	Class::MOP::load_class("HTTP::Engine::Interface::Test") called at /tmp/loop_over_bdir-1682133-pBQ_Kg/HTTP-Engine-0.03005-0/blib/lib/HTTP/Engine/Types/Core.pm line 26
# 	HTTP::Engine::Types::Core::__ANON__(HASH(0x55d148e1a0d0)) called at /home/sand/src/perl/repoperls/installed-perls/host/k93focal/v5.34.1-RC1/f154/lib/site_perl/5.34.1/x86_64-linux/Moose/Meta/TypeCoercion.pm line 65
# 	Moose::Meta::TypeCoercion::__ANON__(HASH(0x55d148e1a0d0)) called at constructor HTTP::Engine::new (defined at /tmp/loop_over_bdir-1682133-pBQ_Kg/HTTP-Engine-0.03005-0/blib/lib/HTTP/Engine.pm line 17) line 32
# 	HTTP::Engine::new("HTTP::Engine", "interface", HASH(0x55d148e1a0d0)) called at t/Utils.pm line 141
# 	t::Utils::run_engine(CODE(0x55d1474aa400), HTTP::Request=HASH(0x55d148cc80b8)) called at t/moose/010_core/request_processor-catch_error.t line 15
# 	eval {...} called at t/moose/010_core/request_processor-catch_error.t line 12
# orz at t/moose/010_core/request_processor-catch_error.t line 14.
# '
#     doesn't match '(?^:^orz)'
# Looks like you failed 1 test of 3.
t/moose/010_core/request_processor-catch_error.t ............ 
Dubious, test returned 1 (wstat 256, 0x100)
Failed 1/3 subtests 
Possible precedence issue with control flow operator at /tmp/loop_over_bdir-1682133-pBQ_Kg/HTTP-Engine-0.03005-0/inc/Test/Builder.pm line 917.
Any::Moose is deprecated. Please use Moo instead at t/Utils.pm line 2.
Class::MOP::load_class is deprecated at /home/sand/src/perl/repoperls/installed-perls/host/k93focal/v5.34.1-RC1/f154/lib/site_perl/5.34.1/x86_64-linux/Class/MOP.pm line 69.
	Class::MOP::load_class("HTTP::Engine::Interface::Test") called at /tmp/loop_over_bdir-1682133-pBQ_Kg/HTTP-Engine-0.03005-0/blib/lib/HTTP/Engine/Types/Core.pm line 26
	HTTP::Engine::Types::Core::__ANON__(HASH(0x556e6ca22018)) called at /home/sand/src/perl/repoperls/installed-perls/host/k93focal/v5.34.1-RC1/f154/lib/site_perl/5.34.1/x86_64-linux/Moose/Meta/TypeCoercion.pm line 65
	Moose::Meta::TypeCoercion::__ANON__(HASH(0x556e6ca22018)) called at constructor HTTP::Engine::new (defined at /tmp/loop_over_bdir-1682133-pBQ_Kg/HTTP-Engine-0.03005-0/blib/lib/HTTP/Engine.pm line 17) line 32
	HTTP::Engine::new("HTTP::Engine", "interface", HASH(0x556e6ca22018)) called at t/Utils.pm line 141
	t::Utils::run_engine(CODE(0x556e6b0751d8), HTTP::Request=HASH(0x556e6afb3cd8), "method", "GET", "raw_body", "test") called at t/moose/010_core/request_processor-make_request.t line 15
t/moose/010_core/request_processor-make_request.t ........... ok
Possible precedence issue with control flow operator at /tmp/loop_over_bdir-1682133-pBQ_Kg/HTTP-Engine-0.03005-0/inc/Test/Builder.pm line 917.
Any::Moose is deprecated. Please use Moo instead at t/Utils.pm line 2.
t/moose/010_core/request_processor-response_error.t ......... ok
Possible precedence issue with control flow operator at /tmp/loop_over_bdir-1682133-pBQ_Kg/HTTP-Engine-0.03005-0/inc/Test/Builder.pm line 917.
Any::Moose is deprecated. Please use Moo instead at /tmp/loop_over_bdir-1682133-pBQ_Kg/HTTP-Engine-0.03005-0/blib/lib/HTTP/Engine.pm line 3.
t/moose/010_core/request_upload-basename.t .................. ok
Possible precedence issue with control flow operator at /tmp/loop_over_bdir-1682133-pBQ_Kg/HTTP-Engine-0.03005-0/inc/Test/Builder.pm line 917.
Any::Moose is deprecated. Please use Moo instead at /tmp/loop_over_bdir-1682133-pBQ_Kg/HTTP-Engine-0.03005-0/blib/lib/HTTP/Engine/Response.pm line 2.
t/moose/010_core/response-code.t ............................ ok
Possible precedence issue with control flow operator at /tmp/loop_over_bdir-1682133-pBQ_Kg/HTTP-Engine-0.03005-0/inc/Test/Builder.pm line 917.
Any::Moose is deprecated. Please use Moo instead at /tmp/loop_over_bdir-1682133-pBQ_Kg/HTTP-Engine-0.03005-0/blib/lib/HTTP/Engine/Response.pm line 2.
t/moose/010_core/response-coerce_headers.t .................. ok
Possible precedence issue with control flow operator at /tmp/loop_over_bdir-1682133-pBQ_Kg/HTTP-Engine-0.03005-0/inc/Test/Builder.pm line 917.
Any::Moose is deprecated. Please use Moo instead at /tmp/loop_over_bdir-1682133-pBQ_Kg/HTTP-Engine-0.03005-0/blib/lib/HTTP/Engine/Response.pm line 2.
t/moose/010_core/response-content_length.t .................. ok
Possible precedence issue with control flow operator at /tmp/loop_over_bdir-1682133-pBQ_Kg/HTTP-Engine-0.03005-0/inc/Test/Builder.pm line 917.
Any::Moose is deprecated. Please use Moo instead at t/Utils.pm line 2.
Class::MOP::load_class is deprecated at /home/sand/src/perl/repoperls/installed-perls/host/k93focal/v5.34.1-RC1/f154/lib/site_perl/5.34.1/x86_64-linux/Class/MOP.pm line 69.
	Class::MOP::load_class("HTTP::Engine::Interface::Test") called at /tmp/loop_over_bdir-1682133-pBQ_Kg/HTTP-Engine-0.03005-0/blib/lib/HTTP/Engine/Types/Core.pm line 26
	HTTP::Engine::Types::Core::__ANON__(HASH(0x56259537eab8)) called at /home/sand/src/perl/repoperls/installed-perls/host/k93focal/v5.34.1-RC1/f154/lib/site_perl/5.34.1/x86_64-linux/Moose/Meta/TypeCoercion.pm line 65
	Moose::Meta::TypeCoercion::__ANON__(HASH(0x56259537eab8)) called at constructor HTTP::Engine::new (defined at /tmp/loop_over_bdir-1682133-pBQ_Kg/HTTP-Engine-0.03005-0/blib/lib/HTTP/Engine.pm line 17) line 32
	HTTP::Engine::new("HTTP::Engine", "interface", HASH(0x56259537eab8)) called at t/Utils.pm line 141
	t::Utils::run_engine(CODE(0x56259537f340), HTTP::Request=HASH(0x56259535acd8)) called at t/moose/010_core/response-cookie.t line 45
t/moose/010_core/response-cookie.t .......................... ok
Possible precedence issue with control flow operator at /tmp/loop_over_bdir-1682133-pBQ_Kg/HTTP-Engine-0.03005-0/inc/Test/Builder.pm line 917.
Any::Moose is deprecated. Please use Moo instead at /tmp/loop_over_bdir-1682133-pBQ_Kg/HTTP-Engine-0.03005-0/blib/lib/HTTP/Engine/Response.pm line 2.
t/moose/010_core/response-new.t ............................. ok
Possible precedence issue with control flow operator at /tmp/loop_over_bdir-1682133-pBQ_Kg/HTTP-Engine-0.03005-0/inc/Test/Builder.pm line 917.
Any::Moose is deprecated. Please use Moo instead at /tmp/loop_over_bdir-1682133-pBQ_Kg/HTTP-Engine-0.03005-0/blib/lib/HTTP/Engine/Response.pm line 2.
t/moose/010_core/response-set_http_response.t ............... ok
Possible precedence issue with control flow operator at /tmp/loop_over_bdir-1682133-pBQ_Kg/HTTP-Engine-0.03005-0/inc/Test/Builder.pm line 917.
Redundant argument in sprintf at /tmp/loop_over_bdir-1682133-pBQ_Kg/HTTP-Engine-0.03005-0/inc/Spiffy.pm line 225.
Redundant argument in sprintf at /tmp/loop_over_bdir-1682133-pBQ_Kg/HTTP-Engine-0.03005-0/inc/Spiffy.pm line 225.
Redundant argument in sprintf at /tmp/loop_over_bdir-1682133-pBQ_Kg/HTTP-Engine-0.03005-0/inc/Spiffy.pm line 225.
Redundant argument in sprintf at /tmp/loop_over_bdir-1682133-pBQ_Kg/HTTP-Engine-0.03005-0/inc/Spiffy.pm line 225.
Any::Moose is deprecated. Please use Moo instead at /tmp/loop_over_bdir-1682133-pBQ_Kg/HTTP-Engine-0.03005-0/blib/lib/HTTP/Engine/Response.pm line 2.
t/moose/010_core/response-status.t .......................... ok
Possible precedence issue with control flow operator at /tmp/loop_over_bdir-1682133-pBQ_Kg/HTTP-Engine-0.03005-0/inc/Test/Builder.pm line 917.
Any::Moose is deprecated. Please use Moo instead at /tmp/loop_over_bdir-1682133-pBQ_Kg/HTTP-Engine-0.03005-0/blib/lib/HTTP/Engine/Response.pm line 2.
t/moose/010_core/response.t ................................. ok
Possible precedence issue with control flow operator at /tmp/loop_over_bdir-1682133-pBQ_Kg/HTTP-Engine-0.03005-0/inc/Test/Builder.pm line 917.
Redundant argument in sprintf at /tmp/loop_over_bdir-1682133-pBQ_Kg/HTTP-Engine-0.03005-0/inc/Spiffy.pm line 225.
Redundant argument in sprintf at /tmp/loop_over_bdir-1682133-pBQ_Kg/HTTP-Engine-0.03005-0/inc/Spiffy.pm line 225.
Redundant argument in sprintf at /tmp/loop_over_bdir-1682133-pBQ_Kg/HTTP-Engine-0.03005-0/inc/Spiffy.pm line 225.
Redundant argument in sprintf at /tmp/loop_over_bdir-1682133-pBQ_Kg/HTTP-Engine-0.03005-0/inc/Spiffy.pm line 225.
Any::Moose is deprecated. Please use Moo instead at /tmp/loop_over_bdir-1682133-pBQ_Kg/HTTP-Engine-0.03005-0/blib/lib/HTTP/Engine.pm line 3.
t/moose/010_core/response_finalizer.t ....................... ok
Possible precedence issue with control flow operator at /tmp/loop_over_bdir-1682133-pBQ_Kg/HTTP-Engine-0.03005-0/inc/Test/Builder.pm line 917.
Any::Moose is deprecated. Please use Moo instead at /tmp/loop_over_bdir-1682133-pBQ_Kg/HTTP-Engine-0.03005-0/blib/lib/HTTP/Engine/Request.pm line 2.
Class::MOP::load_class is deprecated at /home/sand/src/perl/repoperls/installed-perls/host/k93focal/v5.34.1-RC1/f154/lib/site_perl/5.34.1/x86_64-linux/Class/MOP.pm line 69.
	Class::MOP::load_class("HTTP::Engine::RequestBuilder::CGI") called at /tmp/loop_over_bdir-1682133-pBQ_Kg/HTTP-Engine-0.03005-0/blib/lib/HTTP/Engine/Interface.pm line 65
	HTTP::Engine::Interface::_setup_builder("HTTP::Engine::Interface::CGI", "CGI") called at /tmp/loop_over_bdir-1682133-pBQ_Kg/HTTP-Engine-0.03005-0/blib/lib/HTTP/Engine/Interface.pm line 51
	HTTP::Engine::Interface::__INTERFACE__("HTTP::Engine::Interface::CGI") called at /tmp/loop_over_bdir-1682133-pBQ_Kg/HTTP-Engine-0.03005-0/blib/lib/HTTP/Engine/Interface.pm line 31
	HTTP::Engine::Interface::__ANON__() called at /tmp/loop_over_bdir-1682133-pBQ_Kg/HTTP-Engine-0.03005-0/blib/lib/HTTP/Engine/Interface/CGI.pm line 18
	require HTTP/Engine/Interface/CGI.pm called at t/moose/010_core/response_writer.t line 9
	main::BEGIN() called at /tmp/loop_over_bdir-1682133-pBQ_Kg/HTTP-Engine-0.03005-0/blib/lib/HTTP/Engine/Interface/CGI.pm line 0
	eval {...} called at /tmp/loop_over_bdir-1682133-pBQ_Kg/HTTP-Engine-0.03005-0/blib/lib/HTTP/Engine/Interface/CGI.pm line 0
t/moose/010_core/response_writer.t .......................... ok
Possible precedence issue with control flow operator at /tmp/loop_over_bdir-1682133-pBQ_Kg/HTTP-Engine-0.03005-0/inc/Test/Builder.pm line 917.
Any::Moose is deprecated. Please use Moo instead at /tmp/loop_over_bdir-1682133-pBQ_Kg/HTTP-Engine-0.03005-0/blib/lib/HTTP/Engine/Request.pm line 2.
t/moose/010_core/responsewriter-broken_io.t ................. ok
Any::Moose is deprecated. Please use Moo instead at t/moose/010_core/responsewriter-with_io.t line 7.
Possible precedence issue with control flow operator at /tmp/loop_over_bdir-1682133-pBQ_Kg/HTTP-Engine-0.03005-0/inc/Test/Builder.pm line 917.
Redundant argument in sprintf at /tmp/loop_over_bdir-1682133-pBQ_Kg/HTTP-Engine-0.03005-0/inc/Spiffy.pm line 225.
Redundant argument in sprintf at /tmp/loop_over_bdir-1682133-pBQ_Kg/HTTP-Engine-0.03005-0/inc/Spiffy.pm line 225.
Redundant argument in sprintf at /tmp/loop_over_bdir-1682133-pBQ_Kg/HTTP-Engine-0.03005-0/inc/Spiffy.pm line 225.
Redundant argument in sprintf at /tmp/loop_over_bdir-1682133-pBQ_Kg/HTTP-Engine-0.03005-0/inc/Spiffy.pm line 225.
t/moose/010_core/responsewriter-with_io.t ................... ok
Any::Moose is deprecated. Please use Moo instead at /tmp/loop_over_bdir-1682133-pBQ_Kg/HTTP-Engine-0.03005-0/blib/lib/HTTP/Engine.pm line 3.
Class::MOP::load_class is deprecated at /home/sand/src/perl/repoperls/installed-perls/host/k93focal/v5.34.1-RC1/f154/lib/site_perl/5.34.1/x86_64-linux/Class/MOP.pm line 69.
	Class::MOP::load_class("HTTP::Engine::RequestBuilder::CGI") called at /tmp/loop_over_bdir-1682133-pBQ_Kg/HTTP-Engine-0.03005-0/blib/lib/HTTP/Engine/Interface.pm line 65
	HTTP::Engine::Interface::_setup_builder("HTTP::Engine::Interface::CGI", "CGI") called at /tmp/loop_over_bdir-1682133-pBQ_Kg/HTTP-Engine-0.03005-0/blib/lib/HTTP/Engine/Interface.pm line 51
	HTTP::Engine::Interface::__INTERFACE__("HTTP::Engine::Interface::CGI") called at /tmp/loop_over_bdir-1682133-pBQ_Kg/HTTP-Engine-0.03005-0/blib/lib/HTTP/Engine/Interface.pm line 31
	HTTP::Engine::Interface::__ANON__() called at /tmp/loop_over_bdir-1682133-pBQ_Kg/HTTP-Engine-0.03005-0/blib/lib/HTTP/Engine/Interface/CGI.pm line 18
	require HTTP/Engine/Interface/CGI.pm called at t/moose/020_interface/cgi.t line 5
	main::BEGIN() called at /tmp/loop_over_bdir-1682133-pBQ_Kg/HTTP-Engine-0.03005-0/blib/lib/HTTP/Engine/Interface/CGI.pm line 0
	eval {...} called at /tmp/loop_over_bdir-1682133-pBQ_Kg/HTTP-Engine-0.03005-0/blib/lib/HTTP/Engine/Interface/CGI.pm line 0
Possible precedence issue with control flow operator at /tmp/loop_over_bdir-1682133-pBQ_Kg/HTTP-Engine-0.03005-0/inc/Test/Builder.pm line 917.
Redundant argument in sprintf at /tmp/loop_over_bdir-1682133-pBQ_Kg/HTTP-Engine-0.03005-0/inc/Spiffy.pm line 225.
Redundant argument in sprintf at /tmp/loop_over_bdir-1682133-pBQ_Kg/HTTP-Engine-0.03005-0/inc/Spiffy.pm line 225.
Redundant argument in sprintf at /tmp/loop_over_bdir-1682133-pBQ_Kg/HTTP-Engine-0.03005-0/inc/Spiffy.pm line 225.
Redundant argument in sprintf at /tmp/loop_over_bdir-1682133-pBQ_Kg/HTTP-Engine-0.03005-0/inc/Spiffy.pm line 225.
Class::MOP::load_class is deprecated at /home/sand/src/perl/repoperls/installed-perls/host/k93focal/v5.34.1-RC1/f154/lib/site_perl/5.34.1/x86_64-linux/Class/MOP.pm line 69, <DATA> line 1.
	Class::MOP::load_class("HTTP::Engine::Interface::CGI") called at /tmp/loop_over_bdir-1682133-pBQ_Kg/HTTP-Engine-0.03005-0/blib/lib/HTTP/Engine/Types/Core.pm line 26
	HTTP::Engine::Types::Core::__ANON__(HASH(0x55fda913caf0)) called at /home/sand/src/perl/repoperls/installed-perls/host/k93focal/v5.34.1-RC1/f154/lib/site_perl/5.34.1/x86_64-linux/Moose/Meta/TypeCoercion.pm line 65
	Moose::Meta::TypeCoercion::__ANON__(HASH(0x55fda913caf0)) called at constructor HTTP::Engine::new (defined at /tmp/loop_over_bdir-1682133-pBQ_Kg/HTTP-Engine-0.03005-0/blib/lib/HTTP/Engine.pm line 17) line 32
	HTTP::Engine::new("HTTP::Engine", "interface", HASH(0x55fda913caf0)) called at t/moose/020_interface/cgi.t line 36
	main::__ANON__(Test::Base::Block=HASH(0x55fda923fe90)) called at /tmp/loop_over_bdir-1682133-pBQ_Kg/HTTP-Engine-0.03005-0/inc/Test/Base.pm line 269
	Test::Base::run(undef) called at t/moose/020_interface/cgi.t line 39
t/moose/020_interface/cgi.t ................................. ok
Possible precedence issue with control flow operator at /tmp/loop_over_bdir-1682133-pBQ_Kg/HTTP-Engine-0.03005-0/inc/Test/Builder.pm line 917.
t/moose/020_interface/lighty-fcgi.t ......................... skipped: set TEST_LIGHTTPD to enable this test
Any::Moose is deprecated. Please use Moo instead at t/Utils.pm line 2.
Possible precedence issue with control flow operator at /tmp/loop_over_bdir-1682133-pBQ_Kg/HTTP-Engine-0.03005-0/inc/Test/Builder.pm line 917.
t/moose/020_interface/modperl_wildcard_hostname.t ........... skipped: this test requires mod_perl 2
Possible precedence issue with control flow operator at /tmp/loop_over_bdir-1682133-pBQ_Kg/HTTP-Engine-0.03005-0/inc/Test/Builder.pm line 917.
Any::Moose is deprecated. Please use Moo instead at /tmp/loop_over_bdir-1682133-pBQ_Kg/HTTP-Engine-0.03005-0/blib/lib/HTTP/Engine.pm line 3.
Class::MOP::load_class is deprecated at /home/sand/src/perl/repoperls/installed-perls/host/k93focal/v5.34.1-RC1/f154/lib/site_perl/5.34.1/x86_64-linux/Class/MOP.pm line 69.
	Class::MOP::load_class("HTTP::Engine::RequestBuilder::NoEnv") called at /tmp/loop_over_bdir-1682133-pBQ_Kg/HTTP-Engine-0.03005-0/blib/lib/HTTP/Engine/Interface.pm line 65
	HTTP::Engine::Interface::_setup_builder("HTTP::Engine::Interface::POE", "NoEnv") called at /tmp/loop_over_bdir-1682133-pBQ_Kg/HTTP-Engine-0.03005-0/blib/lib/HTTP/Engine/Interface.pm line 51
	HTTP::Engine::Interface::__INTERFACE__("HTTP::Engine::Interface::POE") called at /tmp/loop_over_bdir-1682133-pBQ_Kg/HTTP-Engine-0.03005-0/blib/lib/HTTP/Engine/Interface.pm line 31
	HTTP::Engine::Interface::__ANON__() called at /tmp/loop_over_bdir-1682133-pBQ_Kg/HTTP-Engine-0.03005-0/blib/lib/HTTP/Engine/Interface/POE.pm line 132
	require HTTP/Engine/Interface/POE.pm called at (eval 333) line 2
	main::BEGIN() called at /tmp/loop_over_bdir-1682133-pBQ_Kg/HTTP-Engine-0.03005-0/blib/lib/HTTP/Engine/Interface/POE.pm line 0
	eval {...} called at /tmp/loop_over_bdir-1682133-pBQ_Kg/HTTP-Engine-0.03005-0/blib/lib/HTTP/Engine/Interface/POE.pm line 0
	eval 'package main;
use HTTP::Engine::Interface::POE @{$args[0]};
1;
' called at /tmp/loop_over_bdir-1682133-pBQ_Kg/HTTP-Engine-0.03005-0/inc/Test/More.pm line 884
	Test::More::_eval("package main;\x{a}use HTTP::Engine::Interface::POE \@{\$args[0]};\x{a}1;\x{a}", ARRAY(0x560cce5684f8)) called at /tmp/loop_over_bdir-1682133-pBQ_Kg/HTTP-Engine-0.03005-0/inc/Test/More.pm line 859
	Test::More::use_ok("HTTP::Engine::Interface::POE") called at t/moose/020_interface/poe-proxy.t line 15
=== 30039 === !!! Kernel has 1 child process(es).
=== 30039 === !!! Stopped child process (PID 30040) reaped when POE::Kernel->run() is ready to return.
=== 30039 === !!! Stopped child process (PID 30043) reaped when POE::Kernel->run() is ready to return.
=== 30039 === !!! Stopped child process (PID 30044) reaped when POE::Kernel->run() is ready to return.
=== 30039 === !!! Stopped child process (PID 30045) reaped when POE::Kernel->run() is ready to return.
=== 30039 === !!! Stopped child process (PID 30046) reaped when POE::Kernel->run() is ready to return.
=== 30039 === !!! At least one child process is still running when POE::Kernel->run() is ready to return.
=== 30039 === !!! Be sure to use sig_child() to reap child processes.
=== 30039 === !!! In extreme cases, failure to reap child processes has
=== 30039 === !!! resulted in a slow 'fork bomb' that has halted systems.
t/moose/020_interface/poe-proxy.t ........................... ok
Possible precedence issue with control flow operator at /tmp/loop_over_bdir-1682133-pBQ_Kg/HTTP-Engine-0.03005-0/inc/Test/Builder.pm line 917.
Any::Moose is deprecated. Please use Moo instead at /tmp/loop_over_bdir-1682133-pBQ_Kg/HTTP-Engine-0.03005-0/blib/lib/HTTP/Engine.pm line 3.
Class::MOP::load_class is deprecated at /home/sand/src/perl/repoperls/installed-perls/host/k93focal/v5.34.1-RC1/f154/lib/site_perl/5.34.1/x86_64-linux/Class/MOP.pm line 69.
	Class::MOP::load_class("HTTP::Engine::RequestBuilder::NoEnv") called at /tmp/loop_over_bdir-1682133-pBQ_Kg/HTTP-Engine-0.03005-0/blib/lib/HTTP/Engine/Interface.pm line 65
	HTTP::Engine::Interface::_setup_builder("HTTP::Engine::Interface::POE", "NoEnv") called at /tmp/loop_over_bdir-1682133-pBQ_Kg/HTTP-Engine-0.03005-0/blib/lib/HTTP/Engine/Interface.pm line 51
	HTTP::Engine::Interface::__INTERFACE__("HTTP::Engine::Interface::POE") called at /tmp/loop_over_bdir-1682133-pBQ_Kg/HTTP-Engine-0.03005-0/blib/lib/HTTP/Engine/Interface.pm line 31
	HTTP::Engine::Interface::__ANON__() called at /tmp/loop_over_bdir-1682133-pBQ_Kg/HTTP-Engine-0.03005-0/blib/lib/HTTP/Engine/Interface/POE.pm line 132
	require HTTP/Engine/Interface/POE.pm called at (eval 333) line 2
	main::BEGIN() called at /tmp/loop_over_bdir-1682133-pBQ_Kg/HTTP-Engine-0.03005-0/blib/lib/HTTP/Engine/Interface/POE.pm line 0
	eval {...} called at /tmp/loop_over_bdir-1682133-pBQ_Kg/HTTP-Engine-0.03005-0/blib/lib/HTTP/Engine/Interface/POE.pm line 0
	eval 'package main;
use HTTP::Engine::Interface::POE @{$args[0]};
1;
' called at /tmp/loop_over_bdir-1682133-pBQ_Kg/HTTP-Engine-0.03005-0/inc/Test/More.pm line 884
	Test::More::_eval("package main;\x{a}use HTTP::Engine::Interface::POE \@{\$args[0]};\x{a}1;\x{a}", ARRAY(0x56360bbdeef8)) called at /tmp/loop_over_bdir-1682133-pBQ_Kg/HTTP-Engine-0.03005-0/inc/Test/More.pm line 859
	Test::More::use_ok("HTTP::Engine::Interface::POE") called at t/moose/020_interface/poe-uri.t line 16
=== 30048 === !!! Kernel has 1 child process(es).
=== 30048 === !!! Stopped child process (PID 30051) reaped when POE::Kernel->run() is ready to return.
=== 30048 === !!! Stopped child process (PID 30052) reaped when POE::Kernel->run() is ready to return.
=== 30048 === !!! Stopped child process (PID 30053) reaped when POE::Kernel->run() is ready to return.
=== 30048 === !!! Stopped child process (PID 30054) reaped when POE::Kernel->run() is ready to return.
=== 30048 === !!! Stopped child process (PID 30055) reaped when POE::Kernel->run() is ready to return.
=== 30048 === !!! At least one child process is still running when POE::Kernel->run() is ready to return.
=== 30048 === !!! Be sure to use sig_child() to reap child processes.
=== 30048 === !!! In extreme cases, failure to reap child processes has
=== 30048 === !!! resulted in a slow 'fork bomb' that has halted systems.
t/moose/020_interface/poe-uri.t ............................. ok
Possible precedence issue with control flow operator at /tmp/loop_over_bdir-1682133-pBQ_Kg/HTTP-Engine-0.03005-0/inc/Test/Builder.pm line 917.
Any::Moose is deprecated. Please use Moo instead at /tmp/loop_over_bdir-1682133-pBQ_Kg/HTTP-Engine-0.03005-0/blib/lib/HTTP/Engine.pm line 3.
Class::MOP::load_class is deprecated at /home/sand/src/perl/repoperls/installed-perls/host/k93focal/v5.34.1-RC1/f154/lib/site_perl/5.34.1/x86_64-linux/Class/MOP.pm line 69.
	Class::MOP::load_class("HTTP::Engine::RequestBuilder::NoEnv") called at /tmp/loop_over_bdir-1682133-pBQ_Kg/HTTP-Engine-0.03005-0/blib/lib/HTTP/Engine/Interface.pm line 65
	HTTP::Engine::Interface::_setup_builder("HTTP::Engine::Interface::POE", "NoEnv") called at /tmp/loop_over_bdir-1682133-pBQ_Kg/HTTP-Engine-0.03005-0/blib/lib/HTTP/Engine/Interface.pm line 51
	HTTP::Engine::Interface::__INTERFACE__("HTTP::Engine::Interface::POE") called at /tmp/loop_over_bdir-1682133-pBQ_Kg/HTTP-Engine-0.03005-0/blib/lib/HTTP/Engine/Interface.pm line 31
	HTTP::Engine::Interface::__ANON__() called at /tmp/loop_over_bdir-1682133-pBQ_Kg/HTTP-Engine-0.03005-0/blib/lib/HTTP/Engine/Interface/POE.pm line 132
	require HTTP/Engine/Interface/POE.pm called at (eval 333) line 2
	main::BEGIN() called at /tmp/loop_over_bdir-1682133-pBQ_Kg/HTTP-Engine-0.03005-0/blib/lib/HTTP/Engine/Interface/POE.pm line 0
	eval {...} called at /tmp/loop_over_bdir-1682133-pBQ_Kg/HTTP-Engine-0.03005-0/blib/lib/HTTP/Engine/Interface/POE.pm line 0
	eval 'package main;
use HTTP::Engine::Interface::POE @{$args[0]};
1;
' called at /tmp/loop_over_bdir-1682133-pBQ_Kg/HTTP-Engine-0.03005-0/inc/Test/More.pm line 884
	Test::More::_eval("package main;\x{a}use HTTP::Engine::Interface::POE \@{\$args[0]};\x{a}1;\x{a}", ARRAY(0x5577253e8338)) called at /tmp/loop_over_bdir-1682133-pBQ_Kg/HTTP-Engine-0.03005-0/inc/Test/More.pm line 859
	Test::More::use_ok("HTTP::Engine::Interface::POE") called at t/moose/020_interface/poe.t line 15
=== 30057 === !!! Kernel has 1 child process(es).
=== 30057 === !!! Stopped child process (PID 30060) reaped when POE::Kernel->run() is ready to return.
=== 30057 === !!! Stopped child process (PID 30061) reaped when POE::Kernel->run() is ready to return.
=== 30057 === !!! Stopped child process (PID 30062) reaped when POE::Kernel->run() is ready to return.
=== 30057 === !!! Stopped child process (PID 30063) reaped when POE::Kernel->run() is ready to return.
=== 30057 === !!! Stopped child process (PID 30064) reaped when POE::Kernel->run() is ready to return.
=== 30057 === !!! At least one child process is still running when POE::Kernel->run() is ready to return.
=== 30057 === !!! Be sure to use sig_child() to reap child processes.
=== 30057 === !!! In extreme cases, failure to reap child processes has
=== 30057 === !!! resulted in a slow 'fork bomb' that has halted systems.
t/moose/020_interface/poe.t ................................. ok
Any::Moose is deprecated. Please use Moo instead at t/Utils.pm line 2.
Possible precedence issue with control flow operator at /tmp/loop_over_bdir-1682133-pBQ_Kg/HTTP-Engine-0.03005-0/inc/Test/Builder.pm line 917.
Class::MOP::load_class is deprecated at /home/sand/src/perl/repoperls/installed-perls/host/k93focal/v5.34.1-RC1/f154/lib/site_perl/5.34.1/x86_64-linux/Class/MOP.pm line 69.
	Class::MOP::load_class("HTTP::Engine::Interface::PSGI") called at /tmp/loop_over_bdir-1682133-pBQ_Kg/HTTP-Engine-0.03005-0/blib/lib/HTTP/Engine/Types/Core.pm line 26
	HTTP::Engine::Types::Core::__ANON__(HASH(0x55c1a26ae7a8)) called at /home/sand/src/perl/repoperls/installed-perls/host/k93focal/v5.34.1-RC1/f154/lib/site_perl/5.34.1/x86_64-linux/Moose/Meta/TypeCoercion.pm line 65
	Moose::Meta::TypeCoercion::__ANON__(HASH(0x55c1a26ae7a8)) called at constructor HTTP::Engine::new (defined at /tmp/loop_over_bdir-1682133-pBQ_Kg/HTTP-Engine-0.03005-0/blib/lib/HTTP/Engine.pm line 17) line 32
	HTTP::Engine::new("HTTP::Engine", "interface", HASH(0x55c1a26ae7a8)) called at t/moose/020_interface/psgi-with_plack.t line 33
	main::__ANON__(50697) called at /tmp/loop_over_bdir-1682133-pBQ_Kg/HTTP-Engine-0.03005-0/inc/Test/TCP.pm line 118
	Test::TCP::start(Test::TCP=HASH(0x55c1a3f37d10)) called at /tmp/loop_over_bdir-1682133-pBQ_Kg/HTTP-Engine-0.03005-0/inc/Test/TCP.pm line 102
	Test::TCP::new("Test::TCP", "code", CODE(0x55c1a26c2e30), "port", 50697) called at /tmp/loop_over_bdir-1682133-pBQ_Kg/HTTP-Engine-0.03005-0/inc/Test/TCP.pm line 54
	Test::TCP::test_tcp("client", CODE(0x55c1a26af4c8), "server", CODE(0x55c1a26c2e30)) called at t/moose/020_interface/psgi-with_plack.t line 37
t/moose/020_interface/psgi-with_plack.t ..................... ok
Any::Moose is deprecated. Please use Moo instead at t/Utils.pm line 2.
Possible precedence issue with control flow operator at /tmp/loop_over_bdir-1682133-pBQ_Kg/HTTP-Engine-0.03005-0/inc/Test/Builder.pm line 917.
Class::MOP::load_class is deprecated at /home/sand/src/perl/repoperls/installed-perls/host/k93focal/v5.34.1-RC1/f154/lib/site_perl/5.34.1/x86_64-linux/Class/MOP.pm line 69.
	Class::MOP::load_class("HTTP::Engine::Interface::PSGI") called at /tmp/loop_over_bdir-1682133-pBQ_Kg/HTTP-Engine-0.03005-0/blib/lib/HTTP/Engine/Types/Core.pm line 26
	HTTP::Engine::Types::Core::__ANON__(HASH(0x56395e2be798)) called at /home/sand/src/perl/repoperls/installed-perls/host/k93focal/v5.34.1-RC1/f154/lib/site_perl/5.34.1/x86_64-linux/Moose/Meta/TypeCoercion.pm line 65
	Moose::Meta::TypeCoercion::__ANON__(HASH(0x56395e2be798)) called at constructor HTTP::Engine::new (defined at /tmp/loop_over_bdir-1682133-pBQ_Kg/HTTP-Engine-0.03005-0/blib/lib/HTTP/Engine.pm line 17) line 32
	HTTP::Engine::new("HTTP::Engine", "interface", HASH(0x56395e2be798)) called at t/moose/020_interface/psgi.t line 24
t/moose/020_interface/psgi.t ................................ ok
Any::Moose is deprecated. Please use Moo instead at t/Utils.pm line 2.
Possible precedence issue with control flow operator at /tmp/loop_over_bdir-1682133-pBQ_Kg/HTTP-Engine-0.03005-0/inc/Test/Builder.pm line 917.
Class::MOP::load_class is deprecated at /home/sand/src/perl/repoperls/installed-perls/host/k93focal/v5.34.1-RC1/f154/lib/site_perl/5.34.1/x86_64-linux/Class/MOP.pm line 69, <DATA> line 11.
	Class::MOP::load_class("HTTP::Engine::Interface::ServerSimple") called at /tmp/loop_over_bdir-1682133-pBQ_Kg/HTTP-Engine-0.03005-0/blib/lib/HTTP/Engine/Types/Core.pm line 26
	HTTP::Engine::Types::Core::__ANON__(HASH(0x5589e1be2fb8)) called at /home/sand/src/perl/repoperls/installed-perls/host/k93focal/v5.34.1-RC1/f154/lib/site_perl/5.34.1/x86_64-linux/Moose/Meta/TypeCoercion.pm line 65
	Moose::Meta::TypeCoercion::__ANON__(HASH(0x5589e1be2fb8)) called at constructor HTTP::Engine::new (defined at /tmp/loop_over_bdir-1682133-pBQ_Kg/HTTP-Engine-0.03005-0/blib/lib/HTTP/Engine.pm line 17) line 32
	HTTP::Engine::new("HTTP::Engine", "interface", HASH(0x5589e1be2fb8)) called at t/moose/020_interface/server_simple-net_server_configure.t line 52
	main::__ANON__(50982) called at /tmp/loop_over_bdir-1682133-pBQ_Kg/HTTP-Engine-0.03005-0/inc/Test/TCP.pm line 118
	Test::TCP::start(Test::TCP=HASH(0x5589e00a8870)) called at /tmp/loop_over_bdir-1682133-pBQ_Kg/HTTP-Engine-0.03005-0/inc/Test/TCP.pm line 102
	Test::TCP::new("Test::TCP", "code", CODE(0x5589e00cc8e0), "port", 50982) called at /tmp/loop_over_bdir-1682133-pBQ_Kg/HTTP-Engine-0.03005-0/inc/Test/TCP.pm line 54
	Test::TCP::test_tcp("client", CODE(0x5589e00cd5b8), "server", CODE(0x5589e00cc8e0)) called at t/moose/020_interface/server_simple-net_server_configure.t line 54
t/moose/020_interface/server_simple-net_server_configure.t .. ok
Possible precedence issue with control flow operator at /tmp/loop_over_bdir-1682133-pBQ_Kg/HTTP-Engine-0.03005-0/inc/Test/Builder.pm line 917.
Any::Moose is deprecated. Please use Moo instead at /tmp/loop_over_bdir-1682133-pBQ_Kg/HTTP-Engine-0.03005-0/blib/lib/HTTP/Engine.pm line 3.
Class::MOP::load_class is deprecated at /home/sand/src/perl/repoperls/installed-perls/host/k93focal/v5.34.1-RC1/f154/lib/site_perl/5.34.1/x86_64-linux/Class/MOP.pm line 69, <DATA> line 11.
	Class::MOP::load_class("HTTP::Engine::Interface::ServerSimple") called at /tmp/loop_over_bdir-1682133-pBQ_Kg/HTTP-Engine-0.03005-0/blib/lib/HTTP/Engine/Types/Core.pm line 26
	HTTP::Engine::Types::Core::__ANON__(HASH(0x558772950ff0)) called at /home/sand/src/perl/repoperls/installed-perls/host/k93focal/v5.34.1-RC1/f154/lib/site_perl/5.34.1/x86_64-linux/Moose/Meta/TypeCoercion.pm line 65
	Moose::Meta::TypeCoercion::__ANON__(HASH(0x558772950ff0)) called at constructor HTTP::Engine::new (defined at /tmp/loop_over_bdir-1682133-pBQ_Kg/HTTP-Engine-0.03005-0/blib/lib/HTTP/Engine.pm line 17) line 32
	HTTP::Engine::new("HTTP::Engine", "interface", HASH(0x558772950ff0)) called at t/moose/020_interface/server_simple-not-send-header-bug.t line 39
	main::__ANON__(50826) called at /tmp/loop_over_bdir-1682133-pBQ_Kg/HTTP-Engine-0.03005-0/inc/Test/TCP.pm line 118
	Test::TCP::start(Test::TCP=HASH(0x5587726a1478)) called at /tmp/loop_over_bdir-1682133-pBQ_Kg/HTTP-Engine-0.03005-0/inc/Test/TCP.pm line 102
	Test::TCP::new("Test::TCP", "code", CODE(0x55877269efd0), "port", 50826) called at /tmp/loop_over_bdir-1682133-pBQ_Kg/HTTP-Engine-0.03005-0/inc/Test/TCP.pm line 54
	Test::TCP::test_tcp("client", CODE(0x5587714a0920), "server", CODE(0x55877269efd0)) called at t/moose/020_interface/server_simple-not-send-header-bug.t line 41
Class::MOP::load_class is deprecated at /home/sand/src/perl/repoperls/installed-perls/host/k93focal/v5.34.1-RC1/f154/lib/site_perl/5.34.1/x86_64-linux/Class/MOP.pm line 69, <DATA> line 16.
	Class::MOP::load_class("HTTP::Engine::RequestBuilder::NoEnv") called at /tmp/loop_over_bdir-1682133-pBQ_Kg/HTTP-Engine-0.03005-0/blib/lib/HTTP/Engine/Interface.pm line 65
	HTTP::Engine::Interface::_setup_builder("HTTP::Engine::Interface::ServerSimple", "NoEnv") called at /tmp/loop_over_bdir-1682133-pBQ_Kg/HTTP-Engine-0.03005-0/blib/lib/HTTP/Engine/Interface.pm line 51
	HTTP::Engine::Interface::__INTERFACE__("HTTP::Engine::Interface::ServerSimple") called at /tmp/loop_over_bdir-1682133-pBQ_Kg/HTTP-Engine-0.03005-0/blib/lib/HTTP/Engine/Interface.pm line 31
	HTTP::Engine::Interface::__ANON__() called at /tmp/loop_over_bdir-1682133-pBQ_Kg/HTTP-Engine-0.03005-0/blib/lib/HTTP/Engine/Interface/ServerSimple.pm line 111
	require HTTP/Engine/Interface/ServerSimple.pm called at /home/sand/src/perl/repoperls/installed-perls/host/k93focal/v5.34.1-RC1/f154/lib/site_perl/5.34.1/Module/Runtime.pm line 314
	Module::Runtime::require_module("HTTP::Engine::Interface::ServerSimple") called at /home/sand/src/perl/repoperls/installed-perls/host/k93focal/v5.34.1-RC1/f154/lib/site_perl/5.34.1/Class/Load.pm line 174
	Class::Load::try {...} () called at /home/sand/src/perl/repoperls/installed-perls/host/k93focal/v5.34.1-RC1/f154/lib/site_perl/5.34.1/Try/Tiny.pm line 98
	eval {...} called at /home/sand/src/perl/repoperls/installed-perls/host/k93focal/v5.34.1-RC1/f154/lib/site_perl/5.34.1/Try/Tiny.pm line 93
	Try::Tiny::try(CODE(0x558772a314b8), Try::Tiny::Catch=REF(0x5587726c99f0)) called at /home/sand/src/perl/repoperls/installed-perls/host/k93focal/v5.34.1-RC1/f154/lib/site_perl/5.34.1/Class/Load.pm line 180
	Class::Load::try_load_class("HTTP::Engine::Interface::ServerSimple", undef) called at /home/sand/src/perl/repoperls/installed-perls/host/k93focal/v5.34.1-RC1/f154/lib/site_perl/5.34.1/Class/Load.pm line 35
	Class::Load::load_class("HTTP::Engine::Interface::ServerSimple") called at /tmp/loop_over_bdir-1682133-pBQ_Kg/HTTP-Engine-0.03005-0/blib/lib/HTTP/Engine/Types/Core.pm line 26
	HTTP::Engine::Types::Core::__ANON__(HASH(0x558772950ff0)) called at /home/sand/src/perl/repoperls/installed-perls/host/k93focal/v5.34.1-RC1/f154/lib/site_perl/5.34.1/x86_64-linux/Moose/Meta/TypeCoercion.pm line 65
	Moose::Meta::TypeCoercion::__ANON__(HASH(0x558772950ff0)) called at constructor HTTP::Engine::new (defined at /tmp/loop_over_bdir-1682133-pBQ_Kg/HTTP-Engine-0.03005-0/blib/lib/HTTP/Engine.pm line 17) line 32
	HTTP::Engine::new("HTTP::Engine", "interface", HASH(0x558772950ff0)) called at t/moose/020_interface/server_simple-not-send-header-bug.t line 39
	main::__ANON__(50826) called at /tmp/loop_over_bdir-1682133-pBQ_Kg/HTTP-Engine-0.03005-0/inc/Test/TCP.pm line 118
	Test::TCP::start(Test::TCP=HASH(0x5587726a1478)) called at /tmp/loop_over_bdir-1682133-pBQ_Kg/HTTP-Engine-0.03005-0/inc/Test/TCP.pm line 102
	Test::TCP::new("Test::TCP", "code", CODE(0x55877269efd0), "port", 50826) called at /tmp/loop_over_bdir-1682133-pBQ_Kg/HTTP-Engine-0.03005-0/inc/Test/TCP.pm line 54
	Test::TCP::test_tcp("client", CODE(0x5587714a0920), "server", CODE(0x55877269efd0)) called at t/moose/020_interface/server_simple-not-send-header-bug.t line 41
t/moose/020_interface/server_simple-not-send-header-bug.t ... ok
Any::Moose is deprecated. Please use Moo instead at t/Utils.pm line 2.
Possible precedence issue with control flow operator at /tmp/loop_over_bdir-1682133-pBQ_Kg/HTTP-Engine-0.03005-0/inc/Test/Builder.pm line 917.
Class::MOP::load_class is deprecated at /home/sand/src/perl/repoperls/installed-perls/host/k93focal/v5.34.1-RC1/f154/lib/site_perl/5.34.1/x86_64-linux/Class/MOP.pm line 69, <DATA> line 11.
	Class::MOP::load_class("HTTP::Engine::Interface::ServerSimple") called at /tmp/loop_over_bdir-1682133-pBQ_Kg/HTTP-Engine-0.03005-0/blib/lib/HTTP/Engine/Types/Core.pm line 26
	HTTP::Engine::Types::Core::__ANON__(HASH(0x55e190602850)) called at /home/sand/src/perl/repoperls/installed-perls/host/k93focal/v5.34.1-RC1/f154/lib/site_perl/5.34.1/x86_64-linux/Moose/Meta/TypeCoercion.pm line 65
	Moose::Meta::TypeCoercion::__ANON__(HASH(0x55e190602850)) called at constructor HTTP::Engine::new (defined at /tmp/loop_over_bdir-1682133-pBQ_Kg/HTTP-Engine-0.03005-0/blib/lib/HTTP/Engine.pm line 17) line 32
	HTTP::Engine::new("HTTP::Engine", "interface", HASH(0x55e190602850)) called at t/moose/020_interface/server_simple-print_banner.t line 32
	main::__ANON__(50706) called at /tmp/loop_over_bdir-1682133-pBQ_Kg/HTTP-Engine-0.03005-0/inc/Test/TCP.pm line 118
	Test::TCP::start(Test::TCP=HASH(0x55e18ec0e1d0)) called at /tmp/loop_over_bdir-1682133-pBQ_Kg/HTTP-Engine-0.03005-0/inc/Test/TCP.pm line 102
	Test::TCP::new("Test::TCP", "code", CODE(0x55e18ebb4798), "port", 50706) called at /tmp/loop_over_bdir-1682133-pBQ_Kg/HTTP-Engine-0.03005-0/inc/Test/TCP.pm line 54
	Test::TCP::test_tcp("client", CODE(0x55e18ebd94a0), "server", CODE(0x55e18ebb4798)) called at t/moose/020_interface/server_simple-print_banner.t line 34
t/moose/020_interface/server_simple-print_banner.t .......... ok
Any::Moose is deprecated. Please use Moo instead at t/Utils.pm line 2.
Possible precedence issue with control flow operator at /tmp/loop_over_bdir-1682133-pBQ_Kg/HTTP-Engine-0.03005-0/inc/Test/Builder.pm line 917.
Class::MOP::load_class is deprecated at /home/sand/src/perl/repoperls/installed-perls/host/k93focal/v5.34.1-RC1/f154/lib/site_perl/5.34.1/x86_64-linux/Class/MOP.pm line 69, <DATA> line 11.
	Class::MOP::load_class("HTTP::Engine::Interface::ServerSimple") called at /tmp/loop_over_bdir-1682133-pBQ_Kg/HTTP-Engine-0.03005-0/blib/lib/HTTP/Engine/Types/Core.pm line 26
	HTTP::Engine::Types::Core::__ANON__(HASH(0x5618e4139a18)) called at /home/sand/src/perl/repoperls/installed-perls/host/k93focal/v5.34.1-RC1/f154/lib/site_perl/5.34.1/x86_64-linux/Moose/Meta/TypeCoercion.pm line 65
	Moose::Meta::TypeCoercion::__ANON__(HASH(0x5618e4139a18)) called at constructor HTTP::Engine::new (defined at /tmp/loop_over_bdir-1682133-pBQ_Kg/HTTP-Engine-0.03005-0/blib/lib/HTTP/Engine.pm line 17) line 32
	HTTP::Engine::new("HTTP::Engine", "interface", HASH(0x5618e4139a18)) called at t/moose/020_interface/server_simple.t line 36
	main::__ANON__(50389) called at /tmp/loop_over_bdir-1682133-pBQ_Kg/HTTP-Engine-0.03005-0/inc/Test/TCP.pm line 118
	Test::TCP::start(Test::TCP=HASH(0x5618e259fae0)) called at /tmp/loop_over_bdir-1682133-pBQ_Kg/HTTP-Engine-0.03005-0/inc/Test/TCP.pm line 102
	Test::TCP::new("Test::TCP", "code", CODE(0x5618e40b6660), "port", 50389) called at /tmp/loop_over_bdir-1682133-pBQ_Kg/HTTP-Engine-0.03005-0/inc/Test/TCP.pm line 54
	Test::TCP::test_tcp("client", CODE(0x5618e25a0740), "server", CODE(0x5618e40b6660)) called at t/moose/020_interface/server_simple.t line 38
t/moose/020_interface/server_simple.t ....................... ok
Any::Moose is deprecated. Please use Moo instead at t/Utils.pm line 2.
Possible precedence issue with control flow operator at /tmp/loop_over_bdir-1682133-pBQ_Kg/HTTP-Engine-0.03005-0/inc/Test/Builder.pm line 917.
t/moose/020_interface/standalone-keep_alive.t ............... skipped: Interface::Standalone will be removed
Any::Moose is deprecated. Please use Moo instead at t/Utils.pm line 2.
Possible precedence issue with control flow operator at /tmp/loop_over_bdir-1682133-pBQ_Kg/HTTP-Engine-0.03005-0/inc/Test/Builder.pm line 917.
t/moose/020_interface/standalone-restart.t .................. skipped: Interface::Standalone will be removed
Any::Moose is deprecated. Please use Moo instead at t/Utils.pm line 2.
Possible precedence issue with control flow operator at /tmp/loop_over_bdir-1682133-pBQ_Kg/HTTP-Engine-0.03005-0/inc/Test/Builder.pm line 917.
Class::MOP::load_class is deprecated at /home/sand/src/perl/repoperls/installed-perls/host/k93focal/v5.34.1-RC1/f154/lib/site_perl/5.34.1/x86_64-linux/Class/MOP.pm line 69.
	Class::MOP::load_class("HTTP::Engine::Interface::Test") called at /tmp/loop_over_bdir-1682133-pBQ_Kg/HTTP-Engine-0.03005-0/blib/lib/HTTP/Engine/Types/Core.pm line 26
	HTTP::Engine::Types::Core::__ANON__(HASH(0x55d953939ec0)) called at /home/sand/src/perl/repoperls/installed-perls/host/k93focal/v5.34.1-RC1/f154/lib/site_perl/5.34.1/x86_64-linux/Moose/Meta/TypeCoercion.pm line 65
	Moose::Meta::TypeCoercion::__ANON__(HASH(0x55d953939ec0)) called at constructor HTTP::Engine::new (defined at /tmp/loop_over_bdir-1682133-pBQ_Kg/HTTP-Engine-0.03005-0/blib/lib/HTTP/Engine.pm line 17) line 32
	HTTP::Engine::new("HTTP::Engine", "interface", HASH(0x55d953939ec0)) called at t/moose/020_interface/streaming_response.t line 30
	eval {...} called at t/moose/020_interface/streaming_response.t line 19
t/moose/020_interface/streaming_response.t .................. ok
Any::Moose is deprecated. Please use Moo instead at /tmp/loop_over_bdir-1682133-pBQ_Kg/HTTP-Engine-0.03005-0/blib/lib/HTTP/Engine.pm line 3.
Possible precedence issue with control flow operator at /tmp/loop_over_bdir-1682133-pBQ_Kg/HTTP-Engine-0.03005-0/inc/Test/Builder.pm line 917.

#   Failed test at t/moose/020_interface/test-validation.t line 23.
#          got: '1'
#     expected: '0'
# Looks like you failed 1 test of 10.
t/moose/020_interface/test-validation.t ..................... 
Dubious, test returned 1 (wstat 256, 0x100)
Failed 1/10 subtests 
Possible precedence issue with control flow operator at /tmp/loop_over_bdir-1682133-pBQ_Kg/HTTP-Engine-0.03005-0/inc/Test/Builder.pm line 917.
Any::Moose is deprecated. Please use Moo instead at /tmp/loop_over_bdir-1682133-pBQ_Kg/HTTP-Engine-0.03005-0/blib/lib/HTTP/Engine.pm line 3.
t/moose/020_interface/test-warn_at_utf8.t ................... ok
Any::Moose is deprecated. Please use Moo instead at /tmp/loop_over_bdir-1682133-pBQ_Kg/HTTP-Engine-0.03005-0/blib/lib/HTTP/Engine.pm line 3.
Possible precedence issue with control flow operator at /tmp/loop_over_bdir-1682133-pBQ_Kg/HTTP-Engine-0.03005-0/inc/Test/Builder.pm line 917.
Redundant argument in sprintf at /tmp/loop_over_bdir-1682133-pBQ_Kg/HTTP-Engine-0.03005-0/inc/Spiffy.pm line 225.
Redundant argument in sprintf at /tmp/loop_over_bdir-1682133-pBQ_Kg/HTTP-Engine-0.03005-0/inc/Spiffy.pm line 225.
Redundant argument in sprintf at /tmp/loop_over_bdir-1682133-pBQ_Kg/HTTP-Engine-0.03005-0/inc/Spiffy.pm line 225.
Redundant argument in sprintf at /tmp/loop_over_bdir-1682133-pBQ_Kg/HTTP-Engine-0.03005-0/inc/Spiffy.pm line 225.
Class::MOP::load_class is deprecated at /home/sand/src/perl/repoperls/installed-perls/host/k93focal/v5.34.1-RC1/f154/lib/site_perl/5.34.1/x86_64-linux/Class/MOP.pm line 69, <DATA> line 1.
	Class::MOP::load_class("HTTP::Engine::Interface::Test") called at /tmp/loop_over_bdir-1682133-pBQ_Kg/HTTP-Engine-0.03005-0/blib/lib/HTTP/Engine/Types/Core.pm line 26
	HTTP::Engine::Types::Core::__ANON__(HASH(0x55f76f142030)) called at /home/sand/src/perl/repoperls/installed-perls/host/k93focal/v5.34.1-RC1/f154/lib/site_perl/5.34.1/x86_64-linux/Moose/Meta/TypeCoercion.pm line 65
	Moose::Meta::TypeCoercion::__ANON__(HASH(0x55f76f142030)) called at constructor HTTP::Engine::new (defined at /tmp/loop_over_bdir-1682133-pBQ_Kg/HTTP-Engine-0.03005-0/blib/lib/HTTP/Engine.pm line 17) line 32
	HTTP::Engine::new("HTTP::Engine", "interface", HASH(0x55f76f142030)) called at t/moose/020_interface/test.t line 38
	main::__ANON__(Test::Base::Block=HASH(0x55f76f0564d8)) called at /tmp/loop_over_bdir-1682133-pBQ_Kg/HTTP-Engine-0.03005-0/inc/Test/Base.pm line 269
	Test::Base::run(undef) called at t/moose/020_interface/test.t line 43
t/moose/020_interface/test.t ................................ ok
Possible precedence issue with control flow operator at /tmp/loop_over_bdir-1682133-pBQ_Kg/HTTP-Engine-0.03005-0/inc/Test/Builder.pm line 917.
Any::Moose is deprecated. Please use Moo instead at /tmp/loop_over_bdir-1682133-pBQ_Kg/HTTP-Engine-0.03005-0/blib/lib/HTTP/Engine.pm line 3.
Class::MOP::load_class is deprecated at /home/sand/src/perl/repoperls/installed-perls/host/k93focal/v5.34.1-RC1/f154/lib/site_perl/5.34.1/x86_64-linux/Class/MOP.pm line 69.
	Class::MOP::load_class("HTTP::Engine::Interface::Test") called at /tmp/loop_over_bdir-1682133-pBQ_Kg/HTTP-Engine-0.03005-0/blib/lib/HTTP/Engine/Types/Core.pm line 26
	HTTP::Engine::Types::Core::__ANON__(HASH(0x563d527ec4d0)) called at /home/sand/src/perl/repoperls/installed-perls/host/k93focal/v5.34.1-RC1/f154/lib/site_perl/5.34.1/x86_64-linux/Moose/Meta/TypeCoercion.pm line 65
	Moose::Meta::TypeCoercion::__ANON__(HASH(0x563d527ec4d0)) called at constructor HTTP::Engine::new (defined at /tmp/loop_over_bdir-1682133-pBQ_Kg/HTTP-Engine-0.03005-0/blib/lib/HTTP/Engine.pm line 17) line 32
	HTTP::Engine::new("HTTP::Engine", "interface", HASH(0x563d527ec4d0)) called at t/moose/020_interface/test_response-with_io.t line 26
t/moose/020_interface/test_response-with_io.t ............... ok
Any::Moose is deprecated. Please use Moo instead at t/Utils.pm line 2.
Possible precedence issue with control flow operator at /tmp/loop_over_bdir-1682133-pBQ_Kg/HTTP-Engine-0.03005-0/inc/Test/Builder.pm line 917.
Redundant argument in sprintf at /tmp/loop_over_bdir-1682133-pBQ_Kg/HTTP-Engine-0.03005-0/inc/Spiffy.pm line 225.
Redundant argument in sprintf at /tmp/loop_over_bdir-1682133-pBQ_Kg/HTTP-Engine-0.03005-0/inc/Spiffy.pm line 225.
Redundant argument in sprintf at /tmp/loop_over_bdir-1682133-pBQ_Kg/HTTP-Engine-0.03005-0/inc/Spiffy.pm line 225.
Redundant argument in sprintf at /tmp/loop_over_bdir-1682133-pBQ_Kg/HTTP-Engine-0.03005-0/inc/Spiffy.pm line 225.
Class::MOP::load_class is deprecated at /home/sand/src/perl/repoperls/installed-perls/host/k93focal/v5.34.1-RC1/f154/lib/site_perl/5.34.1/x86_64-linux/Class/MOP.pm line 69, <DATA> line 1.
	Class::MOP::load_class("HTTP::Engine::Interface::Test") called at /tmp/loop_over_bdir-1682133-pBQ_Kg/HTTP-Engine-0.03005-0/blib/lib/HTTP/Engine/Types/Core.pm line 26
	HTTP::Engine::Types::Core::__ANON__(HASH(0x562dfd862bd0)) called at /home/sand/src/perl/repoperls/installed-perls/host/k93focal/v5.34.1-RC1/f154/lib/site_perl/5.34.1/x86_64-linux/Moose/Meta/TypeCoercion.pm line 65
	Moose::Meta::TypeCoercion::__ANON__(HASH(0x562dfd862bd0)) called at constructor HTTP::Engine::new (defined at /tmp/loop_over_bdir-1682133-pBQ_Kg/HTTP-Engine-0.03005-0/blib/lib/HTTP/Engine.pm line 17) line 32
	HTTP::Engine::new("HTTP::Engine", "interface", HASH(0x562dfd862bd0)) called at t/moose/020_interface/test_upload.t line 55
	main::__ANON__(Test::Base::Block=HASH(0x562dfbb62960)) called at /tmp/loop_over_bdir-1682133-pBQ_Kg/HTTP-Engine-0.03005-0/inc/Test/Base.pm line 269
	Test::Base::run(undef) called at t/moose/020_interface/test_upload.t line 91
t/moose/020_interface/test_upload.t ......................... ok
Any::Moose is deprecated. Please use Moo instead at t/Utils.pm line 2.
Possible precedence issue with control flow operator at /tmp/loop_over_bdir-1682133-pBQ_Kg/HTTP-Engine-0.03005-0/inc/Test/Builder.pm line 917.
Class::MOP::load_class is deprecated at /home/sand/src/perl/repoperls/installed-perls/host/k93focal/v5.34.1-RC1/f154/lib/site_perl/5.34.1/x86_64-linux/Class/MOP.pm line 69.
	Class::MOP::load_class("HTTP::Engine::Interface::Standalone") called at /tmp/loop_over_bdir-1682133-pBQ_Kg/HTTP-Engine-0.03005-0/blib/lib/HTTP/Engine/Types/Core.pm line 26
	HTTP::Engine::Types::Core::__ANON__(HASH(0x55dbffe70cd8)) called at /home/sand/src/perl/repoperls/installed-perls/host/k93focal/v5.34.1-RC1/f154/lib/site_perl/5.34.1/x86_64-linux/Moose/Meta/TypeCoercion.pm line 65
	Moose::Meta::TypeCoercion::__ANON__(HASH(0x55dbffe70cd8)) called at constructor HTTP::Engine::new (defined at /tmp/loop_over_bdir-1682133-pBQ_Kg/HTTP-Engine-0.03005-0/blib/lib/HTTP/Engine.pm line 17) line 32
	HTTP::Engine::new("HTTP::Engine", "interface", HASH(0x55dbffe70cd8)) called at t/Utils.pm line 129
	t::Utils::__ANON__(50350) called at /tmp/loop_over_bdir-1682133-pBQ_Kg/HTTP-Engine-0.03005-0/inc/Test/TCP.pm line 118
	Test::TCP::start(Test::TCP=HASH(0x55dc01dee1f8)) called at /tmp/loop_over_bdir-1682133-pBQ_Kg/HTTP-Engine-0.03005-0/inc/Test/TCP.pm line 102
	Test::TCP::new("Test::TCP", "code", CODE(0x55dc01d65920), "port", 50350) called at /tmp/loop_over_bdir-1682133-pBQ_Kg/HTTP-Engine-0.03005-0/inc/Test/TCP.pm line 54
	Test::TCP::test_tcp("client", CODE(0x55dc01d53038), "server", CODE(0x55dc01d65920), "port", 50350) called at t/Utils.pm line 132
	t::Utils::daemonize_all(CODE(0x55dbffe95600), "    sub {\x{a}        my \$port = shift;\x{a}        return (\x{a}        "...) called at t/moose/030_daemonize/connection_info.t line 47
Class::MOP::load_class is deprecated at /home/sand/src/perl/repoperls/installed-perls/host/k93focal/v5.34.1-RC1/f154/lib/site_perl/5.34.1/x86_64-linux/Class/MOP.pm line 69.
	Class::MOP::load_class("HTTP::Engine::Interface::ServerSimple") called at /tmp/loop_over_bdir-1682133-pBQ_Kg/HTTP-Engine-0.03005-0/blib/lib/HTTP/Engine/Types/Core.pm line 26
	HTTP::Engine::Types::Core::__ANON__(HASH(0x55dbffe70cd8)) called at /home/sand/src/perl/repoperls/installed-perls/host/k93focal/v5.34.1-RC1/f154/lib/site_perl/5.34.1/x86_64-linux/Moose/Meta/TypeCoercion.pm line 65
	Moose::Meta::TypeCoercion::__ANON__(HASH(0x55dbffe70cd8)) called at constructor HTTP::Engine::new (defined at /tmp/loop_over_bdir-1682133-pBQ_Kg/HTTP-Engine-0.03005-0/blib/lib/HTTP/Engine.pm line 17) line 32
	HTTP::Engine::new("HTTP::Engine", "interface", HASH(0x55dbffe70cd8)) called at t/Utils.pm line 129
	t::Utils::__ANON__(50350) called at /tmp/loop_over_bdir-1682133-pBQ_Kg/HTTP-Engine-0.03005-0/inc/Test/TCP.pm line 118
	Test::TCP::start(Test::TCP=HASH(0x55dc01daec88)) called at /tmp/loop_over_bdir-1682133-pBQ_Kg/HTTP-Engine-0.03005-0/inc/Test/TCP.pm line 102
	Test::TCP::new("Test::TCP", "code", CODE(0x55dc01d65920), "port", 50350) called at /tmp/loop_over_bdir-1682133-pBQ_Kg/HTTP-Engine-0.03005-0/inc/Test/TCP.pm line 54
	Test::TCP::test_tcp("client", CODE(0x55dc01d53038), "server", CODE(0x55dc01d65920), "port", 50350) called at t/Utils.pm line 132
	t::Utils::daemonize_all(CODE(0x55dbffe95600), "    sub {\x{a}        my \$port = shift;\x{a}        return (\x{a}        "...) called at t/moose/030_daemonize/connection_info.t line 47
Class::MOP::load_class is deprecated at /home/sand/src/perl/repoperls/installed-perls/host/k93focal/v5.34.1-RC1/f154/lib/site_perl/5.34.1/x86_64-linux/Class/MOP.pm line 69.
	Class::MOP::load_class("HTTP::Engine::Interface::POE") called at /tmp/loop_over_bdir-1682133-pBQ_Kg/HTTP-Engine-0.03005-0/blib/lib/HTTP/Engine/Types/Core.pm line 26
	HTTP::Engine::Types::Core::__ANON__(HASH(0x55dbffe70cd8)) called at /home/sand/src/perl/repoperls/installed-perls/host/k93focal/v5.34.1-RC1/f154/lib/site_perl/5.34.1/x86_64-linux/Moose/Meta/TypeCoercion.pm line 65
	Moose::Meta::TypeCoercion::__ANON__(HASH(0x55dbffe70cd8)) called at constructor HTTP::Engine::new (defined at /tmp/loop_over_bdir-1682133-pBQ_Kg/HTTP-Engine-0.03005-0/blib/lib/HTTP/Engine.pm line 17) line 32
	HTTP::Engine::new("HTTP::Engine", "interface", HASH(0x55dbffe70cd8)) called at t/Utils.pm line 129
	t::Utils::__ANON__(50350) called at /tmp/loop_over_bdir-1682133-pBQ_Kg/HTTP-Engine-0.03005-0/inc/Test/TCP.pm line 118
	Test::TCP::start(Test::TCP=HASH(0x55dc01e3a190)) called at /tmp/loop_over_bdir-1682133-pBQ_Kg/HTTP-Engine-0.03005-0/inc/Test/TCP.pm line 102
	Test::TCP::new("Test::TCP", "code", CODE(0x55dc01d65920), "port", 50350) called at /tmp/loop_over_bdir-1682133-pBQ_Kg/HTTP-Engine-0.03005-0/inc/Test/TCP.pm line 54
	Test::TCP::test_tcp("client", CODE(0x55dc01d53038), "server", CODE(0x55dc01d65920), "port", 50350) called at t/Utils.pm line 132
	t::Utils::daemonize_all(CODE(0x55dbffe95600), "    sub {\x{a}        my \$port = shift;\x{a}        return (\x{a}        "...) called at t/moose/030_daemonize/connection_info.t line 47
t/moose/030_daemonize/connection_info.t ..................... ok
Any::Moose is deprecated. Please use Moo instead at t/Utils.pm line 2.
Possible precedence issue with control flow operator at /tmp/loop_over_bdir-1682133-pBQ_Kg/HTTP-Engine-0.03005-0/inc/Test/Builder.pm line 917.
Class::MOP::load_class is deprecated at /home/sand/src/perl/repoperls/installed-perls/host/k93focal/v5.34.1-RC1/f154/lib/site_perl/5.34.1/x86_64-linux/Class/MOP.pm line 69.
	Class::MOP::load_class("HTTP::Engine::Interface::Standalone") called at /tmp/loop_over_bdir-1682133-pBQ_Kg/HTTP-Engine-0.03005-0/blib/lib/HTTP/Engine/Types/Core.pm line 26
	HTTP::Engine::Types::Core::__ANON__(HASH(0x5562567c2ae0)) called at /home/sand/src/perl/repoperls/installed-perls/host/k93focal/v5.34.1-RC1/f154/lib/site_perl/5.34.1/x86_64-linux/Moose/Meta/TypeCoercion.pm line 65
	Moose::Meta::TypeCoercion::__ANON__(HASH(0x5562567c2ae0)) called at constructor HTTP::Engine::new (defined at /tmp/loop_over_bdir-1682133-pBQ_Kg/HTTP-Engine-0.03005-0/blib/lib/HTTP/Engine.pm line 17) line 32
	HTTP::Engine::new("HTTP::Engine", "interface", HASH(0x5562567c2ae0)) called at t/Utils.pm line 129
	t::Utils::__ANON__(50538) called at /tmp/loop_over_bdir-1682133-pBQ_Kg/HTTP-Engine-0.03005-0/inc/Test/TCP.pm line 118
	Test::TCP::start(Test::TCP=HASH(0x5562586f8708)) called at /tmp/loop_over_bdir-1682133-pBQ_Kg/HTTP-Engine-0.03005-0/inc/Test/TCP.pm line 102
	Test::TCP::new("Test::TCP", "code", CODE(0x5562586993a0), "port", 50538) called at /tmp/loop_over_bdir-1682133-pBQ_Kg/HTTP-Engine-0.03005-0/inc/Test/TCP.pm line 54
	Test::TCP::test_tcp("client", CODE(0x55625849ac38), "server", CODE(0x5562586993a0), "port", 50538) called at t/Utils.pm line 132
	t::Utils::daemonize_all(CODE(0x5562567cb440), "    sub {\x{a}        my \$port = shift;\x{a}        return (\x{a}        "...) called at t/moose/030_daemonize/headers.t line 40
Class::MOP::load_class is deprecated at /home/sand/src/perl/repoperls/installed-perls/host/k93focal/v5.34.1-RC1/f154/lib/site_perl/5.34.1/x86_64-linux/Class/MOP.pm line 69.
	Class::MOP::load_class("HTTP::Engine::Interface::ServerSimple") called at /tmp/loop_over_bdir-1682133-pBQ_Kg/HTTP-Engine-0.03005-0/blib/lib/HTTP/Engine/Types/Core.pm line 26
	HTTP::Engine::Types::Core::__ANON__(HASH(0x5562567c2ae0)) called at /home/sand/src/perl/repoperls/installed-perls/host/k93focal/v5.34.1-RC1/f154/lib/site_perl/5.34.1/x86_64-linux/Moose/Meta/TypeCoercion.pm line 65
	Moose::Meta::TypeCoercion::__ANON__(HASH(0x5562567c2ae0)) called at constructor HTTP::Engine::new (defined at /tmp/loop_over_bdir-1682133-pBQ_Kg/HTTP-Engine-0.03005-0/blib/lib/HTTP/Engine.pm line 17) line 32
	HTTP::Engine::new("HTTP::Engine", "interface", HASH(0x5562567c2ae0)) called at t/Utils.pm line 129
	t::Utils::__ANON__(50538) called at /tmp/loop_over_bdir-1682133-pBQ_Kg/HTTP-Engine-0.03005-0/inc/Test/TCP.pm line 118
	Test::TCP::start(Test::TCP=HASH(0x5562586f7c10)) called at /tmp/loop_over_bdir-1682133-pBQ_Kg/HTTP-Engine-0.03005-0/inc/Test/TCP.pm line 102
	Test::TCP::new("Test::TCP", "code", CODE(0x5562586993a0), "port", 50538) called at /tmp/loop_over_bdir-1682133-pBQ_Kg/HTTP-Engine-0.03005-0/inc/Test/TCP.pm line 54
	Test::TCP::test_tcp("client", CODE(0x55625849ac38), "server", CODE(0x5562586993a0), "port", 50538) called at t/Utils.pm line 132
	t::Utils::daemonize_all(CODE(0x5562567cb440), "    sub {\x{a}        my \$port = shift;\x{a}        return (\x{a}        "...) called at t/moose/030_daemonize/headers.t line 40
Class::MOP::load_class is deprecated at /home/sand/src/perl/repoperls/installed-perls/host/k93focal/v5.34.1-RC1/f154/lib/site_perl/5.34.1/x86_64-linux/Class/MOP.pm line 69.
	Class::MOP::load_class("HTTP::Engine::Interface::POE") called at /tmp/loop_over_bdir-1682133-pBQ_Kg/HTTP-Engine-0.03005-0/blib/lib/HTTP/Engine/Types/Core.pm line 26
	HTTP::Engine::Types::Core::__ANON__(HASH(0x5562567c2ae0)) called at /home/sand/src/perl/repoperls/installed-perls/host/k93focal/v5.34.1-RC1/f154/lib/site_perl/5.34.1/x86_64-linux/Moose/Meta/TypeCoercion.pm line 65
	Moose::Meta::TypeCoercion::__ANON__(HASH(0x5562567c2ae0)) called at constructor HTTP::Engine::new (defined at /tmp/loop_over_bdir-1682133-pBQ_Kg/HTTP-Engine-0.03005-0/blib/lib/HTTP/Engine.pm line 17) line 32
	HTTP::Engine::new("HTTP::Engine", "interface", HASH(0x5562567c2ae0)) called at t/Utils.pm line 129
	t::Utils::__ANON__(50538) called at /tmp/loop_over_bdir-1682133-pBQ_Kg/HTTP-Engine-0.03005-0/inc/Test/TCP.pm line 118
	Test::TCP::start(Test::TCP=HASH(0x556258ae56b8)) called at /tmp/loop_over_bdir-1682133-pBQ_Kg/HTTP-Engine-0.03005-0/inc/Test/TCP.pm line 102
	Test::TCP::new("Test::TCP", "code", CODE(0x5562586993a0), "port", 50538) called at /tmp/loop_over_bdir-1682133-pBQ_Kg/HTTP-Engine-0.03005-0/inc/Test/TCP.pm line 54
	Test::TCP::test_tcp("client", CODE(0x55625849ac38), "server", CODE(0x5562586993a0), "port", 50538) called at t/Utils.pm line 132
	t::Utils::daemonize_all(CODE(0x5562567cb440), "    sub {\x{a}        my \$port = shift;\x{a}        return (\x{a}        "...) called at t/moose/030_daemonize/headers.t line 40
t/moose/030_daemonize/headers.t ............................. ok
Any::Moose is deprecated. Please use Moo instead at t/Utils.pm line 2.
Possible precedence issue with control flow operator at /tmp/loop_over_bdir-1682133-pBQ_Kg/HTTP-Engine-0.03005-0/inc/Test/Builder.pm line 917.

#   Failed test at /tmp/loop_over_bdir-1682133-pBQ_Kg/HTTP-Engine-0.03005-0/inc/Test/More.pm line 376.
#          got: '/foo|'
#     expected: '/|http://example.com/foo?http=1'

#   Failed test at /tmp/loop_over_bdir-1682133-pBQ_Kg/HTTP-Engine-0.03005-0/inc/Test/More.pm line 376.
#          got: '/foo|'
#     expected: '/|http://example.com:8080/foo?http=1'
Class::MOP::load_class is deprecated at /home/sand/src/perl/repoperls/installed-perls/host/k93focal/v5.34.1-RC1/f154/lib/site_perl/5.34.1/x86_64-linux/Class/MOP.pm line 69.
	Class::MOP::load_class("HTTP::Engine::Interface::Standalone") called at /tmp/loop_over_bdir-1682133-pBQ_Kg/HTTP-Engine-0.03005-0/blib/lib/HTTP/Engine/Types/Core.pm line 26
	HTTP::Engine::Types::Core::__ANON__(HASH(0x56074a64cae0)) called at /home/sand/src/perl/repoperls/installed-perls/host/k93focal/v5.34.1-RC1/f154/lib/site_perl/5.34.1/x86_64-linux/Moose/Meta/TypeCoercion.pm line 65
	Moose::Meta::TypeCoercion::__ANON__(HASH(0x56074a64cae0)) called at constructor HTTP::Engine::new (defined at /tmp/loop_over_bdir-1682133-pBQ_Kg/HTTP-Engine-0.03005-0/blib/lib/HTTP/Engine.pm line 17) line 32
	HTTP::Engine::new("HTTP::Engine", "interface", HASH(0x56074a64cae0)) called at t/Utils.pm line 129
	t::Utils::__ANON__(50553) called at /tmp/loop_over_bdir-1682133-pBQ_Kg/HTTP-Engine-0.03005-0/inc/Test/TCP.pm line 118
	Test::TCP::start(Test::TCP=HASH(0x56074c580dd0)) called at /tmp/loop_over_bdir-1682133-pBQ_Kg/HTTP-Engine-0.03005-0/inc/Test/TCP.pm line 102
	Test::TCP::new("Test::TCP", "code", CODE(0x56074c509648), "port", 50553) called at /tmp/loop_over_bdir-1682133-pBQ_Kg/HTTP-Engine-0.03005-0/inc/Test/TCP.pm line 54
	Test::TCP::test_tcp("client", CODE(0x56074c3b0668), "server", CODE(0x56074c509648), "port", 50553) called at t/Utils.pm line 132
	t::Utils::daemonize_all(CODE(0x56074a655458), "    sub {\x{a}        my \$port = shift;\x{a}        return (\x{a}        "...) called at t/moose/030_daemonize/proxy_path.t line 25
Class::MOP::load_class is deprecated at /home/sand/src/perl/repoperls/installed-perls/host/k93focal/v5.34.1-RC1/f154/lib/site_perl/5.34.1/x86_64-linux/Class/MOP.pm line 69.
	Class::MOP::load_class("HTTP::Engine::Interface::ServerSimple") called at /tmp/loop_over_bdir-1682133-pBQ_Kg/HTTP-Engine-0.03005-0/blib/lib/HTTP/Engine/Types/Core.pm line 26
	HTTP::Engine::Types::Core::__ANON__(HASH(0x56074a64cae0)) called at /home/sand/src/perl/repoperls/installed-perls/host/k93focal/v5.34.1-RC1/f154/lib/site_perl/5.34.1/x86_64-linux/Moose/Meta/TypeCoercion.pm line 65
	Moose::Meta::TypeCoercion::__ANON__(HASH(0x56074a64cae0)) called at constructor HTTP::Engine::new (defined at /tmp/loop_over_bdir-1682133-pBQ_Kg/HTTP-Engine-0.03005-0/blib/lib/HTTP/Engine.pm line 17) line 32
	HTTP::Engine::new("HTTP::Engine", "interface", HASH(0x56074a64cae0)) called at t/Utils.pm line 129
	t::Utils::__ANON__(50553) called at /tmp/loop_over_bdir-1682133-pBQ_Kg/HTTP-Engine-0.03005-0/inc/Test/TCP.pm line 118
	Test::TCP::start(Test::TCP=HASH(0x56074c55fe60)) called at /tmp/loop_over_bdir-1682133-pBQ_Kg/HTTP-Engine-0.03005-0/inc/Test/TCP.pm line 102
	Test::TCP::new("Test::TCP", "code", CODE(0x56074c509648), "port", 50553) called at /tmp/loop_over_bdir-1682133-pBQ_Kg/HTTP-Engine-0.03005-0/inc/Test/TCP.pm line 54
	Test::TCP::test_tcp("client", CODE(0x56074c3b0668), "server", CODE(0x56074c509648), "port", 50553) called at t/Utils.pm line 132
	t::Utils::daemonize_all(CODE(0x56074a655458), "    sub {\x{a}        my \$port = shift;\x{a}        return (\x{a}        "...) called at t/moose/030_daemonize/proxy_path.t line 25

#   Failed test at /tmp/loop_over_bdir-1682133-pBQ_Kg/HTTP-Engine-0.03005-0/inc/Test/More.pm line 376.
#          got: '/foo|'
#     expected: '/|http://example.com/foo?http=1'

#   Failed test at /tmp/loop_over_bdir-1682133-pBQ_Kg/HTTP-Engine-0.03005-0/inc/Test/More.pm line 376.
#          got: '/foo|'
#     expected: '/|http://example.com:8080/foo?http=1'
Class::MOP::load_class is deprecated at /home/sand/src/perl/repoperls/installed-perls/host/k93focal/v5.34.1-RC1/f154/lib/site_perl/5.34.1/x86_64-linux/Class/MOP.pm line 69.
	Class::MOP::load_class("HTTP::Engine::Interface::POE") called at /tmp/loop_over_bdir-1682133-pBQ_Kg/HTTP-Engine-0.03005-0/blib/lib/HTTP/Engine/Types/Core.pm line 26
	HTTP::Engine::Types::Core::__ANON__(HASH(0x56074a64cae0)) called at /home/sand/src/perl/repoperls/installed-perls/host/k93focal/v5.34.1-RC1/f154/lib/site_perl/5.34.1/x86_64-linux/Moose/Meta/TypeCoercion.pm line 65
	Moose::Meta::TypeCoercion::__ANON__(HASH(0x56074a64cae0)) called at constructor HTTP::Engine::new (defined at /tmp/loop_over_bdir-1682133-pBQ_Kg/HTTP-Engine-0.03005-0/blib/lib/HTTP/Engine.pm line 17) line 32
	HTTP::Engine::new("HTTP::Engine", "interface", HASH(0x56074a64cae0)) called at t/Utils.pm line 129
	t::Utils::__ANON__(50553) called at /tmp/loop_over_bdir-1682133-pBQ_Kg/HTTP-Engine-0.03005-0/inc/Test/TCP.pm line 118
	Test::TCP::start(Test::TCP=HASH(0x56074b913ba0)) called at /tmp/loop_over_bdir-1682133-pBQ_Kg/HTTP-Engine-0.03005-0/inc/Test/TCP.pm line 102
	Test::TCP::new("Test::TCP", "code", CODE(0x56074c509648), "port", 50553) called at /tmp/loop_over_bdir-1682133-pBQ_Kg/HTTP-Engine-0.03005-0/inc/Test/TCP.pm line 54
	Test::TCP::test_tcp("client", CODE(0x56074c3b0668), "server", CODE(0x56074c509648), "port", 50553) called at t/Utils.pm line 132
	t::Utils::daemonize_all(CODE(0x56074a655458), "    sub {\x{a}        my \$port = shift;\x{a}        return (\x{a}        "...) called at t/moose/030_daemonize/proxy_path.t line 25
# Looks like you failed 4 tests of 16.
t/moose/030_daemonize/proxy_path.t .......................... 
Dubious, test returned 4 (wstat 1024, 0x400)
Failed 4/16 subtests 
Any::Moose is deprecated. Please use Moo instead at t/Utils.pm line 2.
Possible precedence issue with control flow operator at /tmp/loop_over_bdir-1682133-pBQ_Kg/HTTP-Engine-0.03005-0/inc/Test/Builder.pm line 917.
Class::MOP::load_class is deprecated at /home/sand/src/perl/repoperls/installed-perls/host/k93focal/v5.34.1-RC1/f154/lib/site_perl/5.34.1/x86_64-linux/Class/MOP.pm line 69.
	Class::MOP::load_class("HTTP::Engine::Interface::Standalone") called at /tmp/loop_over_bdir-1682133-pBQ_Kg/HTTP-Engine-0.03005-0/blib/lib/HTTP/Engine/Types/Core.pm line 26
	HTTP::Engine::Types::Core::__ANON__(HASH(0x557db9157860)) called at /home/sand/src/perl/repoperls/installed-perls/host/k93focal/v5.34.1-RC1/f154/lib/site_perl/5.34.1/x86_64-linux/Moose/Meta/TypeCoercion.pm line 65
	Moose::Meta::TypeCoercion::__ANON__(HASH(0x557db9157860)) called at constructor HTTP::Engine::new (defined at /tmp/loop_over_bdir-1682133-pBQ_Kg/HTTP-Engine-0.03005-0/blib/lib/HTTP/Engine.pm line 17) line 32
	HTTP::Engine::new("HTTP::Engine", "interface", HASH(0x557db9157860)) called at t/Utils.pm line 129
	t::Utils::__ANON__(50013) called at /tmp/loop_over_bdir-1682133-pBQ_Kg/HTTP-Engine-0.03005-0/inc/Test/TCP.pm line 118
	Test::TCP::start(Test::TCP=HASH(0x557db93f9850)) called at /tmp/loop_over_bdir-1682133-pBQ_Kg/HTTP-Engine-0.03005-0/inc/Test/TCP.pm line 102
	Test::TCP::new("Test::TCP", "code", CODE(0x557db9385b90), "port", 50013) called at /tmp/loop_over_bdir-1682133-pBQ_Kg/HTTP-Engine-0.03005-0/inc/Test/TCP.pm line 54
	Test::TCP::test_tcp("client", CODE(0x557db921c658), "server", CODE(0x557db9385b90), "port", 50013) called at t/Utils.pm line 132
	t::Utils::daemonize_all(CODE(0x557db74ce440), "    sub {\x{a}        my \$port = shift;\x{a}        return (\x{a}        "...) called at t/moose/030_daemonize/raw_body.t line 41
Class::MOP::load_class is deprecated at /home/sand/src/perl/repoperls/installed-perls/host/k93focal/v5.34.1-RC1/f154/lib/site_perl/5.34.1/x86_64-linux/Class/MOP.pm line 69.
	Class::MOP::load_class("HTTP::Engine::Interface::ServerSimple") called at /tmp/loop_over_bdir-1682133-pBQ_Kg/HTTP-Engine-0.03005-0/blib/lib/HTTP/Engine/Types/Core.pm line 26
	HTTP::Engine::Types::Core::__ANON__(HASH(0x557db9157860)) called at /home/sand/src/perl/repoperls/installed-perls/host/k93focal/v5.34.1-RC1/f154/lib/site_perl/5.34.1/x86_64-linux/Moose/Meta/TypeCoercion.pm line 65
	Moose::Meta::TypeCoercion::__ANON__(HASH(0x557db9157860)) called at constructor HTTP::Engine::new (defined at /tmp/loop_over_bdir-1682133-pBQ_Kg/HTTP-Engine-0.03005-0/blib/lib/HTTP/Engine.pm line 17) line 32
	HTTP::Engine::new("HTTP::Engine", "interface", HASH(0x557db9157860)) called at t/Utils.pm line 129
	t::Utils::__ANON__(50013) called at /tmp/loop_over_bdir-1682133-pBQ_Kg/HTTP-Engine-0.03005-0/inc/Test/TCP.pm line 118
	Test::TCP::start(Test::TCP=HASH(0x557db93f9af0)) called at /tmp/loop_over_bdir-1682133-pBQ_Kg/HTTP-Engine-0.03005-0/inc/Test/TCP.pm line 102
	Test::TCP::new("Test::TCP", "code", CODE(0x557db9385b90), "port", 50013) called at /tmp/loop_over_bdir-1682133-pBQ_Kg/HTTP-Engine-0.03005-0/inc/Test/TCP.pm line 54
	Test::TCP::test_tcp("client", CODE(0x557db921c658), "server", CODE(0x557db9385b90), "port", 50013) called at t/Utils.pm line 132
	t::Utils::daemonize_all(CODE(0x557db74ce440), "    sub {\x{a}        my \$port = shift;\x{a}        return (\x{a}        "...) called at t/moose/030_daemonize/raw_body.t line 41
Class::MOP::load_class is deprecated at /home/sand/src/perl/repoperls/installed-perls/host/k93focal/v5.34.1-RC1/f154/lib/site_perl/5.34.1/x86_64-linux/Class/MOP.pm line 69.
	Class::MOP::load_class("HTTP::Engine::Interface::POE") called at /tmp/loop_over_bdir-1682133-pBQ_Kg/HTTP-Engine-0.03005-0/blib/lib/HTTP/Engine/Types/Core.pm line 26
	HTTP::Engine::Types::Core::__ANON__(HASH(0x557db9157860)) called at /home/sand/src/perl/repoperls/installed-perls/host/k93focal/v5.34.1-RC1/f154/lib/site_perl/5.34.1/x86_64-linux/Moose/Meta/TypeCoercion.pm line 65
	Moose::Meta::TypeCoercion::__ANON__(HASH(0x557db9157860)) called at constructor HTTP::Engine::new (defined at /tmp/loop_over_bdir-1682133-pBQ_Kg/HTTP-Engine-0.03005-0/blib/lib/HTTP/Engine.pm line 17) line 32
	HTTP::Engine::new("HTTP::Engine", "interface", HASH(0x557db9157860)) called at t/Utils.pm line 129
	t::Utils::__ANON__(50013) called at /tmp/loop_over_bdir-1682133-pBQ_Kg/HTTP-Engine-0.03005-0/inc/Test/TCP.pm line 118
	Test::TCP::start(Test::TCP=HASH(0x557db93f9190)) called at /tmp/loop_over_bdir-1682133-pBQ_Kg/HTTP-Engine-0.03005-0/inc/Test/TCP.pm line 102
	Test::TCP::new("Test::TCP", "code", CODE(0x557db9385b90), "port", 50013) called at /tmp/loop_over_bdir-1682133-pBQ_Kg/HTTP-Engine-0.03005-0/inc/Test/TCP.pm line 54
	Test::TCP::test_tcp("client", CODE(0x557db921c658), "server", CODE(0x557db9385b90), "port", 50013) called at t/Utils.pm line 132
	t::Utils::daemonize_all(CODE(0x557db74ce440), "    sub {\x{a}        my \$port = shift;\x{a}        return (\x{a}        "...) called at t/moose/030_daemonize/raw_body.t line 41
t/moose/030_daemonize/raw_body.t ............................ ok
Any::Moose is deprecated. Please use Moo instead at t/Utils.pm line 2.
Possible precedence issue with control flow operator at /tmp/loop_over_bdir-1682133-pBQ_Kg/HTTP-Engine-0.03005-0/inc/Test/Builder.pm line 917.
Class::MOP::load_class is deprecated at /home/sand/src/perl/repoperls/installed-perls/host/k93focal/v5.34.1-RC1/f154/lib/site_perl/5.34.1/x86_64-linux/Class/MOP.pm line 69.
	Class::MOP::load_class("HTTP::Engine::Interface::Standalone") called at /tmp/loop_over_bdir-1682133-pBQ_Kg/HTTP-Engine-0.03005-0/blib/lib/HTTP/Engine/Types/Core.pm line 26
	HTTP::Engine::Types::Core::__ANON__(HASH(0x561ca657ccd8)) called at /home/sand/src/perl/repoperls/installed-perls/host/k93focal/v5.34.1-RC1/f154/lib/site_perl/5.34.1/x86_64-linux/Moose/Meta/TypeCoercion.pm line 65
	Moose::Meta::TypeCoercion::__ANON__(HASH(0x561ca657ccd8)) called at constructor HTTP::Engine::new (defined at /tmp/loop_over_bdir-1682133-pBQ_Kg/HTTP-Engine-0.03005-0/blib/lib/HTTP/Engine.pm line 17) line 32
	HTTP::Engine::new("HTTP::Engine", "interface", HASH(0x561ca657ccd8)) called at t/Utils.pm line 129
	t::Utils::__ANON__(50758) called at /tmp/loop_over_bdir-1682133-pBQ_Kg/HTTP-Engine-0.03005-0/inc/Test/TCP.pm line 118
	Test::TCP::start(Test::TCP=HASH(0x561ca84d1d10)) called at /tmp/loop_over_bdir-1682133-pBQ_Kg/HTTP-Engine-0.03005-0/inc/Test/TCP.pm line 102
	Test::TCP::new("Test::TCP", "code", CODE(0x561ca8471300), "port", 50758) called at /tmp/loop_over_bdir-1682133-pBQ_Kg/HTTP-Engine-0.03005-0/inc/Test/TCP.pm line 54
	Test::TCP::test_tcp("client", CODE(0x561ca8226c00), "server", CODE(0x561ca8471300), "port", 50758) called at t/Utils.pm line 132
	t::Utils::daemonize_all(CODE(0x561ca65a14d0), "    sub {\x{a}        my \$port = shift;\x{a}        return (\x{a}        "...) called at t/moose/030_daemonize/request_independence.t line 51
Class::MOP::load_class is deprecated at /home/sand/src/perl/repoperls/installed-perls/host/k93focal/v5.34.1-RC1/f154/lib/site_perl/5.34.1/x86_64-linux/Class/MOP.pm line 69.
	Class::MOP::load_class("HTTP::Engine::Interface::ServerSimple") called at /tmp/loop_over_bdir-1682133-pBQ_Kg/HTTP-Engine-0.03005-0/blib/lib/HTTP/Engine/Types/Core.pm line 26
	HTTP::Engine::Types::Core::__ANON__(HASH(0x561ca657ccd8)) called at /home/sand/src/perl/repoperls/installed-perls/host/k93focal/v5.34.1-RC1/f154/lib/site_perl/5.34.1/x86_64-linux/Moose/Meta/TypeCoercion.pm line 65
	Moose::Meta::TypeCoercion::__ANON__(HASH(0x561ca657ccd8)) called at constructor HTTP::Engine::new (defined at /tmp/loop_over_bdir-1682133-pBQ_Kg/HTTP-Engine-0.03005-0/blib/lib/HTTP/Engine.pm line 17) line 32
	HTTP::Engine::new("HTTP::Engine", "interface", HASH(0x561ca657ccd8)) called at t/Utils.pm line 129
	t::Utils::__ANON__(50758) called at /tmp/loop_over_bdir-1682133-pBQ_Kg/HTTP-Engine-0.03005-0/inc/Test/TCP.pm line 118
	Test::TCP::start(Test::TCP=HASH(0x561ca84f9f60)) called at /tmp/loop_over_bdir-1682133-pBQ_Kg/HTTP-Engine-0.03005-0/inc/Test/TCP.pm line 102
	Test::TCP::new("Test::TCP", "code", CODE(0x561ca8471300), "port", 50758) called at /tmp/loop_over_bdir-1682133-pBQ_Kg/HTTP-Engine-0.03005-0/inc/Test/TCP.pm line 54
	Test::TCP::test_tcp("client", CODE(0x561ca8226c00), "server", CODE(0x561ca8471300), "port", 50758) called at t/Utils.pm line 132
	t::Utils::daemonize_all(CODE(0x561ca65a14d0), "    sub {\x{a}        my \$port = shift;\x{a}        return (\x{a}        "...) called at t/moose/030_daemonize/request_independence.t line 51
Class::MOP::load_class is deprecated at /home/sand/src/perl/repoperls/installed-perls/host/k93focal/v5.34.1-RC1/f154/lib/site_perl/5.34.1/x86_64-linux/Class/MOP.pm line 69.
	Class::MOP::load_class("HTTP::Engine::Interface::POE") called at /tmp/loop_over_bdir-1682133-pBQ_Kg/HTTP-Engine-0.03005-0/blib/lib/HTTP/Engine/Types/Core.pm line 26
	HTTP::Engine::Types::Core::__ANON__(HASH(0x561ca657ccd8)) called at /home/sand/src/perl/repoperls/installed-perls/host/k93focal/v5.34.1-RC1/f154/lib/site_perl/5.34.1/x86_64-linux/Moose/Meta/TypeCoercion.pm line 65
	Moose::Meta::TypeCoercion::__ANON__(HASH(0x561ca657ccd8)) called at constructor HTTP::Engine::new (defined at /tmp/loop_over_bdir-1682133-pBQ_Kg/HTTP-Engine-0.03005-0/blib/lib/HTTP/Engine.pm line 17) line 32
	HTTP::Engine::new("HTTP::Engine", "interface", HASH(0x561ca657ccd8)) called at t/Utils.pm line 129
	t::Utils::__ANON__(50758) called at /tmp/loop_over_bdir-1682133-pBQ_Kg/HTTP-Engine-0.03005-0/inc/Test/TCP.pm line 118
	Test::TCP::start(Test::TCP=HASH(0x561ca85f2028)) called at /tmp/loop_over_bdir-1682133-pBQ_Kg/HTTP-Engine-0.03005-0/inc/Test/TCP.pm line 102
	Test::TCP::new("Test::TCP", "code", CODE(0x561ca8471300), "port", 50758) called at /tmp/loop_over_bdir-1682133-pBQ_Kg/HTTP-Engine-0.03005-0/inc/Test/TCP.pm line 54
	Test::TCP::test_tcp("client", CODE(0x561ca8226c00), "server", CODE(0x561ca8471300), "port", 50758) called at t/Utils.pm line 132
	t::Utils::daemonize_all(CODE(0x561ca65a14d0), "    sub {\x{a}        my \$port = shift;\x{a}        return (\x{a}        "...) called at t/moose/030_daemonize/request_independence.t line 51
t/moose/030_daemonize/request_independence.t ................ ok
Any::Moose is deprecated. Please use Moo instead at t/Utils.pm line 2.
Possible precedence issue with control flow operator at /tmp/loop_over_bdir-1682133-pBQ_Kg/HTTP-Engine-0.03005-0/inc/Test/Builder.pm line 917.
Class::MOP::load_class is deprecated at /home/sand/src/perl/repoperls/installed-perls/host/k93focal/v5.34.1-RC1/f154/lib/site_perl/5.34.1/x86_64-linux/Class/MOP.pm line 69.
	Class::MOP::load_class("HTTP::Engine::Interface::Standalone") called at /tmp/loop_over_bdir-1682133-pBQ_Kg/HTTP-Engine-0.03005-0/blib/lib/HTTP/Engine/Types/Core.pm line 26
	HTTP::Engine::Types::Core::__ANON__(HASH(0x55f2b0a89418)) called at /home/sand/src/perl/repoperls/installed-perls/host/k93focal/v5.34.1-RC1/f154/lib/site_perl/5.34.1/x86_64-linux/Moose/Meta/TypeCoercion.pm line 65
	Moose::Meta::TypeCoercion::__ANON__(HASH(0x55f2b0a89418)) called at constructor HTTP::Engine::new (defined at /tmp/loop_over_bdir-1682133-pBQ_Kg/HTTP-Engine-0.03005-0/blib/lib/HTTP/Engine.pm line 17) line 32
	HTTP::Engine::new("HTTP::Engine", "interface", HASH(0x55f2b0a89418)) called at t/Utils.pm line 129
	t::Utils::__ANON__(50386) called at /tmp/loop_over_bdir-1682133-pBQ_Kg/HTTP-Engine-0.03005-0/inc/Test/TCP.pm line 118
	Test::TCP::start(Test::TCP=HASH(0x55f2b0b02568)) called at /tmp/loop_over_bdir-1682133-pBQ_Kg/HTTP-Engine-0.03005-0/inc/Test/TCP.pm line 102
	Test::TCP::new("Test::TCP", "code", CODE(0x55f2b0a9df08), "port", 50386) called at /tmp/loop_over_bdir-1682133-pBQ_Kg/HTTP-Engine-0.03005-0/inc/Test/TCP.pm line 54
	Test::TCP::test_tcp("client", CODE(0x55f2b0a9dd88), "server", CODE(0x55f2b0a9df08), "port", 50386) called at t/Utils.pm line 132
	t::Utils::daemonize_all(CODE(0x55f2b07cb740), "    sub {\x{a}        require File::Temp;\x{a}        my \$port = shif"...) called at t/moose/030_daemonize/responsewriter_io.t line 50
Class::MOP::load_class is deprecated at /home/sand/src/perl/repoperls/installed-perls/host/k93focal/v5.34.1-RC1/f154/lib/site_perl/5.34.1/x86_64-linux/Class/MOP.pm line 69.
	Class::MOP::load_class("HTTP::Engine::Interface::ServerSimple") called at /tmp/loop_over_bdir-1682133-pBQ_Kg/HTTP-Engine-0.03005-0/blib/lib/HTTP/Engine/Types/Core.pm line 26
	HTTP::Engine::Types::Core::__ANON__(HASH(0x55f2b0a89418)) called at /home/sand/src/perl/repoperls/installed-perls/host/k93focal/v5.34.1-RC1/f154/lib/site_perl/5.34.1/x86_64-linux/Moose/Meta/TypeCoercion.pm line 65
	Moose::Meta::TypeCoercion::__ANON__(HASH(0x55f2b0a89418)) called at constructor HTTP::Engine::new (defined at /tmp/loop_over_bdir-1682133-pBQ_Kg/HTTP-Engine-0.03005-0/blib/lib/HTTP/Engine.pm line 17) line 32
	HTTP::Engine::new("HTTP::Engine", "interface", HASH(0x55f2b0a89418)) called at t/Utils.pm line 129
	t::Utils::__ANON__(50386) called at /tmp/loop_over_bdir-1682133-pBQ_Kg/HTTP-Engine-0.03005-0/inc/Test/TCP.pm line 118
	Test::TCP::start(Test::TCP=HASH(0x55f2b0b24e60)) called at /tmp/loop_over_bdir-1682133-pBQ_Kg/HTTP-Engine-0.03005-0/inc/Test/TCP.pm line 102
	Test::TCP::new("Test::TCP", "code", CODE(0x55f2b0a9df08), "port", 50386) called at /tmp/loop_over_bdir-1682133-pBQ_Kg/HTTP-Engine-0.03005-0/inc/Test/TCP.pm line 54
	Test::TCP::test_tcp("client", CODE(0x55f2b0a9dd88), "server", CODE(0x55f2b0a9df08), "port", 50386) called at t/Utils.pm line 132
	t::Utils::daemonize_all(CODE(0x55f2b07cb740), "    sub {\x{a}        require File::Temp;\x{a}        my \$port = shif"...) called at t/moose/030_daemonize/responsewriter_io.t line 50
Class::MOP::load_class is deprecated at /home/sand/src/perl/repoperls/installed-perls/host/k93focal/v5.34.1-RC1/f154/lib/site_perl/5.34.1/x86_64-linux/Class/MOP.pm line 69.
	Class::MOP::load_class("HTTP::Engine::Interface::POE") called at /tmp/loop_over_bdir-1682133-pBQ_Kg/HTTP-Engine-0.03005-0/blib/lib/HTTP/Engine/Types/Core.pm line 26
	HTTP::Engine::Types::Core::__ANON__(HASH(0x55f2b0a89418)) called at /home/sand/src/perl/repoperls/installed-perls/host/k93focal/v5.34.1-RC1/f154/lib/site_perl/5.34.1/x86_64-linux/Moose/Meta/TypeCoercion.pm line 65
	Moose::Meta::TypeCoercion::__ANON__(HASH(0x55f2b0a89418)) called at constructor HTTP::Engine::new (defined at /tmp/loop_over_bdir-1682133-pBQ_Kg/HTTP-Engine-0.03005-0/blib/lib/HTTP/Engine.pm line 17) line 32
	HTTP::Engine::new("HTTP::Engine", "interface", HASH(0x55f2b0a89418)) called at t/Utils.pm line 129
	t::Utils::__ANON__(50386) called at /tmp/loop_over_bdir-1682133-pBQ_Kg/HTTP-Engine-0.03005-0/inc/Test/TCP.pm line 118
	Test::TCP::start(Test::TCP=HASH(0x55f2b0f07860)) called at /tmp/loop_over_bdir-1682133-pBQ_Kg/HTTP-Engine-0.03005-0/inc/Test/TCP.pm line 102
	Test::TCP::new("Test::TCP", "code", CODE(0x55f2b0a9df08), "port", 50386) called at /tmp/loop_over_bdir-1682133-pBQ_Kg/HTTP-Engine-0.03005-0/inc/Test/TCP.pm line 54
	Test::TCP::test_tcp("client", CODE(0x55f2b0a9dd88), "server", CODE(0x55f2b0a9df08), "port", 50386) called at t/Utils.pm line 132
	t::Utils::daemonize_all(CODE(0x55f2b07cb740), "    sub {\x{a}        require File::Temp;\x{a}        my \$port = shif"...) called at t/moose/030_daemonize/responsewriter_io.t line 50
t/moose/030_daemonize/responsewriter_io.t ................... ok
Any::Moose is deprecated. Please use Moo instead at t/Utils.pm line 2.
Possible precedence issue with control flow operator at /tmp/loop_over_bdir-1682133-pBQ_Kg/HTTP-Engine-0.03005-0/inc/Test/Builder.pm line 917.
Class::MOP::load_class is deprecated at /home/sand/src/perl/repoperls/installed-perls/host/k93focal/v5.34.1-RC1/f154/lib/site_perl/5.34.1/x86_64-linux/Class/MOP.pm line 69.
	Class::MOP::load_class("HTTP::Engine::Interface::Standalone") called at /tmp/loop_over_bdir-1682133-pBQ_Kg/HTTP-Engine-0.03005-0/blib/lib/HTTP/Engine/Types/Core.pm line 26
	HTTP::Engine::Types::Core::__ANON__(HASH(0x55ca1ea55868)) called at /home/sand/src/perl/repoperls/installed-perls/host/k93focal/v5.34.1-RC1/f154/lib/site_perl/5.34.1/x86_64-linux/Moose/Meta/TypeCoercion.pm line 65
	Moose::Meta::TypeCoercion::__ANON__(HASH(0x55ca1ea55868)) called at constructor HTTP::Engine::new (defined at /tmp/loop_over_bdir-1682133-pBQ_Kg/HTTP-Engine-0.03005-0/blib/lib/HTTP/Engine.pm line 17) line 32
	HTTP::Engine::new("HTTP::Engine", "interface", HASH(0x55ca1ea55868)) called at t/Utils.pm line 129
	t::Utils::__ANON__(50074) called at /tmp/loop_over_bdir-1682133-pBQ_Kg/HTTP-Engine-0.03005-0/inc/Test/TCP.pm line 118
	Test::TCP::start(Test::TCP=HASH(0x55ca209a87a8)) called at /tmp/loop_over_bdir-1682133-pBQ_Kg/HTTP-Engine-0.03005-0/inc/Test/TCP.pm line 102
	Test::TCP::new("Test::TCP", "code", CODE(0x55ca20928ce8), "port", 50074) called at /tmp/loop_over_bdir-1682133-pBQ_Kg/HTTP-Engine-0.03005-0/inc/Test/TCP.pm line 54
	Test::TCP::test_tcp("client", CODE(0x55ca20928b68), "server", CODE(0x55ca20928ce8), "port", 50074) called at t/Utils.pm line 132
	t::Utils::daemonize_all(CODE(0x55ca1ea55a30), "    sub {\x{a}        my \$port = shift;\x{a}        return (\x{a}        "...) called at t/moose/030_daemonize/upload-methods.t line 42
Class::MOP::load_class is deprecated at /home/sand/src/perl/repoperls/installed-perls/host/k93focal/v5.34.1-RC1/f154/lib/site_perl/5.34.1/x86_64-linux/Class/MOP.pm line 69.
	Class::MOP::load_class("HTTP::Engine::Interface::ServerSimple") called at /tmp/loop_over_bdir-1682133-pBQ_Kg/HTTP-Engine-0.03005-0/blib/lib/HTTP/Engine/Types/Core.pm line 26
	HTTP::Engine::Types::Core::__ANON__(HASH(0x55ca1ea55868)) called at /home/sand/src/perl/repoperls/installed-perls/host/k93focal/v5.34.1-RC1/f154/lib/site_perl/5.34.1/x86_64-linux/Moose/Meta/TypeCoercion.pm line 65
	Moose::Meta::TypeCoercion::__ANON__(HASH(0x55ca1ea55868)) called at constructor HTTP::Engine::new (defined at /tmp/loop_over_bdir-1682133-pBQ_Kg/HTTP-Engine-0.03005-0/blib/lib/HTTP/Engine.pm line 17) line 32
	HTTP::Engine::new("HTTP::Engine", "interface", HASH(0x55ca1ea55868)) called at t/Utils.pm line 129
	t::Utils::__ANON__(50074) called at /tmp/loop_over_bdir-1682133-pBQ_Kg/HTTP-Engine-0.03005-0/inc/Test/TCP.pm line 118
	Test::TCP::start(Test::TCP=HASH(0x55ca2096d530)) called at /tmp/loop_over_bdir-1682133-pBQ_Kg/HTTP-Engine-0.03005-0/inc/Test/TCP.pm line 102
	Test::TCP::new("Test::TCP", "code", CODE(0x55ca20928ce8), "port", 50074) called at /tmp/loop_over_bdir-1682133-pBQ_Kg/HTTP-Engine-0.03005-0/inc/Test/TCP.pm line 54
	Test::TCP::test_tcp("client", CODE(0x55ca20928b68), "server", CODE(0x55ca20928ce8), "port", 50074) called at t/Utils.pm line 132
	t::Utils::daemonize_all(CODE(0x55ca1ea55a30), "    sub {\x{a}        my \$port = shift;\x{a}        return (\x{a}        "...) called at t/moose/030_daemonize/upload-methods.t line 42
Class::MOP::load_class is deprecated at /home/sand/src/perl/repoperls/installed-perls/host/k93focal/v5.34.1-RC1/f154/lib/site_perl/5.34.1/x86_64-linux/Class/MOP.pm line 69.
	Class::MOP::load_class("HTTP::Engine::Interface::POE") called at /tmp/loop_over_bdir-1682133-pBQ_Kg/HTTP-Engine-0.03005-0/blib/lib/HTTP/Engine/Types/Core.pm line 26
	HTTP::Engine::Types::Core::__ANON__(HASH(0x55ca1ea55868)) called at /home/sand/src/perl/repoperls/installed-perls/host/k93focal/v5.34.1-RC1/f154/lib/site_perl/5.34.1/x86_64-linux/Moose/Meta/TypeCoercion.pm line 65
	Moose::Meta::TypeCoercion::__ANON__(HASH(0x55ca1ea55868)) called at constructor HTTP::Engine::new (defined at /tmp/loop_over_bdir-1682133-pBQ_Kg/HTTP-Engine-0.03005-0/blib/lib/HTTP/Engine.pm line 17) line 32
	HTTP::Engine::new("HTTP::Engine", "interface", HASH(0x55ca1ea55868)) called at t/Utils.pm line 129
	t::Utils::__ANON__(50074) called at /tmp/loop_over_bdir-1682133-pBQ_Kg/HTTP-Engine-0.03005-0/inc/Test/TCP.pm line 118
	Test::TCP::start(Test::TCP=HASH(0x55ca209ace40)) called at /tmp/loop_over_bdir-1682133-pBQ_Kg/HTTP-Engine-0.03005-0/inc/Test/TCP.pm line 102
	Test::TCP::new("Test::TCP", "code", CODE(0x55ca20928ce8), "port", 50074) called at /tmp/loop_over_bdir-1682133-pBQ_Kg/HTTP-Engine-0.03005-0/inc/Test/TCP.pm line 54
	Test::TCP::test_tcp("client", CODE(0x55ca20928b68), "server", CODE(0x55ca20928ce8), "port", 50074) called at t/Utils.pm line 132
	t::Utils::daemonize_all(CODE(0x55ca1ea55a30), "    sub {\x{a}        my \$port = shift;\x{a}        return (\x{a}        "...) called at t/moose/030_daemonize/upload-methods.t line 42
t/moose/030_daemonize/upload-methods.t ...................... ok
Any::Moose is deprecated. Please use Moo instead at t/Utils.pm line 2.
Possible precedence issue with control flow operator at /tmp/loop_over_bdir-1682133-pBQ_Kg/HTTP-Engine-0.03005-0/inc/Test/Builder.pm line 917.
Class::MOP::load_class is deprecated at /home/sand/src/perl/repoperls/installed-perls/host/k93focal/v5.34.1-RC1/f154/lib/site_perl/5.34.1/x86_64-linux/Class/MOP.pm line 69.
	Class::MOP::load_class("HTTP::Engine::Interface::Standalone") called at /tmp/loop_over_bdir-1682133-pBQ_Kg/HTTP-Engine-0.03005-0/blib/lib/HTTP/Engine/Types/Core.pm line 26
	HTTP::Engine::Types::Core::__ANON__(HASH(0x55915a346970)) called at /home/sand/src/perl/repoperls/installed-perls/host/k93focal/v5.34.1-RC1/f154/lib/site_perl/5.34.1/x86_64-linux/Moose/Meta/TypeCoercion.pm line 65
	Moose::Meta::TypeCoercion::__ANON__(HASH(0x55915a346970)) called at constructor HTTP::Engine::new (defined at /tmp/loop_over_bdir-1682133-pBQ_Kg/HTTP-Engine-0.03005-0/blib/lib/HTTP/Engine.pm line 17) line 32
	HTTP::Engine::new("HTTP::Engine", "interface", HASH(0x55915a346970)) called at t/Utils.pm line 129
	t::Utils::__ANON__(50163) called at /tmp/loop_over_bdir-1682133-pBQ_Kg/HTTP-Engine-0.03005-0/inc/Test/TCP.pm line 118
	Test::TCP::start(Test::TCP=HASH(0x55915add91f8)) called at /tmp/loop_over_bdir-1682133-pBQ_Kg/HTTP-Engine-0.03005-0/inc/Test/TCP.pm line 102
	Test::TCP::new("Test::TCP", "code", CODE(0x55915ad59e68), "port", 50163) called at /tmp/loop_over_bdir-1682133-pBQ_Kg/HTTP-Engine-0.03005-0/inc/Test/TCP.pm line 54
	Test::TCP::test_tcp("client", CODE(0x55915ad59ce8), "server", CODE(0x55915ad59e68), "port", 50163) called at t/Utils.pm line 132
	t::Utils::daemonize_all(CODE(0x559158e85b60), "    sub {\x{a}        my \$port = shift;\x{a}        return (\x{a}        "...) called at t/moose/030_daemonize/upload.t line 42
Class::MOP::load_class is deprecated at /home/sand/src/perl/repoperls/installed-perls/host/k93focal/v5.34.1-RC1/f154/lib/site_perl/5.34.1/x86_64-linux/Class/MOP.pm line 69.
	Class::MOP::load_class("HTTP::Engine::Interface::ServerSimple") called at /tmp/loop_over_bdir-1682133-pBQ_Kg/HTTP-Engine-0.03005-0/blib/lib/HTTP/Engine/Types/Core.pm line 26
	HTTP::Engine::Types::Core::__ANON__(HASH(0x55915a346970)) called at /home/sand/src/perl/repoperls/installed-perls/host/k93focal/v5.34.1-RC1/f154/lib/site_perl/5.34.1/x86_64-linux/Moose/Meta/TypeCoercion.pm line 65
	Moose::Meta::TypeCoercion::__ANON__(HASH(0x55915a346970)) called at constructor HTTP::Engine::new (defined at /tmp/loop_over_bdir-1682133-pBQ_Kg/HTTP-Engine-0.03005-0/blib/lib/HTTP/Engine.pm line 17) line 32
	HTTP::Engine::new("HTTP::Engine", "interface", HASH(0x55915a346970)) called at t/Utils.pm line 129
	t::Utils::__ANON__(50163) called at /tmp/loop_over_bdir-1682133-pBQ_Kg/HTTP-Engine-0.03005-0/inc/Test/TCP.pm line 118
	Test::TCP::start(Test::TCP=HASH(0x55915add9108)) called at /tmp/loop_over_bdir-1682133-pBQ_Kg/HTTP-Engine-0.03005-0/inc/Test/TCP.pm line 102
	Test::TCP::new("Test::TCP", "code", CODE(0x55915ad59e68), "port", 50163) called at /tmp/loop_over_bdir-1682133-pBQ_Kg/HTTP-Engine-0.03005-0/inc/Test/TCP.pm line 54
	Test::TCP::test_tcp("client", CODE(0x55915ad59ce8), "server", CODE(0x55915ad59e68), "port", 50163) called at t/Utils.pm line 132
	t::Utils::daemonize_all(CODE(0x559158e85b60), "    sub {\x{a}        my \$port = shift;\x{a}        return (\x{a}        "...) called at t/moose/030_daemonize/upload.t line 42
Class::MOP::load_class is deprecated at /home/sand/src/perl/repoperls/installed-perls/host/k93focal/v5.34.1-RC1/f154/lib/site_perl/5.34.1/x86_64-linux/Class/MOP.pm line 69.
	Class::MOP::load_class("HTTP::Engine::Interface::POE") called at /tmp/loop_over_bdir-1682133-pBQ_Kg/HTTP-Engine-0.03005-0/blib/lib/HTTP/Engine/Types/Core.pm line 26
	HTTP::Engine::Types::Core::__ANON__(HASH(0x55915a346970)) called at /home/sand/src/perl/repoperls/installed-perls/host/k93focal/v5.34.1-RC1/f154/lib/site_perl/5.34.1/x86_64-linux/Moose/Meta/TypeCoercion.pm line 65
	Moose::Meta::TypeCoercion::__ANON__(HASH(0x55915a346970)) called at constructor HTTP::Engine::new (defined at /tmp/loop_over_bdir-1682133-pBQ_Kg/HTTP-Engine-0.03005-0/blib/lib/HTTP/Engine.pm line 17) line 32
	HTTP::Engine::new("HTTP::Engine", "interface", HASH(0x55915a346970)) called at t/Utils.pm line 129
	t::Utils::__ANON__(50163) called at /tmp/loop_over_bdir-1682133-pBQ_Kg/HTTP-Engine-0.03005-0/inc/Test/TCP.pm line 118
	Test::TCP::start(Test::TCP=HASH(0x55915add8cd0)) called at /tmp/loop_over_bdir-1682133-pBQ_Kg/HTTP-Engine-0.03005-0/inc/Test/TCP.pm line 102
	Test::TCP::new("Test::TCP", "code", CODE(0x55915ad59e68), "port", 50163) called at /tmp/loop_over_bdir-1682133-pBQ_Kg/HTTP-Engine-0.03005-0/inc/Test/TCP.pm line 54
	Test::TCP::test_tcp("client", CODE(0x55915ad59ce8), "server", CODE(0x55915ad59e68), "port", 50163) called at t/Utils.pm line 132
	t::Utils::daemonize_all(CODE(0x559158e85b60), "    sub {\x{a}        my \$port = shift;\x{a}        return (\x{a}        "...) called at t/moose/030_daemonize/upload.t line 42
t/moose/030_daemonize/upload.t .............................. ok
Any::Moose is deprecated. Please use Moo instead at t/Utils.pm line 2.
Possible precedence issue with control flow operator at /tmp/loop_over_bdir-1682133-pBQ_Kg/HTTP-Engine-0.03005-0/inc/Test/Builder.pm line 917.
Class::MOP::load_class is deprecated at /home/sand/src/perl/repoperls/installed-perls/host/k93focal/v5.34.1-RC1/f154/lib/site_perl/5.34.1/x86_64-linux/Class/MOP.pm line 69.
	Class::MOP::load_class("HTTP::Engine::Interface::Standalone") called at /tmp/loop_over_bdir-1682133-pBQ_Kg/HTTP-Engine-0.03005-0/blib/lib/HTTP/Engine/Types/Core.pm line 26
	HTTP::Engine::Types::Core::__ANON__(HASH(0x5605b5a006d8)) called at /home/sand/src/perl/repoperls/installed-perls/host/k93focal/v5.34.1-RC1/f154/lib/site_perl/5.34.1/x86_64-linux/Moose/Meta/TypeCoercion.pm line 65
	Moose::Meta::TypeCoercion::__ANON__(HASH(0x5605b5a006d8)) called at constructor HTTP::Engine::new (defined at /tmp/loop_over_bdir-1682133-pBQ_Kg/HTTP-Engine-0.03005-0/blib/lib/HTTP/Engine.pm line 17) line 32
	HTTP::Engine::new("HTTP::Engine", "interface", HASH(0x5605b5a006d8)) called at t/Utils.pm line 129
	t::Utils::__ANON__(50325) called at /tmp/loop_over_bdir-1682133-pBQ_Kg/HTTP-Engine-0.03005-0/inc/Test/TCP.pm line 118
	Test::TCP::start(Test::TCP=HASH(0x5605b63126f8)) called at /tmp/loop_over_bdir-1682133-pBQ_Kg/HTTP-Engine-0.03005-0/inc/Test/TCP.pm line 102
	Test::TCP::new("Test::TCP", "code", CODE(0x5605b62b0e08), "port", 50325) called at /tmp/loop_over_bdir-1682133-pBQ_Kg/HTTP-Engine-0.03005-0/inc/Test/TCP.pm line 54
	Test::TCP::test_tcp("client", CODE(0x5605b616dec0), "server", CODE(0x5605b62b0e08), "port", 50325) called at t/Utils.pm line 132
	t::Utils::daemonize_all(CODE(0x5605b43e1440), "    sub {\x{a}        my \$port = shift;\x{a}        return (\x{a}        "...) called at t/moose/030_daemonize/uri.t line 20
Class::MOP::load_class is deprecated at /home/sand/src/perl/repoperls/installed-perls/host/k93focal/v5.34.1-RC1/f154/lib/site_perl/5.34.1/x86_64-linux/Class/MOP.pm line 69.
	Class::MOP::load_class("HTTP::Engine::Interface::ServerSimple") called at /tmp/loop_over_bdir-1682133-pBQ_Kg/HTTP-Engine-0.03005-0/blib/lib/HTTP/Engine/Types/Core.pm line 26
	HTTP::Engine::Types::Core::__ANON__(HASH(0x5605b5a006d8)) called at /home/sand/src/perl/repoperls/installed-perls/host/k93focal/v5.34.1-RC1/f154/lib/site_perl/5.34.1/x86_64-linux/Moose/Meta/TypeCoercion.pm line 65
	Moose::Meta::TypeCoercion::__ANON__(HASH(0x5605b5a006d8)) called at constructor HTTP::Engine::new (defined at /tmp/loop_over_bdir-1682133-pBQ_Kg/HTTP-Engine-0.03005-0/blib/lib/HTTP/Engine.pm line 17) line 32
	HTTP::Engine::new("HTTP::Engine", "interface", HASH(0x5605b5a006d8)) called at t/Utils.pm line 129
	t::Utils::__ANON__(50325) called at /tmp/loop_over_bdir-1682133-pBQ_Kg/HTTP-Engine-0.03005-0/inc/Test/TCP.pm line 118
	Test::TCP::start(Test::TCP=HASH(0x5605b6311ca8)) called at /tmp/loop_over_bdir-1682133-pBQ_Kg/HTTP-Engine-0.03005-0/inc/Test/TCP.pm line 102
	Test::TCP::new("Test::TCP", "code", CODE(0x5605b62b0e08), "port", 50325) called at /tmp/loop_over_bdir-1682133-pBQ_Kg/HTTP-Engine-0.03005-0/inc/Test/TCP.pm line 54
	Test::TCP::test_tcp("client", CODE(0x5605b616dec0), "server", CODE(0x5605b62b0e08), "port", 50325) called at t/Utils.pm line 132
	t::Utils::daemonize_all(CODE(0x5605b43e1440), "    sub {\x{a}        my \$port = shift;\x{a}        return (\x{a}        "...) called at t/moose/030_daemonize/uri.t line 20
Class::MOP::load_class is deprecated at /home/sand/src/perl/repoperls/installed-perls/host/k93focal/v5.34.1-RC1/f154/lib/site_perl/5.34.1/x86_64-linux/Class/MOP.pm line 69.
	Class::MOP::load_class("HTTP::Engine::Interface::POE") called at /tmp/loop_over_bdir-1682133-pBQ_Kg/HTTP-Engine-0.03005-0/blib/lib/HTTP/Engine/Types/Core.pm line 26
	HTTP::Engine::Types::Core::__ANON__(HASH(0x5605b5a006d8)) called at /home/sand/src/perl/repoperls/installed-perls/host/k93focal/v5.34.1-RC1/f154/lib/site_perl/5.34.1/x86_64-linux/Moose/Meta/TypeCoercion.pm line 65
	Moose::Meta::TypeCoercion::__ANON__(HASH(0x5605b5a006d8)) called at constructor HTTP::Engine::new (defined at /tmp/loop_over_bdir-1682133-pBQ_Kg/HTTP-Engine-0.03005-0/blib/lib/HTTP/Engine.pm line 17) line 32
	HTTP::Engine::new("HTTP::Engine", "interface", HASH(0x5605b5a006d8)) called at t/Utils.pm line 129
	t::Utils::__ANON__(50325) called at /tmp/loop_over_bdir-1682133-pBQ_Kg/HTTP-Engine-0.03005-0/inc/Test/TCP.pm line 118
	Test::TCP::start(Test::TCP=HASH(0x5605b5cb00a0)) called at /tmp/loop_over_bdir-1682133-pBQ_Kg/HTTP-Engine-0.03005-0/inc/Test/TCP.pm line 102
	Test::TCP::new("Test::TCP", "code", CODE(0x5605b62b0e08), "port", 50325) called at /tmp/loop_over_bdir-1682133-pBQ_Kg/HTTP-Engine-0.03005-0/inc/Test/TCP.pm line 54
	Test::TCP::test_tcp("client", CODE(0x5605b616dec0), "server", CODE(0x5605b62b0e08), "port", 50325) called at t/Utils.pm line 132
	t::Utils::daemonize_all(CODE(0x5605b43e1440), "    sub {\x{a}        my \$port = shift;\x{a}        return (\x{a}        "...) called at t/moose/030_daemonize/uri.t line 20
t/moose/030_daemonize/uri.t ................................. ok
Any::Moose is deprecated. Please use Moo instead at t/Utils.pm line 2.
Possible precedence issue with control flow operator at /tmp/loop_over_bdir-1682133-pBQ_Kg/HTTP-Engine-0.03005-0/inc/Test/Builder.pm line 917.
Class::MOP::load_class is deprecated at /home/sand/src/perl/repoperls/installed-perls/host/k93focal/v5.34.1-RC1/f154/lib/site_perl/5.34.1/x86_64-linux/Class/MOP.pm line 69.
	Class::MOP::load_class("HTTP::Engine::Interface::Standalone") called at /tmp/loop_over_bdir-1682133-pBQ_Kg/HTTP-Engine-0.03005-0/blib/lib/HTTP/Engine/Types/Core.pm line 26
	HTTP::Engine::Types::Core::__ANON__(HASH(0x55b9a339cda0)) called at /home/sand/src/perl/repoperls/installed-perls/host/k93focal/v5.34.1-RC1/f154/lib/site_perl/5.34.1/x86_64-linux/Moose/Meta/TypeCoercion.pm line 65
	Moose::Meta::TypeCoercion::__ANON__(HASH(0x55b9a339cda0)) called at constructor HTTP::Engine::new (defined at /tmp/loop_over_bdir-1682133-pBQ_Kg/HTTP-Engine-0.03005-0/blib/lib/HTTP/Engine.pm line 17) line 32
	HTTP::Engine::new("HTTP::Engine", "interface", HASH(0x55b9a339cda0)) called at t/Utils.pm line 129
	t::Utils::__ANON__(50833) called at /tmp/loop_over_bdir-1682133-pBQ_Kg/HTTP-Engine-0.03005-0/inc/Test/TCP.pm line 118
	Test::TCP::start(Test::TCP=HASH(0x55b9a391a2c8)) called at /tmp/loop_over_bdir-1682133-pBQ_Kg/HTTP-Engine-0.03005-0/inc/Test/TCP.pm line 102
	Test::TCP::new("Test::TCP", "code", CODE(0x55b9a389b498), "port", 50833) called at /tmp/loop_over_bdir-1682133-pBQ_Kg/HTTP-Engine-0.03005-0/inc/Test/TCP.pm line 54
	Test::TCP::test_tcp("client", CODE(0x55b9a3786148), "server", CODE(0x55b9a389b498), "port", 50833) called at t/Utils.pm line 132
	t::Utils::daemonize_all(CODE(0x55b9a1979598), "    sub {\x{a}        my \$port = Encode::decode_utf8(shift);\x{a}    "...) called at t/moose/030_daemonize/utf8flagged-uri.t line 23
Class::MOP::load_class is deprecated at /home/sand/src/perl/repoperls/installed-perls/host/k93focal/v5.34.1-RC1/f154/lib/site_perl/5.34.1/x86_64-linux/Class/MOP.pm line 69.
	Class::MOP::load_class("HTTP::Engine::Interface::ServerSimple") called at /tmp/loop_over_bdir-1682133-pBQ_Kg/HTTP-Engine-0.03005-0/blib/lib/HTTP/Engine/Types/Core.pm line 26
	HTTP::Engine::Types::Core::__ANON__(HASH(0x55b9a339cda0)) called at /home/sand/src/perl/repoperls/installed-perls/host/k93focal/v5.34.1-RC1/f154/lib/site_perl/5.34.1/x86_64-linux/Moose/Meta/TypeCoercion.pm line 65
	Moose::Meta::TypeCoercion::__ANON__(HASH(0x55b9a339cda0)) called at constructor HTTP::Engine::new (defined at /tmp/loop_over_bdir-1682133-pBQ_Kg/HTTP-Engine-0.03005-0/blib/lib/HTTP/Engine.pm line 17) line 32
	HTTP::Engine::new("HTTP::Engine", "interface", HASH(0x55b9a339cda0)) called at t/Utils.pm line 129
	t::Utils::__ANON__(50833) called at /tmp/loop_over_bdir-1682133-pBQ_Kg/HTTP-Engine-0.03005-0/inc/Test/TCP.pm line 118
	Test::TCP::start(Test::TCP=HASH(0x55b9a3916f90)) called at /tmp/loop_over_bdir-1682133-pBQ_Kg/HTTP-Engine-0.03005-0/inc/Test/TCP.pm line 102
	Test::TCP::new("Test::TCP", "code", CODE(0x55b9a389b498), "port", 50833) called at /tmp/loop_over_bdir-1682133-pBQ_Kg/HTTP-Engine-0.03005-0/inc/Test/TCP.pm line 54
	Test::TCP::test_tcp("client", CODE(0x55b9a3786148), "server", CODE(0x55b9a389b498), "port", 50833) called at t/Utils.pm line 132
	t::Utils::daemonize_all(CODE(0x55b9a1979598), "    sub {\x{a}        my \$port = Encode::decode_utf8(shift);\x{a}    "...) called at t/moose/030_daemonize/utf8flagged-uri.t line 23
Class::MOP::load_class is deprecated at /home/sand/src/perl/repoperls/installed-perls/host/k93focal/v5.34.1-RC1/f154/lib/site_perl/5.34.1/x86_64-linux/Class/MOP.pm line 69.
	Class::MOP::load_class("HTTP::Engine::Interface::POE") called at /tmp/loop_over_bdir-1682133-pBQ_Kg/HTTP-Engine-0.03005-0/blib/lib/HTTP/Engine/Types/Core.pm line 26
	HTTP::Engine::Types::Core::__ANON__(HASH(0x55b9a339cda0)) called at /home/sand/src/perl/repoperls/installed-perls/host/k93focal/v5.34.1-RC1/f154/lib/site_perl/5.34.1/x86_64-linux/Moose/Meta/TypeCoercion.pm line 65
	Moose::Meta::TypeCoercion::__ANON__(HASH(0x55b9a339cda0)) called at constructor HTTP::Engine::new (defined at /tmp/loop_over_bdir-1682133-pBQ_Kg/HTTP-Engine-0.03005-0/blib/lib/HTTP/Engine.pm line 17) line 32
	HTTP::Engine::new("HTTP::Engine", "interface", HASH(0x55b9a339cda0)) called at t/Utils.pm line 129
	t::Utils::__ANON__(50833) called at /tmp/loop_over_bdir-1682133-pBQ_Kg/HTTP-Engine-0.03005-0/inc/Test/TCP.pm line 118
	Test::TCP::start(Test::TCP=HASH(0x55b9a3916f48)) called at /tmp/loop_over_bdir-1682133-pBQ_Kg/HTTP-Engine-0.03005-0/inc/Test/TCP.pm line 102
	Test::TCP::new("Test::TCP", "code", CODE(0x55b9a389b498), "port", 50833) called at /tmp/loop_over_bdir-1682133-pBQ_Kg/HTTP-Engine-0.03005-0/inc/Test/TCP.pm line 54
	Test::TCP::test_tcp("client", CODE(0x55b9a3786148), "server", CODE(0x55b9a389b498), "port", 50833) called at t/Utils.pm line 132
	t::Utils::daemonize_all(CODE(0x55b9a1979598), "    sub {\x{a}        my \$port = Encode::decode_utf8(shift);\x{a}    "...) called at t/moose/030_daemonize/utf8flagged-uri.t line 23
t/moose/030_daemonize/utf8flagged-uri.t ..................... ok
Possible precedence issue with control flow operator at /tmp/loop_over_bdir-1682133-pBQ_Kg/HTTP-Engine-0.03005-0/inc/Test/Builder.pm line 917.
Redundant argument in sprintf at /tmp/loop_over_bdir-1682133-pBQ_Kg/HTTP-Engine-0.03005-0/inc/Spiffy.pm line 225.
Redundant argument in sprintf at /tmp/loop_over_bdir-1682133-pBQ_Kg/HTTP-Engine-0.03005-0/inc/Spiffy.pm line 225.
Redundant argument in sprintf at /tmp/loop_over_bdir-1682133-pBQ_Kg/HTTP-Engine-0.03005-0/inc/Spiffy.pm line 225.
Redundant argument in sprintf at /tmp/loop_over_bdir-1682133-pBQ_Kg/HTTP-Engine-0.03005-0/inc/Spiffy.pm line 225.
t/moose/040_minimal/001_simple.t ............................ ok
Possible precedence issue with control flow operator at /tmp/loop_over_bdir-1682133-pBQ_Kg/HTTP-Engine-0.03005-0/inc/Test/Builder.pm line 917.
Any::Moose is deprecated. Please use Moo instead at /tmp/loop_over_bdir-1682133-pBQ_Kg/HTTP-Engine-0.03005-0/blib/lib/HTTP/Engine/Request.pm line 2.
t/moose/050_tests/request.t ................................. ok

Test Summary Report
-------------------
t/030_daemonize/proxy_path.t                              (Wstat: 1024 Tests: 16 Failed: 4)
  Failed tests:  2, 4, 10, 12
  Non-zero exit status: 4
t/moose/010_core/request_processor-catch_error.t          (Wstat: 256 Tests: 3 Failed: 1)
  Failed test:  3
  Non-zero exit status: 1
t/moose/020_interface/test-validation.t                   (Wstat: 256 Tests: 10 Failed: 1)
  Failed test:  2
  Non-zero exit status: 1
t/moose/030_daemonize/proxy_path.t                        (Wstat: 1024 Tests: 16 Failed: 4)
  Failed tests:  2, 4, 10, 12
  Non-zero exit status: 4
Files=144, Tests=1382, 46 wallclock secs ( 0.40 usr  0.49 sys + 29.43 cusr  8.73 csys = 39.05 CPU)
Result: FAIL
Failed 4/144 test programs. 10/1382 subtests failed.
make: *** [Makefile:863: test_dynamic] Error 255

------------------------------
PREREQUISITES
------------------------------

Prerequisite modules loaded:

requires:

    Module               Need   Have    
    -------------------- ------ --------
    Any::Moose           0.13   0.27    
    CGI::Simple::Cookie  1.103  1.280   
    File::Copy           0      2.35    
    File::Spec::Unix     3.2701 3.80    
    Filter::Util::Call   0      1.60    
    HTTP::Body           1.05   1.22    
    HTTP::Headers::Fast  0.11   0.22    
    HTTP::Server::Simple 0.35   0.52    
    Mouse                0.62   v2.5.10 
    MouseX::Types        0.05   0.06    
    perl                 5.008  5.034001
    Scalar::Util         1.19   1.61    
    URI                  1.36   5.10    

build_requires:

    Module               Need   Have    
    -------------------- ------ --------
    ExtUtils::MakeMaker  6.42   7.64    
    File::Temp           0.20   0.2311  
    HTTP::Request::AsCGI 0      1.2     
    IO::File             1.14   1.46    
    IO::Scalar           0      2.113   
    IO::Socket           1.3    1.46    
    IO::Socket::INET     0      1.46    
    Test::More           0      1.302189
    Test::SharedFork     0.11   0.35    
    Test::TCP            0.16   2.22    
    YAML                 0      1.30    

configure_requires:

    Module               Need   Have    
    -------------------- ------ --------
    ExtUtils::MakeMaker  6.42   7.64    

opt_requires:

    Module               Need   Have    
    -------------------- ------ --------
    Errno                1.0901 1.33    
    FCGI                 0.67   0.82    
    HTTP::Server::Simple 0.34   0.52    
    IO::Scalar           2.11   2.113   
    IO::Socket::INET     1.31   1.46    
    POE                  1.0003 1.368   
    POE::Filter::HTTPD   1.2387 1.368   


------------------------------
ENVIRONMENT AND OTHER CONTEXT
------------------------------

Environment variables:

    AUTOMATED_TESTING = 1
    LANG = en_US.utf8
    PATH = /home/sand/bin:/usr/local/bin:/usr/local/sbin:/usr/sbin:/usr/bin:/sbin:/bin:/usr/games:/usr/local/games:/snap/bin:/usr/local/perl/bin:/usr/X11/bin
    PERL = /tmp/basesmoker-reloperl-CPQo/bin/perl
    PERL5LIB = /tmp/loop_over_bdir-1682133-pBQ_Kg/DBIx-Migration-Directories-0.12-0/blib/arch:/tmp/loop_over_bdir-1682133-pBQ_Kg/DBIx-Migration-Directories-0.12-0/blib/lib:/tmp/loop_over_bdir-1682133-pBQ_Kg/App-rmcd-0.280-0/blib/arch:/tmp/loop_over_bdir-1682133-pBQ_Kg/App-rmcd-0.280-0/blib/lib:/tmp/loop_over_bdir-1682133-pBQ_Kg/triceps-2.1.0-0/blib/arch:/tmp/loop_over_bdir-1682133-pBQ_Kg/triceps-2.1.0-0/blib/lib:/tmp/loop_over_bdir-1682133-pBQ_Kg/Alien-SNMP-MIBDEV-2.020000-0/blib/arch:/tmp/loop_over_bdir-1682133-pBQ_Kg/Alien-SNMP-MIBDEV-2.020000-0/blib/lib:/tmp/loop_over_bdir-1682133-pBQ_Kg/ProjectBuilder-0.14.1-0/blib/arch:/tmp/loop_over_bdir-1682133-pBQ_Kg/ProjectBuilder-0.14.1-0/blib/lib:/tmp/loop_over_bdir-1682133-pBQ_Kg/Devel-Required-0.16-0/blib/arch:/tmp/loop_over_bdir-1682133-pBQ_Kg/Devel-Required-0.16-0/blib/lib:/tmp/loop_over_bdir-1682133-pBQ_Kg/dta-tokwrap-0.98-0/blib/arch:/tmp/loop_over_bdir-1682133-pBQ_Kg/dta-tokwrap-0.98-0/blib/lib:/tmp/loop_over_bdir-1682133-pBQ_Kg/Business-Shipping-DataFiles-1.02-0/blib/arch:/tmp/loop_over_bdir-1682133-pBQ_Kg/Business-Shipping-DataFiles-1.02-0/blib/lib:/tmp/loop_over_bdir-1682133-pBQ_Kg/Dpkg-1.21.1-0/blib/arch:/tmp/loop_over_bdir-1682133-pBQ_Kg/Dpkg-1.21.1-0/blib/lib
    PERL5OPT = 
    PERL5_CPANPLUS_IS_RUNNING = 1682141
    PERL5_CPAN_IS_RUNNING = 1682141
    PERL_CANARY_STABILITY_NOPROMPT = 1
    PERL_MM_USE_DEFAULT = 1
    PERL_USE_UNSAFE_INC = 1
    SHELL = /usr/bin/zsh
    TERM = screen

Perl special variables (and OS-specific diagnostics, for MSWin32):

    $^X = /tmp/basesmoker-reloperl-CPQo/bin/perl
    $UID/$EUID = 1005 / 1005
    $GID = 1005 1005
    $EGID = 1005 1005

Perl module toolchain versions installed:

    Module              Have    
    ------------------- --------
    CPAN                2.33    
    CPAN::Meta          2.150010
    Cwd                 3.80    
    ExtUtils::CBuilder  0.280236
    ExtUtils::Command   7.64    
    ExtUtils::Install   2.20    
    ExtUtils::MakeMaker 7.64    
    ExtUtils::Manifest  1.73    
    ExtUtils::ParseXS   3.43    
    File::Spec          3.80    
    JSON                4.05    
    JSON::PP            4.07    
    Module::Build       0.4231  
    Module::Signature   0.88    
    Parse::CPAN::Meta   2.150010
    Test::Harness       3.43    
    Test::More          1.302189
    YAML                1.30    
    YAML::Syck          1.34    
    version             0.9929  


--

Summary of my perl5 (revision 5 version 34 subversion 1) configuration:
  Commit id: f53b4397a92bf48a5dd7b2ce75ae5f2de4be9254
  Platform:
    osname=linux
    osvers=5.4.0-100-generic
    archname=x86_64-linux
    uname='linux k93focal 5.4.0-100-generic #113-ubuntu smp thu feb 3 18:43:29 utc 2022 x86_64 x86_64 x86_64 gnulinux '
    config_args='-Dprefix=/home/sand/src/perl/repoperls/installed-perls/host/k93focal/v5.34.1-RC1/f154 -Dmyhostname=k93focal -Dinstallusrbinperl=n -Uversiononly -Dusedevel -des -Ui_db -Dlibswanted=cl pthread socket inet nsl gdbm dbm malloc dl ld sun m crypt sec util c cposix posix ucb BSD gdbm_compat -Uuseithreads -Uuselongdouble -DEBUGGING=-g'
    hint=recommended
    useposix=true
    d_sigaction=define
    useithreads=undef
    usemultiplicity=undef
    use64bitint=define
    use64bitall=define
    uselongdouble=undef
    usemymalloc=n
    default_inc_excludes_dot=define
  Compiler:
    cc='cc'
    ccflags ='-fwrapv -fno-strict-aliasing -pipe -fstack-protector-strong -I/usr/local/include -D_LARGEFILE_SOURCE -D_FILE_OFFSET_BITS=64'
    optimize='-O2 -g'
    cppflags='-fwrapv -fno-strict-aliasing -pipe -fstack-protector-strong -I/usr/local/include'
    ccversion=''
    gccversion='9.3.0'
    gccosandvers=''
    intsize=4
    longsize=8
    ptrsize=8
    doublesize=8
    byteorder=12345678
    doublekind=3
    d_longlong=define
    longlongsize=8
    d_longdbl=define
    longdblsize=16
    longdblkind=3
    ivtype='long'
    ivsize=8
    nvtype='double'
    nvsize=8
    Off_t='off_t'
    lseeksize=8
    alignbytes=8
    prototype=define
  Linker and Libraries:
    ld='cc'
    ldflags =' -fstack-protector-strong -L/usr/local/lib'
    libpth=/usr/local/lib /usr/lib/x86_64-linux-gnu /usr/lib /usr/lib64
    libs=-lpthread -lnsl -ldl -lm -lcrypt -lutil -lc
    perllibs=-lpthread -lnsl -ldl -lm -lcrypt -lutil -lc
    libc=libc-2.31.so
    so=so
    useshrplib=false
    libperl=libperl.a
    gnulibc_version='2.31'
  Dynamic Linking:
    dlsrc=dl_dlopen.xs
    dlext=so
    d_dlsymun=undef
    ccdlflags='-Wl,-E'
    cccdlflags='-fPIC'
    lddlflags='-shared -O2 -g -L/usr/local/lib -fstack-protector-strong'


Characteristics of this binary (from libperl): 
  Compile-time options:
    HAS_TIMES
    PERLIO_LAYERS
    PERL_COPY_ON_WRITE
    PERL_DONT_CREATE_GVSV
    PERL_MALLOC_WRAP
    PERL_OP_PARENT
    PERL_PRESERVE_IVUV
    PERL_USE_DEVEL
    USE_64_BIT_ALL
    USE_64_BIT_INT
    USE_LARGE_FILES
    USE_LOCALE
    USE_LOCALE_COLLATE
    USE_LOCALE_CTYPE
    USE_LOCALE_NUMERIC
    USE_LOCALE_TIME
    USE_PERLIO
    USE_PERL_ATOF
  Locally applied patches:
    RC1
  Built under linux
  Compiled at Feb 27 2022 17:06:47
  %ENV:
    PERL="/tmp/basesmoker-reloperl-CPQo/bin/perl"
    PERL5LIB="/tmp/loop_over_bdir-1682133-pBQ_Kg/DBIx-Migration-Directories-0.12-0/blib/arch:/tmp/loop_over_bdir-1682133-pBQ_Kg/DBIx-Migration-Directories-0.12-0/blib/lib:/tmp/loop_over_bdir-1682133-pBQ_Kg/App-rmcd-0.280-0/blib/arch:/tmp/loop_over_bdir-1682133-pBQ_Kg/App-rmcd-0.280-0/blib/lib:/tmp/loop_over_bdir-1682133-pBQ_Kg/triceps-2.1.0-0/blib/arch:/tmp/loop_over_bdir-1682133-pBQ_Kg/triceps-2.1.0-0/blib/lib:/tmp/loop_over_bdir-1682133-pBQ_Kg/Alien-SNMP-MIBDEV-2.020000-0/blib/arch:/tmp/loop_over_bdir-1682133-pBQ_Kg/Alien-SNMP-MIBDEV-2.020000-0/blib/lib:/tmp/loop_over_bdir-1682133-pBQ_Kg/ProjectBuilder-0.14.1-0/blib/arch:/tmp/loop_over_bdir-1682133-pBQ_Kg/ProjectBuilder-0.14.1-0/blib/lib:/tmp/loop_over_bdir-1682133-pBQ_Kg/Devel-Required-0.16-0/blib/arch:/tmp/loop_over_bdir-1682133-pBQ_Kg/Devel-Required-0.16-0/blib/lib:/tmp/loop_over_bdir-1682133-pBQ_Kg/dta-tokwrap-0.98-0/blib/arch:/tmp/loop_over_bdir-1682133-pBQ_Kg/dta-tokwrap-0.98-0/blib/lib:/tmp/loop_over_bdir-1682133-pBQ_Kg/Business-Shipping-DataFiles-1.02-0/blib/arch:/tmp/loop_over_bdir-1682133-pBQ_Kg/Business-Shipping-DataFiles-1.02-0/blib/lib:/tmp/loop_over_bdir-1682133-pBQ_Kg/Dpkg-1.21.1-0/blib/arch:/tmp/loop_over_bdir-1682133-pBQ_Kg/Dpkg-1.21.1-0/blib/lib"
    PERL5OPT=""
    PERL5_CPANPLUS_IS_RUNNING="1682141"
    PERL5_CPAN_IS_RUNNING="1682141"
    PERL_CANARY_STABILITY_NOPROMPT="1"
    PERL_MM_USE_DEFAULT="1"
    PERL_USE_UNSAFE_INC="1"
  @INC:
    /tmp/loop_over_bdir-1682133-pBQ_Kg/DBIx-Migration-Directories-0.12-0/blib/arch
    /tmp/loop_over_bdir-1682133-pBQ_Kg/DBIx-Migration-Directories-0.12-0/blib/lib
    /tmp/loop_over_bdir-1682133-pBQ_Kg/App-rmcd-0.280-0/blib/arch
    /tmp/loop_over_bdir-1682133-pBQ_Kg/App-rmcd-0.280-0/blib/lib
    /tmp/loop_over_bdir-1682133-pBQ_Kg/triceps-2.1.0-0/blib/arch
    /tmp/loop_over_bdir-1682133-pBQ_Kg/triceps-2.1.0-0/blib/lib
    /tmp/loop_over_bdir-1682133-pBQ_Kg/Alien-SNMP-MIBDEV-2.020000-0/blib/arch
    /tmp/loop_over_bdir-1682133-pBQ_Kg/Alien-SNMP-MIBDEV-2.020000-0/blib/lib
    /tmp/loop_over_bdir-1682133-pBQ_Kg/ProjectBuilder-0.14.1-0/blib/arch
    /tmp/loop_over_bdir-1682133-pBQ_Kg/ProjectBuilder-0.14.1-0/blib/lib
    /tmp/loop_over_bdir-1682133-pBQ_Kg/Devel-Required-0.16-0/blib/arch
    /tmp/loop_over_bdir-1682133-pBQ_Kg/Devel-Required-0.16-0/blib/lib
    /tmp/loop_over_bdir-1682133-pBQ_Kg/dta-tokwrap-0.98-0/blib/arch
    /tmp/loop_over_bdir-1682133-pBQ_Kg/dta-tokwrap-0.98-0/blib/lib
    /tmp/loop_over_bdir-1682133-pBQ_Kg/Business-Shipping-DataFiles-1.02-0/blib/arch
    /tmp/loop_over_bdir-1682133-pBQ_Kg/Business-Shipping-DataFiles-1.02-0/blib/lib
    /tmp/loop_over_bdir-1682133-pBQ_Kg/Dpkg-1.21.1-0/blib/arch
    /tmp/loop_over_bdir-1682133-pBQ_Kg/Dpkg-1.21.1-0/blib/lib
    /home/sand/src/perl/repoperls/installed-perls/host/k93focal/v5.34.1-RC1/f154/lib/site_perl/5.34.1/x86_64-linux
    /home/sand/src/perl/repoperls/installed-perls/host/k93focal/v5.34.1-RC1/f154/lib/site_perl/5.34.1
    /home/sand/src/perl/repoperls/installed-perls/host/k93focal/v5.34.1-RC1/f154/lib/5.34.1/x86_64-linux
    /home/sand/src/perl/repoperls/installed-perls/host/k93focal/v5.34.1-RC1/f154/lib/5.34.1
    .