Back
From: metabase:user:d1ac2ff8-7f34-11e0-ad7d-d635d302c8a1
Subject: FAIL Apache-Session-Memcached-0.03 v5.14.0 GNU/Linux
Date: 2011-06-02T00:51:25Z
This distribution has been tested as part of the CPAN Testers
project, supporting the Perl programming language. See
http://wiki.cpantesters.org/ for more information or email
questions to cpan-testers-discuss@perl.org
--
Dear Enrico Sorcinelli,
This is a computer-generated report for Apache-Session-Memcached-0.03
on perl 5.14.0, created by CPAN-Reporter-1.1902.
Thank you for uploading your work to CPAN. However, there was a problem
testing your distribution.
If you think this report is invalid, please consult the CPAN Testers Wiki
for suggestions on how to avoid getting FAIL reports for missing library
or binary dependencies, unsupported operating systems, and so on:
http://wiki.cpantesters.org/wiki/CPANAuthorNotes
Sections of this report:
* Tester comments
* Program output
* Prerequisites
* Environment and other context
------------------------------
TESTER COMMENTS
------------------------------
Additional comments from tester:
this report is from an automated smoke testing program
and was not reviewed by a human for accuracy
------------------------------
PROGRAM OUTPUT
------------------------------
Output from '/usr/bin/make test':
PERL_DL_NONLAZY=1 /home/lonesome/perl-5.14.0/bin/perl "-MExtUtils::Command::MM" "-e" "test_harness(0, 'blib/lib', 'blib/arch')" t/*.t
t/00base.t ... ok
Object does not exist in data store. at /home/lonesome/.cpan/build/Apache-Session-Memcached-0.03-Pl04YW/blib/lib/Apache/Session/Store/Memcached.pm line 44, <CFG> line 1.
t/01cache.t ..
Dubious, test returned 111 (wstat 28416, 0x6f00)
Failed 2/4 subtests
Object does not exist in data store. at /home/lonesome/.cpan/build/Apache-Session-Memcached-0.03-Pl04YW/blib/lib/Apache/Session/Store/Memcached.pm line 44, <CFG> line 1.
t/02flex.t ...
Dubious, test returned 111 (wstat 28416, 0x6f00)
Failed 2/4 subtests
Test Summary Report
-------------------
t/01cache.t (Wstat: 28416 Tests: 2 Failed: 0)
Non-zero exit status: 111
Parse errors: Bad plan. You planned 4 tests but ran 2.
t/02flex.t (Wstat: 28416 Tests: 2 Failed: 0)
Non-zero exit status: 111
Parse errors: Bad plan. You planned 4 tests but ran 2.
Files=3, Tests=5, 1 wallclock secs ( 0.03 usr 0.01 sys + 0.22 cusr 0.03 csys = 0.29 CPU)
Result: FAIL
Failed 2/3 test programs. 0/5 subtests failed.
make: *** [test_dynamic] Error 111
------------------------------
PREREQUISITES
------------------------------
Prerequisite modules loaded:
requires:
Module Need Have
------------------- ---- -------
Apache::Session 1.54 1.89
Cache::Memcached 1.14 1.29
build_requires:
Module Need Have
------------------- ---- -------
ExtUtils::MakeMaker 0 6.57_11
------------------------------
ENVIRONMENT AND OTHER CONTEXT
------------------------------
Environment variables:
AUTOMATED_TESTING = 1
LANG = en_GB.UTF-8
PATH = /usr/lib/ccache:/usr/local/bin:/bin:/usr/bin:/usr/local/sbin:/usr/sbin:/sbin:/home/lonesome/bin
PERL5LIB =
PERL5OPT =
PERL5_CPANPLUS_IS_RUNNING = 17627
PERL5_CPAN_IS_RUNNING = 17627
PERL5_CPAN_IS_RUNNING_IN_RECURSION = 9665,17627
PERL_CR_SMOKER_CURRENT = Apache2-WebApp-Plugin-Session-Memcached-0.12
PERL_EXTUTILS_AUTOINSTALL = --defaultdeps
PERL_MM_USE_DEFAULT = 1
SHELL = /bin/bash
TERM = screen
Perl special variables (and OS-specific diagnostics, for MSWin32):
$^X = /home/lonesome/perl-5.14.0/bin/perl
$UID/$EUID = 500 / 500
$GID = 500 10 500
$EGID = 500 10 500
Perl module toolchain versions installed:
Module Have
------------------- --------
CPAN 1.9600
Cwd 3.36
ExtUtils::CBuilder 0.280202
ExtUtils::Command 1.17
ExtUtils::Install 1.56
ExtUtils::MakeMaker 6.57_11
ExtUtils::Manifest 1.58
ExtUtils::ParseXS 2.2210
File::Spec 3.33
Module::Build 0.3800
Module::Signature 0.68
Test::Harness 3.23
Test::More 0.98
YAML 0.73
YAML::Syck 1.17
version 0.89
--
Summary of my perl5 (revision 5 version 14 subversion 0) configuration:
Platform:
osname=linux, osvers=2.6.38.6-27.fc15.i686, archname=i686-linux
uname='linux fedora15 2.6.38.6-27.fc15.i686 #1 smp sun may 15 17:57:13 utc 2011 i686 i686 i386 gnulinux '
config_args='-des -Dcc=ccache gcc -Dld=gcc -Dprefix=/home/lonesome/perl-5.14.0'
hint=recommended, useposix=true, d_sigaction=define
useithreads=undef, usemultiplicity=undef
useperlio=define, d_sfio=undef, uselargefiles=define, usesocks=undef
use64bitint=undef, use64bitall=undef, uselongdouble=undef
usemymalloc=n, bincompat5005=undef
Compiler:
cc='ccache gcc', ccflags ='-fno-strict-aliasing -pipe -fstack-protector -I/usr/local/include -D_LARGEFILE_SOURCE -D_FILE_OFFSET_BITS=64',
optimize='-O2',
cppflags='-fno-strict-aliasing -pipe -fstack-protector -I/usr/local/include'
ccversion='', gccversion='4.6.0 20110509 (Red Hat 4.6.0-7)', gccosandvers=''
intsize=4, longsize=4, ptrsize=4, doublesize=8, byteorder=1234
d_longlong=define, longlongsize=8, d_longdbl=define, longdblsize=12
ivtype='long', ivsize=4, nvtype='double', nvsize=8, Off_t='off_t', lseeksize=8
alignbytes=4, prototype=define
Linker and Libraries:
ld='gcc', ldflags =' -fstack-protector -L/usr/local/lib'
libpth=/usr/local/lib /lib /usr/lib
libs=-lnsl -ldl -lm -lcrypt -lutil -lc
perllibs=-lnsl -ldl -lm -lcrypt -lutil -lc
libc=/lib/libc-2.13.90.so, so=so, useshrplib=false, libperl=libperl.a
gnulibc_version='2.13.90'
Dynamic Linking:
dlsrc=dl_dlopen.xs, dlext=so, d_dlsymun=undef, ccdlflags='-Wl,-E'
cccdlflags='-fPIC', lddlflags='-shared -O2 -L/usr/local/lib -fstack-protector'
Characteristics of this binary (from libperl):
Compile-time options: PERL_DONT_CREATE_GVSV PERL_MALLOC_WRAP
PERL_PRESERVE_IVUV USE_LARGE_FILES USE_PERLIO
USE_PERL_ATOF
Built under linux
Compiled at Jun 1 2011 10:32:53
%ENV:
PERL5LIB=""
PERL5OPT=""
PERL5_CPANPLUS_IS_RUNNING="17627"
PERL5_CPAN_IS_RUNNING="17627"
PERL5_CPAN_IS_RUNNING_IN_RECURSION="9665,17627"
PERL_CR_SMOKER_CURRENT="Apache2-WebApp-Plugin-Session-Memcached-0.12"
PERL_EXTUTILS_AUTOINSTALL="--defaultdeps"
PERL_MM_USE_DEFAULT="1"
@INC:
/home/lonesome/perl-5.14.0/lib/site_perl/5.14.0/i686-linux
/home/lonesome/perl-5.14.0/lib/site_perl/5.14.0
/home/lonesome/perl-5.14.0/lib/5.14.0/i686-linux
/home/lonesome/perl-5.14.0/lib/5.14.0
.