Report for Git-Repository-Plugin-File-0.005

Back
From: metabase:user:30f4dfbe-2aae-11df-837a-5e0a49663a4f
Subject: FAIL Git-Repository-Plugin-File-0.005 v5.8.9 GNU/Linux
Date: 2014-01-05T10:16:29Z

This distribution has been tested as part of the CPAN Testers
project, supporting the Perl programming language.  See
http://wiki.cpantesters.org/ for more information or email
questions to cpan-testers-discuss@perl.org


--
Dear Nathan Nutter,

This is a computer-generated report for Git-Repository-Plugin-File-0.005
on perl 5.8.9, created by CPAN-Reporter-1.2010.

Thank you for uploading your work to CPAN.  However, there was a problem
testing your distribution.

If you think this report is invalid, please consult the CPAN Testers Wiki
for suggestions on how to avoid getting FAIL reports for missing library
or binary dependencies, unsupported operating systems, and so on:

http://wiki.cpantesters.org/wiki/CPANAuthorNotes

Sections of this report:

    * Tester comments
    * Program output
    * Prerequisites
    * Environment and other context

------------------------------
TESTER COMMENTS
------------------------------

Additional comments from tester:

this report is from an automated smoke testing program
and was not reviewed by a human for accuracy

------------------------------
PROGRAM OUTPUT
------------------------------

Output from '/usr/bin/make test':

PERL_DL_NONLAZY=1 /home/njh/perl5/perlbrew/perls/perl-5.8.9/bin/perl "-MExtUtils::Command::MM" "-MTest::Harness" "-e" "undef *Test::Harness::Switches; test_harness(0, 'blib/lib', 'blib/arch')" t/*.t
Can't locate object method "new_tmp_repo" via package "Git::Repository" at t/file.t line 9.
# Looks like your test exited with 255 before it could output anything.
t/file.t ........ 
Dubious, test returned 255 (wstat 65280, 0xff00)
Failed 7/7 subtests 
Can't locate object method "new_tmp_repo" via package "Git::Repository" at t/foo.t line 9.
# Looks like your test exited with 255 before it could output anything.
t/foo.t ......... 
Dubious, test returned 255 (wstat 65280, 0xff00)
Failed 2/2 subtests 
Can't locate object method "new_tmp_repo" via package "Git::Repository" at t/opena.t line 9.
# Looks like your test exited with 255 before it could output anything.
t/opena.t ....... 
Dubious, test returned 255 (wstat 65280, 0xff00)
Failed 6/6 subtests 
Can't locate object method "new_tmp_repo" via package "Git::Repository" at t/path_class.t line 31.
    # Child (PRUNE) exited without calling finalize()

#   Failed test 'PRUNE'
#   at /home/njh/perl5/perlbrew/perls/perl-5.8.9/lib/5.8.9/Test/Builder.pm line 252.
# Looks like you planned 31 tests but ran 1.
# Looks like you failed 1 test of 1 run.
# Looks like your test exited with 255 just after 1.
t/path_class.t .. 
Dubious, test returned 255 (wstat 65280, 0xff00)
Failed 31/31 subtests 

Test Summary Report
-------------------
t/file.t      (Wstat: 65280 Tests: 0 Failed: 0)
  Non-zero exit status: 255
  Parse errors: Bad plan.  You planned 7 tests but ran 0.
t/foo.t       (Wstat: 65280 Tests: 0 Failed: 0)
  Non-zero exit status: 255
  Parse errors: Bad plan.  You planned 2 tests but ran 0.
t/opena.t     (Wstat: 65280 Tests: 0 Failed: 0)
  Non-zero exit status: 255
  Parse errors: Bad plan.  You planned 6 tests but ran 0.
t/path_class.t (Wstat: 65280 Tests: 1 Failed: 1)
  Failed test:  1
  Non-zero exit status: 255
  Parse errors: Bad plan.  You planned 31 tests but ran 1.
Files=4, Tests=1,  0 wallclock secs ( 0.02 usr  0.00 sys +  0.13 cusr  0.01 csys =  0.16 CPU)
Result: FAIL
Failed 4/4 test programs. 1/1 subtests failed.
make: *** [test_dynamic] Error 255

------------------------------
PREREQUISITES
------------------------------

Prerequisite modules loaded:

requires:

    Module                        Need  Have 
    ----------------------------- ----- -----
    Carp                          0     1.26 
    Git::Repository               1.13  1.309
    Path::Class                   0     0.33 

build_requires:

    Module                        Need  Have 
    ----------------------------- ----- -----
    Class::Inspector              0     1.28 
    Git::Repository::Plugin::Test 0.002 0.007
    Test::Fatal                   0     0.010
    Test::More                    0.94  0.98 

configure_requires:

    Module                        Need  Have 
    ----------------------------- ----- -----
    ExtUtils::MakeMaker           6.30  6.80 


------------------------------
ENVIRONMENT AND OTHER CONTEXT
------------------------------

Environment variables:

    AUTOMATED_TESTING = 1
    LANG = en_GB.UTF-8
    LANGUAGE = en_GB:en
    LD_LIBRARY_PATH = /usr/local/lib::
    PATH = /home/njh/perl5/perlbrew/bin:/home/njh/perl5/perlbrew/perls/perl-5.8.9/bin:/home/njh/perl5/perlbrew/bin:/usr/local/bin:/usr/bin:/bin:/usr/local/games:/usr/games:/home/njh/bin:/sbin
    PERL5LIB = /home/njh/.cpan/build/Git-Repository-Plugin-Test-0.007-5tdmDm/blib/arch:/home/njh/.cpan/build/Git-Repository-Plugin-Test-0.007-5tdmDm/blib/lib:/home/njh/.cpan/build/Class-Inspector-1.28-rjuN3V/blib/arch:/home/njh/.cpan/build/Class-Inspector-1.28-rjuN3V/blib/lib:/home/njh/.cpan/build/Path-Class-0.33-nteEld/blib/arch:/home/njh/.cpan/build/Path-Class-0.33-nteEld/blib/lib:/home/njh/.cpan/build/Git-Repository-1.309-fai4cz/blib/arch:/home/njh/.cpan/build/Git-Repository-1.309-fai4cz/blib/lib:/home/njh/.cpan/build/System-Command-1.107-8XiLZz/blib/arch:/home/njh/.cpan/build/System-Command-1.107-8XiLZz/blib/lib
    PERL5OPT = 
    PERL5_CPANPLUS_IS_RUNNING = 3311
    PERL5_CPAN_IS_RUNNING = 3311
    PERL5_MINISMOKEBOX = 0.56
    PERLBREW_BASHRC_VERSION = 0.58
    PERLBREW_HOME = /home/njh/.perlbrew
    PERLBREW_MANPATH = /home/njh/perl5/perlbrew/perls/perl-5.8.9/man
    PERLBREW_PATH = /home/njh/perl5/perlbrew/bin:/home/njh/perl5/perlbrew/perls/perl-5.8.9/bin
    PERLBREW_PERL = perl-5.8.9
    PERLBREW_ROOT = /home/njh/perl5/perlbrew
    PERLBREW_VERSION = 0.67
    PERL_EXTUTILS_AUTOINSTALL = --defaultdeps
    PERL_MM_USE_DEFAULT = 1
    SHELL = /bin/bash
    TERM = linux

Perl special variables (and OS-specific diagnostics, for MSWin32):

    $^X = /home/njh/perl5/perlbrew/perls/perl-5.8.9/bin/perl
    $UID/$EUID = 1000 / 1000
    $GID = 1000 4 24 25 29 30 44 46 108 112 1000
    $EGID = 1000 4 24 25 29 30 44 46 108 112 1000

Perl module toolchain versions installed:

    Module              Have    
    ------------------- --------
    CPAN                2.00    
    CPAN::Meta          2.132140
    Cwd                 3.40    
    ExtUtils::CBuilder  0.280205
    ExtUtils::Command   1.16    
    ExtUtils::Install   1.54    
    ExtUtils::MakeMaker 6.80    
    ExtUtils::Manifest  1.60    
    ExtUtils::ParseXS   3.18    
    File::Spec          3.40    
    JSON                2.53    
    JSON::PP            2.27200 
    Module::Build       0.4003  
    Module::Signature   0.70    
    Parse::CPAN::Meta   1.4405  
    Test::Harness       3.26    
    Test::More          0.98    
    YAML                0.84    
    YAML::Syck          1.27    
    version             0.88    


--

Summary of my perl5 (revision 5 version 8 subversion 9) configuration:
  Platform:
    osname=linux, osvers=3.2.0-4-amd64, archname=x86_64-linux-thread-multi
    uname='linux nigelhorne.force9.co.uk 3.2.0-4-amd64 #1 smp debian 3.2.32-1 x86_64 gnulinux '
    config_args='-de -Dprefix=/home/njh/perl5/perlbrew/perls/perl-5.8.9 -Duseithreads -Dusemultiplicity -Accflags=-O2 -W -Wformat=2 -Wswitch -Wshadow -Wwrite-strings -Wuninitialized -Wall -pipe -mtune=native -march=native -fomit-frame-pointer -mfpmath=sse -pedantic -D_FORTIFY_SOURCE=2 -Wpointer-arith -Wstrict-prototypes -fstack-protector -Wstack-protector -Wextra -Wbad-function-cast -Wcast-align -Wcast-qual -Wdisabled-optimization -Wendif-labels -Wfloat-equal -Wformat-nonliteral -Winline -Wmissing-declarations -Wmissing-prototypes -Wnested-externs -Wpointer-arith -Wundef -Wformat-security -Aeval:scriptdir=/home/njh/perl5/perlbrew/perls/perl-5.8.9/bin'
    hint=recommended, useposix=true, d_sigaction=define
    usethreads=define use5005threads=undef useithreads=define usemultiplicity=define
    useperlio=define d_sfio=undef uselargefiles=define usesocks=undef
    use64bitint=define use64bitall=define uselongdouble=undef
    usemymalloc=n, bincompat5005=undef
  Compiler:
    cc='cc', ccflags ='-D_REENTRANT -D_GNU_SOURCE -O2 -W -Wformat=2 -Wswitch -Wshadow -Wwrite-strings -Wuninitialized -Wall -pipe -mtune=native -march=native -fomit-frame-pointer -mfpmath=sse -pedantic -D_FORTIFY_SOURCE=2 -Wpointer-arith -Wstrict-prototypes -fstack-protector -Wstack-protector -Wextra -Wbad-function-cast -Wcast-align -Wcast-qual -Wdisabled-optimization -Wendif-labels -Wfloat-equal -Wformat-nonliteral -Winline -Wmissing-declarations -Wmissing-prototypes -Wnested-externs -Wpointer-arith -Wundef -Wformat-security -fno-strict-aliasing -I/usr/local/include -D_LARGEFILE_SOURCE -D_FILE_OFFSET_BITS=64',
    optimize='-O2',
    cppflags='-D_REENTRANT -D_GNU_SOURCE -O2 -W -Wformat=2 -Wswitch -Wshadow -Wwrite-strings -Wuninitialized -Wall -pipe -mtune=native -march=native -fomit-frame-pointer -mfpmath=sse -pedantic -D_FORTIFY_SOURCE=2 -Wpointer-arith -Wstrict-prototypes -fstack-protector -Wstack-protector -Wextra -Wbad-function-cast -Wcast-align -Wcast-qual -Wdisabled-optimization -Wendif-labels -Wfloat-equal -Wformat-nonliteral -Winline -Wmissing-declarations -Wmissing-prototypes -Wnested-externs -Wpointer-arith -Wundef -Wformat-security -fno-strict-aliasing -I/usr/local/include'
    ccversion='', gccversion='4.7.2', gccosandvers=''
    intsize=4, longsize=8, ptrsize=8, doublesize=8, byteorder=12345678
    d_longlong=define, longlongsize=8, d_longdbl=define, longdblsize=16
    ivtype='long', ivsize=8, nvtype='double', nvsize=8, Off_t='off_t', lseeksize=8
    alignbytes=8, prototype=define
  Linker and Libraries:
    ld='cc', ldflags =' -L/usr/local/lib'
    libpth=/usr/local/lib /lib/x86_64-linux-gnu /lib/../lib /usr/lib/x86_64-linux-gnu /usr/lib/../lib /lib /usr/lib
    libs=-lnsl -lgdbm -ldb -ldl -lm -lcrypt -lutil -lpthread -lc -lgdbm_compat
    perllibs=-lnsl -ldl -lm -lcrypt -lutil -lpthread -lc -lgdbm_compat
    libc=, so=so, useshrplib=false, libperl=libperl.a
    gnulibc_version='2.13'
  Dynamic Linking:
    dlsrc=dl_dlopen.xs, dlext=so, d_dlsymun=undef, ccdlflags='-Wl,-E'
    cccdlflags='-fPIC', lddlflags='-shared -O2 -L/usr/local/lib'


Characteristics of this binary (from libperl): 
  Compile-time options: MULTIPLICITY PERL_IMPLICIT_CONTEXT PERL_MALLOC_WRAP
                        USE_64_BIT_ALL USE_64_BIT_INT USE_FAST_STDIO
                        USE_ITHREADS USE_LARGE_FILES USE_PERLIO
                        USE_REENTRANT_API
  Built under linux
  Compiled at Mar  5 2013 01:33:15
  %ENV:
    PERL5LIB="/home/njh/.cpan/build/Git-Repository-Plugin-Test-0.007-5tdmDm/blib/arch:/home/njh/.cpan/build/Git-Repository-Plugin-Test-0.007-5tdmDm/blib/lib:/home/njh/.cpan/build/Class-Inspector-1.28-rjuN3V/blib/arch:/home/njh/.cpan/build/Class-Inspector-1.28-rjuN3V/blib/lib:/home/njh/.cpan/build/Path-Class-0.33-nteEld/blib/arch:/home/njh/.cpan/build/Path-Class-0.33-nteEld/blib/lib:/home/njh/.cpan/build/Git-Repository-1.309-fai4cz/blib/arch:/home/njh/.cpan/build/Git-Repository-1.309-fai4cz/blib/lib:/home/njh/.cpan/build/System-Command-1.107-8XiLZz/blib/arch:/home/njh/.cpan/build/System-Command-1.107-8XiLZz/blib/lib"
    PERL5OPT=""
    PERL5_CPANPLUS_IS_RUNNING="3311"
    PERL5_CPAN_IS_RUNNING="3311"
    PERL5_MINISMOKEBOX="0.56"
    PERLBREW_BASHRC_VERSION="0.58"
    PERLBREW_HOME="/home/njh/.perlbrew"
    PERLBREW_MANPATH="/home/njh/perl5/perlbrew/perls/perl-5.8.9/man"
    PERLBREW_PATH="/home/njh/perl5/perlbrew/bin:/home/njh/perl5/perlbrew/perls/perl-5.8.9/bin"
    PERLBREW_PERL="perl-5.8.9"
    PERLBREW_ROOT="/home/njh/perl5/perlbrew"
    PERLBREW_VERSION="0.67"
    PERL_EXTUTILS_AUTOINSTALL="--defaultdeps"
    PERL_MM_USE_DEFAULT="1"
  @INC:
    /home/njh/.cpan/build/Git-Repository-Plugin-Test-0.007-5tdmDm/blib/arch
    /home/njh/.cpan/build/Git-Repository-Plugin-Test-0.007-5tdmDm/blib/lib
    /home/njh/.cpan/build/Class-Inspector-1.28-rjuN3V/blib/arch
    /home/njh/.cpan/build/Class-Inspector-1.28-rjuN3V/blib/lib
    /home/njh/.cpan/build/Path-Class-0.33-nteEld/blib/arch
    /home/njh/.cpan/build/Path-Class-0.33-nteEld/blib/lib
    /home/njh/.cpan/build/Git-Repository-1.309-fai4cz/blib/arch
    /home/njh/.cpan/build/Git-Repository-1.309-fai4cz/blib/lib
    /home/njh/.cpan/build/System-Command-1.107-8XiLZz/blib/arch
    /home/njh/.cpan/build/System-Command-1.107-8XiLZz/blib/lib
    /home/njh/perl5/perlbrew/perls/perl-5.8.9/lib/5.8.9/x86_64-linux-thread-multi
    /home/njh/perl5/perlbrew/perls/perl-5.8.9/lib/5.8.9
    /home/njh/perl5/perlbrew/perls/perl-5.8.9/lib/site_perl/5.8.9/x86_64-linux-thread-multi
    /home/njh/perl5/perlbrew/perls/perl-5.8.9/lib/site_perl/5.8.9
    .