Report for Kelp-Module-ValidateTiny-0.04

Back
From: metabase:user:314402c4-2aae-11df-837a-5e0a49663a4f
Subject: FAIL Kelp-Module-ValidateTiny-0.04 v5.12.5 GNU/Linux
Date: 2014-05-25T20:45:01Z

This distribution has been tested as part of the CPAN Testers
project, supporting the Perl programming language.  See
http://wiki.cpantesters.org/ for more information or email
questions to cpan-testers-discuss@perl.org


--
Dear Gurunandan Bhat,

This is a computer-generated report for Kelp-Module-ValidateTiny-0.04
on perl 5.12.5, created by CPAN-Reporter-1.2011.

Thank you for uploading your work to CPAN.  However, there was a problem
testing your distribution.

If you think this report is invalid, please consult the CPAN Testers Wiki
for suggestions on how to avoid getting FAIL reports for missing library
or binary dependencies, unsupported operating systems, and so on:

http://wiki.cpantesters.org/wiki/CPANAuthorNotes

Sections of this report:

    * Tester comments
    * Program output
    * Prerequisites
    * Environment and other context

------------------------------
TESTER COMMENTS
------------------------------

Additional comments from tester:

none provided

------------------------------
PROGRAM OUTPUT
------------------------------

Output from './Build test':

t/00-basic.t ............ ok
t/01-base.t ............. ok
t/02-import.t ........... ok
t/03-namespace.t ........ ok

#   Failed test 'Content is '42|Value must be PERL|Fail!''
#   at /home/eserte/.cpan/build/Kelp-0.4602-ZzLxZQ/blib/lib/Kelp/Test.pm line 61.
#          got: '[% error.id || id %]|[% error.name || name %]|Fail!'
#     expected: '42|Value must be PERL|Fail!'
# Looks like you failed 1 test of 5.
t/04-error.t ............ 
Dubious, test returned 1 (wstat 256, 0x100)
Failed 1/5 subtests 
t/release-pod-syntax.t .. skipped: these tests are for release candidate testing

Test Summary Report
-------------------
t/04-error.t          (Wstat: 256 Tests: 5 Failed: 1)
  Failed test:  5
  Non-zero exit status: 1
Files=6, Tests=36,  1 wallclock secs ( 0.03 usr  0.06 sys +  0.85 cusr  0.20 csys =  1.14 CPU)
Result: FAIL

------------------------------
PREREQUISITES
------------------------------

Prerequisite modules loaded:

requires:

    Module                Need    Have    
    --------------------- ------- --------
    Class::Load           0       0.21    
    Kelp                  0.2191  0.4602  
    Kelp::Base            0       0       
    Module::Build::Tiny   0       0.036   
    parent                0       0.228   
    perl                  v5.10.1 5.012005
    Scalar::Util          0       1.38    
    Sub::Install          0       0.927   
    Validate::Tiny        0       1.005   

build_requires:

    Module                Need    Have    
    --------------------- ------- --------
    HTTP::Request::Common 0       6.04    
    Kelp                  0       0.4602  
    Kelp::Test            0       0       
    strict                0       1.04    
    Test::More            0.88    1.001003

configure_requires:

    Module                Need    Have    
    --------------------- ------- --------
    Module::Build::Tiny   0.019   0.036   


------------------------------
ENVIRONMENT AND OTHER CONTEXT
------------------------------

Environment variables:

    DBIC_NO_WARN_BAD_PERL = 1
    LANG = C
    PATH = /usr/local/bin:/usr/bin:/bin:/usr/local/sbin:/usr/sbin:/sbin:/home/eserte/bin/linux-gnu:/home/eserte/bin/sh:/home/eserte/bin:/usr/games:/home/eserte/devel:/home/eserte/src/srezic-misc/scripts
    PERL5LIB = /home/eserte/.cpan/build/Validate-Tiny-1.005-0hrlxl/blib/arch:/home/eserte/.cpan/build/Validate-Tiny-1.005-0hrlxl/blib/lib:/home/eserte/.cpan/build/Kelp-0.4602-ZzLxZQ/blib/arch:/home/eserte/.cpan/build/Kelp-0.4602-ZzLxZQ/blib/lib
    PERL5OPT = 
    PERL5_CPANPLUS_IS_RUNNING = 14106
    PERL5_CPAN_IS_RUNNING = 14106
    PERL5_CPAN_IS_RUNNING_IN_RECURSION = 8345,14106
    PERLDOC = -MPod::Perldoc::ToTextOverstrike
    PERL_BATCH = yes
    PERL_CPAN_REPORTER_CONFIG = /var/tmp/cpansmoker-1001/b4Dk2SCWyp_config.ini
    PERL_EXTUTILS_AUTOINSTALL = --defaultdeps
    PERL_HTML_DISPLAY_CLASS = HTML::Display::Mozilla
    SHELL = /bin/zsh
    TERM = screen
    TMPDIR = /var/tmp/cpansmoker-1001

Perl special variables (and OS-specific diagnostics, for MSWin32):

    $^X = /bbbike/perl-5.12.5/bin/perl
    $UID/$EUID = 1001 / 1001
    $GID = 1001 109 1001
    $EGID = 1001 109 1001

Perl module toolchain versions installed:

    Module              Have    
    ------------------- --------
    CPAN                1.94_56 
    CPAN::Meta          2.141170
    Cwd                 3.47    
    ExtUtils::CBuilder  0.280216
    ExtUtils::Command   1.16    
    ExtUtils::Install   1.55    
    ExtUtils::MakeMaker 6.98    
    ExtUtils::Manifest  1.60    
    ExtUtils::ParseXS   3.24    
    File::Spec          3.47    
    JSON                2.90    
    JSON::PP            2.27203 
    Module::Build       0.4205  
    Module::Signature   0.73    
    Parse::CPAN::Meta   1.4414  
    Test::Harness       3.30    
    Test::More          1.001003
    YAML                0.90    
    YAML::Syck          1.27    
    version             0.9908  


--

Summary of my perl5 (revision 5 version 12 subversion 5) configuration:
   
  Platform:
    osname=linux, osvers=3.2.0-4-amd64, archname=x86_64-linux
    uname='linux eserte 3.2.0-4-amd64 #1 smp debian 3.2.57-3 x86_64 gnulinux '
    config_args='-ds -e -Dprefix=/opt/perl-5.12.5'
    hint=recommended, useposix=true, d_sigaction=define
    useithreads=undef, usemultiplicity=undef
    useperlio=define, d_sfio=undef, uselargefiles=define, usesocks=undef
    use64bitint=define, use64bitall=define, uselongdouble=undef
    usemymalloc=n, bincompat5005=undef
  Compiler:
    cc='cc', ccflags ='-fno-strict-aliasing -pipe -fstack-protector -I/usr/local/include -D_LARGEFILE_SOURCE -D_FILE_OFFSET_BITS=64',
    optimize='-O2',
    cppflags='-fno-strict-aliasing -pipe -fstack-protector -I/usr/local/include'
    ccversion='', gccversion='4.7.2', gccosandvers=''
    intsize=4, longsize=8, ptrsize=8, doublesize=8, byteorder=12345678
    d_longlong=define, longlongsize=8, d_longdbl=define, longdblsize=16
    ivtype='long', ivsize=8, nvtype='double', nvsize=8, Off_t='off_t', lseeksize=8
    alignbytes=8, prototype=define
  Linker and Libraries:
    ld='cc', ldflags =' -fstack-protector -L/usr/local/lib'
    libpth=/usr/local/lib /lib/x86_64-linux-gnu /lib/../lib /usr/lib/x86_64-linux-gnu /usr/lib/../lib /lib /usr/lib
    libs=-lnsl -ldb -ldl -lm -lcrypt -lutil -lc
    perllibs=-lnsl -ldl -lm -lcrypt -lutil -lc
    libc=, so=so, useshrplib=false, libperl=libperl.a
    gnulibc_version='2.13'
  Dynamic Linking:
    dlsrc=dl_dlopen.xs, dlext=so, d_dlsymun=undef, ccdlflags='-Wl,-E'
    cccdlflags='-fPIC', lddlflags='-shared -O2 -L/usr/local/lib -fstack-protector'


Characteristics of this binary (from libperl): 
  Compile-time options: PERL_DONT_CREATE_GVSV PERL_MALLOC_WRAP USE_64_BIT_ALL
                        USE_64_BIT_INT USE_LARGE_FILES USE_PERLIO
                        USE_PERL_ATOF
  Built under linux
  Compiled at May 15 2014 14:26:58
  %ENV:
    PERL5LIB="/home/eserte/.cpan/build/Validate-Tiny-1.005-0hrlxl/blib/arch:/home/eserte/.cpan/build/Validate-Tiny-1.005-0hrlxl/blib/lib:/home/eserte/.cpan/build/Kelp-0.4602-ZzLxZQ/blib/arch:/home/eserte/.cpan/build/Kelp-0.4602-ZzLxZQ/blib/lib"
    PERL5OPT=""
    PERL5_CPANPLUS_IS_RUNNING="14106"
    PERL5_CPAN_IS_RUNNING="14106"
    PERL5_CPAN_IS_RUNNING_IN_RECURSION="8345,14106"
    PERLDOC="-MPod::Perldoc::ToTextOverstrike"
    PERL_BATCH="yes"
    PERL_CPAN_REPORTER_CONFIG="/var/tmp/cpansmoker-1001/b4Dk2SCWyp_config.ini"
    PERL_EXTUTILS_AUTOINSTALL="--defaultdeps"
    PERL_HTML_DISPLAY_CLASS="HTML::Display::Mozilla"
  @INC:
    /home/eserte/.cpan/build/Validate-Tiny-1.005-0hrlxl/blib/arch
    /home/eserte/.cpan/build/Validate-Tiny-1.005-0hrlxl/blib/lib
    /home/eserte/.cpan/build/Kelp-0.4602-ZzLxZQ/blib/arch
    /home/eserte/.cpan/build/Kelp-0.4602-ZzLxZQ/blib/lib
    /opt/perl-5.12.5/lib/site_perl/5.12.5/x86_64-linux
    /opt/perl-5.12.5/lib/site_perl/5.12.5
    /opt/perl-5.12.5/lib/5.12.5/x86_64-linux
    /opt/perl-5.12.5/lib/5.12.5
    .